07-24 13:10:27.328 5963 14685 W ProcStatsManager: No process com.android.bluetooth/1002 for service com.android.bluetooth.btservice.AdapterService
07-24 13:10:27.328 5963 14685 W ProcStatsManager: No process com.android.bluetooth/1002 for service com.android.bluetooth.gatt.GattService
07-24 13:10:27.328 5963 14685 W ProcStatsManager: No process com.qualcomm.embms:remote/10110 for service com.qualcomm.embms.EmbmsService
07-24 13:10:27.328 5963 14685 W ProcStatsManager: No process android.process.acore/10000 for service com.android.providers.contacts.VoicemailCleanupService
07-24 13:10:27.328 5963 14685 W ProcStatsManager: No process com.google.android.inputmethod.latin:train/10086 for service com.google.android.apps.inputmethod.libs.dvrnn.trainingservice.DvrnnTrainingRpcService
07-24 13:10:27.330 14405 16935 I SQLiteCastStore: 0 CastNetworkInfo instances loaded, 0 CastDeviceInfo instances loaded, 0 paired guest mode devices loaded.
07-24 13:10:27.341 14405 14405 I DiscoveryManager: WifiGuestModeDeviceScanner enabled.
07-24 13:10:27.341 1718 2334 I chatty : uid=1000(system) Thread-5 expire 4 lines
07-24 13:10:27.349 2765 5314 D CardEmulationManager: getServices() size: 1
07-24 13:10:27.362 2765 2777 D CardEmulationManager: getServices() size: 1
07-24 13:10:27.364 1718 2518 E BatteryStatsService: no controller energy info supplied
07-24 13:10:27.365 1718 8141 I ActivityManager: START u0 {act=android.media.action.STILL_IMAGE_CAMERA flg=0x16000000 cmp=org.codeaurora.snapcam/com.android.camera.CameraActivity (has extras)} from uid 10041 on display 0
07-24 13:10:27.370 1718 2518 E KernelUidCpuTimeReader: Failed to read uid_cputime: /proc/uid_cputime/show_uid_stat (No such file or directory)
07-24 13:10:27.412 2364 2436 I TelephonyManager: getMultiSimConfiguration(): uid =1000
07-24 13:10:27.412 5963 14685 W DataUsageController: Failed to get data usage, no subscriber id
07-24 13:10:27.413 1718 2902 I WindowManager: Failed to capture screenshot of Token{913d317 ActivityRecord{98feab1 u0 org.codeaurora.snapcam/com.android.camera.PhotoCamera t64 f}} appWin=Window{a43f76e u0 Starting org.codeaurora.snapcam} drawState=4
07-24 13:10:27.428 2060 2060 D KeyguardUpdateMonitor: onKeyguardVisibilityChanged(false)
07-24 13:10:27.528 19034 19034 D SnapCam_SettingsManager: SettingsManager init
07-24 13:10:27.676 19034 19034 W SnapCam_SettingsManager: HFR is not supported for this resolution java.lang.IllegalArgumentException: Size 3840x2160 does not support high speed video recording
07-24 13:10:27.677 19034 19034 E SnapCam_SettingsManager: Codec = 1, capabilities: mMinFrameWidth = 176 , mMinFrameHeight = 144 , mMaxFrameWidth = 800 , mMaxFrameHeight = 480
07-24 13:10:27.677 19034 19034 E SnapCam_SettingsManager: Codec = 3, capabilities: mMinFrameWidth = 176 , mMinFrameHeight = 144 , mMaxFrameWidth = 1920 , mMaxFrameHeight = 1088
07-24 13:10:27.681 19034 19034 D SnapCam_CaptureModule: init
07-24 13:10:27.756 19034 19081 V RenderScript: Successfully loaded runtime: libRSDriver_adreno.so
07-24 13:10:27.795 19034 19081 W Adreno-RS: : ERROR: rsdCompileBitcode returned -30
07-24 13:10:27.878 2060 2060 V KeyguardDisplayManager: hide
07-24 13:10:27.880 2364 2376 I TelephonyManager: getMultiSimConfiguration(): uid =10046
07-24 13:10:27.892 1718 2899 I ActivityManager: Setting hasTopUi=false for pid=2060
07-24 13:10:27.894 2060 2060 D PhoneStatusBar: disable: < expand icons* alerts system_info* back home recent clock search quick_settings
> 07-24 13:10:27.940 19034 19034 I SnapCam_CaptureModule: Preview Surface is not ready!
07-24 13:10:27.941 19034 19034 D SnapCam_CaptureModule: onResume 1
07-24 13:10:27.947 19034 19034 D SnapCam_CaptureModule: mJpegFileSizeEstimation 1800000
07-24 13:10:27.947 19034 19034 E SnapCam_CaptureModule: updatePreviewSize final preview size = 1440, 1080
07-24 13:10:27.947 19034 19034 D SnapCam_CaptureUI: setPreviewSize 1440 1080
07-24 13:10:27.947 19034 19034 D SnapCam_CaptureUI: showSurfaceView
07-24 13:10:27.956 19034 19034 D SnapCam_CaptureModule: Chosen postproc filter id : 0
07-24 13:10:27.957 19034 19034 D PostProcessor: ZSL is true
07-24 13:10:27.959 19034 19034 D SnapCam_CaptureModule: setUpCameraOutputs
07-24 13:10:27.973 19034 19034 D SnapCam_CaptureUI: showSurfaceView
07-24 13:10:27.974 19034 19098 D SnapCam_CaptureModule: openCamera 0
07-24 13:10:27.976 19034 19098 V SONIMSDK3.0: Camera :: islocked: 0
07-24 13:10:27.981 895 895 I chatty : uid=1047(cameraserver) /system/bin/cameraserver expire 50 lines
07-24 13:10:27.997 577 2606 E ANDR-PERF-RESOURCEQS: Failed to apply optimization [4, 0]
07-24 13:10:27.997 577 2606 E ANDR-PERF-RESOURCEQS: Failed to apply optimization [4, 1]
07-24 13:10:28.001 895 19109 I chatty : uid=1047(cameraserver) /system/bin/cameraserver expire 5 lines
07-24 13:10:28.001 895 19110 I chatty : uid=1047(cameraserver) /system/bin/cameraserver expire 5 lines
07-24 13:10:28.002 895 19112 I chatty : uid=1047(cameraserver) /system/bin/cameraserver expire 6 lines
07-24 13:10:28.003 895 19113 I chatty : uid=1047(cameraserver) /system/bin/cameraserver expire 6 lines
07-24 13:10:28.005 895 19114 I chatty : uid=1047(cameraserver) /system/bin/cameraserver expire 5 lines
07-24 13:10:28.006 895 19117 I chatty : uid=1047(cameraserver) /system/bin/cameraserver expire 5 lines
07-24 13:10:28.016 19034 19034 D CAM_Activity: send the turn off Flashlight broadcast
07-24 13:10:28.033 702 2496 I SDM : ResourceImpl::SetMaxBandwidthMode: new bandwidth mode=1
07-24 13:10:28.039 19034 19098 D SnapCam_CaptureModule: onOpened 0
07-24 13:10:28.039 19034 19034 D CameraStorage: External storage state=mounted
07-24 13:10:28.039 19034 19098 D SnapCam_CaptureModule: createSession 0
07-24 13:10:28.041 895 1899 I chatty : uid=1047(cameraserver) Binder:895_1 expire 4 lines
07-24 13:10:28.042 19034 19034 D CameraStorage: External storage state=mounted
07-24 13:10:28.049 895 19111 I chatty : uid=1047(cameraserver) /system/bin/cameraserver expire 1 line
07-24 13:10:28.072 19034 19130 I Adreno : QUALCOMM build : 74bd0df, Ida1be052e0
07-24 13:10:28.072 19034 19130 I Adreno : Build Date : 12/13/17
07-24 13:10:28.072 19034 19130 I Adreno : OpenGL ES Shader Compiler Version: XE031.14.00.04
07-24 13:10:28.072 19034 19130 I Adreno : Local Branch :
07-24 13:10:28.072 19034 19130 I Adreno : Remote Branch : quic/gfx-adreno.lnx.1.0.r9-rel
07-24 13:10:28.072 19034 19130 I Adreno : Remote Branch : NONE
07-24 13:10:28.072 19034 19130 I Adreno : Reconstruct Branch : NOTHING
07-24 13:10:28.074 19034 19130 I Adreno : PFP: 0x005ff087, ME: 0x005ff063
07-24 13:10:28.077 19034 19130 I OpenGLRenderer: Initialized EGL, version 1.4
07-24 13:10:28.077 19034 19130 D OpenGLRenderer: Swap behavior 1
07-24 13:10:28.086 19034 19034 V SnapCam_CaptureUI: surfaceCreated
07-24 13:10:28.086 19034 19034 I SnapCam_CaptureModule: Preview Surface is ready!
07-24 13:10:28.086 19034 19098 D PostProcessor: Creating new ZSL queue
07-24 13:10:28.086 19034 19034 V SnapCam_CaptureUI: surfaceChanged: width =1440, height = 1080
07-24 13:10:28.094 577 2606 E ANDR-PERF-RESOURCEQS: Failed to apply optimization [4, 0]
07-24 13:10:28.094 577 2606 E ANDR-PERF-RESOURCEQS: Failed to apply optimization [4, 1]
07-24 13:10:28.094 895 19107 I chatty : uid=1047(cameraserver) /system/bin/cameraserver expire 77 lines
07-24 13:10:28.128 13530 13530 I GoogleInputMethod: onFinishInput() : Dummy InputConnection bound
07-24 13:10:28.129 13530 13530 I GoogleInputMethod: onStartInput() : Dummy InputConnection bound
07-24 13:10:28.147 19034 19098 D SnapCam_CaptureModule: We are enabling shutter, when session configured
07-24 13:10:28.154 577 2606 E ANDR-PERF-RESOURCEQS: Failed to apply optimization [4, 0]
07-24 13:10:28.154 577 2606 E ANDR-PERF-RESOURCEQS: Failed to apply optimization [4, 1]
07-24 13:10:28.154 895 19137 I chatty : uid=1047(cameraserver) /system/bin/cameraserver expire 4 lines
07-24 13:10:28.204 895 19107 I mm-camera: < INFO> 4082: mct_pipeline_process_set: command=8000008
07-24 13:10:28.204 895 19107 I mm-camera: < INFO> 4221: mct_pipeline_process_set: STREAM-ON on stream 0x40001 stream type=7
07-24 13:10:28.205 895 19107 I mm-camera: < INFO> 4236: mct_pipeline_process_set: STREAM-ON success for stream 0x40001, stream type=7
07-24 13:10:28.205 895 19107 I mm-camera: < INFO> 4082: mct_pipeline_process_set: command=8000008
07-24 13:10:28.205 895 19107 I mm-camera: < INFO> 4221: mct_pipeline_process_set: STREAM-ON on stream 0x40002 stream type=1
07-24 13:10:28.205 895 19107 E : tsdebug sensor_set_resolution:2487 res is 0, cur_line_length_pclk 1064
07-24 13:10:28.206 895 19107 I mm-camera: < INFO> 3950: sensor_get_resolution_info: sensor info: name: ov12a10_gt24p64c, res: 0, max_fps: 30.300000, w: 4096, h: 3072 op pix clk: 468000000, FLL: 3346, LLPCK: 1064, mode: 1, PDAF support: 1
07-24 13:10:28.209 895 19107 I mm-camera: < INFO> 2289: cpp_module_handle_stream_cfg_event: frame_offset=3, input_fps=30.00, identity=0x4000f
07-24 13:10:28.209 895 19107 I mm-camera: < INFO> 2289: cpp_module_handle_stream_cfg_event: frame_offset=3, input_fps=30.00, identity=0x40002
07-24 13:10:28.209 895 19125 I mm-camera: < INFO> 2639: aec_set_param: SHDR LIMITS:0 0 (0 0) (0 0)
07-24 13:10:28.209 895 1545 D QCameraQuadraCfa: int img_algo_preload(img_base_ops_t*, void*):126 : E
07-24 13:10:28.210 895 1545 D QCameraQuadraCfa: static int32_t QCameraQuadraCfa::PresetConfig(img_base_ops_t*, void*):498 : E
07-24 13:10:28.210 895 1545 D QCameraQuadraCfa: static int32_t QCameraQuadraCfa::PresetConfig(img_base_ops_t*, void*):502 : custom_cal_data 0
07-24 13:10:28.210 895 1545 D QCameraQuadraCfa: static int32_t QCameraQuadraCfa::PresetConfig(img_base_ops_t*, void*):503 : full_height c00
07-24 13:10:28.210 895 1545 D QCameraQuadraCfa: static int32_t QCameraQuadraCfa::PresetConfig(img_base_ops_t*, void*):504 : full_width 1000
07-24 13:10:28.210 895 1545 D QCameraQuadraCfa: static int32_t QCameraQuadraCfa::PresetConfig(img_base_ops_t*, void*):505 : filter_arrangement 0
07-24 13:10:28.210 895 1545 D QCameraQuadraCfa: static int32_t QCameraQuadraCfa::PresetConfig(img_base_ops_t*, void*):506 : pedestal 40
07-24 13:10:28.210 895 19107 E mm-camera: 7600: module_sensor_set_decode_format_based_on_pack_mode: Pack mode is 0
07-24 13:10:28.210 895 1545 E quadracfa_dummy: inside dummy remosaic_init 1
07-24 13:10:28.211 895 1545 E quadracfa_dummy: inside dummy remosaic_gainmap_gen 1
07-24 13:10:28.211 895 1545 D QCameraQuadraCfa: static int32_t QCameraQuadraCfa::PresetConfig(img_base_ops_t*, void*):520 : X
07-24 13:10:28.211 895 1545 D QCameraQuadraCfa: int img_algo_preload(img_base_ops_t*, void*):128 : X
07-24 13:10:28.211 895 19107 E mm-camera: sunny_gt24p64c_ov12a10_eeprom_get_calibration_items: 34: zhangfengeeprom is_wbc:1,is_afc:1,is_lsc:1,is_dpc:0,is_insensor:0, is_ois:0
07-24 13:10:28.215 895 19125 E mm-camera: 579: aec_led_cal_apply_calibration: Calibrate data size 0 not expected with tuning size: 0
07-24 13:10:28.216 895 19126 E mm-camera: 869: af_haf_util_update_force_scan_end_params: force scan timeout enabled,max th: 45
07-24 13:10:28.218 895 19107 E mm-camera: 2245: iface_util_set_chromatix: iface_util_set_chromatix:2245 failed: iface_hvx_open rc 0
07-24 13:10:28.218 895 19107 I mm-camera: < INFO> 415: iface_util_dump_sensor_cfg: iface_util_dump_sensor_cfg: sensor dim: width = 4096, heght = 3072, fmt = 31, is_bayer = 1, init_skip = 2
07-24 13:10:28.220 895 19107 I mm-camera: < INFO> 4150: iface_util_set_hw_stream_config_pix: iface_util_set_hw_stream_config_pix: Assigned vfe 1 intf 0 for related cam type 1
07-24 13:10:28.220 895 19107 I mm-camera: < INFO> 3616: iface_util_dump_isp_resource_request: =====DUMP RESOURCE: PIX STREAM===
07-24 13:10:28.220 895 19107 I mm-camera: < INFO> 3617: iface_util_dump_isp_resource_request: num pix stream = 3
07-24 13:10:28.220 895 19107 I mm-camera: < INFO> 3620: iface_util_dump_isp_resource_request: num_isp = 1, isp_mask = 2, request_op_pix_clk = 0
07-24 13:10:28.220 895 19107 I mm-camera: < INFO> 3624: iface_util_dump_isp_resource_request: ispif stripe info: split 0, overlap 0, stripe offset 0
07-24 13:10:28.220 895 19107 I mm-camera: < INFO> 3627: iface_util_dump_isp_resource_request: pix stream 0
07-24 13:10:28.220 895 19107 I mm-camera: < INFO> 3630: iface_util_dump_isp_resource_request: num mct stream mapped = 1(Mapped stream ID[0] = 2)
07-24 13:10:28.220 895 19107 I mm-camera: < INFO> 3633: iface_util_dump_isp_resource_request: axi path = 1(ENC-0/VIEW-1/CAMIF-2/IDEAL-3), cam_fmt 102
07-24 13:10:28.220 895 19107 I mm-camera: < INFO> 3627: iface_util_dump_isp_resource_request: pix stream 1
07-24 13:10:28.220 895 19107 I mm-camera: < INFO> 3630: iface_util_dump_isp_resource_request: num mct stream mapped = 2(Mapped stream ID[0] = 3)
07-24 13:10:28.220 895 19107 I mm-camera: < INFO> 3633: iface_util_dump_isp_resource_request: axi path = 0(ENC-0/VIEW-1/CAMIF-2/IDEAL-3), cam_fmt 2
07-24 13:10:28.220 895 19107 I mm-camera: < INFO> 3627: iface_util_dump_isp_resource_request: pix stream 2
07-24 13:10:28.220 895 19107 I mm-camera: < INFO> 3630: iface_util_dump_isp_resource_request: num mct stream mapped = 1(Mapped stream ID[0] = 5)
07-24 13:10:28.220 895 19107 I mm-camera: < INFO> 3633: iface_util_dump_isp_resource_request: axi path = 2(ENC-0/VIEW-1/CAMIF-2/IDEAL-3), cam_fmt 101
07-24 13:10:28.220 895 19107 I mm-camera: < INFO> 3655: iface_util_dump_isp_resource_request: num STATS stream = 7
07-24 13:10:28.222 895 19107 I mm-camera: < INFO> 3648: cpp_module_util_update_dim: offset_x 0, offset_y 0, offset 0, meta_len 12288,meta_scanline 144, meta_stride 64, plane_len 1566720
07-24 13:10:28.222 895 19107 I mm-camera: < INFO> 3648: cpp_module_util_update_dim: offset_x 0, offset_y 0, offset 0, meta_len 8192,meta_scanline 80, meta_stride 64, plane_len 783360
07-24 13:10:28.222 895 19107 I mm-camera: < INFO> 1032: cpp_module_handle_isp_out_dim_event: [STREAM_PARAMS] stream type 1, width 1440, height 1080,stride 1536, scanline 1088, planes 2
07-24 13:10:28.223 895 19125 E : tsdebug sensor_set_exposure:519 linecount is 1195
07-24 13:10:28.223 895 19125 E : tsdebug sensor_set_exposure:532 real_gain=1.000000 line_count=1195
07-24 13:10:28.223 895 19125 E : tsdebug sensor_set_exposure:555 digital_gain 1.000000
07-24 13:10:28.224 895 19125 E : tsdebug sensor_get_digital_gain:2134 digital gain 1.000000
07-24 13:10:28.224 895 19107 I mm-camera: < INFO> 3894: iface_create_axi: iface_create_axi:3894: Create axi hw for session 4 on VFE 1
07-24 13:10:28.226 895 19107 I mm-camera: < INFO> 9375: iface_util_dump_camif_cfg: =====Camif DUMP cfg for PIX interface====
07-24 13:10:28.226 895 19107 I mm-camera: < INFO> 9377: iface_util_dump_camif_cfg: camif input type = 3(MIPI=3), op_pix_clk = 475312500
07-24 13:10:28.226 895 19107 I mm-camera: < INFO> 9379: iface_util_dump_camif_cfg: camif pix_pattern(RGRG-0/GRGR-1/BGBG-2/GBGB-3) = 2
07-24 13:10:28.226 895 19107 I mm-camera: < INFO> 9381: iface_util_dump_camif_cfg: camif first_pix = 0, last_pix = 4095
07-24 13:10:28.226 895 19107 I mm-camera: < INFO> 9383: iface_util_dump_camif_cfg: camif first_line = 0, last_line = 3071
07-24 13:10:28.226 895 19107 I mm-camera: < INFO> 9385: iface_util_dump_camif_cfg: camif pixels_per_line = 4096, lines_per_frame = 3072
07-24 13:10:28.226 895 19107 I mm-camera: < INFO> 9389: iface_util_dump_camif_cfg: camif irq subsample pattern = 0, period = 0 sof_step 1
07-24 13:10:28.226 895 19159 I mm-camera: < INFO> 566: iface_dump_axi_plane_config: === AXI DUMP: VFE session_id 4, hw_stream_id 10002 ===
07-24 13:10:28.226 895 19159 I mm-camera: < INFO> 570: iface_dump_axi_plane_config: AXI DUMP Axi_src: VIEWFINDER hw_stream width 1440, height 1080
07-24 13:10:28.226 895 19159 I mm-camera: < INFO> 572: iface_dump_axi_plane_config: need buf divert = 1, burst count = 0
07-24 13:10:28.226 895 19159 I mm-camera: < INFO> 575: iface_dump_axi_plane_config: hfr mode = 0, skip pattern = 0, init_frame_drop = 2
07-24 13:10:28.226 895 19159 I mm-camera: < INFO> 608: iface_dump_axi_plane_config: plane[0]: plane_fmt 0(Y-0/CB-1/Cr-2/CrCb-3/CbCr-4)
07-24 13:10:28.226 895 19159 I mm-camera: < INFO> 610: iface_dump_axi_plane_config: plane[0]: width = 1440, height = 1080
07-24 13:10:28.226 895 19159 I mm-camera: < INFO> 612: iface_dump_axi_plane_config: plane[0]: stride = 1440, scanlines = 1088
07-24 13:10:28.226 895 19159 I mm-camera: < INFO> 614: iface_dump_axi_plane_config: plane[0]: address_offset 0
07-24 13:10:28.226 895 19159 I mm-camera: < INFO> 608: iface_dump_axi_plane_config: plane[1]: plane_fmt 4(Y-0/CB-1/Cr-2/CrCb-3/CbCr-4)
07-24 13:10:28.226 895 19159 I mm-camera: < INFO> 610: iface_dump_axi_plane_config: plane[1]: width = 1440, height = 540
07-24 13:10:28.226 895 19159 I mm-camera: < INFO> 612: iface_dump_axi_plane_config: plane[1]: stride = 1440, scanlines = 544
07-24 13:10:28.226 895 19159 I mm-camera: < INFO> 614: iface_dump_axi_plane_config: plane[1]: address_offset 0
07-24 13:10:28.226 895 19159 I mm-camera: < INFO> 566: iface_dump_axi_plane_config: === AXI DUMP: VFE session_id 4, hw_stream_id 3 ===
07-24 13:10:28.226 895 19159 I mm-camera: < INFO> 570: iface_dump_axi_plane_config: AXI DUMP Axi_src: ENCODER hw_stream width 4000, height 3000
07-24 13:10:28.226 895 19159 I mm-camera: < INFO> 572: iface_dump_axi_plane_config: need buf divert = 0, burst count = 0
07-24 13:10:28.226 895 19159 I mm-camera: < INFO> 575: iface_dump_axi_plane_config: hfr mode = 0, skip pattern = 1, init_frame_drop = 2
07-24 13:10:28.226 895 19159 I mm-camera: < INFO> 608: iface_dump_axi_plane_config: plane[0]: plane_fmt 0(Y-0/CB-1/Cr-2/CrCb-3/CbCr-4)
07-24 13:10:28.226 895 19159 I mm-camera: < INFO> 610: iface_dump_axi_plane_config: plane[0]: width = 4000, height = 3000
07-24 13:10:28.226 895 19159 I mm-camera: < INFO> 612: iface_dump_axi_plane_config: plane[0]: stride = 4032, scanlines = 3008
07-24 13:10:28.226 895 19159 I mm-camera: < INFO> 614: iface_dump_axi_plane_config: plane[0]: address_offset 0
07-24 13:10:28.226 895 19159 I mm-camera: < INFO> 608: iface_dump_axi_plane_config: plane[1]: plane_fmt 3(Y-0/CB-1/Cr-2/CrCb-3/CbCr-4)
07-24 13:10:28.226 895 19159 I mm-camera: < INFO> 610: iface_dump_axi_plane_config: plane[1]: width = 4000, height = 1500
07-24 13:10:28.226 895 19159 I mm-camera: < INFO> 612: iface_dump_axi_plane_config: plane[1]: stride = 4032, scanlines = 1504
07-24 13:10:28.226 895 19159 I mm-camera: < INFO> 614: iface_dump_axi_plane_config: plane[1]: address_offset 0
07-24 13:10:28.226 895 19159 I mm-camera: < INFO> 566: iface_dump_axi_plane_config: === AXI DUMP: VFE session_id 4, hw_stream_id 10005 ===
07-24 13:10:28.226 895 19159 I mm-camera: < INFO> 570: iface_dump_axi_plane_config: AXI DUMP Axi_src: VIDEO hw_stream width 640, height 480
07-24 13:10:28.227 895 19159 I mm-camera: < INFO> 572: iface_dump_axi_plane_config: need buf divert = 1, burst count = 0
07-24 13:10:28.227 895 19159 I mm-camera: < INFO> 575: iface_dump_axi_plane_config: hfr mode = 0, skip pattern = 0, init_frame_drop = 2
07-24 13:10:28.227 895 19159 I mm-camera: < INFO> 608: iface_dump_axi_plane_config: plane[0]: plane_fmt 0(Y-0/CB-1/Cr-2/CrCb-3/CbCr-4)
07-24 13:10:28.227 895 19159 I mm-camera: < INFO> 610: iface_dump_axi_plane_config: plane[0]: width = 640, height = 480
07-24 13:10:28.227 895 19159 I mm-camera: < INFO> 612: iface_dump_axi_plane_config: plane[0]: stride = 640, scanlines = 480
07-24 13:10:28.227 895 19159 I mm-camera: < INFO> 614: iface_dump_axi_plane_config: plane[0]: address_offset 0
07-24 13:10:28.227 895 19159 I mm-camera: < INFO> 566: iface_dump_axi_plane_config: === AXI DUMP: VFE session_id 4, hw_stream_id 9000f ===
07-24 13:10:28.227 895 19159 I mm-camera: < INFO> 570: iface_dump_axi_plane_config: AXI DUMP Axi_src: CAMIF_RAW hw_stream width 512, height 768
07-24 13:10:28.227 895 19159 I mm-camera: < INFO> 572: iface_dump_axi_plane_config: need buf divert = 1, burst count = 0
07-24 13:10:28.227 895 19159 I mm-camera: < INFO> 575: iface_dump_axi_plane_config: hfr mode = 0, skip pattern = 0, init_frame_drop = 2
07-24 13:10:28.227 895 19159 I mm-camera: < INFO> 608: iface_dump_axi_plane_config: plane[0]: plane_fmt 0(Y-0/CB-1/Cr-2/CrCb-3/CbCr-4)
07-24 13:10:28.227 895 19159 I mm-camera: < INFO> 610: iface_dump_axi_plane_config: plane[0]: width = 512, height = 768
07-24 13:10:28.227 895 19159 I mm-camera: < INFO> 612: iface_dump_axi_plane_config: plane[0]: stride = 512, scanlines = 768
07-24 13:10:28.227 895 19159 I mm-camera: < INFO> 614: iface_dump_axi_plane_config: plane[0]: address_offset 0
07-24 13:10:28.229 895 19107 I mm-camera: < INFO> 1738: iface_streamon_to_thread: iface_streamon_to_thread: E, session id = 4, user stream id = 2
07-24 13:10:28.229 895 19115 I mm-camera: < INFO> 2085: iface_streamon: E, session_id 4 mct_stream_id = 2
07-24 13:10:28.229 895 19115 I mm-camera: < INFO> 11871: iface_util_get_user_streams_by_bundle: got No.1 bundled streamon, mct stream id 2total bundled stream num = 4
07-24 13:10:28.235 895 19107 I mm-camera: < INFO> 4603: cpp_module_handle_streamon_event: identity=0x40002, stream-on done
07-24 13:10:28.236 895 19107 I mm-camera: < INFO> 1767: iface_streamon_to_thread: iface_streamon_to_thread: X, session id = 4, user stream id = 2
07-24 13:10:28.236 895 19107 E : tsdebug sensor_set_exposure:519 linecount is 1195
07-24 13:10:28.236 895 19107 E : tsdebug sensor_set_exposure:532 real_gain=1.000000 line_count=1195
07-24 13:10:28.236 895 19107 E : tsdebug sensor_set_exposure:555 digital_gain 1.000000
07-24 13:10:28.236 895 19118 I mm-camera: < INFO> 371: cpp_hardware_set_clock: Set clock 540000000 BW avg 141389552 BW inst 141389552
07-24 13:10:28.237 895 19107 E : tsdebug sensor_get_digital_gain:2134 digital gain 1.000000
07-24 13:10:28.237 895 19107 I mm-camera: < INFO> 156: start_sof_check_thread: Starting SOF timeout thread session id =4
07-24 13:10:28.237 895 19107 I mm-camera: < INFO> 4236: mct_pipeline_process_set: STREAM-ON success for stream 0x40002, stream type=1
07-24 13:10:28.238 895 19107 I mm-camera: < INFO> 4082: mct_pipeline_process_set: command=8000008
07-24 13:10:28.238 895 19107 I mm-camera: < INFO> 4221: mct_pipeline_process_set: STREAM-ON on stream 0x40003 stream type=3
07-24 13:10:28.238 895 19107 I mm-camera: < INFO> 1738: iface_streamon_to_thread: iface_streamon_to_thread: E, session id = 4, user stream id = 3
07-24 13:10:28.238 895 19115 I mm-camera: < INFO> 2085: iface_streamon: E, session_id 4 mct_stream_id = 3
07-24 13:10:28.238 895 19115 I mm-camera: < INFO> 11871: iface_util_get_user_streams_by_bundle: got No.2 bundled streamon, mct stream id 3total bundled stream num = 4
07-24 13:10:28.239 895 19107 I mm-camera: < INFO> 1767: iface_streamon_to_thread: iface_streamon_to_thread: X, session id = 4, user stream id = 3
07-24 13:10:28.239 895 19107 I mm-camera: < INFO> 4236: mct_pipeline_process_set: STREAM-ON success for stream 0x40003, stream type=3
07-24 13:10:28.239 895 19107 I mm-camera: < INFO> 4082: mct_pipeline_process_set: command=8000008
07-24 13:10:28.239 895 19107 I mm-camera: < INFO> 4221: mct_pipeline_process_set: STREAM-ON on stream 0x40004 stream type=3
07-24 13:10:28.239 895 19107 I mm-camera: < INFO> 1738: iface_streamon_to_thread: iface_streamon_to_thread: E, session id = 4, user stream id = 4
07-24 13:10:28.239 895 19115 I mm-camera: < INFO> 2085: iface_streamon: E, session_id 4 mct_stream_id = 4
07-24 13:10:28.239 895 19115 I mm-camera: < INFO> 11871: iface_util_get_user_streams_by_bundle: got No.3 bundled streamon, mct stream id 4total bundled stream num = 4
07-24 13:10:28.240 895 19107 I mm-camera: < INFO> 1767: iface_streamon_to_thread: iface_streamon_to_thread: X, session id = 4, user stream id = 4
07-24 13:10:28.240 895 19107 I mm-camera: < INFO> 4236: mct_pipeline_process_set: STREAM-ON success for stream 0x40004, stream type=3
07-24 13:10:28.240 895 19107 I mm-camera: < INFO> 4082: mct_pipeline_process_set: command=8000008
07-24 13:10:28.240 895 19107 I mm-camera: < INFO> 4221: mct_pipeline_process_set: STREAM-ON on stream 0x40005 stream type=11
07-24 13:10:28.240 895 19107 I mm-camera: < INFO> 1738: iface_streamon_to_thread: iface_streamon_to_thread: E, session id = 4, user stream id = 5
07-24 13:10:28.240 895 19115 I mm-camera: < INFO> 2085: iface_streamon: E, session_id 4 mct_stream_id = 5
07-24 13:10:28.240 895 19115 I mm-camera: < INFO> 11865: iface_util_get_user_streams_by_bundle: streamon, got all bundled streamon!
07-24 13:10:28.244 1718 1987 I chatty : uid=1000(system) InputDispatcher expire 44 lines
07-24 13:10:28.254 895 19115 I mm-camera: < INFO> 2356: iface_streamon: X
07-24 13:10:28.254 895 19107 I mm-camera: < INFO> 1767: iface_streamon_to_thread: iface_streamon_to_thread: X, session id = 4, user stream id = 5
07-24 13:10:28.254 895 19107 I mm-camera: < INFO> 4236: mct_pipeline_process_set: STREAM-ON success for stream 0x40005, stream type=11
07-24 13:10:28.271 895 19158 I mm-camera: < INFO> 1395: isp_handler_module_handle_reg_update: Warning! Invalid reg_update state 0
07-24 13:10:28.273 895 19126 E mm-3a-core: tsdebug af_port_update_af_state:860, af_state 0, cause 4, af_mode is 7, prev_af_mode 4
07-24 13:10:28.275 895 19108 E : tsdebug sensor_get_digital_gain:2134 digital gain 1.000000
07-24 13:10:28.275 895 19108 E : tsdebug sensor_get_exposure_time:4491 line_length_pclk = 1064, current_linecount = 1195, vt_pixel_clk = 107872363, cur_res 0
07-24 13:10:28.275 895 19108 E : tsdebug sensor_set_exposure:519 linecount is 1195
07-24 13:10:28.275 895 19108 E : tsdebug sensor_set_exposure:532 real_gain=1.000000 line_count=1195
07-24 13:10:28.275 895 19108 E : tsdebug sensor_set_exposure:555 digital_gain 1.000000
07-24 13:10:28.276 895 19108 E : tsdebug sensor_get_digital_gain:2134 digital gain 1.000000
07-24 13:10:28.305 895 19108 E : tsdebug sensor_get_digital_gain:2134 digital gain 1.000000
07-24 13:10:28.305 895 19108 E : tsdebug sensor_get_exposure_time:4491 line_length_pclk = 1064, current_linecount = 1195, vt_pixel_clk = 107872363, cur_res 0
07-24 13:10:28.338 895 19108 E : tsdebug sensor_get_digital_gain:2134 digital gain 1.000000
07-24 13:10:28.339 895 19108 E : tsdebug sensor_get_exposure_time:4491 line_length_pclk = 1064, current_linecount = 1195, vt_pixel_clk = 107872363, cur_res 0
07-24 13:10:28.357 895 19121 E mm-camera: 4437: af_port_handle_pdaf_stats: Fail to init buf divert ack ctrl
07-24 13:10:28.370 895 19125 E mm-camera: 2164: aec_process_calc_current_hist_metered_luma: error: out of range, exit
07-24 13:10:28.372 895 19116 I mm-camera: < INFO> 2858: bf_stats47_validate_input_cfg: warning: invalid y a cfg 1.990000 i 1
07-24 13:10:28.372 895 19116 I mm-camera: < INFO> 3039: bf_stats47_stats_config_update: warning: bf_stats47_validate_roi_cfg
07-24 13:10:28.372 895 19116 I mm-camera: < INFO> 245: ihist_stats46_stats_config_validate: warning: Invalid IHIST ROI from 3A 0 0 0 0
07-24 13:10:28.372 895 19108 E : tsdebug sensor_get_digital_gain:2134 digital gain 1.000000
07-24 13:10:28.372 895 19108 E : tsdebug sensor_get_exposure_time:4491 line_length_pclk = 1064, current_linecount = 1195, vt_pixel_clk = 107872363, cur_res 0
07-24 13:10:28.372 895 19108 E : tsdebug sensor_set_exposure:519 linecount is 2535
07-24 13:10:28.372 895 19108 E : tsdebug sensor_set_exposure:532 real_gain=1.167839 line_count=2535
07-24 13:10:28.372 895 19108 E : tsdebug sensor_set_exposure:555 digital_gain 1.038080
07-24 13:10:28.373 895 19108 E : tsdebug sensor_get_digital_gain:2134 digital gain 1.038080
07-24 13:10:28.375 895 19151 E QCamera3HWI: fwk_afState is 0
07-24 13:10:28.379 19034 19034 D SnapCam_FocusStateListe: CONTROL_AF_STATE_INACTIVE clearFocus
07-24 13:10:28.382 895 19153 I QTI PowerHAL: Got process_video_encode_hint
07-24 13:10:28.390 895 19121 E mm-camera: 4437: af_port_handle_pdaf_stats: Fail to init buf divert ack ctrl
07-24 13:10:28.402 895 19118 I mm-camera: < INFO> 371: cpp_hardware_set_clock: Set clock 256000000 BW avg 141389552 BW inst 141389552
07-24 13:10:28.405 895 19108 E : tsdebug sensor_get_digital_gain:2134 digital gain 1.038080
07-24 13:10:28.405 895 19108 E : tsdebug sensor_get_exposure_time:4491 line_length_pclk = 1064, current_linecount = 2535, vt_pixel_clk = 107872363, cur_res 0
07-24 13:10:28.406 895 19108 E : tsdebug sensor_set_exposure:519 linecount is 3379
07-24 13:10:28.406 895 19108 E : tsdebug sensor_set_exposure:532 real_gain=2.127009 line_count=3379
07-24 13:10:28.406 895 19108 E : tsdebug sensor_set_exposure:555 digital_gain 1.000945
07-24 13:10:28.406 895 19108 E : tsdebug sensor_get_digital_gain:2134 digital gain 1.000945
07-24 13:10:28.408 895 19151 E QCamera3HWI: fwk_afState is 0
07-24 13:10:28.418 895 19123 E mm-camera: 533: dsps_port_callback_gyro: Delayed Gyro Callback. Expected fid = 5 gyro cb id = 1
07-24 13:10:28.419 895 19137 E QCamera3HWI: wkj acquire_fence is not -1
07-24 13:10:28.419 895 19137 E QCamera3HWI: acquire_fence is wait ok
07-24 13:10:28.422 895 19121 E mm-camera: 4437: af_port_handle_pdaf_stats: Fail to init buf divert ack ctrl
07-24 13:10:28.438 895 19108 E : tsdebug sensor_get_digital_gain:2134 digital gain 1.000945
07-24 13:10:28.439 895 19108 E : tsdebug sensor_get_exposure_time:4491 line_length_pclk = 1064, current_linecount = 3379, vt_pixel_clk = 107872363, cur_res 0
07-24 13:10:28.439 895 19108 E : tsdebug sensor_set_exposure:519 linecount is 5069
07-24 13:10:28.439 895 19108 E : tsdebug sensor_set_exposure:532 real_gain=3.055383 line_count=5069
07-24 13:10:28.439 895 19108 E : tsdebug sensor_set_exposure:555 digital_gain 1.018461
07-24 13:10:28.440 895 19108 E : tsdebug sensor_get_digital_gain:2134 digital gain 1.018461
07-24 13:10:28.441 895 19151 E QCamera3HWI: fwk_afState is 0
07-24 13:10:28.456 895 19121 E mm-camera: 4437: af_port_handle_pdaf_stats: Fail to init buf divert ack ctrl
07-24 13:10:28.457 1718 1987 I ActivityManager: START u0 {act=android.intent.action.MAIN cat=[android.intent.category.HOME] flg=0x10200000 cmp=com.android.launcher3/.Launcher (has extras)} from uid 1000 on display 0
07-24 13:10:28.463 19034 19034 D SnapCam_CaptureModule: onPause
07-24 13:10:28.464 19034 19034 D SnapCam_CaptureModule: closeCamera
07-24 13:10:28.465 19034 19034 D SnapCam_CaptureModule: Closing camera: 0
07-24 13:10:28.472 895 19108 E : tsdebug sensor_get_digital_gain:2134 digital gain 1.018461
07-24 13:10:28.472 895 19108 E : tsdebug sensor_get_exposure_time:4491 line_length_pclk = 1064, current_linecount = 5069, vt_pixel_clk = 107872363, cur_res 0
07-24 13:10:28.472 895 19108 E : tsdebug sensor_set_exposure:519 linecount is 5069
07-24 13:10:28.472 895 19108 E : tsdebug sensor_set_exposure:532 real_gain=3.755414 line_count=5069
07-24 13:10:28.472 895 19108 E : tsdebug sensor_set_exposure:555 digital_gain 1.001444
07-24 13:10:28.472 895 19137 E QCamera3HWI: wkj acquire_fence is not -1
07-24 13:10:28.472 895 19137 E QCamera3HWI: acquire_fence is wait ok
07-24 13:10:28.473 895 19108 E : tsdebug sensor_get_digital_gain:2134 digital gain 1.001444
07-24 13:10:28.476 895 19151 E QCamera3HWI: fwk_afState is 0
07-24 13:10:28.489 895 19121 E mm-camera: 4437: af_port_handle_pdaf_stats: Fail to init buf divert ack ctrl
07-24 13:10:28.522 895 19108 E : tsdebug sensor_get_digital_gain:2134 digital gain 1.001444
07-24 13:10:28.522 895 19108 E : tsdebug sensor_get_exposure_time:4491 line_length_pclk = 1064, current_linecount = 5069, vt_pixel_clk = 107872363, cur_res 0
07-24 13:10:28.522 895 19108 E : tsdebug sensor_set_exposure:519 linecount is 5069
07-24 13:10:28.522 895 19108 E : tsdebug sensor_set_exposure:532 real_gain=3.867574 line_count=5069
07-24 13:10:28.522 895 19108 E : tsdebug sensor_set_exposure:555 digital_gain 1.031353
07-24 13:10:28.523 895 19108 E : tsdebug sensor_get_digital_gain:2134 digital gain 1.031353
07-24 13:10:28.524 895 19151 E QCamera3HWI: fwk_afState is 0
07-24 13:10:28.539 895 19121 E mm-camera: 4437: af_port_handle_pdaf_stats: Fail to init buf divert ack ctrl
07-24 13:10:28.557 2930 3090 I Adreno : QUALCOMM build : 74bd0df, Ida1be052e0
07-24 13:10:28.557 2930 3090 I Adreno : Build Date : 12/13/17
07-24 13:10:28.557 2930 3090 I Adreno : OpenGL ES Shader Compiler Version: XE031.14.00.04
07-24 13:10:28.557 2930 3090 I Adreno : Local Branch :
07-24 13:10:28.557 2930 3090 I Adreno : Remote Branch : quic/gfx-adreno.lnx.1.0.r9-rel
07-24 13:10:28.557 2930 3090 I Adreno : Remote Branch : NONE
07-24 13:10:28.557 2930 3090 I Adreno : Reconstruct Branch : NOTHING
07-24 13:10:28.570 2930 3090 I Adreno : PFP: 0x005ff087, ME: 0x005ff063
07-24 13:10:28.572 895 19108 E : tsdebug sensor_get_digital_gain:2134 digital gain 1.031353
07-24 13:10:28.572 895 19108 E : tsdebug sensor_get_exposure_time:4491 line_length_pclk = 1064, current_linecount = 5069, vt_pixel_clk = 107872363, cur_res 0
07-24 13:10:28.572 895 19108 E : tsdebug sensor_set_exposure:519 linecount is 5069
07-24 13:10:28.572 895 19108 E : tsdebug sensor_set_exposure:532 real_gain=3.983601 line_count=5069
07-24 13:10:28.572 895 19108 E : tsdebug sensor_set_exposure:555 digital_gain 1.028026
07-24 13:10:28.573 13530 13530 I GoogleInputMethod: onFinishInput() : Dummy InputConnection bound
07-24 13:10:28.573 895 19108 E : tsdebug sensor_get_digital_gain:2134 digital gain 1.028026
07-24 13:10:28.574 13530 13530 I GoogleInputMethod: onStartInput() : Dummy InputConnection bound
07-24 13:10:28.574 2930 3090 I OpenGLRenderer: Initialized EGL, version 1.4
07-24 13:10:28.574 2930 3090 D OpenGLRenderer: Swap behavior 1
07-24 13:10:28.575 895 19151 E QCamera3HWI: fwk_afState is 0
07-24 13:10:28.589 895 19121 E mm-camera: 4437: af_port_handle_pdaf_stats: Fail to init buf divert ack ctrl
07-24 13:10:28.622 895 19108 E : tsdebug sensor_get_digital_gain:2134 digital gain 1.028026
07-24 13:10:28.622 895 19108 E : tsdebug sensor_get_exposure_time:4491 line_length_pclk = 1064, current_linecount = 5069, vt_pixel_clk = 107872363, cur_res 0
07-24 13:10:28.623 895 19108 E : tsdebug sensor_set_exposure:519 linecount is 5069
07-24 13:10:28.623 895 19108 E : tsdebug sensor_set_exposure:532 real_gain=4.102657 line_count=5069
07-24 13:10:28.623 895 19108 E : tsdebug sensor_set_exposure:555 digital_gain 1.025664
07-24 13:10:28.625 895 19108 E : tsdebug sensor_get_digital_gain:2134 digital gain 1.025664
07-24 13:10:28.626 895 19151 E QCamera3HWI: fwk_afState is 0
07-24 13:10:28.639 895 19121 E mm-camera: 4437: af_port_handle_pdaf_stats: Fail to init buf divert ack ctrl
07-24 13:10:28.653 895 19125 E mm-camera: 2164: aec_process_calc_current_hist_metered_luma: error: out of range, exit
07-24 13:10:28.672 895 19108 E : tsdebug sensor_get_digital_gain:2134 digital gain 1.025664
07-24 13:10:28.672 895 19108 E : tsdebug sensor_get_exposure_time:4491 line_length_pclk = 1064, current_linecount = 5069, vt_pixel_clk = 107872363, cur_res 0
07-24 13:10:28.672 895 19108 E : tsdebug sensor_set_exposure:519 linecount is 5069
07-24 13:10:28.672 895 19108 E : tsdebug sensor_set_exposure:532 real_gain=4.225681 line_count=5069
07-24 13:10:28.672 895 19108 E : tsdebug sensor_set_exposure:555 digital_gain 1.056420
07-24 13:10:28.673 895 19108 E : tsdebug sensor_get_digital_gain:2134 digital gain 1.056420
07-24 13:10:28.674 895 19151 E QCamera3HWI: fwk_afState is 0
07-24 13:10:28.675 895 1899 I Camera3-Device: disconnect: E
07-24 13:10:28.679 895 1899 I QCamera : static int qcamera::QCamera3HardwareInterface::close_camera_device(struct hw_device_t *): 12399: [KPI Perf]: E camera id 0
07-24 13:10:28.679 895 1899 I QTI PowerHAL: Got process_video_encode_hint
07-24 13:10:28.680 577 2606 E ANDR-PERF-RESOURCEQS: Failed to apply optimization [4, 0]
07-24 13:10:28.680 577 2606 E ANDR-PERF-RESOURCEQS: Failed to apply optimization [4, 1]
07-24 13:10:28.681 895 19107 I mm-camera: < INFO> 4082: mct_pipeline_process_set: command=8000009
07-24 13:10:28.681 895 19107 I mm-camera: < INFO> 4221: mct_pipeline_process_set: STREAM-OFF on stream 0x40005 stream type=11
07-24 13:10:28.681 895 19107 I mm-camera: < INFO> 1793: iface_streamoff_to_thread: iface_streamoff_to_thread: E, session id = 4, user stream id = 5
07-24 13:10:28.681 895 19115 I mm-camera: < INFO> 2402: iface_streamoff: E, session_id 4 mct_stream_id = 5
07-24 13:10:28.681 895 19115 I mm-camera: < INFO> 11879: iface_util_get_user_streams_by_bundle: streamoff, first bundled streamoff all bindled streams!
07-24 13:10:28.681 895 19115 I mm-camera: < INFO> 440: iface_ispif_get_cfg_params_from_hw_streams: interace 0 active count = 3, skip stop ispif
07-24 13:10:28.681 895 19115 I mm-camera: < INFO> 440: iface_ispif_get_cfg_params_from_hw_streams: interace 0 active count = 2, skip stop ispif
07-24 13:10:28.681 895 19115 I mm-camera: < INFO> 440: iface_ispif_get_cfg_params_from_hw_streams: interace 0 active count = 1, skip stop ispif
07-24 13:10:28.682 895 19115 I mm-camera: < INFO> 2629: iface_streamoff: session_id = 4, active_streams = 0
07-24 13:10:28.682 895 19115 I mm-camera: < INFO> 2638: iface_streamoff: X
07-24 13:10:28.682 895 19107 I mm-camera: < INFO> 1819: iface_streamoff_to_thread: iface_streamoff_to_thread: X, session id = 4, user stream id = 5
07-24 13:10:28.685 895 19107 I mm-camera: < INFO> 4236: mct_pipeline_process_set: STREAM-OFF success for stream 0x40005, stream type=11
07-24 13:10:28.686 895 19107 I mm-camera: < INFO> 4082: mct_pipeline_process_set: command=8000009
07-24 13:10:28.686 895 19107 I mm-camera: < INFO> 4221: mct_pipeline_process_set: STREAM-OFF on stream 0x40002 stream type=1
07-24 13:10:28.686 895 19107 I mm-camera: < INFO> 1793: iface_streamoff_to_thread: iface_streamoff_to_thread: E, session id = 4, user stream id = 2
07-24 13:10:28.686 895 19115 I mm-camera: < INFO> 2402: iface_streamoff: E, session_id 4 mct_stream_id = 2
07-24 13:10:28.686 895 19115 I mm-camera: < INFO> 11885: iface_util_get_user_streams_by_bundle: skip streamoff! left 2 bundled streamoff, mct stream id 2total bundled stream num = 4
07-24 13:10:28.686 895 19115 I mm-camera: < INFO> 2638: iface_streamoff: X
07-24 13:10:28.686 895 19107 I mm-camera: < INFO> 1819: iface_streamoff_to_thread: iface_streamoff_to_thread: X, session id = 4, user stream id = 2
07-24 13:10:28.686 895 19107 I mm-camera: < INFO> 4678: cpp_module_handle_streamoff_event: info: doing stream-off for identity 0x40002
07-24 13:10:28.687 895 19107 I mm-camera: < INFO> 4874: cpp_module_handle_streamoff_event: info: stream-off done for identity 0x40002 rc:0
07-24 13:10:28.687 895 19118 I mm-camera: < INFO> 371: cpp_hardware_set_clock: Set clock 256000000 BW avg 0 BW inst 0
07-24 13:10:28.687 895 19107 I mm-camera: < INFO> 4236: mct_pipeline_process_set: STREAM-OFF success for stream 0x40002, stream type=1
07-24 13:10:28.688 895 19107 I mm-camera: < INFO> 4082: mct_pipeline_process_set: command=8000009
07-24 13:10:28.688 895 19107 I mm-camera: < INFO> 4221: mct_pipeline_process_set: STREAM-OFF on stream 0x40003 stream type=3
07-24 13:10:28.688 895 19107 I mm-camera: < INFO> 1793: iface_streamoff_to_thread: iface_streamoff_to_thread: E, session id = 4, user stream id = 3
07-24 13:10:28.688 895 19115 I mm-camera: < INFO> 2402: iface_streamoff: E, session_id 4 mct_stream_id = 3
07-24 13:10:28.688 895 19115 I mm-camera: < INFO> 11885: iface_util_get_user_streams_by_bundle: skip streamoff! left 1 bundled streamoff, mct stream id 3total bundled stream num = 4
07-24 13:10:28.688 895 19115 I mm-camera: < INFO> 2638: iface_streamoff: X
07-24 13:10:28.688 895 19107 I mm-camera: < INFO> 1819: iface_streamoff_to_thread: iface_streamoff_to_thread: X, session id = 4, user stream id = 3
07-24 13:10:28.688 895 19107 I mm-camera: < INFO> 4236: mct_pipeline_process_set: STREAM-OFF success for stream 0x40003, stream type=3
07-24 13:10:28.689 895 19107 I mm-camera: < INFO> 4082: mct_pipeline_process_set: command=8000009
07-24 13:10:28.689 895 19107 I mm-camera: < INFO> 4221: mct_pipeline_process_set: STREAM-OFF on stream 0x40004 stream type=3
07-24 13:10:28.689 895 19107 I mm-camera: < INFO> 1793: iface_streamoff_to_thread: iface_streamoff_to_thread: E, session id = 4, user stream id = 4
07-24 13:10:28.689 895 19115 I mm-camera: < INFO> 2402: iface_streamoff: E, session_id 4 mct_stream_id = 4
07-24 13:10:28.689 895 19115 I mm-camera: < INFO> 11885: iface_util_get_user_streams_by_bundle: skip streamoff! left 0 bundled streamoff, mct stream id 4total bundled stream num = 4
07-24 13:10:28.689 895 19115 I mm-camera: < INFO> 2633: iface_streamoff: all bundled stream streamoff, clear hal bundled mask
07-24 13:10:28.689 895 19115 I mm-camera: < INFO> 2638: iface_streamoff: X
07-24 13:10:28.689 895 19107 I mm-camera: < INFO> 1819: iface_streamoff_to_thread: iface_streamoff_to_thread: X, session id = 4, user stream id = 4
07-24 13:10:28.701 895 19107 I mm-camera: < INFO> 2662: iface_streamoff_post_isp: shubh: free native buf session: 4 hw_stream: 65538
07-24 13:10:28.703 895 19107 I mm-camera: < INFO> 2662: iface_streamoff_post_isp: shubh: free native buf session: 4 hw_stream: 65541
07-24 13:10:28.704 895 19107 I mm-camera: < INFO> 2662: iface_streamoff_post_isp: shubh: free native buf session: 4 hw_stream: 589839
07-24 13:10:28.704 895 19107 I mm-camera: < INFO> 2669: iface_streamoff_post_isp: session id = 0x4,Delta between vfe irqs 0 sec 0 usec
07-24 13:10:28.705 895 19107 I mm-camera: < INFO> 10638: iface_util_release_resource: camif_cnt= 2, rdi_cnt= 0, used mask 10000
07-24 13:10:28.705 895 19107 I mm-camera: < INFO> 10638: iface_util_release_resource: camif_cnt= 1, rdi_cnt= 0, used mask 0
07-24 13:10:28.705 895 19107 I mm-camera: < INFO> 10638: iface_util_release_resource: camif_cnt= 0, rdi_cnt= 0, used mask 0
07-24 13:10:28.706 895 19107 I mm-camera: < INFO> 3854: iface_destroy_hw: iface_destroy_hw: Destroy axi hw on VFE :1
07-24 13:10:28.706 895 19107 I mm-camera: < INFO> 10638: iface_util_release_resource: camif_cnt= 0, rdi_cnt= 0, used mask 0
07-24 13:10:28.706 895 19107 I mm-camera: < INFO> 188: stop_sof_check_thread: Stopping SOF timeout thread session =4
07-24 13:10:28.706 895 19165 I mm-camera: < INFO> 113: mct_bus_sof_thread_run: Closing SOF tracker thread
07-24 13:10:28.707 895 19107 I mm-camera: < INFO> 4236: mct_pipeline_process_set: STREAM-OFF success for stream 0x40004, stream type=3
07-24 13:10:28.707 895 19107 I mm-camera: < INFO> 4082: mct_pipeline_process_set: command=8000009
07-24 13:10:28.707 895 19107 I mm-camera: < INFO> 4221: mct_pipeline_process_set: STREAM-OFF on stream 0x40001 stream type=7
07-24 13:10:28.707 895 19107 I mm-camera: < INFO> 4236: mct_pipeline_process_set: STREAM-OFF success for stream 0x40001, stream type=7
07-24 13:10:28.710 895 19107 I mm-camera: < INFO> 4082: mct_pipeline_process_set: command=800000b
07-24 13:10:28.710 895 19107 I mm-camera: < INFO> 4301: mct_pipeline_process_set: Issuing DEL_STREAM on stream 0x40002 and stream type=1
07-24 13:10:28.710 895 19107 I mm-camera: < INFO> 681: iface_unreserve_sink_port: stream_id 2 mode 0
07-24 13:10:28.710 895 19107 I mm-camera: < INFO> 938: isp_port_check_caps_unreserve: ide 40002 port 0xe727a540
07-24 13:10:28.711 895 19107 I mm-camera: < INFO> 4324: mct_pipeline_process_set: Stream 0x40002 and stream type=1, successfully deleted
07-24 13:10:28.712 895 19107 I mm-camera: < INFO> 4082: mct_pipeline_process_set: command=800000b
07-24 13:10:28.712 895 19107 I mm-camera: < INFO> 4301: mct_pipeline_process_set: Issuing DEL_STREAM on stream 0x40003 and stream type=3
07-24 13:10:28.712 895 19107 I mm-camera: < INFO> 681: iface_unreserve_sink_port: stream_id 3 mode 0
07-24 13:10:28.712 895 19107 I mm-camera: < INFO> 938: isp_port_check_caps_unreserve: ide 40003 port 0xe727a540
07-24 13:10:28.713 895 19107 I mm-camera: < INFO> 4324: mct_pipeline_process_set: Stream 0x40003 and stream type=3, successfully deleted
07-24 13:10:28.713 895 19107 I mm-camera: < INFO> 4082: mct_pipeline_process_set: command=800000b
07-24 13:10:28.713 895 19107 I mm-camera: < INFO> 4301: mct_pipeline_process_set: Issuing DEL_STREAM on stream 0x40004 and stream type=3
07-24 13:10:28.713 895 19107 I mm-camera: < INFO> 681: iface_unreserve_sink_port: stream_id 4 mode 0
07-24 13:10:28.713 895 19107 I mm-camera: < INFO> 938: isp_port_check_caps_unreserve: ide 40004 port 0xe727a540
07-24 13:10:28.714 895 19107 I mm-camera: < INFO> 4324: mct_pipeline_process_set: Stream 0x40004 and stream type=3, successfully deleted
07-24 13:10:28.715 895 1899 I fastcv_lib_log: QCVAQ6_deinit
07-24 13:10:28.717 895 1899 V qomx_image_core: OMX_FreeHandle:338]
07-24 13:10:28.717 895 1899 D qomx_image_core: get_idx_from_handle:297] comp_idx 2 inst_idx 0
07-24 13:10:28.718 895 1899 V qomx_image_core: OMX_FreeHandle:373] Success
07-24 13:10:28.718 895 1899 I qomx_image_core: OMX_Deinit:125] Complete
07-24 13:10:28.719 895 19107 I mm-camera: < INFO> 4082: mct_pipeline_process_set: command=800000b
07-24 13:10:28.720 895 19107 I mm-camera: < INFO> 4301: mct_pipeline_process_set: Issuing DEL_STREAM on stream 0x40005 and stream type=11
07-24 13:10:28.720 895 19107 I mm-camera: < INFO> 681: iface_unreserve_sink_port: stream_id 5 mode 0
07-24 13:10:28.720 895 19107 I mm-camera: < INFO> 938: isp_port_check_caps_unreserve: ide 40005 port 0xe727a540
07-24 13:10:28.721 895 19107 I mm-camera: < INFO> 4324: mct_pipeline_process_set: Stream 0x40005 and stream type=11, successfully deleted
07-24 13:10:28.721 895 19107 I mm-camera: < INFO> 4082: mct_pipeline_process_set: command=800000b
07-24 13:10:28.721 895 19107 I mm-camera: < INFO> 4301: mct_pipeline_process_set: Issuing DEL_STREAM on stream 0x40001 and stream type=7
07-24 13:10:28.721 895 19107 I mm-camera: < INFO> 4324: mct_pipeline_process_set: Stream 0x40001 and stream type=7, successfully deleted
07-24 13:10:28.721 895 19107 I mm-camera: < INFO> 7104: isp_util_print_meta_stream_info: Deallocate resources
07-24 13:10:28.723 895 19107 I mm-camera: < INFO> 7413: isp_util_handle_stream_info: streams_desc num_streams is 0
07-24 13:10:28.723 895 19107 I mm-camera: < INFO> 6258: iface_util_handle_meta_stream_info: iface_util_handle_meta_stream_info: ms_type 1 num streams 0
07-24 13:10:28.724 895 1899 I QCamera : int qcamera::QCamera3HardwareInterface::closeCamera(): 987: [KPI Perf]: E PROFILE_CLOSE_CAMERA camera id 0
07-24 13:10:28.724 895 1899 I mm-camera: < INFO> 310: mct_controller_destroy: Initiating destroy sequence for session = 4
07-24 13:10:28.725 895 1899 I mm-camera: < INFO> 328: mct_controller_destroy: serv_thread closed
07-24 13:10:28.725 895 1899 I mm-camera: < INFO> 343: mct_controller_destroy: bus_handler thread closed
07-24 13:10:28.725 895 1899 I mm-camera: < INFO> 5167: mct_pipeline_stop_session: Initiating stop_session on session 4
07-24 13:10:28.725 895 1899 I mm-camera: < INFO> 4082: mct_pipeline_process_set: command=800000b
07-24 13:10:28.725 895 1899 I mm-camera: < INFO> 4301: mct_pipeline_process_set: Issuing DEL_STREAM on stream 0x4000f and stream type=10
07-24 13:10:28.725 895 1899 I mm-camera: < INFO> 681: iface_unreserve_sink_port: stream_id f mode 0
07-24 13:10:28.725 895 1899 I mm-camera: < INFO> 938: isp_port_check_caps_unreserve: ide 4000f port 0xe727a540
07-24 13:10:28.726 895 1899 I mm-camera: < INFO> 4324: mct_pipeline_process_set: Stream 0x4000f and stream type=10, successfully deleted
07-24 13:10:28.726 895 19184 I mm-camera: < INFO> 4901: mct_pipeline_stop_session_thread: Stop module name: sensor - E
07-24 13:10:28.726 895 19185 I mm-camera: < INFO> 4901: mct_pipeline_stop_session_thread: Stop module name: iface - E
07-24 13:10:28.726 895 19186 I mm-camera: < INFO> 4901: mct_pipeline_stop_session_thread: Stop module name: isp - E
07-24 13:10:28.726 895 19186 I mm-camera: < INFO> 506: isp_module_stop_session: session id 4
07-24 13:10:28.727 895 19187 I mm-camera: < INFO> 4901: mct_pipeline_stop_session_thread: Stop module name: stats - E
07-24 13:10:28.727 895 19185 I mm-camera: < INFO> 4909: mct_pipeline_stop_session_thread: Stop module name: iface - X
07-24 13:10:28.727 895 19188 I mm-camera: < INFO> 4901: mct_pipeline_stop_session_thread: Stop module name: pproc - E
07-24 13:10:28.728 895 1899 I mm-camera: < INFO> 5189: mct_pipeline_stop_session: Modules left: 5
07-24 13:10:28.728 895 19189 I mm-camera: < INFO> 4901: mct_pipeline_stop_session_thread: Stop module name: imglib - E
07-24 13:10:28.728 895 19189 I mm-camera: < INFO> 4909: mct_pipeline_stop_session_thread: Stop module name: imglib - X
07-24 13:10:28.728 895 19188 D QCameraQuadraCfa: int img_algo_shutdown(img_frame_ops_t*):147 : E
07-24 13:10:28.728 895 19188 E quadracfa_dummy: inside dummy remosaic_deinit 1
07-24 13:10:28.729 895 19188 D QCameraQuadraCfa: int img_algo_shutdown(img_frame_ops_t*):152 : X
07-24 13:10:28.729 895 1899 I mm-camera: < INFO> 5189: mct_pipeline_stop_session: Modules left: 4
07-24 13:10:28.729 895 19188 I mm-camera: < INFO> 4909: mct_pipeline_stop_session_thread: Stop module name: pproc - X
07-24 13:10:28.729 895 1899 I mm-camera: < INFO> 5189: mct_pipeline_stop_session: Modules left: 3
07-24 13:10:28.729 895 19186 I mm-camera: < INFO> 4909: mct_pipeline_stop_session_thread: Stop module name: isp - X
07-24 13:10:28.729 895 1899 I mm-camera: < INFO> 5189: mct_pipeline_stop_session: Modules left: 2
07-24 13:10:28.730 895 19187 I mm-camera: < INFO> 4909: mct_pipeline_stop_session_thread: Stop module name: stats - X
07-24 13:10:28.730 895 1899 I mm-camera: < INFO> 5189: mct_pipeline_stop_session: Modules left: 1
07-24 13:10:28.844 895 19184 I mm-camera: < INFO> 4909: mct_pipeline_stop_session_thread: Stop module name: sensor - X
07-24 13:10:28.844 895 1899 I mm-camera: < INFO> 5189: mct_pipeline_stop_session: Modules left: 0
07-24 13:10:28.844 895 1899 I mm-camera: < INFO> 5199: mct_pipeline_stop_session: Stopped session 4 successfully
07-24 13:10:28.844 895 1899 I mm-camera: < INFO> 5488: mct_pipeline_destroy: E: session:4
07-24 13:10:28.844 895 1899 E mm-camera: 179: stop_sof_check_thread: Returning as SOF timer thread not yet initialized
07-24 13:10:28.844 895 1899 I mm-camera: < INFO> 5565: mct_pipeline_destroy: X: Pipeline destroyed successfully session =4
07-24 13:10:28.844 895 1899 I mm-camera: < INFO> 422: mct_controller_destroy: X Successfully closed mct_controller session 4
