07-24 13:02:00.015 1718 1772 I ActivityManager: Killing 16439:com.google.android.inputmethod.japanese/u0a82 (adj 906): empty for 1802s
07-24 13:02:00.017 1718 1772 I ActivityManager: Killing 16415:com.google.android.keep/u0a87 (adj 906): empty for 1802s
07-24 13:02:00.025 2060 2060 D KeyguardUpdateMonitor: received broadcast android.intent.action.TIME_TICK
07-24 13:02:00.025 2060 2060 D KeyguardUpdateMonitor: handleTimeUpdate
07-24 13:02:00.062 1718 1748 D ActivityManager: cleanUpApplicationRecord -- 16415
07-24 13:02:00.064 1718 2927 D ActivityManager: cleanUpApplicationRecord -- 16439
07-24 13:02:00.074 1718 2797 D ActivityManager: cleanUpApplicationRecord -- 16538
07-24 13:02:00.082 1718 2928 D ActivityManager: cleanUpApplicationRecord -- 16652
07-24 13:02:00.087 1718 2690 D ActivityManager: cleanUpApplicationRecord -- 16593
07-24 13:02:00.091 1718 1748 D ActivityManager: cleanUpApplicationRecord -- 16469
07-24 13:02:22.734 1718 1771 I UsageStatsService: User[0] Flushing usage stats to disk
07-24 13:03:10.762 1718 1718 I chatty : uid=1000 system_server expire 15 lines
07-24 13:03:10.763 2364 2364 I TelephonyManager: isMultiSimEnabled()- telephonyManager: uid= 1001
07-24 13:03:10.763 2060 2060 D KeyguardUpdateMonitor: received broadcast android.intent.action.BATTERY_CHANGED
07-24 13:03:10.765 2060 2060 D KeyguardUpdateMonitor: handleBatteryUpdate
07-24 13:03:10.766 2815 2815 I tsdmc : BatteryMonitorService.checkFWUpdateWithBatteryEnough()
07-24 13:03:10.766 2815 2815 V tsdmc : mbatteryLevel = 87; bBatteryLow= false
07-24 13:03:10.768 1718 1778 E BatteryStatsService: no controller energy info supplied
07-24 13:03:10.768 2364 2364 E QtiImsExtUtils: getConfigForPhoneId subId is invalid
07-24 13:03:10.768 2364 2364 E QtiImsExtUtils: isCarrierConfigEnabled bundle is null
07-24 13:03:10.782 1718 1778 E KernelUidCpuTimeReader: Failed to read uid_cputime: /proc/uid_cputime/show_uid_stat (No such file or directory)
07-24 13:03:10.806 1718 1772 E KernelUidCpuTimeReader: Failed to read uid_cputime: /proc/uid_cputime/show_uid_stat (No such file or directory)
07-24 13:05:00.571 1718 1772 I ActivityManager: Killing 16884:com.google.android.marvin.talkback/u0a114 (adj 904): empty for 1976s
07-24 13:05:00.573 1718 1772 I ActivityManager: Killing 13321:com.android.keychain/1000 (adj 904): empty for 1976s
07-24 13:05:00.576 1718 1772 I ActivityManager: Killing 13199:com.android.defcontainer/u0a9 (adj 906): empty for 1976s
07-24 13:05:00.577 1718 1772 I ActivityManager: Killing 16845:com.google.android.inputmethod.pinyin/u0a80 (adj 906): empty for 1977s
07-24 13:05:00.578 1718 1772 I ActivityManager: Killing 16362:com.google.android.music:main/u0a102 (adj 906): empty for 1979s
07-24 13:05:00.579 1718 1772 I ActivityManager: Killing 16710:com.google.android.deskclock/u0a65 (adj 906): empty for 1979s
07-24 13:05:00.581 1718 1772 I ActivityManager: Killing 16670:com.google.android.apps.docs/u0a69 (adj 906): empty for 1980s
07-24 13:05:00.585 1718 1772 I chatty : uid=1000(system) ActivityManager expire 11 lines
07-24 13:05:00.588 2060 2060 D KeyguardUpdateMonitor: received broadcast android.intent.action.TIME_TICK
07-24 13:05:00.589 2060 2060 D KeyguardUpdateMonitor: handleTimeUpdate
07-24 13:05:00.618 13336 17402 E WakeLock: GCM_HB_ALARM release without a matched acquire!
07-24 13:05:00.625 1718 2826 I chatty : uid=1000(system) Binder:1718_C expire 12 lines
07-24 13:05:00.633 1718 2285 D ActivityManager: cleanUpApplicationRecord -- 13321
07-24 13:05:00.634 1718 8141 D ActivityManager: cleanUpApplicationRecord -- 16884
07-24 13:05:00.639 1718 1890 D ActivityManager: cleanUpApplicationRecord -- 13199
07-24 13:05:00.640 1718 2518 D ActivityManager: cleanUpApplicationRecord -- 16845
07-24 13:05:00.641 1718 2902 D ActivityManager: cleanUpApplicationRecord -- 16710
07-24 13:05:00.645 1718 2797 D ActivityManager: cleanUpApplicationRecord -- 16362
07-24 13:05:00.686 1718 2928 D ActivityManager: cleanUpApplicationRecord -- 16670
07-24 13:05:00.703 14405 18767 I PlatformStatsCollectorService: Scheduled Settingsstats task with period 86400 sec.
07-24 13:05:00.744 14405 18769 I PlatformStatsCollectorService: Scheduled Ipconnectivitystats task with period 86400 sec.
07-24 13:05:05.622 1718 2322 I chatty : uid=1000(system) FLP Service Cal expire 9 lines
07-24 13:05:38.146 2060 2060 D KeyguardUpdateMonitor: received broadcast android.intent.action.BATTERY_CHANGED
07-24 13:05:38.147 2364 2364 I TelephonyManager: isMultiSimEnabled()- telephonyManager: uid= 1001
07-24 13:05:38.149 2815 2815 I tsdmc : BatteryMonitorService.checkFWUpdateWithBatteryEnough()
07-24 13:05:38.149 2815 2815 V tsdmc : mbatteryLevel = 87; bBatteryLow= false
07-24 13:05:38.150 2060 2060 D KeyguardUpdateMonitor: handleBatteryUpdate
07-24 13:05:38.151 2364 2364 E QtiImsExtUtils: getConfigForPhoneId subId is invalid
07-24 13:05:38.151 2364 2364 E QtiImsExtUtils: isCarrierConfigEnabled bundle is null
07-24 13:07:19.639 2060 2060 D KeyguardUpdateMonitor: received broadcast android.intent.action.BATTERY_CHANGED
07-24 13:07:19.640 2815 2815 I tsdmc : BatteryMonitorService.checkFWUpdateWithBatteryEnough()
07-24 13:07:19.641 2815 2815 V tsdmc : mbatteryLevel = 88; bBatteryLow= false
07-24 13:07:19.641 2364 2364 I TelephonyManager: isMultiSimEnabled()- telephonyManager: uid= 1001
07-24 13:07:19.643 2060 2060 D KeyguardUpdateMonitor: handleBatteryUpdate
07-24 13:07:19.645 2364 2364 E QtiImsExtUtils: getConfigForPhoneId subId is invalid
07-24 13:07:19.645 2364 2364 E QtiImsExtUtils: isCarrierConfigEnabled bundle is null
07-24 13:07:19.653 1718 1778 E BatteryStatsService: no controller energy info supplied
07-24 13:07:19.666 1718 1778 E KernelUidCpuTimeReader: Failed to read uid_cputime: /proc/uid_cputime/show_uid_stat (No such file or directory)
07-24 13:07:19.692 1718 1772 E KernelUidCpuTimeReader: Failed to read uid_cputime: /proc/uid_cputime/show_uid_stat (No such file or directory)
07-24 13:07:49.509 2060 2060 D KeyguardUpdateMonitor: received broadcast android.intent.action.TIME_TICK
07-24 13:07:49.510 2060 2060 D KeyguardUpdateMonitor: handleTimeUpdate
07-24 13:07:49.599 1718 2285 I chatty : uid=1000(system) Binder:1718_5 expire 6 lines
07-24 13:07:49.725 2060 2060 D KeyguardUpdateMonitor: received broadcast android.intent.action.BATTERY_CHANGED
07-24 13:07:49.726 2364 2364 I TelephonyManager: isMultiSimEnabled()- telephonyManager: uid= 1001
07-24 13:07:49.728 2815 2815 I tsdmc : BatteryMonitorService.checkFWUpdateWithBatteryEnough()
07-24 13:07:49.728 2815 2815 V tsdmc : mbatteryLevel = 89; bBatteryLow= false
07-24 13:07:49.730 2060 2060 D KeyguardUpdateMonitor: handleBatteryUpdate
07-24 13:07:49.731 2364 2364 E QtiImsExtUtils: getConfigForPhoneId subId is invalid
07-24 13:07:49.731 2364 2364 E QtiImsExtUtils: isCarrierConfigEnabled bundle is null
07-24 13:07:49.736 1718 1778 E BatteryStatsService: no controller energy info supplied
07-24 13:07:49.746 1718 1778 E KernelUidCpuTimeReader: Failed to read uid_cputime: /proc/uid_cputime/show_uid_stat (No such file or directory)
07-24 13:07:49.759 1718 1772 E KernelUidCpuTimeReader: Failed to read uid_cputime: /proc/uid_cputime/show_uid_stat (No such file or directory)
07-24 13:07:58.934 2060 2060 D KeyguardUpdateMonitor: received broadcast android.intent.action.BATTERY_CHANGED
07-24 13:07:58.935 2060 2060 D KeyguardUpdateMonitor: handleBatteryUpdate
07-24 13:07:58.935 1718 1718 I chatty : uid=1000 system_server expire 10 lines
07-24 13:07:58.935 2364 2364 I TelephonyManager: isMultiSimEnabled()- telephonyManager: uid= 1001
07-24 13:07:58.937 2815 2815 I tsdmc : BatteryMonitorService.checkFWUpdateWithBatteryEnough()
07-24 13:07:58.938 2815 2815 V tsdmc : mbatteryLevel = 89; bBatteryLow= false
07-24 13:07:58.940 2364 2364 E QtiImsExtUtils: getConfigForPhoneId subId is invalid
07-24 13:07:58.940 2364 2364 E QtiImsExtUtils: isCarrierConfigEnabled bundle is null
07-24 13:08:26.019 16869 16874 I art : Do full code cache collection, code=125KB, data=108KB
07-24 13:08:26.020 16869 16874 I art : Starting a blocking GC JitCodeCache
07-24 13:08:26.020 16869 16874 I art : After code cache collection, code=86KB, data=59KB
07-24 13:08:49.685 1718 1718 I JobServiceContext: Client timed out while executing (no jobFinished received). sending onStop. 4a167a0 #u0a29/1 com.att.eptt/.receivers.NetworkJobScheduler
07-24 13:08:49.706 1718 2284 I ActivityManager: Killing 13477:com.att.mobile.android.vvm/u0a52 (adj 906): empty for 2205s
07-24 13:08:49.745 1718 2518 D ActivityManager: cleanUpApplicationRecord -- 13477
07-24 13:10:16.814 897 897 I : free_cache(9854091) avail 45359091712
07-24 13:10:19.081 2060 2060 D KeyguardUpdateMonitor: received broadcast android.intent.action.BATTERY_CHANGED
07-24 13:10:19.082 2364 2364 I TelephonyManager: isMultiSimEnabled()- telephonyManager: uid= 1001
07-24 13:10:19.082 2815 2815 I tsdmc : BatteryMonitorService.checkFWUpdateWithBatteryEnough()
07-24 13:10:19.082 2815 2815 V tsdmc : mbatteryLevel = 89; bBatteryLow= false
07-24 13:10:19.084 2060 2060 D KeyguardUpdateMonitor: handleBatteryUpdate
07-24 13:10:19.085 2364 2364 E QtiImsExtUtils: getConfigForPhoneId subId is invalid
07-24 13:10:19.085 2364 2364 E QtiImsExtUtils: isCarrierConfigEnabled bundle is null
07-24 13:10:19.153 1718 1837 I ActivityManager: Start proc 18872:com.android.defcontainer/u0a9 for service com.android.defcontainer/.DefaultContainerService
07-24 13:10:19.168 1718 2835 I chatty : uid=1000(system) Binder:1718_D expire 12 lines
07-24 13:10:19.202 1718 1772 I chatty : uid=1000(system) ActivityManager expire 28 lines
07-24 13:10:19.203 13368 13368 I Finsky : [1] com.google.android.finsky.verifier.impl.PackageVerificationReceiver.onReceive(17): Verification requested, id = 4
07-24 13:10:19.250 13368 18886 W Settings: Setting install_non_market_apps has moved from android.provider.Settings.Global to android.provider.Settings.Secure, returning read-only value.
07-24 13:10:19.370 13368 13374 I art : Do partial code cache collection, code=121KB, data=108KB
07-24 13:10:19.370 13368 13374 I art : After code cache collection, code=121KB, data=108KB
07-24 13:10:19.370 13368 13374 I art : Increasing code cache capacity to 512KB
07-24 13:10:19.534 13368 18886 I Finsky : [313] com.google.android.finsky.foregroundcoordinator.impl.c.a(17): Task 7 requested foreground
07-24 13:10:19.535 13368 18886 I Finsky : [313] com.google.android.finsky.foregroundcoordinator.impl.c.a(37): Not entering foreground
07-24 13:10:19.635 13368 13368 I Finsky : [1] com.google.android.finsky.verifier.impl.cy.a(6): Blacklist last update time: 1529003639124
07-24 13:10:19.650 14405 14438 W native : commandlineflags.cc:1511 Ignoring RegisterValidateFunction() for flag pointer 0x7f53bcbe28: no flag found at that address
07-24 13:10:19.745 13368 18890 I Finsky : [316] com.google.android.finsky.verifier.impl.dx.b(9): Verification id=4 response=0
07-24 13:10:19.757 13368 13368 I Finsky : [1] com.google.android.finsky.verifier.impl.en.c(309): Verifying id=4, result=1
07-24 13:10:19.774 1718 1772 I ActivityManager: Start proc 18891:com.qualcomm.qti.seemp.service:seemp_service/1000 for broadcast com.qualcomm.qti.seemp.service/.SeempBroadcastReceiver
07-24 13:10:19.775 13368 13368 I Finsky : [1] com.google.android.finsky.verifier.impl.en.c(157): Verification complete: id=4, package_name=net.named_data.nfd
07-24 13:10:19.807 18891 18891 W System : ClassLoader referenced unknown path: /system/app/SeempService/lib/arm64
07-24 13:10:19.859 18905 18905 I dex2oat : /system/bin/dex2oat --compiler-filter=interpret-only --debuggable
07-24 13:10:20.430 18905 18909 W dex2oat : Before Android 4.1, method int android.support.v7.widget.ListViewCompat.lookForSelectablePosition(int, boolean) would have incorrectly overridden the package-private method in android.widget.ListView
07-24 13:10:20.478 18905 18911 W dex2oat : Before Android 4.1, method android.graphics.PorterDuffColorFilter android.support.graphics.drawable.VectorDrawableCompat.updateTintFilter(android.graphics.PorterDuffColorFilter, android.content.res.ColorStateList, android.graphics.PorterDuff$Mode) would have incorrectly overridden the package-private method in android.graphics.drawable.Drawable
07-24 13:10:21.250 18905 18905 I dex2oat : dex2oat took 1.392s (threads: 8) arena alloc=29KB (30600B) java alloc=3MB (3927568B) native alloc=9MB (9814624B) free=3MB (3292576B)
07-24 13:10:21.619 897 897 D installd: Detected label change from u:object_r:system_data_file:s0 to u:object_r:app_data_file:s0:c512,c768 at /data/data/net.named_data.nfd; running recursive restorecon
07-24 13:10:21.622 897 897 D installd: Detected label change from u:object_r:system_data_file:s0 to u:object_r:app_data_file:s0:c512,c768 at /data/user_de/0/net.named_data.nfd; running recursive restorecon
07-24 13:10:21.626 1718 1837 V BackupManagerService: restoreAtInstall pkg=net.named_data.nfd token=5 restoreSet=0
07-24 13:10:21.626 1718 1837 V BackupManagerService: Finishing install immediately
07-24 13:10:21.641 1718 2285 I ActivityManager: Killing 8909:com.google.android.partnersetup/u0a25 (adj 906): empty for 2297s
07-24 13:10:21.664 1718 2749 D ActivityManager: cleanUpApplicationRecord -- 8909
07-24 13:10:21.799 897 897 E : Couldn't opendir /data/app/vmdl1613188705.tmp: No such file or directory
07-24 13:10:21.845 1718 2795 I chatty : uid=1000(system) Binder:1718_A expire 15 lines
07-24 13:10:21.850 2364 2364 I TelephonyManager: getMultiSimConfiguration(): uid =1001
07-24 13:10:21.850 2364 2364 D CarrierSvcBindHelper: No carrier app for: 0
07-24 13:10:21.851 2364 2364 I TelephonyManager: getMultiSimConfiguration(): uid =1001
07-24 13:10:21.851 2364 2364 D CarrierSvcBindHelper: No carrier app for: 1
07-24 13:10:21.851 2364 2364 D CarrierConfigLoader: mHandler: 9 phoneId: 0
07-24 13:10:21.865 2765 2765 I chatty : uid=1027(nfc) com.android.nfc expire 220 lines
07-24 13:10:21.888 13368 13368 I Finsky : [1] com.google.android.finsky.p2p.c.a(10): Frosting ID looked up on UI thread. Caller should move to a background thread.
07-24 13:10:21.916 1718 1747 I ActivityManager: Start proc 18916:com.att.mobile.android.vvm/u0a52 for broadcast com.att.mobile.android.vvm/.control.receivers.PackageStateChangedReceiver
07-24 13:10:21.924 13368 13368 I Finsky : [1] com.google.android.finsky.wear.WearSupportService.onStartCommand(26): Starting WearSupportService for auto_install
07-24 13:10:21.927 13368 13368 I Finsky : [1] com.google.android.finsky.wear.x.a(18): Connecting to wearable
07-24 13:10:21.930 13368 13368 I Finsky : [1] com.google.android.finsky.wear.WearSupportService.onStartCommand(26): Starting WearSupportService for send_installed_apps
07-24 13:10:21.932 1718 8945 I chatty : uid=1000(system) Binder:1718_17 expire 14 lines
07-24 13:10:21.935 13368 13368 I Finsky : [1] com.google.android.finsky.p2p.d.a(2): Wrote row to frosting DB: 369
07-24 13:10:21.951 13336 13336 I Wear_Controller: Wear requires a companion app to be installed.
07-24 13:10:21.951 13336 13336 I WearableService: onCreate: Wearable Services not starting. Wear is not available on this device.
07-24 13:10:21.953 18916 18916 I art : Starting a blocking GC AddRemoveAppImageSpace
07-24 13:10:21.955 18916 18916 W System : ClassLoader referenced unknown path: /data/app/com.att.mobile.android.vvm-1/lib/arm64
07-24 13:10:21.962 13336 13348 W WearableService: onGetService: Wear is not available on this device.
07-24 13:10:21.962 13368 13368 I Finsky : [1] com.google.android.finsky.scheduler.ba.a(51): Jobs in database: 1-1337 12-1
07-24 13:10:21.967 13368 13368 I Finsky : [1] com.google.android.finsky.scheduler.g.a(179): ConstraintMapping: 12-1, 1-1337, -> L: 14973ms, D: 86399973ms, C: false, I: false, N: 1
07-24 13:10:21.968 13368 13368 I Finsky : [1] com.google.android.finsky.scheduler.JobSchedulerEngine.a(19): Cancelling existing job with id: 9001
07-24 13:10:21.970 13368 13368 I Finsky : [1] com.google.android.finsky.scheduler.JobSchedulerEngine.a(155): Scheduling job Id: 9000, L: 14973, D: 86399973, C: false, I: false, N: 1
07-24 13:10:21.971 18916 18916 D FirebaseApp: com.google.firebase.auth.FirebaseAuth is not linked. Skipping initialization.
07-24 13:10:21.974 13368 13368 E Finsky : [1] com.google.android.finsky.wear.y.a(3): onConnectionFailed: ConnectionResult{statusCode=API_UNAVAILABLE, resolution=null, message=null}
07-24 13:10:21.974 13368 13368 W Finsky : [1] com.google.android.finsky.wear.x.b(31): GoogleApiClient instance is not connected when requested
07-24 13:10:21.975 13368 13368 W Finsky : [1] com.google.android.finsky.wear.ds.run(16): Dropping command=auto_install due to Gms not connected
07-24 13:10:21.975 13368 13368 I Finsky : [1] com.google.android.finsky.wear.WearSupportService.b(65): Stopping WearSupportService
07-24 13:10:21.977 13368 13368 W Finsky : [1] com.google.android.finsky.wear.x.b(31): GoogleApiClient instance is not connected when requested
07-24 13:10:21.977 13368 13368 W Finsky : [1] com.google.android.finsky.wear.ds.run(16): Dropping command=send_installed_apps due to Gms not connected
07-24 13:10:21.977 13368 13368 I Finsky : [1] com.google.android.finsky.wear.WearSupportService.b(65): Stopping WearSupportService
07-24 13:10:21.978 18916 18916 D FirebaseApp: com.google.firebase.crash.FirebaseCrash is not linked. Skipping initialization.
07-24 13:10:21.983 18916 18916 I FirebaseInitProvider: FirebaseApp initialization successful
07-24 13:10:22.001 18916 18932 I FA : App measurement is starting up, version: 12210
07-24 13:10:22.001 18916 18932 I FA : To enable debug logging run: adb shell setprop log.tag.FA VERBOSE
07-24 13:10:22.001 18916 18932 I FA : To enable faster debug mode event logging run:
07-24 13:10:22.001 18916 18932 I FA : adb shell setprop debug.firebase.analytics.app com.att.mobile.android.vvm
07-24 13:10:22.048 18916 18916 D AttmUtils: bindService explicitIntent
07-24 13:10:22.049 1718 2898 W ActivityManager: Unable to start service Intent { cmp=com.att.android.mobile.attmessages/com.att.mobile.android.vvm.control.ATTM.RemoteVvmService } U=0: not found
07-24 13:10:22.049 18916 18916 D AttmUtils: bindService isServiceBound=false
07-24 13:10:22.091 1718 2795 I ActivityManager: Start proc 18947:com.google.android.partnersetup/u0a25 for broadcast com.google.android.partnersetup/.RlzPingBroadcastReceiver
07-24 13:10:22.093 14405 18945 I Auth : [SupervisedAccountIntentOperation] onHandleIntent(): android.intent.action.PACKAGE_ADDED
07-24 13:10:22.094 14405 18945 I Auth : [SupervisedAccountIntentOperation] This operation is disabled
07-24 13:10:22.104 14405 18946 I ChromeSync: [Sync,SyncIntentOperation] Handling the intent: Intent { act=android.intent.action.PACKAGE_ADDED dat=package:net.named_data.nfd flg=0x4000010 cmp=com.google.android.gms/.chimera.GmsIntentOperationService (has extras) }.
07-24 13:10:22.110 14405 18946 I ChromeSync: [Persistence,AffiliationManager] No affiliation data for android://0cEzyaAOj2olsW9S95LEwmnYvb-D_sgAosGyIXij-SORd5uvuYaIBWKazozkQ04ocQjUhJ8eIz6AB7ZxVQEPaQ==@net.named_data.nfd/. Marking affiliation data as stale...
07-24 13:10:22.124 1718 2902 I chatty : uid=1000(system) Binder:1718_11 expire 11 lines
07-24 13:10:22.125 14405 18946 I ChromeSync: [Persistence,AffiliationManager] Fetching affiliations from the server.
07-24 13:10:22.132 18947 18947 I art : Starting a blocking GC AddRemoveAppImageSpace
07-24 13:10:22.133 18947 18947 W System : ClassLoader referenced unknown path: /system/priv-app/GooglePartnerSetup/lib/arm64
07-24 13:10:22.165 1718 2749 I chatty : uid=1000(system) Binder:1718_9 expire 12 lines
07-24 13:10:22.167 1718 2836 I chatty : uid=1000(system) Binder:1718_E expire 13 lines
07-24 13:10:22.187 18891 18891 W ContextImpl: Calling a method in the system process without a qualified user: android.app.ContextImpl.startService:1357 android.content.ContextWrapper.startService:613 android.content.ContextWrapper.startService:613 com.qualcomm.qti.seemp.service.SeempBroadcastReceiver.onReceive:74 android.app.ActivityThread.handleReceiver:3044
07-24 13:10:22.201 18891 18891 I Process : Sending signal. PID: 18891 SIG: 9
07-24 13:10:22.203 6444 6444 I chatty : uid=1000(system) com.sonim.scout expire 4 lines
07-24 13:10:22.207 1718 2284 I chatty : uid=1000(system) Binder:1718_4 expire 4 lines
07-24 13:10:22.211 14405 14438 I Icing : IndexChimeraService.getServiceInterface callingPackage=com.google.android.gms componentName=AppsCorpus serviceId=32
07-24 13:10:22.211 14405 14442 I Icing : IndexChimeraService.getServiceInterface callingPackage=com.google.android.gms componentName=AppsCorpus serviceId=36
07-24 13:10:22.212 2364 2471 I TelephonyManager: getMultiSimConfiguration(): uid =1000
07-24 13:10:22.226 1718 2899 I ActivityManager: Process com.qualcomm.qti.seemp.service:seemp_service (pid 18891) has died
07-24 13:10:22.226 1718 2899 D ActivityManager: cleanUpApplicationRecord -- 18891
07-24 13:10:22.228 6444 6444 W ContextImpl: Calling a method in the system process without a qualified user: android.app.ContextImpl.startService:1357 android.content.ContextWrapper.startService:613 com.sonim.scout.service.ScoutService.startIntentService:226 com.sonim.scout.service.ScoutService.executealarmTimeChangedAndPkgListenerRequest:482 com.sonim.scout.service.ScoutService.executeOnPkgInstalled:468
07-24 13:10:22.234 13368 13368 I Finsky : [1] com.google.android.finsky.ce.a.onTrimMemory(7): Memory trim requested to level 80
07-24 13:10:22.235 2791 2791 D TriggerApplication: onTrimMemory
07-24 13:10:22.244 1718 2797 I chatty : uid=1000(system) Binder:1718_B expire 10 lines
07-24 13:10:22.246 1718 2927 I chatty : uid=1000(system) Binder:1718_12 expire 9 lines
07-24 13:10:22.252 6444 18971 D com.sonim.scout.service.ScoutIntentService: onHandleIntent: request data: {"Info":{"IMEI":"015140000073426","PkgName":"com.sonim.scout","AppName":"Sonim Scout","Vname":"7.0.20","VCode":21,"Lang":"English","Firmware":"7.1.1","ProtocolId":"0.1","Model":"XP8800","Carrier":""},"Report":{"ID":"12345","Applications":[{"PkgName":"net.named_data.nfd","VersionCode":2004008,"VersionName":"0.6.2-1 (NFD 0.6.2-11-gd657d53)","Status":1}]}}
07-24 13:10:22.255 6444 18971 I DpmTcmClient: RegisterTcmMonitor from: com.android.okhttp.TcmIdleTimerMonitor
07-24 13:10:22.257 3049 3049 V SPCC : ServiceInterfaceHandle::handleMessage PackageChangeReceiver case what: 1 uid: 0 packageName: net.named_data.nfd
07-24 13:10:22.257 3049 3049 V SPCC : Authenticator::handlePackageChanges IN state: 1 uid: 0 packageName: net.named_data.nfd size: 0
07-24 13:10:22.259 3049 3049 V SPCC : Authenticator::handlePackageChanges OUT size: 0
07-24 13:10:22.259 3049 3049 V SPCC : CSMServiceInterfaceHandle::handleMessage PackageChangeReceiver case what: 1 uid: 0 packageName: net.named_data.nfd
07-24 13:10:22.340 14405 16935 I Icing : Usage reports ok 1, Failed Usage reports 0, indexed 0, rejected 0, imm upload false
07-24 13:10:22.362 14405 16935 I Icing : Usage reports ok 0, Failed Usage reports 0, indexed 0, rejected 0, imm upload false
07-24 13:10:22.373 14405 18946 I ChromeSync: [Persistence,AffiliationManager] Failed to get password domain for package: com.att.eptt
07-24 13:10:22.377 6444 18971 D com.sonim.scout.service.ScoutIntentService: getServerResponse: length: 492
07-24 13:10:22.377 6444 18971 D com.sonim.scout.service.ScoutIntentService: Done sending report to server serverParameters data=8onmIx4J7r%2Fz%2FfVBsxyFQoIe5%2F%2Fq%2F%2FBro9CNDaAhPQ%2FPfnVHnxw%2BpyJf4spgMsMQmwvLdeo5lFOF1Slobdjn3QVQIQ%2B2heofsVVPNYn4X74JNqRzCemR1jtyCFdxlsbw2PXLsS9iX4LXKn53pY9D%2BkiuXoZYQCfW2d23jANA505NsY6yF7Eu9T4LCtuLZTMJ4FMjfxP7EEYTpHLYMuOZARkV6ZTcHQEIw1pmD6%2BnhMXqQfs2to5GM%2BB5RhNGkfo4uDiI0CHQ1o4IUoSqMmxoN7GD68qLZ5pvgaVou2UOVN82LDqe%2FpHkTUatNr5bUQs5ZD%2F2rlikNk33tZBdtAHRN%2FUuWWcrboFJp7GpB%2B18i2eJOJbOwlm9y0R5tqIx7HEVmjIErK1jUm7kh6X%2FC%2B8KhBXDJb73Q2tVi9g50Dnq%2B%2BarATpGzSDj7GvejkCw0rNMXF1766u617SbFW5EPZfFQ%2BmwXKkyntYeyiipEVIMvwU%3D
07-24 13:10:22.418 1718 2518 I chatty : uid=1000(system) Binder:1718_6 expire 15 lines
07-24 13:10:22.424 14405 14949 I DpmTcmClient: RegisterTcmMonitor from: com.android.okhttp.TcmIdleTimerMonitor
07-24 13:10:22.451 14405 14949 W Conscrypt: Could not set socket write timeout: java.lang.reflect.InvocationTargetException
07-24 13:10:22.451 14405 14949 W Conscrypt: at java.lang.reflect.Method.invoke(Native Method)
07-24 13:10:22.451 14405 14949 W Conscrypt: at com.google.android.gms.org.conscrypt.Platform.setSocketWriteTimeout(:com.google.android.gms@12874025@12.8.74 (040408-204998136):13)
07-24 13:10:22.451 14405 14949 W Conscrypt: Caused by: android.system.ErrnoException: setsockopt failed: EBADF (Bad file descriptor)
07-24 13:10:22.451 14405 14949 W Conscrypt: at libcore.io.Posix.setsockoptTimeval(Native Method)
07-24 13:10:22.451 14405 14949 W Conscrypt: at libcore.io.ForwardingOs.setsockoptTimeval(ForwardingOs.java:157)
07-24 13:10:22.494 14405 14949 W Conscrypt: Could not set socket write timeout: java.lang.reflect.InvocationTargetException
07-24 13:10:22.495 14405 14949 W Conscrypt: at java.lang.reflect.Method.invoke(Native Method)
07-24 13:10:22.495 14405 14949 W Conscrypt: at com.google.android.gms.org.conscrypt.Platform.setSocketWriteTimeout(:com.google.android.gms@12874025@12.8.74 (040408-204998136):13)
07-24 13:10:22.495 14405 14949 W Conscrypt: Caused by: android.system.ErrnoException: setsockopt failed: EBADF (Bad file descriptor)
07-24 13:10:22.495 14405 14949 W Conscrypt: at libcore.io.Posix.setsockoptTimeval(Native Method)
07-24 13:10:22.495 14405 14949 W Conscrypt: at libcore.io.ForwardingOs.setsockoptTimeval(ForwardingOs.java:157)
07-24 13:10:22.610 14405 18978 I PlatformStatsCollectorService: Scheduled DropboxRealtime task with period 86400 sec.
07-24 13:10:22.623 1718 2898 I chatty : uid=1000(system) Binder:1718_F expire 9 lines
07-24 13:10:22.659 14405 18979 I PlatformStatsCollectorService: Scheduled Graphicsstats task with period 86400 sec.
07-24 13:10:22.684 1718 8142 I chatty : uid=1000(system) Binder:1718_15 expire 15 lines
07-24 13:10:23.373 14405 16935 I Icing : Indexing com.google.android.gms-apps from com.google.android.gms
07-24 13:10:23.420 14405 16935 I Icing : Indexing com.google.android.gms-internal.3p:MobileApplication from com.google.android.gms
07-24 13:10:23.435 14405 16935 I Icing : Indexing done com.google.android.gms-apps
07-24 13:10:23.440 14405 16935 I Icing : Indexing done com.google.android.gms-internal.3p:MobileApplication
07-24 13:10:23.441 14405 16935 I Icing : Indexing com.google.android.gms-internal.3p:Contact_no_gsa from com.google.android.gms
07-24 13:10:23.456 14405 16935 I Icing : Indexing done com.google.android.gms-internal.3p:Contact_no_gsa
07-24 13:10:23.460 13530 13530 I IcingNotification: Received intent: Intent { act=com.google.android.gms.icing.IME_NOTIFICATION flg=0x10 pkg=com.google.android.inputmethod.latin (has extras) }
07-24 13:10:23.466 13530 13530 I IcingNotification: Received intent: Intent { act=com.google.android.gms.icing.IME_NOTIFICATION flg=0x10 pkg=com.google.android.inputmethod.latin (has extras) }
07-24 13:10:23.471 13530 13530 I IcingNotification: Received intent: Intent { act=com.google.android.gms.icing.IME_NOTIFICATION flg=0x10 pkg=com.google.android.inputmethod.latin (has extras) }
07-24 13:10:23.711 6444 18971 I com.sonim.scout.service.ScoutIntentService: {"data":"8s5slzV9k2E4dONk89pwqylTFFfiUpelvh+BSuo\/MZbTXcX11QaNdGXYOZ7mMXrD2kEqYmjCFkSIdiEu8gP1Or1WJdF4XWoYYEL2OmzqaUQZjdRi07hOuLb1L7BXEynzAnifLVDigBPLocihpBJHMqCMEo9rpiRE8yDIZgR\/75w="}
07-24 13:10:23.711 6444 18971 D com.sonim.scout.service.ScoutIntentService: sendReportToServer end result = {"data":"8s5slzV9k2E4dONk89pwqylTFFfiUpelvh+BSuo\/MZbTXcX11QaNdGXYOZ7mMXrD2kEqYmjCFkSIdiEu8gP1Or1WJdF4XWoYYEL2OmzqaUQZjdRi07hOuLb1L7BXEynzAnifLVDigBPLocihpBJHMqCMEo9rpiRE8yDIZgR\/75w="}
07-24 13:10:23.711 6444 18971 D com.sonim.scout.service.ScoutIntentService: deletefiles: deleted:
07-24 13:10:23.711 6444 18971 D com.sonim.scout.service.ScoutIntentService: onHandleIntent: result: {"data":"8s5slzV9k2E4dONk89pwqylTFFfiUpelvh+BSuo\/MZbTXcX11QaNdGXYOZ7mMXrD2kEqYmjCFkSIdiEu8gP1Or1WJdF4XWoYYEL2OmzqaUQZjdRi07hOuLb1L7BXEynzAnifLVDigBPLocihpBJHMqCMEo9rpiRE8yDIZgR\/75w="}
07-24 13:10:23.711 6444 18971 D com.sonim.scout.utils.ScoutJsonParser: parseRespose: json response: {"data":"8s5slzV9k2E4dONk89pwqylTFFfiUpelvh+BSuo\/MZbTXcX11QaNdGXYOZ7mMXrD2kEqYmjCFkSIdiEu8gP1Or1WJdF4XWoYYEL2OmzqaUQZjdRi07hOuLb1L7BXEynzAnifLVDigBPLocihpBJHMqCMEo9rpiRE8yDIZgR\/75w="}
07-24 13:10:23.712 6444 18971 D com.sonim.scout.utils.ScoutJsonParser: parseRespose: json after parsing: {"ID":"12345","Service":1,"CIC":"1440","RestrictedElements":[],"CurrentDate":"20180724","Warranty":{"Status":0}}
07-24 13:10:23.713 6444 18971 W ContextImpl: Calling a method in the system process without a qualified user: android.app.ContextImpl.sendBroadcast:877 android.content.ContextWrapper.sendBroadcast:421 com.sonim.scout.utils.ScoutJsonParser.parseRespose:81 com.sonim.scout.service.ScoutIntentService.onHandleIntent:58 android.app.IntentService$ServiceHandler.handleMessage:68
07-24 13:10:23.725 6444 18971 W ContextImpl: Calling a method in the system process without a qualified user: android.app.ContextImpl.sendBroadcast:877 android.content.ContextWrapper.sendBroadcast:421 com.sonim.scout.utils.ScoutJsonParser.parseWarrantyData:556 com.sonim.scout.utils.ScoutJsonParser.parseRespose:101 com.sonim.scout.service.ScoutIntentService.onHandleIntent:58
07-24 13:10:23.736 6444 18971 W ContextImpl: Calling a method in the system process without a qualified user: android.app.ContextImpl.sendBroadcast:877 android.content.ContextWrapper.sendBroadcast:421 com.sonim.scout.utils.ScoutJsonParser.parseRespose:125 com.sonim.scout.service.ScoutIntentService.onHandleIntent:58 android.app.IntentService$ServiceHandler.handleMessage:68
07-24 13:10:23.737 1718 1890 I chatty : uid=1000(system) Binder:1718_3 expire 7 lines
07-24 13:10:23.754 1718 8141 I chatty : uid=1000(system) Binder:1718_14 expire 14 lines
07-24 13:10:23.757 6444 6444 D com.sonim.scout.utils.ScoutUtil: ....unRegisterCBS()....mNetworkCallback: null
07-24 13:10:24.632 1718 1811 I chatty : uid=1000(system) PowerManagerSer expire 4 lines
07-24 13:10:24.633 2364 2364 I TelephonyManager: isMultiSimEnabled()- telephonyManager: uid= 1001
07-24 13:10:24.633 2815 2815 I tsdmc : BatteryMonitorService.checkFWUpdateWithBatteryEnough()
07-24 13:10:24.634 2060 2060 D KeyguardUpdateMonitor: received broadcast android.intent.action.BATTERY_CHANGED
07-24 13:10:24.634 2815 2815 V tsdmc : mbatteryLevel = 89; bBatteryLow= false
07-24 13:10:24.636 1718 1718 I chatty : uid=1000 system_server expire 10 lines
07-24 13:10:24.639 2060 2060 D KeyguardUpdateMonitor: handleBatteryUpdate
07-24 13:10:24.641 2364 2364 E QtiImsExtUtils: getConfigForPhoneId subId is invalid
07-24 13:10:24.641 2364 2364 E QtiImsExtUtils: isCarrierConfigEnabled bundle is null
07-24 13:10:25.558 1718 1988 I chatty : uid=1000(system) InputReader expire 2 lines
07-24 13:10:25.567 1718 1988 I PowerManagerService: Waking up from dozing (uid 1000)...
07-24 13:10:25.570 2060 4778 D KeyguardViewMediator: onStartedWakingUp, seq = 6
07-24 13:10:25.570 2060 4778 D KeyguardViewMediator: notifyStartedWakingUp
07-24 13:10:25.570 2060 2060 D KeyguardViewMediator: handleNotifyWakingUp
07-24 13:10:25.571 1718 1811 I DisplayPowerController: Blocking screen on until initial contents have been drawn.
07-24 13:10:25.574 2060 2060 V KeyguardUpdateMonitor: startListeningForFingerprint()
07-24 13:10:25.576 2060 4778 D KeyguardViewMediator: notifyScreenOn
07-24 13:10:25.582 2060 2060 V KeyguardStatusView: Enable transport text marquee
07-24 13:10:25.583 2060 2060 D KeyguardViewMediator: handleNotifyScreenTurningOn
07-24 13:10:25.587 1718 1808 I DisplayManagerService: Display device changed state: "Built-in Screen", ON
07-24 13:10:25.592 702 702 D SurfaceFlinger: Set power mode=2, type=0 flinger=0x7f9be48000
07-24 13:10:25.593 702 702 I SDM : HWCDisplay::SetPowerMode: display = 0, mode = 2
07-24 13:10:25.593 702 702 I SDM : DisplayBase::SetDisplayState: Set state = 1, display 0
07-24 13:10:25.594 921 921 D FingerGoodix: FILE = ../native/GxFingerPrint/GxHardware_Wrap.c,LINE = 2120 :SIGIO: sem_value == 0
07-24 13:10:25.595 921 921 D FingerGoodix: FILE = ../native/GxFingerPrint/GxHardware_Wrap.c,LINE = 2122 :g_mode = 0x2(GF_SLEEP_MODE); g_state = 0x0(GF_HAL_IDLE)
07-24 13:10:25.595 921 1325 D FingerGoodix: FILE = ../native/GxFingerPrint/GxHardware_Wrap.c,LINE = 2144 :value == 0
07-24 13:10:25.595 921 1325 D FingerGoodix: FILE = ../native/FingerPrintService/FingerPrintService.cpp,LINE = 144 :notifyClient,type:8,msg:0,ext:0,clientID:0
07-24 13:10:25.595 921 1325 D FingerGoodix: FILE = ../native/FingerPrintService/FingerPrintService.cpp,LINE = 177 :Current screen status:SCREEN ON,recognize retry times:2
07-24 13:10:25.595 921 1325 D FingerGoodix:
07-24 13:10:25.595 921 1325 D FingerGoodix: FILE = ../native/FingerPrintService/FingerPrintService.cpp,LINE = 3727 :MSG_TYPE_COMMON_SCREEN_STATUS_CHANGE, status=0
07-24 13:10:25.595 921 1325 D FingerGoodix: FILE = ../native/FingerPrintService/FingerPrintService.cpp,LINE = 932 :setDefaultMode(), modeflag = 0
07-24 13:10:25.595 921 1325 D FingerGoodix: FILE = ../native/FingerPrintService/FingerPrintService.cpp,LINE = 924 :setChipMode = 2
07-24 13:10:25.595 921 1325 D FingerGoodix: FILE = ../native/GxFingerPrint/GxHardware_Wrap.c,LINE = 75 :mutex_get_lock
07-24 13:10:25.595 921 1325 D FingerGoodix: FILE = ../native/GxFingerPrint/GxHardware_Wrap.c,LINE = 1999 : Set mode : 2
07-24 13:10:25.595 921 1325 D FingerGoodix:
07-24 13:10:25.609 921 1325 D FingerGoodix: FILE = ../native/GxFingerPrint/fnCaFp.c,LINE = 139 :setMode SUCCESS !!! 6
07-24 13:10:25.610 894 894 D audio_hw_primary: adev_set_parameters: enter: screen_state=on
07-24 13:10:25.611 894 894 V msm8916_platform: platform_set_parameters: enter: - screen_state=on
07-24 13:10:25.611 894 894 V msm8916_platform: platform_set_parameters: exit with code(0)
07-24 13:10:25.611 894 894 D audio_hw_extn: audio_extn_set_anc_parameters: anc_enabled:0
07-24 13:10:25.611 894 894 D audio_hw_spkr_prot: audio_extn_fbsp_set_parameters: Speaker protection disabled
07-24 13:10:25.616 2338 2338 I chatty : uid=1010(wifi) /system/bin/wpa_supplicant expire 37 lines
07-24 13:10:25.631 921 1325 D FingerGoodix: FILE = ../native/GxFingerPrint/fnCaFp.c,LINE = 139 :setMode SUCCESS !!! 6
07-24 13:10:25.642 921 1325 D FingerGoodix: FILE = ../native/GxFingerPrint/fnCaFp.c,LINE = 139 :setMode SUCCESS !!! 2
07-24 13:10:25.642 921 1325 D FingerGoodix: FILE = ../native/GxFingerPrint/GxHardware_Wrap.c,LINE = 81 :mutex_get_unlock
07-24 13:10:25.642 921 1325 D FingerGoodix: FILE = ../native/GxFingerPrint/GxHardware_Wrap.c,LINE = 2163 :g_sensor_status = 0
07-24 13:10:25.642 921 1325 D FingerGoodix: FILE = ../native/GxFingerPrint/GxHardware_Wrap.c,LINE = 2165 :sig_handler_loop::screenStatus=0(on:0, off:1), g_mode=2(GF_SLEEP_MODE),g_state=0(GF_HAL_IDLE)
07-24 13:10:25.642 921 1325 D FingerGoodix: FILE = ../native/GxFingerPrint/GxHardware_Wrap.c,LINE = 2182 :screen on : need image , to IMAGE mode
07-24 13:10:25.642 921 1325 D FingerGoodix: FILE = ../native/GxFingerPrint/GxHardware_Wrap.c,LINE = 75 :mutex_get_lock
07-24 13:10:25.642 921 1325 D FingerGoodix: FILE = ../native/GxFingerPrint/GxHardware_Wrap.c,LINE = 81 :mutex_get_unlock
07-24 13:10:25.642 921 1325 D FingerGoodix: FILE = ../native/GxFingerPrint/GxHardware_Wrap.c,LINE = 2196 :#####################handler called.7 g_mode = 2(GF_SLEEP_MODE) g_state = 0(GF_HAL_IDLE)
07-24 13:10:25.642 921 1325 D FingerGoodix:
07-24 13:10:25.642 921 1325 D FingerGoodix: FILE = ../native/GxFingerPrint/GxHardware_Wrap.c,LINE = 75 :mutex_get_lock
07-24 13:10:25.642 921 1325 D FingerGoodix: FILE = ../native/GxFingerPrint/GxHardware_Wrap.c,LINE = 594 :Should not happen. Somthing wrong.
07-24 13:10:25.642 921 1325 D FingerGoodix:
07-24 13:10:25.642 921 1325 D FingerGoodix: FILE = ../native/GxFingerPrint/GxHardware_Wrap.c,LINE = 81 :mutex_get_unlock
07-24 13:10:25.644 2364 2377 I TelephonyManager: getMultiSimConfiguration(): uid =10046
07-24 13:10:25.688 2364 2364 I TelephonyManager: isMultiSimEnabled()- telephonyManager: uid= 1001
07-24 13:10:25.689 2815 2815 I tsdmc : BatteryMonitorService.checkFWUpdateWithBatteryEnough()
07-24 13:10:25.689 2815 2815 V tsdmc : mbatteryLevel = 89; bBatteryLow= false
07-24 13:10:25.690 2364 2364 E QtiImsExtUtils: getConfigForPhoneId subId is invalid
07-24 13:10:25.690 2364 2364 E QtiImsExtUtils: isCarrierConfigEnabled bundle is null
07-24 13:10:26.087 2060 2060 D KeyguardUpdateMonitor: received broadcast android.intent.action.BATTERY_CHANGED
07-24 13:10:26.090 2364 2364 I TelephonyManager: isMultiSimEnabled()- telephonyManager: uid= 1001
07-24 13:10:26.091 2364 2364 I TelephonyManager: isMultiSimEnabled()- telephonyManager: uid= 1001
07-24 13:10:26.094 2060 2060 D KeyguardUpdateMonitor: handleBatteryUpdate
07-24 13:10:26.096 2364 2364 I TelephonyManager: isMultiSimEnabled()- telephonyManager: uid= 1001
07-24 13:10:26.097 2364 2364 I TelephonyManager: isMultiSimEnabled()- telephonyManager: uid= 1001
07-24 13:10:26.104 2364 2364 I TelephonyManager: isMultiSimEnabled()- telephonyManager: uid= 1001
07-24 13:10:26.104 1718 1811 I DisplayPowerController: Unblocked screen on after 533 ms
07-24 13:10:26.104 2364 2364 I TelephonyManager: isMultiSimEnabled()- telephonyManager: uid= 1001
07-24 13:10:26.106 1718 1811 I DreamManagerService: Gently waking up from dream.
07-24 13:10:26.106 2060 2282 D KeyguardViewMediator: notifyScreenTurnedOn
07-24 13:10:26.107 2364 2364 I TelephonyManager: isMultiSimEnabled()- telephonyManager: uid= 1001
07-24 13:10:26.107 2364 2364 I TelephonyManager: isMultiSimEnabled()- telephonyManager: uid= 1001
07-24 13:10:26.111 2060 2060 D KeyguardViewMediator: handleNotifyScreenTurnedOn
07-24 13:10:26.113 1718 2927 I DreamManagerService: Leaving dreamland.
07-24 13:10:26.114 1718 1806 I DreamController: Stopping dream: name=ComponentInfo{com.android.systemui/com.android.systemui.doze.DozeService}, isTest=false, canDoze=true, userId=0
07-24 13:10:26.116 2765 3156 I chatty : uid=1027(nfc) AsyncTask #1 expire 43 lines
07-24 13:10:26.117 2765 3187 I chatty : uid=1027(nfc) AsyncTask #1 expire 22 lines
07-24 13:10:26.121 2765 3189 I chatty : uid=1027(nfc) AsyncTask #1 expire 7 lines
07-24 13:10:26.129 2765 3186 I chatty : uid=1027(nfc) AsyncTask #1 expire 14 lines
07-24 13:10:26.137 5713 5713 V WISPR : Screen Receiver
07-24 13:10:26.144 2765 3156 I BrcmNfcNfa: nfc_ncif_proc_proprietary_rsp: mt=2, gid=15, oid=21
07-24 13:10:26.144 2765 3156 I BrcmNfcNfa: nfc_ncif_proc_proprietary_rsp: exit status=1
07-24 13:10:26.144 2765 3156 D BrcmNfcJni: NxpResponse_SetDhlf_Cb Received length data = 0x4 status = 0x0
07-24 13:10:26.145 2765 2765 D BrcmNfcJni: Start RF discovery
07-24 13:10:26.145 2765 2765 D BrcmNfcJni: startRfDiscovery: is start=1
07-24 13:10:26.145 2765 2765 I BrcmNfcNfa: NFA_StartRfDiscovery ()
07-24 13:10:26.146 2765 3156 I BrcmNfcNfa: NFA got event 0x010E
07-24 13:10:26.146 2765 3156 I BrcmNfcNfa: nfa_dm_evt_hdlr event: NFA_DM_API_START_RF_DISCOVERY_EVT (0x0e)
07-24 13:10:26.146 2765 3156 I BrcmNfcNfa: nfa_dm_act_start_rf_discovery ()
07-24 13:10:26.146 2765 3156 I BrcmNfcNfa: nfa_dm_start_rf_discover (): enter
07-24 13:10:26.146 2765 3156 I BrcmNfcNfa: nfa_ee_get_tech_route(): power state : 1
07-24 13:10:26.146 2765 3156 I BrcmNfcNfa: TechA route: 0x0, TechB route: 0x0, TechF route: 0xc0, TechB' route: 0x0
07-24 13:10:26.146 2765 3156 I BrcmNfcNfa: requested_disc_mask = 0x140000, xx=0
07-24 13:10:26.146 2765 3156 I BrcmNfcNfa: poll_mask=0x0 listen_mask=0x0
07-24 13:10:26.146 2765 3156 I BrcmNfcNfa: listen_mask value after NFC-A = 0x40000
07-24 13:10:26.146 2765 3156 I BrcmNfcNfa: listen_mask value after NFC-B = 0x140000
07-24 13:10:26.146 2765 3156 I BrcmNfcNfa: listen_mask value after NFC-F = 0x140000
07-24 13:10:26.146 2765 3156 I BrcmNfcNfa: listen_mask value after NFC-B Prime = 0x140000
07-24 13:10:26.146 2765 3156 I BrcmNfcNfa: dm_disc_mask = 0x0
07-24 13:10:26.146 2765 3156 I BrcmNfcNfa: listen_mask value after T1T and T2T = 0x140000
07-24 13:10:26.146 2765 3156 I BrcmNfcNfa: listen_mask value after NFC-DEP = 0x140000
07-24 13:10:26.146 2765 3156 I BrcmNfcNfa: nfa_dm_cb.disc_cb.entry[0].selected_disc_mask = 0x140000
07-24 13:10:26.146 2765 3156 I BrcmNfcNfa: selected dm_disc_mask 0x140000 for entry[0]
07-24 13:10:26.146 2765 3156 I BrcmNfcNfa: requested_disc_mask = 0x340000, xx=1
07-24 13:10:26.146 2765 3156 I BrcmNfcNfa: poll_mask=0x0 listen_mask=0x0
07-24 13:10:26.146 2765 3156 I BrcmNfcNfa: listen_mask value after NFC-A = 0x40000
07-24 13:10:26.146 2765 3156 I BrcmNfcNfa: listen_mask value after NFC-B = 0x140000
07-24 13:10:26.146 2765 3156 I BrcmNfcNfa: listen_mask value after NFC-F = 0x340000
07-24 13:10:26.146 2765 3156 I BrcmNfcNfa: listen_mask value after NFC-B Prime = 0x340000
07-24 13:10:26.146 2765 3156 I BrcmNfcNfa: dm_disc_mask = 0x140000
07-24 13:10:26.146 2765 3156 I BrcmNfcNfa: listen_mask value after T1T and T2T = 0x340000
07-24 13:10:26.146 2765 3156 I BrcmNfcNfa: listen_mask value after NFC-DEP = 0x340000
07-24 13:10:26.146 2765 3156 I BrcmNfcNfa: nfa_dm_cb.disc_cb.entry[1].selected_disc_mask = 0x340000
07-24 13:10:26.146 2765 3156 I BrcmNfcNfa: selected dm_disc_mask 0x340000 for entry[1]
07-24 13:10:26.146 2765 3156 I BrcmNfcNfa: dm_disc_mask calculated finally for discovery: 0x340000
07-24 13:10:26.146 2765 3156 D NfcAdaptation: const CNfcParam *CNfcConfig::find(const char *) const found NXP_FWD_FUNCTIONALITY_ENABLE=(0x1)
07-24 13:10:26.147 2765 3156 D NfcAdaptation: const CNfcParam *CNfcConfig::find(const char *) const found HOST_LISTEN_TECH_MASK=(0x7)
07-24 13:10:26.147 2765 3156 I BrcmNfcNfa: nfa_dm_start_rf_discover:HOST_LISTEN_TECH_MASK = 0x07;
07-24 13:10:26.147 2765 3156 D NfcAdaptation: const CNfcParam *CNfcConfig::find(const char *) const found UICC_LISTEN_TECH_MASK=(0x7)
07-24 13:10:26.147 2765 3156 I BrcmNfcNfa: nfa_dm_start_rf_discover:UICC_LISTEN_TECH_MASK = 0x07;
07-24 13:10:26.147 2765 3156 D NfcAdaptation: const CNfcParam *CNfcConfig::find(const char *) const found P2P_LISTEN_TECH_MASK=(0xC5)
07-24 13:10:26.147 2765 3156 I BrcmNfcNfa: nfa_dm_start_rf_discover:P2P_LISTEN_TECH_MASK = 0x0C5;
07-24 13:10:26.147 2765 3156 I BrcmNfcNfa: nfa_ee_find_ecb ()
07-24 13:10:26.147 2765 3156 I BrcmNfcNfa: supported tech list is 0x00 for given nfcee_id: 0x2
07-24 13:10:26.147 2765 3156 I BrcmNfcNfa: dm_disc_mask before masking = 0x340000
07-24 13:10:26.147 2765 3156 I BrcmNfcNfa: dm_disc_mask after masking = 0x340000
07-24 13:10:26.147 2765 3156 I BrcmNfcNfa: nfa_dm_get_rf_discover_config : dm_disc_mask = 0x00340000
07-24 13:10:26.147 2765 3156 I BrcmNfcNfa: nfa_dm_get_rf_discover_config () removing active listen A/B 0x340000
07-24 13:10:26.147 2765 3156 I BrcmNfcNfa: nfa_dm_set_listen_mode_set_configs : tech_proto_mask = 0x00340000
07-24 13:10:26.147 2765 3156 D NfcAdaptation: const CNfcParam *CNfcConfig::find(const char *) const found HOST_LISTEN_TECH_MASK=(0x7)
07-24 13:10:26.147 2765 3156 I BrcmNfcNfa: nfa_dm_set_listen_mode_set_configs : HOST_LISTEN_TECH_MASK = 0x07;
07-24 13:10:26.147 2765 3156 I BrcmNfcNfa: nfa_dm_set_listen_mode_set_configs : LA_SEL_INFO = 0x20;
07-24 13:10:26.147 2765 3156 I BrcmNfcNfa: nfa_dm_set_listen_mode_set_configs : LB_SENSB_INFO = 0x1;
07-24 13:10:26.147 2765 3156 I BrcmNfcNfa: nfa_dm_set_listen_mode_set_configs : LF_PROTOCOL_TYPE = 0x0;
07-24 13:10:26.147 2765 3156 I BrcmNfcNfa: nfa_dm_check_set_config () tlv_len=9
07-24 13:10:26.147 2765 3156 I BrcmNfcNfa: nfa_dm_check_set_config () updated_len=6
07-24 13:10:26.147 2765 3156 I BrcmNfcNfa: nfc_ncif_send_cmd()
07-24 13:10:26.147 2765 3156 I BrcmNfcNfa: nfc_ncif_check_cmd_queue : Writing to HAL...
07-24 13:10:26.147 2765 3156 I BrcmNfcNfa: nfc_ncif_check_cmd_queue : cmd_size:7
07-24 13:10:26.147 2765 3156 D NfcAdaptation: NfcAdaptation::HalWrite
07-24 13:10:26.147 2765 3156 D NxpExtns: const nxp::CNfcParam *nxp::CNfcConfig::find(const char *) const found MIFARE_READER_ENABLE=(0x1)
07-24 13:10:26.147 2765 3187 D NxpTml : PN54X - Write requested.....
07-24 13:10:26.147 2765 3187 D NxpTml : PN54X - Invoking I2C Write.....
07-24 13:10:26.149 2765 3187 D NxpNciX : len = 10 => 20020702320120380101
07-24 13:10:26.150 2765 3187 D NxpTml : PN54X - I2C Write successful.....
07-24 13:10:26.150 2765 3187 D NxpTml : PN54X - Posting Fresh Write message.....
07-24 13:10:26.150 2765 3187 D NxpTml : PN54X - Tml Writer Thread Running................
07-24 13:10:26.150 2765 3189 D NxpHal : write successful status = 0x0
07-24 13:10:26.150 2765 3156 I BrcmNfcNfa: nfa_dm_set_total_duration ()
07-24 13:10:26.150 2765 3156 I BrcmNfcNfa: nfa_dm_check_set_config () tlv_len=4
07-24 13:10:26.150 2765 3156 I BrcmNfcNfa: NFC_DiscoveryStart
07-24 13:10:26.150 2765 3156 I BrcmNfcNfa: NFC_DiscoveryStart status: 0xe3
07-24 13:10:26.153 13530 13530 I DeviceStatusMonitor: onReceive() : Action = android.intent.action.SCREEN_ON
07-24 13:10:26.155 2765 3186 D NxpTml : PN54X - I2C Read successful.....len = 5
07-24 13:10:26.155 2765 3186 D NxpTml : PN54X - Posting read message.....
07-24 13:10:26.155 2765 3186 D NxpNciR : len = 5 <= 4002020000
07-24 13:10:26.155 2765 3189 D NxpHal : read successful status = 0x0
07-24 13:10:26.155 2765 3189 D NxpHal : phNxpNciHal_print_res_status: response status =STATUS_OK
07-24 13:10:26.155 2765 3189 D NfcAdaptation: NfcAdaptation::HalDeviceContextDataCallback: len=5
07-24 13:10:26.155 2765 3156 I BrcmNfcNfa: NFC received rsp gid:0
07-24 13:10:26.155 2765 3156 I BrcmNfcNfa: nci_proc_core_rsp opcode:0x2
07-24 13:10:26.155 2765 3156 I BrcmNfcNfa: nfa_dm_nfc_response_cback () NFC_SET_CONFIG_REVT(0x5002)
07-24 13:10:26.155 2765 3156 D NfcAdaptation: NfcAdaptation::HalPrediscover
07-24 13:10:26.155 2765 3156 I BrcmNfcNfa: nfc_ncif_send_cmd()
07-24 13:10:26.155 2765 3156 I BrcmNfcNfa: nfc_ncif_check_cmd_queue : Writing to HAL...
07-24 13:10:26.155 2765 3156 I BrcmNfcNfa: nfc_ncif_check_cmd_queue : cmd_size:7
07-24 13:10:26.155 2765 3156 D NfcAdaptation: NfcAdaptation::HalWrite
07-24 13:10:26.155 2765 3156 D NxpExtns: const nxp::CNfcParam *nxp::CNfcConfig::find(const char *) const found MIFARE_READER_ENABLE=(0x1)
07-24 13:10:26.155 2765 3156 D NxpHal : > Polling Loop Started
07-24 13:10:26.155 2765 3186 D NxpTml : PN54X - Read requested.....
07-24 13:10:26.155 2765 3186 D NxpTml : PN54X - Invoking I2C Read.....
07-24 13:10:26.155 2765 3187 D NxpTml : PN54X - Write requested.....
07-24 13:10:26.155 2765 3187 D NxpTml : PN54X - Invoking I2C Write.....
07-24 13:10:26.158 2765 3187 D NxpNciX : len = 10 => 21030703800181018201
07-24 13:10:26.158 2765 3187 D NxpTml : PN54X - I2C Write successful.....
07-24 13:10:26.158 2765 3187 D NxpTml : PN54X - Posting Fresh Write message.....
07-24 13:10:26.158 2765 3187 D NxpTml : PN54X - Tml Writer Thread Running................
07-24 13:10:26.158 2765 3189 D NxpHal : write successful status = 0x0
07-24 13:10:26.158 2765 3186 D NxpTml : PN54X - I2C Read successful.....len = 4
07-24 13:10:26.158 2765 3186 D NxpTml : PN54X - Posting read message.....
07-24 13:10:26.158 2765 3186 D NxpNciR : len = 4 <= 41030100
07-24 13:10:26.158 2765 3189 D NxpHal : read successful status = 0x0
07-24 13:10:26.158 2765 3189 D NfcAdaptation: NfcAdaptation::HalDeviceContextDataCallback: len=4
07-24 13:10:26.158 2765 3156 I BrcmNfcNfa: NFC received rsp gid:1
07-24 13:10:26.158 2765 3186 D NxpTml : PN54X - Read requested.....
07-24 13:10:26.158 2765 3186 D NxpTml : PN54X - Invoking I2C Read.....
07-24 13:10:26.158 2765 3156 I BrcmNfcNfa: returning TRUE
07-24 13:10:26.158 2765 3156 I BrcmNfcNfa: nfa_dm_disc_discovery_cback (): event:0x4000
07-24 13:10:26.158 2765 3156 I BrcmNfcNfa: nfa_dm_disc_sm_execute (): state: IDLE (0), event: DISCOVER_RSP(1) disc_flags: 0x31
07-24 13:10:26.158 2765 3156 I BrcmNfcNfa: nfa_dm_disc_new_state (): old_state: IDLE (0), new_state: DISCOVERY (1) disc_flags: 0x11
07-24 13:10:26.158 2765 3156 D BrcmNfcJni: nfaConnectionCallback: Connection Event = 30
07-24 13:10:26.158 2765 3156 D BrcmNfcJni: nfaConnectionCallback: NFA_RF_DISCOVERY_STARTED_EVT: status = 0x0
07-24 13:10:26.158 2765 3156 I BrcmNfcNfa: nfa_dm_disc_sm_execute (): new state: DISCOVERY (1), disc_flags: 0x1
07-24 13:10:26.158 2765 2765 D BrcmNfcJni: startRfDiscovery: is exit=1
07-24 13:10:26.158 2765 2765 D BrcmNfcJni: StoreScreenState: enter
07-24 13:10:26.158 2765 2765 I BrcmNfcNfa: nfc_ncif_storeScreenState gScreenState : 2
07-24 13:10:26.158 2765 2765 D BrcmNfcJni: StoreScreenState: exit
07-24 13:10:26.158 2765 2765 D BrcmNfcJni: nfcManager_doSetScreenState: auto_num : 0 sAutonomousSet : 0 sRfFieldOff : 1
07-24 13:10:26.158 2765 2765 D BrcmNfcJni: Not sending AUTONOMOUS command state is 2
07-24 13:10:26.158 2765 2765 D BrcmNfcJni: releaseRfInterfaceMutexLock: sRfInterfaceMutex unlock
07-24 13:10:26.158 2765 2765 D BrcmNfcJni: update_transaction_stat: Enter. Requested by : setScreenState Requested state : RESET
07-24 13:10:26.158 2765 2765 D BrcmNfcJni: update_transaction_stat: Exit. Requested by : setScreenState Requested state : RESET status : SUCCESS
07-24 13:10:26.160 2765 2765 E NfcService: applyRouting -20
07-24 13:10:26.160 2765 2765 D NfcService: applyRouting - enter force = false mScreenState = 2
07-24 13:10:26.161 2765 2765 D NfcService: Discovery configuration equal, not updating.
07-24 13:10:26.174 711 838 E libnav : CablComputeBacklightLevel(): UpdateType = DifferentSceneUpdate
07-24 13:10:26.193 2060 2060 D KeyguardUpdateMonitor: received broadcast android.intent.action.TIME_TICK
07-24 13:10:26.194 2060 2060 D KeyguardUpdateMonitor: handleTimeUpdate
07-24 13:10:26.259 711 838 E libnav : CablComputeBacklightLevel(): UpdateType = DifferentSceneUpdate
07-24 13:10:26.608 2364 2731 I TelephonyManager: getMultiSimConfiguration(): uid =10046
07-24 13:10:27.148 2060 2060 D KeyguardSecurityView: showNextSecurityScreenOrFinish(false)
