07-24 11:42:52.953 1718 1772 I ActivityManager: Waited long enough for: ServiceRecord{a6ad381 u0 com.sonim.ble.connect.xp8/com.sonim.ble.connect.SonimBLEService}
07-24 11:42:53.019 1718 2898 I ActivityManager: Start proc 6605:com.android.cellbroadcastreceiver/u0a5 for broadcast com.android.cellbroadcastreceiver/.CellBroadcastReceiver
07-24 11:42:53.083 1718 2797 I ActivityManager: Killing 5203:com.google.android.gms.ui/u0a20 (adj 906): empty #31
07-24 11:42:53.088 1718 2797 I ActivityManager: Killing 5165:com.google.android.keep/u0a87 (adj 906): empty #31
07-24 11:42:53.096 1718 2797 I ActivityManager: Killing 4992:com.android.partnerbrowsercustomizations/u0a60 (adj 906): empty #31
07-24 11:42:53.104 1718 2795 D ActivityManager: cleanUpApplicationRecord -- 5203
07-24 11:42:53.117 1718 2285 D ActivityManager: cleanUpApplicationRecord -- 4992
07-24 11:42:53.145 1718 2826 D ActivityManager: cleanUpApplicationRecord -- 5165
07-24 11:42:53.206 3415 3415 W ContextImpl: Calling a method in the system process without a qualified user: android.app.ContextImpl.startService:1357 android.content.ContextWrapper.startService:613 android.content.ContextWrapper.startService:613 com.qualcomm.simcontacts.SimStateReceiver.sendSimState:83 com.qualcomm.simcontacts.SimStateReceiver.onReceive:53
07-24 11:42:53.230 6511 6511 W ContextImpl: Calling a method in the system process without a qualified user: android.app.ContextImpl.startService:1357 android.content.ContextWrapper.startService:613 android.content.ContextWrapper.startService:613 com.sonimtech.warrantyregapp.SimStateChangeReceive.takeActionIrrespectiveOfDataConnected:148 com.sonimtech.warrantyregapp.SimStateChangeReceive.onReceive:76
07-24 11:42:53.348 3415 3415 W ContextImpl: Calling a method in the system process without a qualified user: android.app.ContextImpl.startService:1357 android.content.ContextWrapper.startService:613 android.content.ContextWrapper.startService:613 com.qualcomm.simcontacts.SimStateReceiver.sendSimState:83 com.qualcomm.simcontacts.SimStateReceiver.onReceive:53
07-24 11:42:53.715 1718 2284 I ActivityManager: Start proc 6650:com.google.android.apps.walletnfcrel/u0a73 for service com.google.android.apps.walletnfcrel/com.google.commerce.tapandpay.android.feed.data.UpdateTriggersTaskService
07-24 11:42:53.830 1718 2690 E BatteryStatsService: no controller energy info supplied
07-24 11:42:53.838 1718 2690 E KernelUidCpuTimeReader: Failed to read uid_cputime: /proc/uid_cputime/show_uid_stat (No such file or directory)
07-24 11:42:54.496 1718 2285 I ActivityManager: Start proc 6722:com.google.android.deskclock/u0a65 for broadcast com.google.android.deskclock/com.android.alarmclock.DigitalAppWidgetProvider
07-24 11:42:55.179 1718 2010 D ConnectivityService: NetworkAgentInfo [WIFI () - 102] EVENT_NETWORK_INFO_CHANGED, going from CONNECTING to CONNECTED
07-24 11:42:55.180 1718 2010 D ConnectivityService: Adding iface wlan0 to network 102
07-24 11:42:55.268 1718 2010 D ConnectivityService: Setting DNS servers for network 102 to [/129.6.13.2, /132.163.4.9]
07-24 11:42:55.289 1718 2010 D ConnectivityService: Switching to new default network: NetworkAgentInfo{ ni{[type: WIFI[], state: CONNECTED/CONNECTED, reason: (unspecified), extra: "NIST-Guest", failover: false, available: true, roaming: false, metered: false]} network{102} nethandle{438103100126} lp{{InterfaceName: wlan0 LinkAddresses: [fe80::224:a3ff:fe79:7859/64,172.22.41.87/17,] Routes: [fe80::/64 -> :: wlan0,172.22.0.0/17 -> 0.0.0.0 wlan0,0.0.0.0/0 -> 172.22.127.254 wlan0,] DnsAddresses: [129.6.13.2,132.163.4.9,] Domains: null MTU: 0 TcpBufferSizes: 524288,1048576,2097152,262144,524288,1048576}} nc{[ Transports: WIFI Capabilities: NOT_METERED&INTERNET&NOT_RESTRICTED&TRUSTED&NOT_VPN&FOREGROUND LinkUpBandwidth>=1048576Kbps LinkDnBandwidth>=1048576Kbps SignalStrength: -75]} Score{16} everValidated{false} lastValidated{false} created{true} lingering{false} explicitlySelected{true} acceptUnvalidated{false} everCaptivePortalDetected{false} lastCaptivePortalDetected{false} }
07-24 11:42:55.344 1718 2927 I ActivityManager: Start proc 6786:com.google.android.apps.maps/u0a116 for broadcast com.google.android.apps.maps/com.google.android.apps.gmm.ugc.ataplace.AtAPlaceService
07-24 11:42:55.390 1718 1778 E KernelUidCpuTimeReader: Failed to read uid_cputime: /proc/uid_cputime/show_uid_stat (No such file or directory)
07-24 11:42:55.401 1718 2010 D ConnectivityService: Sending CONNECTED broadcast for type 1 NetworkAgentInfo [WIFI () - 102] isDefaultNetwork=true
07-24 11:42:55.416 1718 2010 D ConnectivityService: NetworkAgentInfo [WIFI () - 102] validation failed with redirect to https://alpha.nist.gov:8443/portal/gateway?sessionId=8106e3f6000ded155b5748fa&portal=9c274950-d67b-11e5-ab6b-005056993aef&action=cwa&type=drw&token=5dd1d3fdf81cac13689261d419dd987c
07-24 11:42:55.431 1718 2010 D NetworkNotificationManager: showNotification SIGN_IN transportType=Wi-Fi extraInfo="NIST-Guest" highPriority=true
07-24 11:42:55.439 6444 6444 W ContextImpl: Calling a method in the system process without a qualified user: android.app.ContextImpl.startService:1357 android.content.ContextWrapper.startService:613 com.sonim.scout.service.ScoutService.startIntentService:226 com.sonim.scout.service.ScoutService.executeOnStartCmndOrSysEventsListener:460 com.sonim.scout.service.ScoutService.onNetworkConnectionChanged:160
07-24 11:42:55.547 1718 2797 I ActivityManager: Setting hasTopUi=true for pid=2060
07-24 11:42:55.553 1718 2749 I ActivityManager: Setting hasTopUi=false for pid=2060
07-24 11:42:55.618 1718 2898 I ActivityManager: Setting hasTopUi=true for pid=2060
07-24 11:42:55.681 1718 1771 I ActivityManager: Start proc 6844:com.google.android.keep/u0a87 for service com.google.android.keep/.syncadapter.KeepSyncAdapterService
07-24 11:42:56.041 1718 2826 W AppOps : Bad call: specified package com.google.android.gms under uid 10087 but it is really 10020
07-24 11:42:56.041 1718 2826 W AppOps : java.lang.RuntimeException: here
07-24 11:42:56.041 1718 2826 W AppOps : at com.android.server.AppOpsService.getOpsRawLocked(AppOpsService.java:1302)
07-24 11:42:56.041 1718 2826 W AppOps : at com.android.server.AppOpsService.checkPackage(AppOpsService.java:998)
07-24 11:42:56.041 1718 2826 W AppOps : at com.android.internal.app.IAppOpsService$Stub.onTransact(IAppOpsService.java:169)
07-24 11:42:56.041 1718 2826 W AppOps : at android.os.Binder.execTransact(Binder.java:565)
07-24 11:42:56.686 1718 2927 I ActivityManager: Start proc 6953:com.android.keychain/1000 for broadcast com.android.keychain/.KeyChainBroadcastReceiver
07-24 11:42:56.748 6953 6953 W ContextImpl: Calling a method in the system process without a qualified user: android.app.ContextImpl.startService:1357 android.content.ContextWrapper.startService:613 android.content.ContextWrapper.startService:613 com.android.keychain.KeyChainBroadcastReceiver.onReceive:12 android.app.ActivityThread.handleReceiver:3044
07-24 11:42:56.766 1718 2826 I ActivityManager: Start proc 6968:com.android.musicfx/u0a31 for broadcast com.android.musicfx/.Compatibility$Receiver
07-24 11:42:56.865 1718 2748 I ActivityManager: Killing 5322:com.google.android.onetimeinitializer/u0a22 (adj 906): empty #31
07-24 11:42:56.907 1718 2899 I ActivityManager: Start proc 6988:com.att.mobile.android.vvm/u0a52 for broadcast com.att.mobile.android.vvm/.control.receivers.PackageStateChangedReceiver
07-24 11:42:56.909 1718 2836 D ActivityManager: cleanUpApplicationRecord -- 5322
07-24 11:42:56.971 1718 2285 I ActivityManager: Killing 5426:com.google.android.inputmethod.latin:train/u0a86 (adj 906): empty #31
07-24 11:42:57.054 1718 2285 D ActivityManager: cleanUpApplicationRecord -- 5426
07-24 11:42:57.106 1718 2518 W ActivityManager: Unable to start service Intent { cmp=com.att.android.mobile.attmessages/com.att.mobile.android.vvm.control.ATTM.RemoteVvmService } U=0: not found
07-24 11:42:57.128 1718 1890 I ActivityManager: Killing 5498:com.google.android.videos/u0a115 (adj 906): empty #31
07-24 11:42:57.173 1718 2899 D ActivityManager: cleanUpApplicationRecord -- 5498
07-24 11:42:57.220 5845 5845 W ContextImpl: Calling a method in the system process without a qualified user: android.app.ContextImpl.startService:1357 android.content.ContextWrapper.startService:613 android.content.ContextWrapper.startService:613 com.qualcomm.qti.appnetaccess.AppNetAccessReceiver.onReceive:24 android.app.ActivityThread.handleReceiver:3044
07-24 11:42:57.255 1718 2748 I ActivityManager: Start proc 7018:com.qualcomm.qti.seemp.service:seemp_service/1000 for broadcast com.qualcomm.qti.seemp.service/.SeempBroadcastReceiver
07-24 11:42:57.347 7018 7018 W ContextImpl: Calling a method in the system process without a qualified user: android.app.ContextImpl.startService:1357 android.content.ContextWrapper.startService:613 android.content.ContextWrapper.startService:613 com.qualcomm.qti.seemp.service.SeempBroadcastReceiver.onReceive:61 android.app.ActivityThread.handleReceiver:3044
07-24 11:42:57.393 1718 2749 I ActivityManager: Process com.qualcomm.qti.seemp.service:seemp_service (pid 7018) has died
07-24 11:42:57.393 1718 2749 D ActivityManager: cleanUpApplicationRecord -- 7018
07-24 11:42:57.416 6444 6444 W ContextImpl: Calling a method in the system process without a qualified user: android.app.ContextImpl.startService:1357 android.content.ContextWrapper.startService:613 com.sonim.scout.service.ScoutService.startIntentService:226 com.sonim.scout.service.ScoutService.executealarmTimeChangedAndPkgListenerRequest:482 com.sonim.scout.service.ScoutService.executeOnPkgUnInstalled:476
07-24 11:42:57.454 1718 2902 I ActivityManager: Start proc 7040:com.android.documentsui/u0a13 for broadcast com.android.documentsui/.PackageReceiver
07-24 11:42:57.600 1718 1890 I ActivityManager: Start proc 7054:com.android.externalstorage/u0a16 for content provider com.android.externalstorage/.ExternalStorageProvider
07-24 11:42:57.619 1718 2795 I ActivityManager: Killing 5778:com.qualcomm.embms:remote/u0a110 (adj 906): empty #31
07-24 11:42:57.620 1718 2795 I ActivityManager: Killing 5760:com.qualcomm.embms/u0a110 (adj 906): empty #32
07-24 11:42:57.638 1718 2927 D ActivityManager: cleanUpApplicationRecord -- 5760
07-24 11:42:57.643 1718 2928 D ActivityManager: cleanUpApplicationRecord -- 5778
07-24 11:42:57.710 1718 2690 I ActivityManager: Start proc 7071:com.android.mtp/u0a12 for content provider com.android.mtp/.MtpDocumentsProvider
07-24 11:42:57.741 1718 2927 I ActivityManager: Killing 5789:com.qualcomm.location.XT/1000 (adj 906): empty #31
07-24 11:42:57.772 1718 2898 D ActivityManager: cleanUpApplicationRecord -- 5789
07-24 11:42:57.792 1718 2797 D VoldConnector: SND -> {7 appfuse mount 10012 7071 MtpDocumentsProvider}
07-24 11:42:57.797 1718 1995 D VoldConnector: RCV <- {200 7 AppFuse command succeeded}
07-24 11:42:57.861 1718 2898 I ActivityManager: Start proc 7093:com.google.android.apps.docs/u0a69 for content provider com.google.android.apps.docs/.storagebackend.StorageBackendContentProvider
07-24 11:42:57.882 1718 2797 I ActivityManager: Killing 5809:com.qualcomm.qti.RIDL/1000 (adj 906): empty #31
07-24 11:42:57.893 1718 2749 D ActivityManager: cleanUpApplicationRecord -- 5809
07-24 11:42:57.996 1718 6389 I ActivityManager: START u0 {act=android.net.conn.CAPTIVE_PORTAL flg=0x10400000 cmp=com.android.captiveportallogin/.CaptivePortalLoginActivity (has extras)} from uid 1000 on display 0
07-24 11:42:58.029 1718 2795 I ActivityManager: Start proc 7112:com.android.captiveportallogin/u0a57 for activity com.android.captiveportallogin/.CaptivePortalLoginActivity
07-24 11:42:58.372 1718 2690 I ActivityManager: Setting hasTopUi=false for pid=2060
07-24 11:42:58.761 1718 2690 I ActivityManager: Killing 5859:com.qualcomm.qti.gsma.services.nfc/u0a119 (adj 906): empty #31
07-24 11:42:58.784 1718 2284 D ActivityManager: cleanUpApplicationRecord -- 5859
07-24 11:42:58.965 1718 2749 I ActivityManager: Start proc 7247:com.google.android.gms.ui/u0a20 for service com.google.android.gms/.chimera.UiIntentOperationService
07-24 11:42:59.310 1718 2928 I ActivityManager: Start proc 7284:com.aetherpal.sonim:messaging/u0a30 for broadcast com.aetherpal.sonim/com.aetherpal.messaging.ApMessenger
07-24 11:43:00.387 1718 2749 I ActivityManager: Start proc 7357:com.google.android.videos/u0a115 for service com.google.android.videos/com.google.android.apps.play.movies.common.service.drm.RefreshLicenseTaskService
07-24 11:43:00.415 1718 1747 I ActivityManager: Killing 5902:com.qualcomm.qti.qdma/1000 (adj 906): empty #31
07-24 11:43:00.452 1718 2835 D ActivityManager: cleanUpApplicationRecord -- 5902
07-24 11:43:00.914 1718 2826 I ActivityManager: Killing 3534:com.aetherpal.sonim/u0a30 (adj 906): empty #31
07-24 11:43:00.992 1718 2826 D ActivityManager: cleanUpApplicationRecord -- 3534
07-24 11:43:06.270 1718 1747 I ActivityManager: Killing 6232:com.att.eptt/u0a29 (adj 906): empty #31
07-24 11:43:06.289 1718 2284 D ActivityManager: cleanUpApplicationRecord -- 6232
07-24 11:43:07.098 1718 2285 I ActivityManager: Start proc 7466:com.google.android.inputmethod.japanese/u0a82 for service com.google.android.inputmethod.japanese/com.firebase.jobdispatcher.GooglePlayReceiver
07-24 11:43:07.115 1718 2010 D NetworkNotificationManager: clearNotification id=102
07-24 11:43:07.118 1718 2010 D ConnectivityService: NetworkAgentInfo [WIFI () - 102] validation passed
07-24 11:43:07.270 1718 1772 I ActivityManager: Waited long enough for: ServiceRecord{7de82c1 u0 com.sonim.scout/.service.ScoutService}
07-24 11:43:07.417 1718 2836 D CryptdConnector: SND -> {8 cryptfs getpwtype}
07-24 11:43:07.418 561 575 D VoldCryptCmdListener: cryptfs getpwtype
07-24 11:43:07.418 1718 1996 D CryptdConnector: RCV <- {213 8 default}
07-24 11:43:07.440 1718 1890 I ActivityManager: Killing 6308:com.google.android.play.games.ui/u0a20 (adj 906): empty #31
07-24 11:43:07.465 1718 2898 D ActivityManager: cleanUpApplicationRecord -- 6308
07-24 11:43:07.534 1718 1772 I ActivityManager: Waited long enough for: ServiceRecord{70d4e9f u0 com.sonimtech.cit.verifier/.StoreFactoryData1}
07-24 11:43:07.542 1718 2797 I ActivityManager: Killing 2625:com.google.android.apps.tachyon/u0a67 (adj 906): empty #31
07-24 11:43:07.572 1718 2928 D ConnectivityService: ConnectivityService NetworkRequestInfo binderDied(NetworkRequest [ LISTEN id=9, [ Capabilities: INTERNET&NOT_RESTRICTED&TRUSTED] ], android.os.BinderProxy@20f76cd)
07-24 11:43:07.572 1718 2797 D ActivityManager: cleanUpApplicationRecord -- 2625
07-24 11:43:07.574 1718 2010 E ConnectivityService: RemoteException caught trying to send a callback msg for NetworkRequest [ LISTEN id=9, [ Capabilities: INTERNET&NOT_RESTRICTED&TRUSTED] ]
07-24 11:43:07.794 1718 1772 I ActivityManager: Waited long enough for: ServiceRecord{26d1d8f u0 org.simalliance.openmobileapi.service/.SmartcardService}
07-24 11:43:07.944 1718 1772 I ActivityManager: Killing 2873:com.android.printspooler/u0a97 (adj 906): empty #31
07-24 11:43:07.973 1718 2902 D ActivityManager: cleanUpApplicationRecord -- 2873
07-24 11:43:08.397 1718 1987 I ActivityManager: START u0 {act=android.intent.action.MAIN cat=[android.intent.category.HOME] flg=0x10200000 cmp=com.android.launcher3/.Launcher (has extras)} from uid 1000 on display 0
07-24 11:43:09.249 1718 2928 I ActivityManager: START u0 {act=android.intent.action.MAIN cat=[android.intent.category.LAUNCHER] flg=0x10200000 pkg=com.android.vending cmp=com.android.vending/.AssetBrowserActivity bnds=[60,1688][255,1928] (has extras)} from uid 10026 on display 0
07-24 11:43:10.515 1718 1987 I ActivityManager: START u0 {act=android.intent.action.MAIN cat=[android.intent.category.HOME] flg=0x10200000 cmp=com.android.launcher3/.Launcher (has extras)} from uid 1000 on display 0
07-24 11:43:10.754 1718 2748 I ActivityManager: Killing 6421:com.sonim.safeguard/1000 (adj 904): empty #31
07-24 11:43:10.765 1718 2797 D ActivityManager: cleanUpApplicationRecord -- 6421
07-24 11:43:11.276 1718 2797 I ActivityManager: START u0 {act=android.intent.action.MAIN cat=[android.intent.category.LAUNCHER] flg=0x10200000 pkg=com.android.chrome cmp=com.android.chrome/com.google.android.apps.chrome.Main bnds=[840,1688][1035,1928] (has extras)} from uid 10026 on display 0
07-24 11:43:11.348 1718 2826 I ActivityManager: Start proc 7681:com.android.partnerbrowsercustomizations/u0a60 for content provider com.android.partnerbrowsercustomizations/.SonimBrowserCustomizations
07-24 11:43:11.662 1718 1747 I ActivityManager: Killing 6407:com.android.vending:instant_app_installer/u0a51 (adj 904): empty #31
07-24 11:43:11.766 1718 2285 D ActivityManager: cleanUpApplicationRecord -- 6407
07-24 11:43:12.470 1718 1807 D BluetoothManagerService: Message: 20
07-24 11:43:12.471 1718 1807 D BluetoothManagerService: Added callback: android.bluetooth.IBluetoothManagerCallback$Stub$Proxy@300529:true
07-24 11:43:12.493 1718 2826 I ActivityManager: Start proc 7767:com.android.chrome:sandboxed_process2/u0i2 for service com.android.chrome/org.chromium.content.app.SandboxedProcessService2
07-24 11:43:15.859 1718 2010 D ConnectivityService: NetworkAgentInfo [WIFI () - 102] EVENT_NETWORK_INFO_CHANGED, going from CONNECTED to DISCONNECTED
07-24 11:43:15.859 1718 2010 D ConnectivityService: NetworkAgentInfo [WIFI () - 102] got DISCONNECTED, was satisfying 16
07-24 11:43:15.965 1718 2010 D ConnectivityService: Sending DISCONNECTED broadcast for type 1 NetworkAgentInfo [WIFI () - 102] isDefaultNetwork=true
07-24 11:43:15.977 1718 1778 E KernelUidCpuTimeReader: Failed to read uid_cputime: /proc/uid_cputime/show_uid_stat (No such file or directory)
07-24 11:43:16.005 6444 6444 W ContextImpl: Calling a method in the system process without a qualified user: android.app.ContextImpl.startService:1357 android.content.ContextWrapper.startService:613 com.sonim.scout.service.ScoutService.startIntentService:226 com.sonim.scout.service.ScoutService.executeOnStartCmndOrSysEventsListener:460 com.sonim.scout.service.ScoutService.onNetworkConnectionChanged:160
07-24 11:43:17.671 1718 2826 I ActivityManager: Process com.android.chrome:sandboxed_process2 (pid 7767) has died
07-24 11:43:17.671 1718 2826 D ActivityManager: cleanUpApplicationRecord -- 7767
07-24 11:43:17.671 1718 2826 W ActivityManager: Scheduling restart of crashed service com.android.chrome/org.chromium.content.app.SandboxedProcessService2 in 1000ms
07-24 11:43:17.675 1718 1778 E KernelUidCpuTimeReader: Failed to read uid_cputime: /proc/uid_cputime/show_uid_stat (No such file or directory)
07-24 11:43:17.687 1718 1778 E KernelUidCpuTimeReader: failed to remove uid from uid_cputime module
07-24 11:43:17.687 1718 1778 E KernelUidCpuTimeReader: java.io.FileNotFoundException: /proc/uid_cputime/remove_uid_range (No such file or directory)
07-24 11:43:17.687 1718 1778 E KernelUidCpuTimeReader: at java.io.FileOutputStream.open(Native Method)
07-24 11:43:17.687 1718 1778 E KernelUidCpuTimeReader: at java.io.FileOutputStream.(FileOutputStream.java:221)
07-24 11:43:17.687 1718 1778 E KernelUidCpuTimeReader: at java.io.FileOutputStream.(FileOutputStream.java:108)
07-24 11:43:17.687 1718 1778 E KernelUidCpuTimeReader: at java.io.FileWriter.(FileWriter.java:63)
07-24 11:43:17.687 1718 1778 E KernelUidCpuTimeReader: at com.android.internal.os.KernelUidCpuTimeReader.removeUid(KernelUidCpuTimeReader.java:158)
07-24 11:43:17.687 1718 1778 E KernelUidCpuTimeReader: at com.android.internal.os.BatteryStatsImpl.removeIsolatedUidLocked(BatteryStatsImpl.java:3143)
07-24 11:43:17.687 1718 1778 E KernelUidCpuTimeReader: at com.android.server.am.BatteryStatsService$BatteryStatsHandler.handleMessage(BatteryStatsService.java:141)
07-24 11:43:17.687 1718 1778 E KernelUidCpuTimeReader: at android.os.Handler.dispatchMessage(Handler.java:102)
07-24 11:43:17.687 1718 1778 E KernelUidCpuTimeReader: at android.os.Looper.loop(Looper.java:154)
07-24 11:43:17.687 1718 1778 E KernelUidCpuTimeReader: at android.os.HandlerThread.run(HandlerThread.java:61)
07-24 11:43:17.687 1718 1778 E KernelUidCpuTimeReader: at com.android.server.ServiceThread.run(ServiceThread.java:46)
07-24 11:43:17.840 1718 1890 I ActivityManager: Killing 6474:com.sonim.sonimcustomercare/u0a40 (adj 904): empty #31
07-24 11:43:17.873 1718 1890 D ActivityManager: cleanUpApplicationRecord -- 6474
07-24 11:43:18.389 1718 2927 I ActivityManager: Killing 6605:com.android.cellbroadcastreceiver/u0a5 (adj 904): empty #31
07-24 11:43:18.409 1718 2797 D ActivityManager: cleanUpApplicationRecord -- 6605
07-24 11:43:23.006 1718 1772 I ActivityManager: Killing 5365:com.google.android.partnersetup/u0a25 (adj 904): empty #31
07-24 11:43:23.034 1718 2797 D ActivityManager: cleanUpApplicationRecord -- 5365
07-24 11:43:23.113 1718 1748 I ActivityManager: Setting hasTopUi=true for pid=2060
07-24 11:43:23.483 1718 1747 W InputMethodManagerService: Window already focused, ignoring focus gain of: com.android.internal.view.IInputMethodClient$Stub$Proxy@7d9b640 attribute=null, token = android.os.BinderProxy@bbdb925
07-24 11:43:23.498 1718 2285 I ActivityManager: Setting hasTopUi=false for pid=2060
07-24 11:43:23.530 1718 2003 D ConnectivityService: registerNetworkAgent NetworkAgentInfo{ ni{[type: WIFI[], state: CONNECTING/CONNECTING, reason: (unspecified), extra: "NIST-Guest", failover: false, available: true, roaming: false, metered: false]} network{103} nethandle{442398067422} lp{{LinkAddresses: [] Routes: [] DnsAddresses: [] Domains: null MTU: 0}} nc{[ Transports: WIFI Capabilities: NOT_METERED&INTERNET&NOT_RESTRICTED&TRUSTED&NOT_VPN LinkUpBandwidth>=1048576Kbps LinkDnBandwidth>=1048576Kbps]} Score{20} everValidated{false} lastValidated{false} created{false} lingering{false} explicitlySelected{false} acceptUnvalidated{false} everCaptivePortalDetected{false} lastCaptivePortalDetected{false} }
07-24 11:43:23.531 1718 2010 D ConnectivityService: NetworkAgentInfo [WIFI () - 103] EVENT_NETWORK_INFO_CHANGED, going from null to CONNECTING
07-24 11:43:23.535 1718 2748 I ActivityManager: Setting hasTopUi=true for pid=2060
07-24 11:43:23.712 1718 2010 D ConnectivityService: NetworkAgentInfo [WIFI () - 103] EVENT_NETWORK_INFO_CHANGED, going from CONNECTING to CONNECTED
07-24 11:43:23.715 1718 2010 D ConnectivityService: Adding iface wlan0 to network 103
07-24 11:43:23.764 1718 2010 D ConnectivityService: Setting DNS servers for network 103 to [/129.6.13.2, /132.163.4.9]
07-24 11:43:23.785 1718 2010 D ConnectivityService: Switching to new default network: NetworkAgentInfo{ ni{[type: WIFI[], state: CONNECTED/CONNECTED, reason: (unspecified), extra: "NIST-Guest", failover: false, available: true, roaming: false, metered: false]} network{103} nethandle{442398067422} lp{{InterfaceName: wlan0 LinkAddresses: [172.22.41.87/17,] Routes: [fe80::/64 -> :: wlan0,172.22.0.0/17 -> 0.0.0.0 wlan0,0.0.0.0/0 -> 172.22.127.254 wlan0,] DnsAddresses: [129.6.13.2,132.163.4.9,] Domains: null MTU: 0 TcpBufferSizes: 524288,1048576,2097152,262144,524288,1048576}} nc{[ Transports: WIFI Capabilities: NOT_METERED&INTERNET&NOT_RESTRICTED&TRUSTED&NOT_VPN&FOREGROUND LinkUpBandwidth>=1048576Kbps LinkDnBandwidth>=1048576Kbps SignalStrength: -68]} Score{16} everValidated{false} lastValidated{false} created{true} lingering{false} explicitlySelected{true} acceptUnvalidated{false} everCaptivePortalDetected{false} lastCaptivePortalDetected{false} }
07-24 11:43:23.847 1718 1778 E KernelUidCpuTimeReader: Failed to read uid_cputime: /proc/uid_cputime/show_uid_stat (No such file or directory)
07-24 11:43:23.848 1718 2010 D ConnectivityService: Sending CONNECTED broadcast for type 1 NetworkAgentInfo [WIFI () - 103] isDefaultNetwork=true
07-24 11:43:23.918 1718 1718 I ActivityManager: Start proc 8045:com.att.eptt/u0a29 for service com.att.eptt/.receivers.NetworkJobScheduler
07-24 11:43:23.926 6444 6444 W ContextImpl: Calling a method in the system process without a qualified user: android.app.ContextImpl.startService:1357 android.content.ContextWrapper.startService:613 com.sonim.scout.service.ScoutService.startIntentService:226 com.sonim.scout.service.ScoutService.executeOnStartCmndOrSysEventsListener:460 com.sonim.scout.service.ScoutService.onNetworkConnectionChanged:160
07-24 11:43:24.133 1718 2748 W AppOps : Bad call: specified package com.google.android.gms under uid 10087 but it is really 10020
07-24 11:43:24.133 1718 2748 W AppOps : java.lang.RuntimeException: here
07-24 11:43:24.133 1718 2748 W AppOps : at com.android.server.AppOpsService.getOpsRawLocked(AppOpsService.java:1302)
07-24 11:43:24.133 1718 2748 W AppOps : at com.android.server.AppOpsService.checkPackage(AppOpsService.java:998)
07-24 11:43:24.133 1718 2748 W AppOps : at com.android.internal.app.IAppOpsService$Stub.onTransact(IAppOpsService.java:169)
07-24 11:43:24.133 1718 2748 W AppOps : at android.os.Binder.execTransact(Binder.java:565)
07-24 11:43:24.168 1718 2797 D ConnectivityService: reportNetworkConnectivity(103, true) by 10020
07-24 11:43:24.181 1718 2748 D ConnectivityService: reportNetworkConnectivity(103, true) by 10020
07-24 11:43:24.188 1718 2010 D NetworkNotificationManager: clearNotification id=103
07-24 11:43:24.188 1718 2010 D ConnectivityService: NetworkAgentInfo [WIFI () - 103] validation passed
07-24 11:43:24.233 1718 2010 D NetworkNotificationManager: clearNotification id=103
07-24 11:43:24.233 1718 2010 D ConnectivityService: NetworkAgentInfo [WIFI () - 103] validation passed
07-24 11:43:25.059 6444 8065 W ContextImpl: Calling a method in the system process without a qualified user: android.app.ContextImpl.sendBroadcast:877 android.content.ContextWrapper.sendBroadcast:421 com.sonim.scout.utils.ScoutJsonParser.parseRespose:81 com.sonim.scout.service.ScoutIntentService.onHandleIntent:58 android.app.IntentService$ServiceHandler.handleMessage:68
07-24 11:43:25.073 6444 8065 W ContextImpl: Calling a method in the system process without a qualified user: android.app.ContextImpl.sendBroadcast:877 android.content.ContextWrapper.sendBroadcast:421 com.sonim.scout.utils.ScoutJsonParser.parseWarrantyData:556 com.sonim.scout.utils.ScoutJsonParser.parseRespose:101 com.sonim.scout.service.ScoutIntentService.onHandleIntent:58
07-24 11:43:25.109 6444 8065 W ContextImpl: Calling a method in the system process without a qualified user: android.app.ContextImpl.sendBroadcast:877 android.content.ContextWrapper.sendBroadcast:421 com.sonim.scout.utils.ScoutJsonParser.parseRespose:125 com.sonim.scout.service.ScoutIntentService.onHandleIntent:58 android.app.IntentService$ServiceHandler.handleMessage:68
07-24 11:43:25.843 1718 2836 W InputMethodManagerService: Window already focused, ignoring focus gain of: com.android.internal.view.IInputMethodClient$Stub$Proxy@d597402 attribute=null, token = android.os.BinderProxy@bbdb925
07-24 11:43:25.868 1718 2797 I ActivityManager: Setting hasTopUi=false for pid=2060
07-24 11:43:28.045 1718 1748 I ActivityManager: Start proc 8211:com.android.vending:instant_app_installer/u0a51 for broadcast com.android.vending/com.google.android.finsky.instantapps.PhenotypeUpdateReceiver
07-24 11:43:28.506 1718 2690 I ActivityManager: Start proc 8273:com.google.android.apps.tachyon/u0a67 for broadcast com.google.android.apps.tachyon/.util.pheno.PhenotypeBroadcastReceiver
07-24 11:43:33.282 1718 2797 I ActivityManager: START u0 {act=android.content.pm.action.REQUEST_PERMISSIONS pkg=com.google.android.packageinstaller cmp=com.google.android.packageinstaller/com.android.packageinstaller.permission.ui.GrantPermissionsActivity (has extras)} from uid 10076 on display 0
07-24 11:43:33.344 1718 2748 I ActivityManager: Start proc 8443:com.google.android.packageinstaller/u0a24 for activity com.google.android.packageinstaller/com.android.packageinstaller.permission.ui.GrantPermissionsActivity
07-24 11:43:34.748 1718 2902 D VoldConnector: SND -> {8 volume remount_uid 10076 read}
07-24 11:43:34.749 561 574 D vold : Remounting 10076 as mode read
07-24 11:43:34.768 561 574 D vold : Found matching PID 4869
07-24 11:43:34.773 561 574 D vold : Found matching PID 5098
07-24 11:43:34.777 1718 1995 D VoldConnector: RCV <- {200 8 Command succeeded}
07-24 11:43:34.778 1718 2898 D VoldConnector: SND -> {9 volume remount_uid 10076 write}
07-24 11:43:34.779 561 574 D vold : Remounting 10076 as mode write
07-24 11:43:34.790 561 574 D vold : Found matching PID 4869
07-24 11:43:34.793 561 574 D vold : Found matching PID 5098
07-24 11:43:34.796 1718 1995 D VoldConnector: RCV <- {200 9 Command succeeded}
07-24 11:43:34.840 1718 2927 I ActivityManager: Killing 6511:com.sonimtech.warrantyregapp.xp8/1000 (adj 904): empty #31
07-24 11:43:34.884 1718 2795 I ActivityManager: Killing 6529:org.codeaurora.ims/1001 (adj 904): empty #31
07-24 11:43:34.893 1718 2927 D ActivityManager: cleanUpApplicationRecord -- 6511
07-24 11:43:34.906 1718 2690 D ActivityManager: cleanUpApplicationRecord -- 6529
07-24 11:43:38.899 1718 1890 I ActivityManager: Killing 6722:com.google.android.deskclock/u0a65 (adj 904): empty #31
07-24 11:43:38.924 1718 2836 D ActivityManager: cleanUpApplicationRecord -- 6722
07-24 11:43:40.787 1718 2797 I ActivityManager: Killing 6544:org.simalliance.openmobileapi.service/1000 (adj 904): empty #31
07-24 11:43:40.797 1718 8141 D ActivityManager: cleanUpApplicationRecord -- 6544
07-24 11:43:43.252 1718 8142 I ActivityManager: Setting hasTopUi=true for pid=2060
07-24 11:43:44.649 1718 2748 I ActivityManager: Killing 6953:com.android.keychain/1000 (adj 904): empty #31
07-24 11:43:44.713 1718 2284 D ActivityManager: cleanUpApplicationRecord -- 6953
07-24 11:43:45.408 1718 1747 W InputMethodManagerService: Window already focused, ignoring focus gain of: com.android.internal.view.IInputMethodClient$Stub$Proxy@5c9e45c attribute=null, token = android.os.BinderProxy@bbdb925
07-24 11:43:45.420 1718 2795 I ActivityManager: Setting hasTopUi=false for pid=2060
07-24 11:43:50.797 1718 2284 I ActivityManager: START u0 {act=android.intent.action.VIEW dat=content://com.android.chrome.FileProvider/downloads/app-armeabi-v7a-release-unsigned.apk typ=application/vnd.android.package-archive flg=0x10000003 cmp=com.google.android.packageinstaller/com.android.packageinstaller.PackageInstallerActivity (has extras)} from uid 10076 on display 0
07-24 11:43:52.882 1718 2690 I ActivityManager: START u0 {act=android.settings.SECURITY_SETTINGS cmp=com.android.settings/.Settings$SecuritySettingsActivity} from uid 10024 on display 0
07-24 11:43:52.977 1718 2826 E UserRestrictionsUtils: Unknown restriction: null
07-24 11:43:53.005 1718 2284 E UserRestrictionsUtils: Unknown restriction: null
07-24 11:43:53.005 1718 2690 E UserRestrictionsUtils: Unknown restriction: null
07-24 11:43:53.006 1718 2927 E UserRestrictionsUtils: Unknown restriction: null
07-24 11:43:53.007 1718 2898 E UserRestrictionsUtils: Unknown restriction: null
07-24 11:43:53.007 1718 2899 E UserRestrictionsUtils: Unknown restriction: null
07-24 11:43:53.060 1718 2284 D CryptdConnector: SND -> {9 cryptfs getpwtype}
07-24 11:43:53.060 561 575 D VoldCryptCmdListener: cryptfs getpwtype
07-24 11:43:53.061 1718 1996 D CryptdConnector: RCV <- {213 9 default}
07-24 11:43:55.130 1718 1983 W ActivityManager: Unable to start service Intent { act=com.google.android.gms.drive.ApiService.RESET_AFTER_BOOT flg=0x4 cmp=com.google.android.gms/.drive.api.ApiService (has extras) } U=0: not found
07-24 11:43:55.156 1718 1772 I ActivityManager: Start proc 8725:com.sonim.sonimcustomercare/u0a40 for broadcast com.sonim.sonimcustomercare/.powerstation.Alarm
07-24 11:43:57.332 1718 2518 W InputMethodManagerService: Window already focused, ignoring focus gain of: com.android.internal.view.IInputMethodClient$Stub$Proxy@fb08526 attribute=null, token = android.os.BinderProxy@e428077
07-24 11:43:59.698 1718 1772 I ActivityManager: Start proc 8854:com.google.android.configupdater/u0a6 for broadcast com.google.android.configupdater/.CertPin.CertPinUpdateRequestReceiver
07-24 11:43:59.968 1718 2795 I ActivityManager: Setting hasTopUi=true for pid=2060
07-24 11:44:00.327 1718 2748 I ActivityManager: Start proc 8909:com.google.android.partnersetup/u0a25 for broadcast com.google.android.partnersetup/.RlzPingBroadcastReceiver
07-24 11:44:00.794 1718 1747 W ActivityManager: Permission Denial: getIntentSender() from pid=5577, uid=10118, (need uid=10020) is not allowed to send as package com.google.android.gms
07-24 11:44:00.813 1718 2285 I ActivityManager: Process com.google.android.gms.ui (pid 7247) has died
07-24 11:44:00.814 1718 2285 D ActivityManager: cleanUpApplicationRecord -- 7247
07-24 11:44:00.834 4869 4869 I ActivityThread: Removing dead content provider:android.content.ContentProviderProxy@37045fe
07-24 11:44:00.834 4869 4869 I ActivityThread: Removing dead content provider:android.content.ContentProviderProxy@37045fe
07-24 11:44:00.835 6786 6786 I ActivityThread: Removing dead content provider:android.content.ContentProviderProxy@f3bdda4
07-24 11:44:00.836 6786 6786 I ActivityThread: Removing dead content provider:android.content.ContentProviderProxy@f3bdda4
07-24 11:44:00.836 1718 2690 I ActivityManager: Process com.google.android.gms.persistent (pid 2683) has died
07-24 11:44:00.836 1718 2690 D ActivityManager: cleanUpApplicationRecord -- 2683
07-24 11:44:00.837 1718 2690 W ActivityManager: Scheduling restart of crashed service com.google.android.gms/.auth.setup.devicesignals.LockScreenService in 1000ms
07-24 11:44:00.837 1718 2690 W ActivityManager: Scheduling restart of crashed service com.google.android.gms/com.google.android.contextmanager.service.ContextManagerService in 11000ms
07-24 11:44:00.837 1718 2690 W ActivityManager: Scheduling restart of crashed service com.google.android.gms/.instantapps.service.InstantAppsService in 21000ms
07-24 11:44:00.837 1718 2009 D RttService: Client connection lost with reason: 4
07-24 11:44:00.837 1718 2009 D RttService: closing client android.os.Messenger@5d7aa4a
07-24 11:44:00.837 1718 2690 W ActivityManager: Scheduling restart of crashed service com.google.android.gms/.deviceconnection.service.DeviceConnectionWatcherService in 31000ms
07-24 11:44:00.837 1718 1718 V BackupManagerService: Disconnected from transport ComponentInfo{com.google.android.gms/com.google.android.gms.backup.BackupTransportService}
07-24 11:44:00.837 1718 2690 W ActivityManager: Scheduling restart of crashed service com.google.android.gms/.auth.GetToken in 41000ms
07-24 11:44:00.837 1718 2690 W ActivityManager: Scheduling restart of crashed service com.google.android.gms/com.google.android.location.internal.PendingIntentCallbackService in 51000ms
07-24 11:44:00.837 1718 1718 V BackupManagerService: Registering transport com.google.android.gms/.backup.BackupTransportService::null = null
07-24 11:44:00.837 1718 2690 W ActivityManager: Scheduling restart of crashed service com.google.android.gms/.usagereporting.service.UsageReportingService in 51000ms
07-24 11:44:00.837 1718 2690 W ActivityManager: Scheduling restart of crashed service com.google.android.gms/com.google.android.location.fused.service.FusedProviderService in 61000ms
07-24 11:44:00.837 1718 2690 W ActivityManager: Scheduling restart of crashed service com.google.android.gms/com.google.android.location.internal.GoogleLocationManagerService in 71000ms
07-24 11:44:00.837 1718 2690 W ActivityManager: Scheduling restart of crashed service com.google.android.gms/.gcm.GcmService in 81000ms
07-24 11:44:00.837 1718 2690 W ActivityManager: Scheduling restart of crashed service com.google.android.gms/.tapandpay.hce.service.TpHceService in 91000ms
07-24 11:44:00.837 1718 2690 W ActivityManager: Scheduling restart of crashed service com.google.android.gms/.backup.BackupTransportService in 101000ms
07-24 11:44:00.837 1718 2690 W ActivityManager: Scheduling restart of crashed service com.google.android.gms/.clearcut.service.ClearcutLoggerService in 111000ms
07-24 11:44:00.837 1718 2690 W ActivityManager: Scheduling restart of crashed service com.google.android.gms/com.google.android.location.network.NetworkLocationService in 121000ms
07-24 11:44:00.837 1718 2690 W ActivityManager: Scheduling restart of crashed service com.google.android.gms/.chimera.PersistentBoundBrokerService in 131000ms
07-24 11:44:00.837 1718 2690 W ActivityManager: Scheduling restart of crashed service com.google.android.gms/.gcm.http.GoogleHttpService in 141000ms
07-24 11:44:00.838 1718 2690 W ActivityManager: Scheduling restart of crashed service com.google.android.gms/.phenotype.service.PhenotypeService in 151000ms
07-24 11:44:00.838 1718 2690 W ActivityManager: Scheduling restart of crashed service com.google.android.gms/com.google.android.location.internal.server.GoogleLocationService in 160999ms
07-24 11:44:00.838 1718 2690 W ActivityManager: Scheduling restart of crashed service com.google.android.gms/.thunderbird.OutgoingSmsListenerService in 170999ms
07-24 11:44:00.838 1718 2690 W ActivityManager: Scheduling restart of crashed service com.google.android.gms/com.google.android.location.geocode.GeocodeService in 180999ms
07-24 11:44:00.838 1718 2690 W ActivityManager: Scheduling restart of crashed service com.google.android.gms/.chimera.PersistentIntentOperationService in 190999ms
07-24 11:44:00.838 1718 2690 W ActivityManager: Scheduling restart of crashed service com.google.android.gms/.pseudonymous.service.PseudonymousIdService in 190999ms
07-24 11:44:00.838 1718 2690 W ActivityManager: Scheduling restart of crashed service com.google.android.gms/com.google.android.location.geofencer.service.GeofenceProviderService in 200999ms
07-24 11:44:00.838 1718 2690 W ActivityManager: Scheduling restart of crashed service com.google.android.gms/.common.stats.GmsCoreStatsService in 210999ms
07-24 11:44:00.838 1718 2690 W ActivityManager: Scheduling restart of crashed service com.google.android.gms/.clearcut.uploader.QosUploaderService in 220999ms
07-24 11:44:00.838 1718 2690 W ActivityManager: Scheduling restart of crashed service com.google.android.gms/com.google.android.location.internal.server.HardwareArProviderService in 220999ms
07-24 11:44:00.839 2639 2639 I ActivityThread: Removing dead content provider:android.content.ContentProviderProxy@33279f7
07-24 11:44:00.839 8273 8273 I ActivityThread: Removing dead content provider:android.content.ContentProviderProxy@92993a7
07-24 11:44:00.839 8273 8273 I ActivityThread: Removing dead content provider:android.content.ContentProviderProxy@92993a7
07-24 11:44:00.839 6573 6573 I ActivityThread: Removing dead content provider:android.content.ContentProviderProxy@740df9e
07-24 11:44:00.839 2639 2639 I ActivityThread: Removing dead content provider:android.content.ContentProviderProxy@33279f7
07-24 11:44:00.840 2124 2124 I ActivityThread: Removing dead content provider:android.content.ContentProviderProxy@7d88603
07-24 11:44:00.840 2124 2124 I ActivityThread: Removing dead content provider:android.content.ContentProviderProxy@7d88603
07-24 11:44:00.840 3485 3485 I ActivityThread: Removing dead content provider:android.content.ContentProviderProxy@9640a73
07-24 11:44:00.854 1718 2795 I ActivityManager: Start proc 8946:com.google.android.gms.persistent/u0a20 for content provider com.google.android.gms/.chimera.container.GmsModuleProvider
07-24 11:44:00.861 1718 2797 D ConnectivityService: ConnectivityService NetworkRequestInfo binderDied(NetworkRequest [ LISTEN id=21, [ Capabilities: INTERNET&NOT_RESTRICTED&TRUSTED&NOT_VPN] ], android.os.BinderProxy@89964d0)
07-24 11:44:00.862 1718 2010 E ConnectivityService: RemoteException caught trying to send a callback msg for NetworkRequest [ LISTEN id=21, [ Capabilities: INTERNET&NOT_RESTRICTED&TRUSTED&NOT_VPN] ]
07-24 11:44:00.863 1718 1890 I ActivityManager: Process com.google.android.gms (pid 3010) has died
07-24 11:44:00.863 1718 1890 D ActivityManager: cleanUpApplicationRecord -- 3010
07-24 11:44:00.866 1718 1890 W ActivityManager: Scheduling restart of crashed service com.google.android.gms/.chimera.GmsBoundBrokerService in 40971ms
07-24 11:44:00.866 1718 1890 W ActivityManager: Scheduling restart of crashed service com.google.android.gms/.checkin.CheckinService in 230971ms
07-24 11:44:00.866 1718 1890 W ActivityManager: Scheduling restart of crashed service com.google.android.gms/.chimera.container.FileApkIntentOperation$ExternalFileApkService in 240971ms
07-24 11:44:00.866 1718 1890 W ActivityManager: Scheduling restart of crashed service com.google.android.gms/.chimera.GmsIntentOperationService in 250971ms
07-24 11:44:00.866 1718 1890 W ActivityManager: Scheduling restart of crashed service com.google.android.gms/.update.SystemUpdateService in 260971ms
07-24 11:44:00.866 1718 1890 W ActivityManager: Scheduling restart of crashed service com.google.android.gms/.measurement.service.MeasurementBrokerService in 260971ms
07-24 11:44:00.866 1718 1890 W ActivityManager: Scheduling restart of crashed service com.google.android.gms/.analytics.service.AnalyticsService in 270971ms
07-24 11:44:00.985 4869 4869 I ActivityThread: Removing dead content provider:android.content.ContentProviderProxy@5d22c75
07-24 11:44:02.319 1718 1718 V BackupManagerService: Connected to transport ComponentInfo{com.google.android.gms/com.google.android.gms.backup.BackupTransportService}
07-24 11:44:02.320 1718 1718 V BackupManagerService: Registering transport com.google.android.gms/.backup.BackupTransportService::com.google.android.gms/.backup.BackupTransportService = com.android.internal.backup.IBackupTransport$Stub$Proxy@966ef77
07-24 11:44:02.328 1718 1987 I ActivityManager: START u0 {act=android.intent.action.MAIN cat=[android.intent.category.HOME] flg=0x10200000 cmp=com.android.launcher3/.Launcher (has extras)} from uid 1000 on display 0
07-24 11:44:02.590 1718 1807 D BluetoothManagerService: Message: 20
07-24 11:44:02.590 1718 1807 D BluetoothManagerService: Added callback: android.bluetooth.IBluetoothManagerCallback$Stub$Proxy@8bca467:true
07-24 11:44:02.640 1718 1747 I ActivityManager: Setting hasTopUi=false for pid=2060
07-24 11:44:02.773 1718 2836 I ActivityManager: Start proc 9044:com.google.android.gms/u0a20 for service com.google.android.gms/.chimera.GmsIntentOperationService
07-24 11:44:03.316 1718 2826 W ActivityManager: Unable to start service Intent { cmp=com.google.android.gms/.analytics.service.RefreshEnabledStateService } U=0: not found
07-24 11:44:05.893 1718 2690 I ActivityManager: START u0 {act=android.intent.action.MAIN cat=[android.intent.category.LAUNCHER] flg=0x10200000 cmp=com.android.documentsui/.LauncherActivity bnds=[540,1011][796,1377] (has extras)} from uid 10026 on display 0
07-24 11:44:05.951 1718 2826 I ActivityManager: START u0 {dat=//com.android.documentsui.launchControl flg=0x10200000 cmp=com.android.documentsui/.FilesActivity} from uid 10013 on display 0
07-24 11:44:07.079 1718 2749 I ActivityManager: START u0 {act=android.provider.action.MANAGE_DOCUMENT dat=content://com.android.providers.downloads.documents/document/156 cmp=com.android.providers.downloads.ui/.TrampolineActivity} from uid 10013 on display 0
07-24 11:44:07.127 1718 2902 I ActivityManager: START u0 {act=android.intent.action.VIEW dat=content://com.android.providers.downloads.documents/document/156 typ=application/vnd.android.package-archive flg=0x3 cmp=com.google.android.packageinstaller/com.android.packageinstaller.PackageInstallerActivity (has extras)} from uid 10012 on display 0
07-24 11:44:08.436 1718 2285 I ActivityManager: START u0 {dat=file:///data/user_de/0/com.google.android.packageinstaller/cache/package2022947207.apk cmp=com.google.android.packageinstaller/com.android.packageinstaller.InstallAppProgress (has extras)} from uid 10024 on display 0
07-24 11:44:08.661 1718 1908 E PackageInstaller: Commit of session 1895729667 failed: Package /data/app/vmdl1895729667.tmp/PackageInstaller has no certificates at entry AndroidManifest.xml
07-24 11:44:13.497 1718 8944 I ActivityManager: START u0 {act=android.intent.action.MAIN cat=[android.intent.category.LAUNCHER] flg=0x10200000 pkg=com.android.chrome cmp=com.android.chrome/com.google.android.apps.chrome.Main bnds=[840,1688][1035,1928] (has extras)} from uid 10026 on display 0
07-24 11:44:15.931 1718 2518 W InputMethodManagerService: Window already focused, ignoring focus gain of: com.android.internal.view.IInputMethodClient$Stub$Proxy@399727c attribute=null, token = android.os.BinderProxy@bbdb925
07-24 11:44:19.297 1718 1772 I ActivityManager: Waited long enough for: ServiceRecord{427def u0 com.google.android.gms/.update.SystemUpdateService}
07-24 11:44:25.341 1718 2928 I ActivityManager: START u0 {act=android.intent.action.VIEW dat=content://com.android.chrome.FileProvider/downloads/app-arm64-v8a-release-unsigned.apk typ=application/vnd.android.package-archive flg=0x10000003 cmp=com.google.android.packageinstaller/com.android.packageinstaller.PackageInstallerActivity (has extras)} from uid 10076 on display 0
07-24 11:44:26.991 1718 2795 I ActivityManager: START u0 {dat=file:///data/user_de/0/com.google.android.packageinstaller/cache/package1073316026.apk cmp=com.google.android.packageinstaller/com.android.packageinstaller.InstallAppProgress (has extras)} from uid 10024 on display 0
07-24 11:44:27.160 1718 1908 E PackageInstaller: Commit of session 1382462805 failed: Package /data/app/vmdl1382462805.tmp/PackageInstaller has no certificates at entry AndroidManifest.xml
07-24 11:44:30.918 1718 2928 I ActivityManager: Setting hasTopUi=true for pid=2060
07-24 11:44:33.890 1718 1718 D ConditionProviders.SCP: onReceive android.intent.action.TIME_SET
07-24 11:44:33.901 1718 1718 D ConditionProviders.SCP: notifyCondition condition://android/schedule?days=6.7&start=23.30&end=10.0&exitAtAlarm=false STATE_FALSE reason=!meetsSchedule
07-24 11:44:33.902 1718 1718 D ConditionProviders.SCP: notifyCondition condition://android/schedule?days=1.2.3.4.5&start=22.0&end=7.0&exitAtAlarm=false STATE_FALSE reason=!meetsSchedule
07-24 11:44:33.903 1718 1718 D ConditionProviders.SCP: Scheduling evaluate for Tue Jul 24 22:00:00 EDT 2018 (1532484000000), in +10h15m26s109ms, now=Tue Jul 24 11:44:33 EDT 2018 (1532447073891)
07-24 11:44:33.926 1718 2836 I ActivityManager: Start proc 9598:com.android.timerswitch/1000 for broadcast com.android.timerswitch/.TimerSwitchInitReceiver
07-24 11:44:33.935 1718 1771 I UsageStatsService: Time changed in UsageStats by 2 seconds
07-24 11:44:33.935 1718 1771 I UsageStatsService: User[0] Flushing usage stats to disk
07-24 11:44:33.975 1718 1771 I UsageStatsDatabase: Time changed by +2s770ms. files deleted: 0 files moved: 10
07-24 11:44:33.987 1718 1771 I UsageStatsService: User[0] Rollover scheduled @ 2018-07-25 11:42:11(1532533331078)
07-24 11:44:34.064 1718 8945 I ActivityManager: Start proc 9623:com.google.android.deskclock/u0a65 for broadcast com.google.android.deskclock/com.android.deskclock.AlarmInitReceiver
07-24 11:44:34.262 1718 2927 I ActivityManager: Killing 6968:com.android.musicfx/u0a31 (adj 904): empty #31
07-24 11:44:34.293 1718 2898 D ActivityManager: cleanUpApplicationRecord -- 6968
07-24 11:44:34.320 1718 1747 I ActivityManager: Start proc 9665:com.qualcomm.timeservice/1000 for broadcast com.qualcomm.timeservice/.TimeServiceBroadcastReceiver
07-24 11:44:34.409 1718 2826 I ActivityManager: Start proc 9687:com.sonimtech.warrantyregapp.xp8/1000 for broadcast com.sonimtech.warrantyregapp.xp8/com.sonimtech.warrantyregapp.SimStateChangeReceive
07-24 11:44:34.415 1718 2826 I ActivityManager: Killing 3125:android.process.acore/u0a0 (adj 904): empty #31
07-24 11:44:34.439 1718 8141 D ActivityManager: cleanUpApplicationRecord -- 3125
07-24 11:44:34.486 1718 2797 I ActivityManager: Killing 5439:com.google.process.gapps/u0a70 (adj 904): empty #31
07-24 11:44:34.517 1718 1748 D ActivityManager: cleanUpApplicationRecord -- 5439
07-24 11:44:34.551 1718 2898 W InputMethodManagerService: Window already focused, ignoring focus gain of: com.android.internal.view.IInputMethodClient$Stub$Proxy@66290da attribute=null, token = android.os.BinderProxy@bbdb925
07-24 11:44:34.564 1718 1747 I ActivityManager: Setting hasTopUi=false for pid=2060
07-24 11:44:35.210 1718 1987 I ActivityManager: START u0 {act=android.intent.action.MAIN cat=[android.intent.category.HOME] flg=0x10200000 cmp=com.android.launcher3/.Launcher (has extras)} from uid 1000 on display 0
07-24 11:44:35.325 1718 2902 I ActivityManager: Process com.android.chrome:sandboxed_process0 (pid 5025) has died
07-24 11:44:35.325 1718 2902 D ActivityManager: cleanUpApplicationRecord -- 5025
07-24 11:44:35.325 1718 2902 W ActivityManager: Scheduling restart of crashed service com.android.chrome/org.chromium.content.app.SandboxedProcessService0 in 1000ms
07-24 11:44:35.328 1718 1778 E KernelUidCpuTimeReader: Failed to read uid_cputime: /proc/uid_cputime/show_uid_stat (No such file or directory)
07-24 11:44:35.340 1718 1778 E KernelUidCpuTimeReader: failed to remove uid from uid_cputime module
07-24 11:44:35.340 1718 1778 E KernelUidCpuTimeReader: java.io.FileNotFoundException: /proc/uid_cputime/remove_uid_range (No such file or directory)
07-24 11:44:35.340 1718 1778 E KernelUidCpuTimeReader: at java.io.FileOutputStream.open(Native Method)
07-24 11:44:35.340 1718 1778 E KernelUidCpuTimeReader: at java.io.FileOutputStream.(FileOutputStream.java:221)
07-24 11:44:35.340 1718 1778 E KernelUidCpuTimeReader: at java.io.FileOutputStream.(FileOutputStream.java:108)
07-24 11:44:35.340 1718 1778 E KernelUidCpuTimeReader: at java.io.FileWriter.(FileWriter.java:63)
07-24 11:44:35.340 1718 1778 E KernelUidCpuTimeReader: at com.android.internal.os.KernelUidCpuTimeReader.removeUid(KernelUidCpuTimeReader.java:158)
07-24 11:44:35.340 1718 1778 E KernelUidCpuTimeReader: at com.android.internal.os.BatteryStatsImpl.removeIsolatedUidLocked(BatteryStatsImpl.java:3143)
07-24 11:44:35.340 1718 1778 E KernelUidCpuTimeReader: at com.android.server.am.BatteryStatsService$BatteryStatsHandler.handleMessage(BatteryStatsService.java:141)
