07-24 13:10:27.153 1718 2797 I ActivityManager: START u0 {act=android.media.action.STILL_IMAGE_CAMERA flg=0x14000000 cmp=org.codeaurora.snapcam/com.android.camera.PhotoCamera (has extras)} from uid 10046 on display 0
07-24 13:10:27.159 577 2606 E ANDR-PERF-MPCTL: Invalid profile no. 0, total profiles 0 only
07-24 13:10:27.189 1718 2797 E ActivityManager: applyOptionsLocked: Unknown animationType=0
07-24 13:10:27.202 1718 2797 I ActivityManager: Start proc 19034:org.codeaurora.snapcam/u0a41 for activity org.codeaurora.snapcam/com.android.camera.PhotoCamera
07-24 13:10:27.219 1718 1747 I WindowManager: Failed to capture screenshot of Token{df7ab2c ActivityRecord{41b92df u0 com.android.settings/.Settings t62}} appWin=Window{69becbf u0 com.android.settings/com.android.settings.Settings} drawState=4
07-24 13:10:27.220 5963 19049 I chatty : uid=1000(system) com.android.settings expire 1 line
07-24 13:10:27.226 1718 1747 I ActivityManager: Killing 14670:com.qti.smq.qualcommFeedback/1000 (adj 900): empty for 2682s
07-24 13:10:27.233 2060 2060 D KeyguardViewMediator: handleOnActivityDrawn: mKeyguardDonePending=true
07-24 13:10:27.233 2060 2060 D KeyguardViewMediator: keyguardDone(true)
07-24 13:10:27.235 2060 2060 D KeyguardViewMediator: handleKeyguardDone
07-24 13:10:27.235 2060 2060 D KeyguardViewMediator: handleHide
07-24 13:10:27.235 2060 2060 D KeyguardViewMediator: keyguardGoingAway
07-24 13:10:27.238 2364 2376 I TelephonyManager: getMultiSimConfiguration(): uid =1000
07-24 13:10:27.239 2364 2377 I TelephonyManager: getMultiSimConfiguration(): uid =1000
07-24 13:10:27.243 19034 19034 W System : ClassLoader referenced unknown path: /system/priv-app/SnapdragonCamera/lib/arm64
07-24 13:10:27.249 1718 2835 D ActivityManager: cleanUpApplicationRecord -- 14670
07-24 13:10:27.258 5963 5963 I ActivityThread: Removing dead content provider:android.content.ContentProviderProxy@b89a194
07-24 13:10:27.273 2060 2060 D KeyguardViewMediator: handleStartKeyguardExitAnimation startTime=4333269 fadeoutDuration=0
07-24 13:10:27.276 2060 2060 D KeyguardViewMediator: adjustStatusBarLocked: mShowing=false mOccluded=false isSecure=false --> flags=0x0
07-24 13:10:27.279 2765 2765 E BrcmNfcJni: nfcManager_doSetScreenOrPowerState: Enter
07-24 13:10:27.279 2765 2765 D BrcmNfcJni: nfcManager_doSetScreenState: state = 3
07-24 13:10:27.279 2765 2765 D BrcmNfcJni: update_transaction_stat: Enter. Requested by : setScreenState Requested state : SET
07-24 13:10:27.279 2765 2765 D BrcmNfcJni: update_transaction_stat: Exit. Requested by : setScreenState Requested state : SET status : SUCCESS
07-24 13:10:27.279 2765 2765 D BrcmNfcJni: acquireRfInterfaceMutexLock: try to acquire lock
07-24 13:10:27.279 2765 2765 D BrcmNfcJni: acquireRfInterfaceMutexLock: sRfInterfaceMutex lock
07-24 13:10:27.279 2765 2765 D BrcmNfcJni: startRfDiscovery: is start=0
07-24 13:10:27.279 2765 2765 I BrcmNfcNfa: NFA_StopRfDiscovery ()
07-24 13:10:27.280 2765 3156 I BrcmNfcNfa: NFA got event 0x010F
07-24 13:10:27.280 2765 3156 I BrcmNfcNfa: nfa_dm_evt_hdlr event: NFA_DM_API_STOP_RF_DISCOVERY_EVT (0x0f)
07-24 13:10:27.280 2765 3156 I BrcmNfcNfa: nfa_dm_act_stop_rf_discovery ()
07-24 13:10:27.280 2765 3156 I BrcmNfcNfa: nfa_dm_rf_deactivate () deactivate_type:0x0
07-24 13:10:27.280 2765 3156 I BrcmNfcNfa: nfa_dm_disc_sm_execute (): state: DISCOVERY (1), event: DEACTIVATE_CMD(6) disc_flags: 0x2
07-24 13:10:27.280 2765 3156 I BrcmNfcNfa: NFC_Deactivate 4 (IDLE) deactivate_type:0
07-24 13:10:27.280 2765 3156 I BrcmNfcNfa: nfc_ncif_send_cmd()
07-24 13:10:27.280 2765 3156 I BrcmNfcNfa: nfc_ncif_check_cmd_queue : Writing to HAL...
07-24 13:10:27.280 2765 3156 I BrcmNfcNfa: nfc_ncif_check_cmd_queue : cmd_size:1
07-24 13:10:27.280 2765 3156 D NfcAdaptation: NfcAdaptation::HalWrite
07-24 13:10:27.280 2765 3156 D NxpExtns: const nxp::CNfcParam *nxp::CNfcConfig::find(const char *) const found MIFARE_READER_ENABLE=(0x1)
07-24 13:10:27.280 2765 3187 D NxpTml : PN54X - Write requested.....
07-24 13:10:27.280 2765 3187 D NxpTml : PN54X - Invoking I2C Write.....
07-24 13:10:27.280 2765 3187 E NxpTml : _i2c_write() errno : 5
07-24 13:10:27.280 2765 3187 E NxpTml : PN54X - Error in I2C Write.....
07-24 13:10:27.280 2765 3187 D NxpTml : PN54X - Posting Fresh Write message.....
07-24 13:10:27.280 2765 3187 D NxpTml : PN54X - Tml Writer Thread Running................
07-24 13:10:27.280 2765 3189 E NxpHal : write error status = 0x1ff
07-24 13:10:27.280 2765 3156 E NxpHal : write_unlocked failed - PN54X Maybe in Standby Mode - Retry
07-24 13:10:27.282 1718 2690 I ProcessStatsService: Added stats: 2018-07-23-10-49-51, over +1h8m28s67ms
07-24 13:10:27.283 2060 2060 D PhoneStatusBar: disable: < expand ICONS alerts SYSTEM_INFO back home* recent* clock search* quick_settings
> 07-24 13:10:27.286 2765 3187 D NxpTml : PN54X - Write requested.....
07-24 13:10:27.286 2765 3187 D NxpTml : PN54X - Invoking I2C Write.....
07-24 13:10:27.287 2765 3186 D NxpTml : PN54X - I2C Read successful.....len = 4
07-24 13:10:27.287 2765 3186 D NxpTml : phTmlNfc_WaitWriteComplete - enter
07-24 13:10:27.287 2765 3187 D NxpNciX : len = 4 => 21060100
07-24 13:10:27.287 2765 3187 D NxpTml : PN54X - I2C Write successful.....
07-24 13:10:27.287 2765 3187 D NxpTml : PN54X - Posting Fresh Write message.....
07-24 13:10:27.287 2765 3187 D NxpTml : phTmlNfc_SignalWriteComplete - enter
07-24 13:10:27.287 2765 3189 D NxpHal : write successful status = 0x0
07-24 13:10:27.287 2765 3187 D NxpTml : phTmlNfc_SignalWriteComplete - exit
07-24 13:10:27.287 2765 3187 D NxpTml : PN54X - Tml Writer Thread Running................
07-24 13:10:27.287 2765 3186 D NxpTml : phTmlNfc_WaitWriteComplete - exit
07-24 13:10:27.287 2765 3186 D NxpTml : PN54X - Posting read message.....
07-24 13:10:27.287 2765 3186 D NxpNciR : len = 4 <= 41060100
07-24 13:10:27.287 2765 3156 I BrcmNfcNfa: nfa_dm_disc_sm_execute (): new state: DISCOVERY (1), disc_flags: 0x22
07-24 13:10:27.287 2765 3189 D NxpHal : read successful status = 0x0
07-24 13:10:27.287 2765 3156 I BrcmNfcNfa: nfa_sys_ptim_stop_timer 7afadc58
07-24 13:10:27.287 2765 3189 D NfcAdaptation: NfcAdaptation::HalDeviceContextDataCallback: len=4
07-24 13:10:27.287 2765 3156 I BrcmNfcNfa: ptim timer stop
07-24 13:10:27.287 2765 3156 I BrcmNfcNfa: Stopped presence check timer (if started)
07-24 13:10:27.287 2765 3156 I BrcmNfcNfa: NFC received rsp gid:1
07-24 13:10:27.287 2765 3156 I BrcmNfcNfa: P2P_Prio_Logic
07-24 13:10:27.287 2765 3156 I BrcmNfcNfa: nfa_dm_p2p_prio_logic event_type = 0x1
07-24 13:10:27.287 2765 3186 D NxpTml : PN54X - Read requested.....
07-24 13:10:27.287 2765 3156 I BrcmNfcNfa: returning TRUE
07-24 13:10:27.287 2765 3186 D NxpTml : PN54X - Invoking I2C Read.....
07-24 13:10:27.287 2765 3156 I BrcmNfcNfa: nfc_set_state 4 (IDLE)->4 (IDLE)
07-24 13:10:27.287 2765 3156 I BrcmNfcNfa: nfa_dm_disc_data_cback ()
07-24 13:10:27.287 2765 3156 I BrcmNfcNfa: nfa_dm_disc_discovery_cback (): event:0x4005
07-24 13:10:27.287 2765 3156 I BrcmNfcNfa: nfa_dm_disc_sm_execute (): state: DISCOVERY (1), event: DEACTIVATE_RSP(7) disc_flags: 0x22
07-24 13:10:27.287 2765 3156 I BrcmNfcNfa: nfa_dm_disc_new_state (): old_state: DISCOVERY (1), new_state: IDLE (0) disc_flags: 0x2
07-24 13:10:27.287 2765 3156 D BrcmNfcJni: nfaConnectionCallback: Connection Event = 31
07-24 13:10:27.287 2765 3156 D BrcmNfcJni: nfaConnectionCallback: NFA_RF_DISCOVERY_STOPPED_EVT: status = 0x0
07-24 13:10:27.287 2765 3156 D BrcmNfcJni: notifyPollingEventwhileNfcOff: sDiscCmdwhleNfcOff=0
07-24 13:10:27.287 2765 3156 D BrcmNfcJni: getReconnectState = 0x0
07-24 13:10:27.288 2765 3156 I BrcmNfcNfa: nfa_dm_start_rf_discover (): enter
07-24 13:10:27.288 2765 2765 D BrcmNfcJni: startRfDiscovery: is exit=0
07-24 13:10:27.288 2765 3156 I BrcmNfcNfa: nfa_dm_start_rf_discover (): return
07-24 13:10:27.288 2765 3156 I BrcmNfcNfa: nfa_dm_disc_sm_execute (): new state: IDLE (0), disc_flags: 0x0
07-24 13:10:27.288 2765 2765 D NxpExtns: const CNxpNfcParam *CNxpNfcConfig::find(const char *) const found NXP_CORE_SCRN_OFF_AUTONOMOUS_ENABLE=(0x0)
07-24 13:10:27.288 2765 2765 D BrcmNfcJni: nfcManager_doSetScreenState: enter; NAME_NXP_CORE_SCRN_OFF_AUTONOMOUS_ENABLE = 00
07-24 13:10:27.288 2765 2765 D BrcmNfcJni: nfcManager_doSetScreenState: enter; NAME_NXP_CORE_SCRN_OFF_AUTONOMOUS_ENABLE = 00
07-24 13:10:27.288 2765 2765 D BrcmNfcJni: SetScreenState: enter
07-24 13:10:27.288 2765 2765 D BrcmNfcJni: Screen ON-Unlocked
07-24 13:10:27.288 2765 2765 D BrcmNfcJni: SetScreenState: Success NFA_SendNxpNciCommand
07-24 13:10:27.288 2765 3156 I BrcmNfcNfa: NFA got event 0x011A
07-24 13:10:27.288 2765 3156 I BrcmNfcNfa: nfa_dm_evt_hdlr event: Unknown or Vendor Specific (0x1a)
07-24 13:10:27.288 2765 3156 I BrcmNfcNfa: nfc_ncif_check_cmd_queue : Writing to HAL...
07-24 13:10:27.288 2765 3156 I BrcmNfcNfa: nfc_ncif_check_cmd_queue : cmd_size:1
07-24 13:10:27.288 2765 3156 D NfcAdaptation: NfcAdaptation::HalWrite
07-24 13:10:27.288 2765 3156 D NxpExtns: const nxp::CNfcParam *nxp::CNfcConfig::find(const char *) const found MIFARE_READER_ENABLE=(0x1)
07-24 13:10:27.288 2765 3187 D NxpTml : PN54X - Write requested.....
07-24 13:10:27.288 2765 3187 D NxpTml : PN54X - Invoking I2C Write.....
07-24 13:10:27.289 2765 3186 D NxpTml : PN54X - I2C Read successful.....len = 4
07-24 13:10:27.289 2765 3186 D NxpTml : phTmlNfc_WaitWriteComplete - enter
07-24 13:10:27.289 2765 3187 D NxpNciX : len = 4 => 2F150100
07-24 13:10:27.289 2765 3187 D NxpTml : PN54X - I2C Write successful.....
07-24 13:10:27.289 2765 3187 D NxpTml : PN54X - Posting Fresh Write message.....
07-24 13:10:27.289 2765 3187 D NxpTml : phTmlNfc_SignalWriteComplete - enter
07-24 13:10:27.289 2765 3189 D NxpHal : write successful status = 0x0
07-24 13:10:27.289 2765 3187 D NxpTml : phTmlNfc_SignalWriteComplete - exit
07-24 13:10:27.289 2765 3187 D NxpTml : PN54X - Tml Writer Thread Running................
07-24 13:10:27.289 2765 3186 D NxpTml : phTmlNfc_WaitWriteComplete - exit
07-24 13:10:27.289 2765 3186 D NxpTml : PN54X - Posting read message.....
07-24 13:10:27.289 2765 3186 D NxpNciR : len = 4 <= 4F150100
07-24 13:10:27.289 2765 3189 D NxpHal : read successful status = 0x0
07-24 13:10:27.289 2765 3189 D NfcAdaptation: NfcAdaptation::HalDeviceContextDataCallback: len=4
07-24 13:10:27.290 2765 3156 I BrcmNfcNfa: nfc_ncif_proc_proprietary_rsp: mt=2, gid=15, oid=21
07-24 13:10:27.290 2765 3186 D NxpTml : PN54X - Read requested.....
07-24 13:10:27.290 2765 3156 I BrcmNfcNfa: nfc_ncif_proc_proprietary_rsp: exit status=1
07-24 13:10:27.290 2765 3156 D BrcmNfcJni: NxpResponse_SetDhlf_Cb Received length data = 0x4 status = 0x0
07-24 13:10:27.290 2765 3186 D NxpTml : PN54X - Invoking I2C Read.....
07-24 13:10:27.290 2765 2765 D BrcmNfcJni: StoreScreenState: enter
07-24 13:10:27.290 2765 2765 I BrcmNfcNfa: nfc_ncif_storeScreenState gScreenState : 3
07-24 13:10:27.290 2765 2765 D BrcmNfcJni: StoreScreenState: exit
07-24 13:10:27.290 2765 2765 D BrcmNfcJni: nfcManager_doSetScreenState: auto_num : 0 sAutonomousSet : 0 sRfFieldOff : 1
07-24 13:10:27.290 2765 2765 D BrcmNfcJni: Not sending AUTONOMOUS command state is 3
07-24 13:10:27.290 2765 2765 D BrcmNfcJni: startRfDiscovery: is start=1
07-24 13:10:27.290 2765 2765 I BrcmNfcNfa: NFA_StartRfDiscovery ()
07-24 13:10:27.290 2765 3156 I BrcmNfcNfa: NFA got event 0x010E
07-24 13:10:27.290 2765 3156 I BrcmNfcNfa: nfa_dm_evt_hdlr event: NFA_DM_API_START_RF_DISCOVERY_EVT (0x0e)
07-24 13:10:27.290 2765 3156 I BrcmNfcNfa: nfa_dm_act_start_rf_discovery ()
07-24 13:10:27.290 2765 3156 I BrcmNfcNfa: nfa_dm_start_rf_discover (): enter
07-24 13:10:27.290 2765 3156 I BrcmNfcNfa: nfa_ee_get_tech_route(): power state : 1
07-24 13:10:27.290 2765 3156 I BrcmNfcNfa: TechA route: 0x0, TechB route: 0x0, TechF route: 0xc0, TechB' route: 0x0
07-24 13:10:27.290 2765 3156 I BrcmNfcNfa: requested_disc_mask = 0x140000, xx=0
07-24 13:10:27.290 2765 3156 I BrcmNfcNfa: poll_mask=0x0 listen_mask=0x0
07-24 13:10:27.290 2765 3156 I BrcmNfcNfa: listen_mask value after NFC-A = 0x40000
07-24 13:10:27.290 2765 3156 I BrcmNfcNfa: listen_mask value after NFC-B = 0x140000
07-24 13:10:27.290 2765 3156 I BrcmNfcNfa: listen_mask value after NFC-F = 0x140000
07-24 13:10:27.290 2765 3156 I BrcmNfcNfa: listen_mask value after NFC-B Prime = 0x140000
07-24 13:10:27.290 2765 3156 I BrcmNfcNfa: dm_disc_mask = 0x0
07-24 13:10:27.290 2765 3156 I BrcmNfcNfa: listen_mask value after T1T and T2T = 0x140000
07-24 13:10:27.290 2765 3156 I BrcmNfcNfa: listen_mask value after NFC-DEP = 0x140000
07-24 13:10:27.290 2765 3156 I BrcmNfcNfa: nfa_dm_cb.disc_cb.entry[0].selected_disc_mask = 0x140000
07-24 13:10:27.290 2765 3156 I BrcmNfcNfa: selected dm_disc_mask 0x140000 for entry[0]
07-24 13:10:27.290 2765 3156 I BrcmNfcNfa: requested_disc_mask = 0x340000, xx=1
07-24 13:10:27.290 2765 3156 I BrcmNfcNfa: poll_mask=0x0 listen_mask=0x0
07-24 13:10:27.290 2765 3156 I BrcmNfcNfa: listen_mask value after NFC-A = 0x40000
07-24 13:10:27.290 2765 3156 I BrcmNfcNfa: listen_mask value after NFC-B = 0x140000
07-24 13:10:27.290 2765 3156 I BrcmNfcNfa: listen_mask value after NFC-F = 0x340000
07-24 13:10:27.290 2765 3156 I BrcmNfcNfa: listen_mask value after NFC-B Prime = 0x340000
07-24 13:10:27.290 2765 3156 I BrcmNfcNfa: dm_disc_mask = 0x140000
07-24 13:10:27.290 2765 3156 I BrcmNfcNfa: listen_mask value after T1T and T2T = 0x340000
07-24 13:10:27.290 2765 3156 I BrcmNfcNfa: listen_mask value after NFC-DEP = 0x340000
07-24 13:10:27.290 2765 3156 I BrcmNfcNfa: nfa_dm_cb.disc_cb.entry[1].selected_disc_mask = 0x340000
07-24 13:10:27.290 2765 3156 I BrcmNfcNfa: selected dm_disc_mask 0x340000 for entry[1]
07-24 13:10:27.290 2765 3156 I BrcmNfcNfa: dm_disc_mask calculated finally for discovery: 0x340000
07-24 13:10:27.290 2765 3156 D NfcAdaptation: const CNfcParam *CNfcConfig::find(const char *) const found NXP_FWD_FUNCTIONALITY_ENABLE=(0x1)
07-24 13:10:27.290 2765 3156 D NfcAdaptation: const CNfcParam *CNfcConfig::find(const char *) const found HOST_LISTEN_TECH_MASK=(0x7)
07-24 13:10:27.290 2765 3156 I BrcmNfcNfa: nfa_dm_start_rf_discover:HOST_LISTEN_TECH_MASK = 0x07;
07-24 13:10:27.290 2765 3156 D NfcAdaptation: const CNfcParam *CNfcConfig::find(const char *) const found UICC_LISTEN_TECH_MASK=(0x7)
07-24 13:10:27.290 2765 3156 I BrcmNfcNfa: nfa_dm_start_rf_discover:UICC_LISTEN_TECH_MASK = 0x07;
07-24 13:10:27.290 2765 3156 D NfcAdaptation: const CNfcParam *CNfcConfig::find(const char *) const found P2P_LISTEN_TECH_MASK=(0xC5)
07-24 13:10:27.290 2765 3156 I BrcmNfcNfa: nfa_dm_start_rf_discover:P2P_LISTEN_TECH_MASK = 0x0C5;
07-24 13:10:27.290 2765 3156 I BrcmNfcNfa: nfa_ee_find_ecb ()
07-24 13:10:27.290 2765 3156 I BrcmNfcNfa: supported tech list is 0x00 for given nfcee_id: 0x2
07-24 13:10:27.290 2765 3156 I BrcmNfcNfa: dm_disc_mask before masking = 0x340000
07-24 13:10:27.290 2765 3156 I BrcmNfcNfa: dm_disc_mask after masking = 0x340000
07-24 13:10:27.290 2765 3156 I BrcmNfcNfa: nfa_dm_get_rf_discover_config : dm_disc_mask = 0x00340000
07-24 13:10:27.290 2765 3156 I BrcmNfcNfa: nfa_dm_get_rf_discover_config () removing active listen A/B 0x340000
07-24 13:10:27.290 2765 3156 I BrcmNfcNfa: nfa_dm_set_listen_mode_set_configs : tech_proto_mask = 0x00340000
07-24 13:10:27.290 2765 3156 D NfcAdaptation: const CNfcParam *CNfcConfig::find(const char *) const found HOST_LISTEN_TECH_MASK=(0x7)
07-24 13:10:27.290 2765 3156 I BrcmNfcNfa: nfa_dm_set_listen_mode_set_configs : HOST_LISTEN_TECH_MASK = 0x07;
07-24 13:10:27.290 2765 3156 I BrcmNfcNfa: nfa_dm_set_listen_mode_set_configs : LA_SEL_INFO = 0x20;
07-24 13:10:27.290 2765 3156 I BrcmNfcNfa: nfa_dm_set_listen_mode_set_configs : LB_SENSB_INFO = 0x1;
07-24 13:10:27.290 2765 3156 I BrcmNfcNfa: nfa_dm_set_listen_mode_set_configs : LF_PROTOCOL_TYPE = 0x0;
07-24 13:10:27.290 2765 3156 I BrcmNfcNfa: nfa_dm_check_set_config () tlv_len=9
07-24 13:10:27.290 2765 3156 I BrcmNfcNfa: nfa_dm_check_set_config () updated_len=6
07-24 13:10:27.290 2765 3156 I BrcmNfcNfa: nfc_ncif_send_cmd()
07-24 13:10:27.290 2765 3156 I BrcmNfcNfa: nfc_ncif_check_cmd_queue : Writing to HAL...
07-24 13:10:27.290 2765 3156 I BrcmNfcNfa: nfc_ncif_check_cmd_queue : cmd_size:7
07-24 13:10:27.290 2765 3156 D NfcAdaptation: NfcAdaptation::HalWrite
07-24 13:10:27.290 2765 3156 D NxpExtns: const nxp::CNfcParam *nxp::CNfcConfig::find(const char *) const found MIFARE_READER_ENABLE=(0x1)
07-24 13:10:27.291 2765 3187 D NxpTml : PN54X - Write requested.....
07-24 13:10:27.291 2765 3187 D NxpTml : PN54X - Invoking I2C Write.....
07-24 13:10:27.292 2765 3186 D NxpTml : PN54X - I2C Read successful.....len = 5
07-24 13:10:27.292 2765 3186 D NxpTml : phTmlNfc_WaitWriteComplete - enter
07-24 13:10:27.294 2765 3187 D NxpNciX : len = 10 => 20020702320120380101
07-24 13:10:27.294 2765 3187 D NxpTml : PN54X - I2C Write successful.....
07-24 13:10:27.294 2765 3187 D NxpTml : PN54X - Posting Fresh Write message.....
07-24 13:10:27.294 2765 3187 D NxpTml : phTmlNfc_SignalWriteComplete - enter
07-24 13:10:27.294 2765 3187 D NxpTml : phTmlNfc_SignalWriteComplete - exit
07-24 13:10:27.294 2765 3189 D NxpHal : write successful status = 0x0
07-24 13:10:27.294 2765 3187 D NxpTml : PN54X - Tml Writer Thread Running................
07-24 13:10:27.294 2765 3156 I BrcmNfcNfa: nfa_dm_set_total_duration ()
07-24 13:10:27.294 2765 3156 I BrcmNfcNfa: nfa_dm_check_set_config () tlv_len=4
07-24 13:10:27.294 2765 3186 D NxpTml : phTmlNfc_WaitWriteComplete - exit
07-24 13:10:27.294 2765 3156 I BrcmNfcNfa: NFC_DiscoveryStart
07-24 13:10:27.294 2765 3186 D NxpTml : PN54X - Posting read message.....
07-24 13:10:27.294 2765 3156 I BrcmNfcNfa: NFC_DiscoveryStart status: 0xe3
07-24 13:10:27.294 2765 3186 D NxpNciR : len = 5 <= 4002020000
07-24 13:10:27.294 2765 3189 D NxpHal : read successful status = 0x0
07-24 13:10:27.294 2765 3189 D NxpHal : phNxpNciHal_print_res_status: response status =STATUS_OK
07-24 13:10:27.294 2765 3189 D NfcAdaptation: NfcAdaptation::HalDeviceContextDataCallback: len=5
07-24 13:10:27.294 2765 3156 I BrcmNfcNfa: NFC received rsp gid:0
07-24 13:10:27.294 2765 3156 I BrcmNfcNfa: nci_proc_core_rsp opcode:0x2
07-24 13:10:27.294 2765 3156 I BrcmNfcNfa: nfa_dm_nfc_response_cback () NFC_SET_CONFIG_REVT(0x5002)
07-24 13:10:27.294 2765 3156 D NfcAdaptation: NfcAdaptation::HalPrediscover
07-24 13:10:27.294 2765 3156 I BrcmNfcNfa: nfc_ncif_send_cmd()
07-24 13:10:27.294 2765 3156 I BrcmNfcNfa: nfc_ncif_check_cmd_queue : Writing to HAL...
07-24 13:10:27.294 2765 3156 I BrcmNfcNfa: nfc_ncif_check_cmd_queue : cmd_size:7
07-24 13:10:27.294 2765 3156 D NfcAdaptation: NfcAdaptation::HalWrite
07-24 13:10:27.294 2765 3156 D NxpExtns: const nxp::CNfcParam *nxp::CNfcConfig::find(const char *) const found MIFARE_READER_ENABLE=(0x1)
07-24 13:10:27.294 2765 3156 D NxpHal : > Polling Loop Started
07-24 13:10:27.294 2765 3187 D NxpTml : PN54X - Write requested.....
07-24 13:10:27.294 2765 3187 D NxpTml : PN54X - Invoking I2C Write.....
07-24 13:10:27.296 2765 3186 D NxpTml : PN54X - Read requested.....
07-24 13:10:27.296 2765 3186 D NxpTml : PN54X - Invoking I2C Read.....
07-24 13:10:27.296 2765 3186 D NxpTml : PN54X - I2C Read successful.....len = 4
07-24 13:10:27.296 2765 3186 D NxpTml : phTmlNfc_WaitWriteComplete - enter
07-24 13:10:27.297 2765 3187 D NxpNciX : len = 10 => 21030703800181018201
07-24 13:10:27.297 2765 3187 D NxpTml : PN54X - I2C Write successful.....
07-24 13:10:27.297 2765 3187 D NxpTml : PN54X - Posting Fresh Write message.....
07-24 13:10:27.297 2765 3187 D NxpTml : phTmlNfc_SignalWriteComplete - enter
07-24 13:10:27.297 2765 3189 D NxpHal : write successful status = 0x0
07-24 13:10:27.297 2765 3187 D NxpTml : phTmlNfc_SignalWriteComplete - exit
07-24 13:10:27.297 2765 3187 D NxpTml : PN54X - Tml Writer Thread Running................
07-24 13:10:27.297 2765 3186 D NxpTml : phTmlNfc_WaitWriteComplete - exit
07-24 13:10:27.297 2765 3186 D NxpTml : PN54X - Posting read message.....
07-24 13:10:27.297 2765 3186 D NxpNciR : len = 4 <= 41030100
07-24 13:10:27.297 2765 3189 D NxpHal : read successful status = 0x0
07-24 13:10:27.297 2765 3189 D NfcAdaptation: NfcAdaptation::HalDeviceContextDataCallback: len=4
07-24 13:10:27.297 2765 3156 I BrcmNfcNfa: NFC received rsp gid:1
07-24 13:10:27.297 2765 3186 D NxpTml : PN54X - Read requested.....
07-24 13:10:27.297 2765 3156 I BrcmNfcNfa: returning TRUE
07-24 13:10:27.297 2765 3156 I BrcmNfcNfa: nfa_dm_disc_discovery_cback (): event:0x4000
07-24 13:10:27.297 2765 3186 D NxpTml : PN54X - Invoking I2C Read.....
07-24 13:10:27.297 2765 3156 I BrcmNfcNfa: nfa_dm_disc_sm_execute (): state: IDLE (0), event: DISCOVER_RSP(1) disc_flags: 0x31
07-24 13:10:27.297 2765 3156 I BrcmNfcNfa: nfa_dm_disc_new_state (): old_state: IDLE (0), new_state: DISCOVERY (1) disc_flags: 0x11
07-24 13:10:27.297 2765 3156 D BrcmNfcJni: nfaConnectionCallback: Connection Event = 30
07-24 13:10:27.297 2765 3156 D BrcmNfcJni: nfaConnectionCallback: NFA_RF_DISCOVERY_STARTED_EVT: status = 0x0
07-24 13:10:27.297 2765 3156 I BrcmNfcNfa: nfa_dm_disc_sm_execute (): new state: DISCOVERY (1), disc_flags: 0x1
07-24 13:10:27.297 2765 2765 D BrcmNfcJni: startRfDiscovery: is exit=1
07-24 13:10:27.297 2765 2765 D BrcmNfcJni: releaseRfInterfaceMutexLock: sRfInterfaceMutex unlock
07-24 13:10:27.297 2765 2765 D BrcmNfcJni: update_transaction_stat: Enter. Requested by : setScreenState Requested state : RESET
07-24 13:10:27.297 2765 2765 D BrcmNfcJni: update_transaction_stat: Exit. Requested by : setScreenState Requested state : RESET status : SUCCESS
07-24 13:10:27.298 2765 2765 E NfcService: applyRouting -20
07-24 13:10:27.298 2765 2765 D NfcService: applyRouting - enter force = false mScreenState = 3
07-24 13:10:27.299 2765 2765 D BrcmNfcJni: update_transaction_stat: Enter. Requested by : enableDiscovery Requested state : SET
07-24 13:10:27.299 2765 2765 D BrcmNfcJni: update_transaction_stat: Exit. Requested by : enableDiscovery Requested state : SET status : SUCCESS
07-24 13:10:27.299 2765 2765 D BrcmNfcJni: nfcManager_enableDiscovery: enter; tech_mask = ef
07-24 13:10:27.299 2765 2765 D BrcmNfcJni: nfcManager_enableDiscovery: sIsSecElemSelected=1
07-24 13:10:27.299 2765 2765 D BrcmNfcJni: acquireRfInterfaceMutexLock: try to acquire lock
07-24 13:10:27.299 2765 2765 D BrcmNfcJni: acquireRfInterfaceMutexLock: sRfInterfaceMutex lock
07-24 13:10:27.299 2765 2765 D BrcmNfcJni: PowerSwitch::setLevel: level=PS-FULL (1)
07-24 13:10:27.299 2765 2765 D BrcmNfcJni: startRfDiscovery: is start=0
07-24 13:10:27.299 2765 2765 I BrcmNfcNfa: NFA_StopRfDiscovery ()
07-24 13:10:27.299 2765 3156 I BrcmNfcNfa: NFA got event 0x010F
07-24 13:10:27.299 2765 3156 I BrcmNfcNfa: nfa_dm_evt_hdlr event: NFA_DM_API_STOP_RF_DISCOVERY_EVT (0x0f)
07-24 13:10:27.299 2765 3156 I BrcmNfcNfa: nfa_dm_act_stop_rf_discovery ()
07-24 13:10:27.299 2765 3156 I BrcmNfcNfa: nfa_dm_rf_deactivate () deactivate_type:0x0
07-24 13:10:27.299 2765 3156 I BrcmNfcNfa: nfa_dm_disc_sm_execute (): state: DISCOVERY (1), event: DEACTIVATE_CMD(6) disc_flags: 0x2
07-24 13:10:27.299 2765 3156 I BrcmNfcNfa: NFC_Deactivate 4 (IDLE) deactivate_type:0
07-24 13:10:27.299 2765 3156 I BrcmNfcNfa: nfc_ncif_send_cmd()
07-24 13:10:27.299 2765 3156 I BrcmNfcNfa: nfc_ncif_check_cmd_queue : Writing to HAL...
07-24 13:10:27.299 2765 3156 I BrcmNfcNfa: nfc_ncif_check_cmd_queue : cmd_size:1
07-24 13:10:27.299 2765 3156 D NfcAdaptation: NfcAdaptation::HalWrite
07-24 13:10:27.299 2765 3156 D NxpExtns: const nxp::CNfcParam *nxp::CNfcConfig::find(const char *) const found MIFARE_READER_ENABLE=(0x1)
07-24 13:10:27.299 2765 3187 D NxpTml : PN54X - Write requested.....
07-24 13:10:27.299 2765 3187 D NxpTml : PN54X - Invoking I2C Write.....
07-24 13:10:27.301 2765 3186 D NxpTml : PN54X - I2C Read successful.....len = 4
07-24 13:10:27.301 2765 3186 D NxpTml : phTmlNfc_WaitWriteComplete - enter
07-24 13:10:27.301 2765 3187 D NxpNciX : len = 4 => 21060100
07-24 13:10:27.301 2765 3187 D NxpTml : PN54X - I2C Write successful.....
07-24 13:10:27.301 2765 3187 D NxpTml : PN54X - Posting Fresh Write message.....
07-24 13:10:27.301 2765 3187 D NxpTml : phTmlNfc_SignalWriteComplete - enter
07-24 13:10:27.301 2765 3189 D NxpHal : write successful status = 0x0
07-24 13:10:27.301 2765 3187 D NxpTml : phTmlNfc_SignalWriteComplete - exit
07-24 13:10:27.301 2765 3187 D NxpTml : PN54X - Tml Writer Thread Running................
07-24 13:10:27.301 2765 3186 D NxpTml : phTmlNfc_WaitWriteComplete - exit
07-24 13:10:27.301 2765 3186 D NxpTml : PN54X - Posting read message.....
07-24 13:10:27.301 2765 3186 D NxpNciR : len = 4 <= 41060100
07-24 13:10:27.301 2765 3156 I BrcmNfcNfa: nfa_dm_disc_sm_execute (): new state: DISCOVERY (1), disc_flags: 0x22
07-24 13:10:27.301 2765 3156 I BrcmNfcNfa: nfa_sys_ptim_stop_timer 7afadc58
07-24 13:10:27.301 2765 3156 I BrcmNfcNfa: ptim timer stop
07-24 13:10:27.301 2765 3156 I BrcmNfcNfa: Stopped presence check timer (if started)
07-24 13:10:27.301 2765 3189 D NxpHal : read successful status = 0x0
07-24 13:10:27.301 2765 3189 D NfcAdaptation: NfcAdaptation::HalDeviceContextDataCallback: len=4
07-24 13:10:27.301 2765 3156 I BrcmNfcNfa: NFC received rsp gid:1
07-24 13:10:27.301 2765 3186 D NxpTml : PN54X - Read requested.....
07-24 13:10:27.301 2765 3156 I BrcmNfcNfa: P2P_Prio_Logic
07-24 13:10:27.301 2765 3186 D NxpTml : PN54X - Invoking I2C Read.....
07-24 13:10:27.301 2765 3156 I BrcmNfcNfa: nfa_dm_p2p_prio_logic event_type = 0x1
07-24 13:10:27.301 2765 3156 I BrcmNfcNfa: returning TRUE
07-24 13:10:27.301 2765 3156 I BrcmNfcNfa: nfc_set_state 4 (IDLE)->4 (IDLE)
07-24 13:10:27.301 2765 3156 I BrcmNfcNfa: nfa_dm_disc_data_cback ()
07-24 13:10:27.301 2765 3156 I BrcmNfcNfa: nfa_dm_disc_discovery_cback (): event:0x4005
07-24 13:10:27.301 2765 3156 I BrcmNfcNfa: nfa_dm_disc_sm_execute (): state: DISCOVERY (1), event: DEACTIVATE_RSP(7) disc_flags: 0x22
07-24 13:10:27.301 2765 3156 I BrcmNfcNfa: nfa_dm_disc_new_state (): old_state: DISCOVERY (1), new_state: IDLE (0) disc_flags: 0x2
07-24 13:10:27.301 2765 3156 D BrcmNfcJni: nfaConnectionCallback: Connection Event = 31
07-24 13:10:27.301 2765 3156 D BrcmNfcJni: nfaConnectionCallback: NFA_RF_DISCOVERY_STOPPED_EVT: status = 0x0
07-24 13:10:27.301 2765 3156 D BrcmNfcJni: notifyPollingEventwhileNfcOff: sDiscCmdwhleNfcOff=0
07-24 13:10:27.301 2765 3156 D BrcmNfcJni: getReconnectState = 0x0
07-24 13:10:27.301 2765 3156 I BrcmNfcNfa: nfa_dm_start_rf_discover (): enter
07-24 13:10:27.301 2765 2765 D BrcmNfcJni: startRfDiscovery: is exit=0
07-24 13:10:27.301 2765 3156 I BrcmNfcNfa: nfa_dm_start_rf_discover (): return
07-24 13:10:27.301 2765 3156 I BrcmNfcNfa: nfa_dm_disc_sm_execute (): new state: IDLE (0), disc_flags: 0x0
07-24 13:10:27.301 2765 2765 D NfcAdaptation: const CNfcParam *CNfcConfig::find(const char *) const found UICC_LISTEN_TECH_MASK=(0x7)
07-24 13:10:27.301 2765 2765 D BrcmNfcJni: nfcManager_enableDiscovery:UICC_LISTEN_MASK=0x07;
07-24 13:10:27.301 2765 2765 D BrcmNfcJni: nfcManager_enableDiscovery: Disable p2pListening
07-24 13:10:27.301 2765 2765 D BrcmNfcJni: PeerToPeer::enableP2pListening: enter isEnable: 0 mIsP2pListening: 0
07-24 13:10:27.301 2765 2765 D BrcmNfcJni: PeerToPeer::enableP2pListening: exit; mIsP2pListening: 0
07-24 13:10:27.301 2765 2765 D BrcmNfcJni: stopPolling_rfDiscoveryDisabled: disable polling
07-24 13:10:27.301 2765 2765 I BrcmNfcNfa: NFA_DisablePolling ()
07-24 13:10:27.301 2765 3156 I BrcmNfcNfa: NFA got event 0x0107
07-24 13:10:27.301 2765 3156 I BrcmNfcNfa: nfa_dm_evt_hdlr event: NFA_DM_API_DISABLE_POLLING_EVT (0x07)
07-24 13:10:27.301 2765 3156 I BrcmNfcNfa: nfa_dm_act_disable_polling ()
07-24 13:10:27.301 2765 3156 D BrcmNfcJni: nfaConnectionCallback: Connection Event = 1
07-24 13:10:27.301 2765 3156 D BrcmNfcJni: nfaConnectionCallback: NFA_POLL_DISABLED_EVT: status = 0x3
07-24 13:10:27.301 2765 2765 D BrcmNfcJni: startPolling_rfDiscoveryDisabled: enable polling
07-24 13:10:27.301 2765 2765 I BrcmNfcNfa: NFA_EnablePolling () 0xEF
07-24 13:10:27.302 2765 2765 D BrcmNfcJni: startPolling_rfDiscoveryDisabled: wait for enable event
07-24 13:10:27.302 2765 3156 I BrcmNfcNfa: NFA got event 0x0106
07-24 13:10:27.302 2765 3156 I BrcmNfcNfa: nfa_dm_evt_hdlr event: NFA_DM_API_ENABLE_POLLING_EVT (0x06)
07-24 13:10:27.302 2765 3156 I BrcmNfcNfa: nfa_dm_act_enable_polling ()
07-24 13:10:27.302 2765 3156 I BrcmNfcNfa: nfa_dm_start_polling ()
07-24 13:10:27.302 2765 3156 I BrcmNfcNfa: nfa_dm_add_rf_discover ():host_id=0x0 disc_mask=0x7d7f
07-24 13:10:27.302 2765 3156 I BrcmNfcNfa: nfa_dm_add_rf_discover ():disc_mask=0x7d7f, cback entry:[2]
07-24 13:10:27.302 2765 3156 D BrcmNfcJni: nfaConnectionCallback: Connection Event = 0
07-24 13:10:27.302 2765 3156 D BrcmNfcJni: nfaConnectionCallback: NFA_POLL_ENABLED_EVT: status = 0x0
07-24 13:10:27.302 2765 2765 D BrcmNfcJni: nfcManager_enableDiscovery: Enable p2pListening
07-24 13:10:27.302 2765 2765 D BrcmNfcJni: nfcManager_enableDiscovery: restart UICC listen mode (07)
07-24 13:10:27.302 2765 2765 D BrcmNfcJni: SecureElement::getEseHandleFromGenericId: enter; ESE-ID = 0x02
07-24 13:10:27.302 2765 2765 D BrcmNfcJni: SecureElement::getEseHandleFromGenericId: enter; ESE-Handle = 0x402
07-24 13:10:27.302 2765 2765 I BrcmNfcNfa: NFA_CeConfigureUiccListenTech () ee_handle = 0x402 tech_mask = 0x0
07-24 13:10:27.302 2765 3156 I BrcmNfcNfa: NFA got event 0x0702
07-24 13:10:27.302 2765 3156 I BrcmNfcNfa: nfa_ce_handle_event event: NFA_CE_API_DEREG_LISTEN_EVT (0x702), flags: 00000000
07-24 13:10:27.302 2765 3156 I BrcmNfcNfa: NFA_CE: removing listen_info entry 3
07-24 13:10:27.302 2765 3156 D BrcmNfcJni: nfaConnectionCallback: Connection Event = 29
07-24 13:10:27.302 2765 3156 D BrcmNfcJni: nfaConnectionCallback: NFA_CE_UICC_LISTEN_CONFIGURED_EVT : status = 0x0
07-24 13:10:27.302 2765 2765 I BrcmNfcNfa: NFA_CeConfigureUiccListenTech () ee_handle = 0x402 tech_mask = 0x7
07-24 13:10:27.302 2765 3156 I BrcmNfcNfa: NFA got event 0x0701
07-24 13:10:27.302 2765 3156 I BrcmNfcNfa: nfa_ce_handle_event event: NFA_CE_API_REG_LISTEN_EVT (0x701), flags: 00000000
07-24 13:10:27.302 2765 3156 I BrcmNfcNfa: nfa_ce_api_reg_listen ():Registering UICC/ESE/Felica/Type-4 tag listener. Type=3
07-24 13:10:27.302 2765 3156 I BrcmNfcNfa: nfa_ce_api_reg_listen ():found free entry listen_info_idx = 3
07-24 13:10:27.302 2765 3156 I BrcmNfcNfa: NFA_CE: adding listen_info entry 3
07-24 13:10:27.302 2765 3156 I BrcmNfcNfa: nfa_ce_start_listening(): enter
07-24 13:10:27.302 2765 3156 E BrcmNfcNfa: UICC/ESE[0x402] is not activated
07-24 13:10:27.303 2765 3156 I BrcmNfcNfa: nfa_ce_start_listening(): exit
07-24 13:10:27.303 2765 3156 D BrcmNfcJni: nfaConnectionCallback: Connection Event = 29
07-24 13:10:27.303 2765 3156 D BrcmNfcJni: nfaConnectionCallback: NFA_CE_UICC_LISTEN_CONFIGURED_EVT : status = 0x0
07-24 13:10:27.304 2765 2765 D BrcmNfcJni: startRfDiscovery: is start=1
07-24 13:10:27.304 2765 2765 I BrcmNfcNfa: NFA_StartRfDiscovery ()
07-24 13:10:27.304 2765 3156 I BrcmNfcNfa: NFA got event 0x010E
07-24 13:10:27.304 2765 3156 I BrcmNfcNfa: nfa_dm_evt_hdlr event: NFA_DM_API_START_RF_DISCOVERY_EVT (0x0e)
07-24 13:10:27.304 2765 3156 I BrcmNfcNfa: nfa_dm_act_start_rf_discovery ()
07-24 13:10:27.304 2765 3156 I BrcmNfcNfa: nfa_dm_start_rf_discover (): enter
07-24 13:10:27.304 2765 3156 I BrcmNfcNfa: nfa_ee_get_tech_route(): power state : 1
07-24 13:10:27.304 2765 3156 I BrcmNfcNfa: TechA route: 0x0, TechB route: 0x0, TechF route: 0xc0, TechB' route: 0x0
07-24 13:10:27.304 2765 3156 I BrcmNfcNfa: requested_disc_mask = 0x140000, xx=0
07-24 13:10:27.304 2765 3156 I BrcmNfcNfa: poll_mask=0x0 listen_mask=0x0
07-24 13:10:27.304 2765 3156 I BrcmNfcNfa: listen_mask value after NFC-A = 0x40000
07-24 13:10:27.304 2765 3156 I BrcmNfcNfa: listen_mask value after NFC-B = 0x140000
07-24 13:10:27.304 2765 3156 I BrcmNfcNfa: listen_mask value after NFC-F = 0x140000
07-24 13:10:27.304 2765 3156 I BrcmNfcNfa: listen_mask value after NFC-B Prime = 0x140000
07-24 13:10:27.304 2765 3156 I BrcmNfcNfa: dm_disc_mask = 0x0
07-24 13:10:27.304 2765 3156 I BrcmNfcNfa: listen_mask value after T1T and T2T = 0x140000
07-24 13:10:27.304 2765 3156 I BrcmNfcNfa: listen_mask value after NFC-DEP = 0x140000
07-24 13:10:27.304 2765 3156 I BrcmNfcNfa: nfa_dm_cb.disc_cb.entry[0].selected_disc_mask = 0x140000
07-24 13:10:27.304 2765 3156 I BrcmNfcNfa: selected dm_disc_mask 0x140000 for entry[0]
07-24 13:10:27.304 2765 3156 I BrcmNfcNfa: requested_disc_mask = 0x340000, xx=1
07-24 13:10:27.304 2765 3156 I BrcmNfcNfa: poll_mask=0x0 listen_mask=0x0
07-24 13:10:27.304 2765 3156 I BrcmNfcNfa: listen_mask value after NFC-A = 0x40000
07-24 13:10:27.304 2765 3156 I BrcmNfcNfa: listen_mask value after NFC-B = 0x140000
07-24 13:10:27.304 2765 3156 I BrcmNfcNfa: listen_mask value after NFC-F = 0x340000
07-24 13:10:27.304 2765 3156 I BrcmNfcNfa: listen_mask value after NFC-B Prime = 0x340000
07-24 13:10:27.304 2765 3156 I BrcmNfcNfa: dm_disc_mask = 0x140000
07-24 13:10:27.304 2765 3156 I BrcmNfcNfa: listen_mask value after T1T and T2T = 0x340000
07-24 13:10:27.304 2765 3156 I BrcmNfcNfa: listen_mask value after NFC-DEP = 0x340000
07-24 13:10:27.304 2765 3156 I BrcmNfcNfa: nfa_dm_cb.disc_cb.entry[1].selected_disc_mask = 0x340000
07-24 13:10:27.304 2765 3156 I BrcmNfcNfa: selected dm_disc_mask 0x340000 for entry[1]
07-24 13:10:27.304 2765 3156 I BrcmNfcNfa: requested_disc_mask = 0x7d7f, xx=2
07-24 13:10:27.304 2765 3156 I BrcmNfcNfa: poll_mask=0x7D7F listen_mask=0x0
07-24 13:10:27.304 2765 3156 I BrcmNfcNfa: listen_mask value after NFC-A = 0x0
07-24 13:10:27.304 2765 3156 I BrcmNfcNfa: listen_mask value after NFC-B = 0x0
07-24 13:10:27.304 2765 3156 I BrcmNfcNfa: listen_mask value after NFC-F = 0x0
07-24 13:10:27.304 2765 3156 I BrcmNfcNfa: listen_mask value after NFC-B Prime = 0x0
07-24 13:10:27.304 2765 3156 I BrcmNfcNfa: dm_disc_mask = 0x340000
07-24 13:10:27.304 2765 3156 I BrcmNfcNfa: listen_mask value after T1T and T2T = 0x0
07-24 13:10:27.304 2765 3156 I BrcmNfcNfa: listen_mask value after NFC-DEP = 0x0
07-24 13:10:27.304 2765 3156 I BrcmNfcNfa: nfa_dm_cb.disc_cb.entry[2].selected_disc_mask = 0x7d7f
07-24 13:10:27.304 2765 3156 I BrcmNfcNfa: selected dm_disc_mask 0x347D7F for entry[2]
07-24 13:10:27.304 2765 3156 I BrcmNfcNfa: dm_disc_mask calculated finally for discovery: 0x347D7F
07-24 13:10:27.304 2765 3156 D NfcAdaptation: const CNfcParam *CNfcConfig::find(const char *) const found NXP_FWD_FUNCTIONALITY_ENABLE=(0x1)
07-24 13:10:27.304 2765 3156 D NfcAdaptation: const CNfcParam *CNfcConfig::find(const char *) const found HOST_LISTEN_TECH_MASK=(0x7)
07-24 13:10:27.304 2765 3156 I BrcmNfcNfa: nfa_dm_start_rf_discover:HOST_LISTEN_TECH_MASK = 0x07;
07-24 13:10:27.304 2765 3156 D NfcAdaptation: const CNfcParam *CNfcConfig::find(const char *) const found UICC_LISTEN_TECH_MASK=(0x7)
07-24 13:10:27.304 2765 3156 I BrcmNfcNfa: nfa_dm_start_rf_discover:UICC_LISTEN_TECH_MASK = 0x07;
07-24 13:10:27.304 2765 3156 D NfcAdaptation: const CNfcParam *CNfcConfig::find(const char *) const found P2P_LISTEN_TECH_MASK=(0xC5)
07-24 13:10:27.304 2765 3156 I BrcmNfcNfa: nfa_dm_start_rf_discover:P2P_LISTEN_TECH_MASK = 0x0C5;
07-24 13:10:27.304 2765 3156 I BrcmNfcNfa: nfa_ee_find_ecb ()
07-24 13:10:27.304 2765 3156 I BrcmNfcNfa: supported tech list is 0x00 for given nfcee_id: 0x2
07-24 13:10:27.304 2765 3156 I BrcmNfcNfa: nfa_p2p_set_config ()
07-24 13:10:27.304 2765 3156 I BrcmNfcNfa: LLCP_GetDiscoveryConfig ()
07-24 13:10:27.304 14405 18952 W MDM : [708] abya.c: enableNfc
07-24 13:10:27.304 2765 3156 I BrcmNfcNfa: nfa_dm_check_set_config () tlv_len=2
07-24 13:10:27.304 2765 3156 I BrcmNfcNfa: nfa_dm_check_set_config () tlv_len=3
07-24 13:10:27.304 2765 3156 I BrcmNfcNfa: dm_disc_mask before masking = 0x347d7f
07-24 13:10:27.304 2765 3156 I BrcmNfcNfa: dm_disc_mask after masking = 0x347d7f
07-24 13:10:27.304 2765 3156 I BrcmNfcNfa: nfa_dm_get_rf_discover_config : dm_disc_mask = 0x00347D7F
07-24 13:10:27.304 2765 3156 I BrcmNfcNfa: nfa_dm_get_rf_discover_config () removing active listen A/B 0x347d7f
07-24 13:10:27.304 2765 3156 I BrcmNfcNfa: nfa_dm_set_listen_mode_set_configs : tech_proto_mask = 0x00347D7F
07-24 13:10:27.304 2765 3156 D NfcAdaptation: const CNfcParam *CNfcConfig::find(const char *) const found HOST_LISTEN_TECH_MASK=(0x7)
07-24 13:10:27.304 2765 3156 I BrcmNfcNfa: nfa_dm_set_listen_mode_set_configs : HOST_LISTEN_TECH_MASK = 0x07;
07-24 13:10:27.304 2765 3156 I BrcmNfcNfa: nfa_dm_set_listen_mode_set_configs : LA_SEL_INFO = 0x20;
07-24 13:10:27.304 2765 3156 I BrcmNfcNfa: nfa_dm_set_listen_mode_set_configs : LB_SENSB_INFO = 0x1;
07-24 13:10:27.304 2765 3156 I BrcmNfcNfa: nfa_dm_set_listen_mode_set_configs : LF_PROTOCOL_TYPE = 0x0;
07-24 13:10:27.304 2765 3156 I BrcmNfcNfa: nfa_dm_check_set_config () tlv_len=9
07-24 13:10:27.304 2765 3156 I BrcmNfcNfa: nfa_dm_check_set_config () updated_len=6
07-24 13:10:27.304 2765 3156 I BrcmNfcNfa: nfc_ncif_send_cmd()
07-24 13:10:27.305 2765 3156 I BrcmNfcNfa: nfc_ncif_check_cmd_queue : Writing to HAL...
07-24 13:10:27.305 2765 3156 I BrcmNfcNfa: nfc_ncif_check_cmd_queue : cmd_size:7
07-24 13:10:27.305 2765 3156 D NfcAdaptation: NfcAdaptation::HalWrite
07-24 13:10:27.305 2765 3156 D NxpExtns: const nxp::CNfcParam *nxp::CNfcConfig::find(const char *) const found MIFARE_READER_ENABLE=(0x1)
07-24 13:10:27.305 14405 18952 W MDM : [708] abya.c: EnableNfc flag is true
07-24 13:10:27.305 2765 3187 D NxpTml : PN54X - Write requested.....
07-24 13:10:27.305 2765 3187 D NxpTml : PN54X - Invoking I2C Write.....
07-24 13:10:27.306 2765 3187 D NxpNciX : len = 10 => 20020702320120380101
07-24 13:10:27.306 2765 3187 D NxpTml : PN54X - I2C Write successful.....
07-24 13:10:27.306 2765 3187 D NxpTml : PN54X - Posting Fresh Write message.....
07-24 13:10:27.306 2765 3187 D NxpTml : PN54X - Tml Writer Thread Running................
07-24 13:10:27.306 2765 3189 D NxpHal : write successful status = 0x0
07-24 13:10:27.307 2765 3156 I BrcmNfcNfa: nfa_dm_set_total_duration ()
07-24 13:10:27.307 2765 3156 I BrcmNfcNfa: nfa_dm_check_set_config () tlv_len=4
07-24 13:10:27.307 2765 3156 I BrcmNfcNfa: NFC_DiscoveryStart
07-24 13:10:27.307 2765 3156 I BrcmNfcNfa: NFC_DiscoveryStart status: 0xe3
07-24 13:10:27.307 2765 3186 D NxpTml : PN54X - I2C Read successful.....len = 5
07-24 13:10:27.307 2765 3186 D NxpTml : PN54X - Posting read message.....
07-24 13:10:27.307 2765 3186 D NxpNciR : len = 5 <= 4002020000
07-24 13:10:27.307 2765 3189 D NxpHal : read successful status = 0x0
07-24 13:10:27.307 2765 3189 D NxpHal : phNxpNciHal_print_res_status: response status =STATUS_OK
07-24 13:10:27.307 2765 3189 D NfcAdaptation: NfcAdaptation::HalDeviceContextDataCallback: len=5
07-24 13:10:27.307 2765 3156 I BrcmNfcNfa: NFC received rsp gid:0
07-24 13:10:27.307 2765 3186 D NxpTml : PN54X - Read requested.....
07-24 13:10:27.307 2765 3186 D NxpTml : PN54X - Invoking I2C Read.....
07-24 13:10:27.307 2765 3156 I BrcmNfcNfa: nci_proc_core_rsp opcode:0x2
07-24 13:10:27.307 2765 3156 I BrcmNfcNfa: nfa_dm_nfc_response_cback () NFC_SET_CONFIG_REVT(0x5002)
07-24 13:10:27.307 2765 3156 D NfcAdaptation: NfcAdaptation::HalPrediscover
07-24 13:10:27.307 2765 3156 I BrcmNfcNfa: nfc_ncif_send_cmd()
07-24 13:10:27.307 2765 3156 I BrcmNfcNfa: nfc_ncif_check_cmd_queue : Writing to HAL...
07-24 13:10:27.307 2765 3156 I BrcmNfcNfa: nfc_ncif_check_cmd_queue : cmd_size:17
07-24 13:10:27.307 2765 3156 D NfcAdaptation: NfcAdaptation::HalWrite
07-24 13:10:27.307 2765 3156 D NxpExtns: const nxp::CNfcParam *nxp::CNfcConfig::find(const char *) const found MIFARE_READER_ENABLE=(0x1)
07-24 13:10:27.307 2765 3156 D NxpHal : > Polling Loop Started
07-24 13:10:27.308 2765 3187 D NxpTml : PN54X - Write requested.....
07-24 13:10:27.308 2765 3187 D NxpTml : PN54X - Invoking I2C Write.....
07-24 13:10:27.310 2765 3187 D NxpNciX : len = 20 => 2103110800010101020180018101820106017001
07-24 13:10:27.310 2765 3187 D NxpTml : PN54X - I2C Write successful.....
07-24 13:10:27.310 2765 3187 D NxpTml : PN54X - Posting Fresh Write message.....
07-24 13:10:27.311 2765 3187 D NxpTml : PN54X - Tml Writer Thread Running................
07-24 13:10:27.311 2765 3189 D NxpHal : write successful status = 0x0
07-24 13:10:27.311 2765 3186 D NxpTml : PN54X - I2C Read successful.....len = 4
07-24 13:10:27.311 2765 3186 D NxpTml : PN54X - Posting read message.....
07-24 13:10:27.312 2765 3186 D NxpNciR : len = 4 <= 41030100
07-24 13:10:27.312 2765 3189 D NxpHal : read successful status = 0x0
07-24 13:10:27.312 2765 3189 D NfcAdaptation: NfcAdaptation::HalDeviceContextDataCallback: len=4
07-24 13:10:27.312 2765 3156 I BrcmNfcNfa: NFC received rsp gid:1
07-24 13:10:27.312 2765 3156 I BrcmNfcNfa: returning TRUE
07-24 13:10:27.312 2765 3186 D NxpTml : PN54X - Read requested.....
07-24 13:10:27.312 2765 3156 I BrcmNfcNfa: nfa_dm_disc_discovery_cback (): event:0x4000
07-24 13:10:27.312 2765 3186 D NxpTml : PN54X - Invoking I2C Read.....
07-24 13:10:27.312 2765 3156 I BrcmNfcNfa: nfa_dm_disc_sm_execute (): state: IDLE (0), event: DISCOVER_RSP(1) disc_flags: 0x31
07-24 13:10:27.312 2765 3156 I BrcmNfcNfa: nfa_dm_disc_new_state (): old_state: IDLE (0), new_state: DISCOVERY (1) disc_flags: 0x11
07-24 13:10:27.312 2765 3156 I BrcmNfcNfa: nfa_dm_poll_disc_cback (): event:0x00
07-24 13:10:27.312 2765 3156 D BrcmNfcJni: nfaConnectionCallback: Connection Event = 30
07-24 13:10:27.312 2765 3156 D BrcmNfcJni: nfaConnectionCallback: NFA_RF_DISCOVERY_STARTED_EVT: status = 0x0
07-24 13:10:27.312 2765 3156 I BrcmNfcNfa: nfa_dm_disc_sm_execute (): new state: DISCOVERY (1), disc_flags: 0x1
07-24 13:10:27.312 2765 2765 D BrcmNfcJni: startRfDiscovery: is exit=1
07-24 13:10:27.312 2765 2765 D BrcmNfcJni: PowerSwitch::setModeOn(activated=0x1) : mCurrActivity=0x1
07-24 13:10:27.312 2765 2765 D BrcmNfcJni: releaseRfInterfaceMutexLock: sRfInterfaceMutex unlock
07-24 13:10:27.312 2765 2765 D BrcmNfcJni: update_transaction_stat: Enter. Requested by : enableDiscovery Requested state : RESET
07-24 13:10:27.312 2765 2765 D BrcmNfcJni: update_transaction_stat: Exit. Requested by : enableDiscovery Requested state : RESET status : SUCCESS
07-24 13:10:27.312 2765 2765 D BrcmNfcJni: nfcManager_enableDiscovery: exit
07-24 13:10:27.321 14405 16935 I CastDatabase: Opening the database
07-24 13:10:27.325 5963 14685 I chatty : uid=1000(system) SummaryLoader expire 87 lines
07-24 13:10:27.326 19034 19034 I CameraManagerGlobal: Connecting to camera service
07-24 13:10:27.327 5963 14685 W ProcStatsManager: No process com.google.android.apps.walletnfcrel/10073 for service com.google.commerce.tapandpay.android.clientconfig.sync.ClientConfigSyncService
07-24 13:10:27.327 5963 14685 W ProcStatsManager: No process com.google.android.apps.walletnfcrel/10073 for service com.google.android.libraries.notifications.executor.impl.basic.ChimeExecutorApiService
07-24 13:10:27.327 5963 14685 W ProcStatsManager: No process com.google.android.apps.walletnfcrel/10073 for service com.google.commerce.tapandpay.android.chime.ChimeRegistrationService
07-24 13:10:27.327 5963 14685 W ProcStatsManager: No process com.google.android.apps.walletnfcrel/10073 for service com.google.commerce.tapandpay.android.security.storagekey.StorageKeyCheckTaskService
07-24 13:10:27.327 5963 14685 W ProcStatsManager: No process com.google.android.apps.walletnfcrel/10073 for service com.google.commerce.tapandpay.android.acceptedhere.notifications.AcceptedHereNotificationService
07-24 13:10:27.327 5963 14685 W ProcStatsManager: No process com.google.android.apps.walletnfcrel/10073 for service com.google.commerce.tapandpay.android.gsuite.GSuitePaymentBitCheckService
07-24 13:10:27.327 5963 14685 W ProcStatsManager: No process com.google.android.partnersetup/10025 for service com.google.android.partnersetup.AppInstalledService
07-24 13:10:27.328 5963 14685 W ProcStatsManager: No process com.google.android.partnersetup/10025 for service com.google.android.partnersetup.ClientIdService
07-24 13:10:27.328 5963 14685 W ProcStatsManager: No process com.google.android.partnersetup/10025 for service com.google.android.partnersetup.MccFallbackService
07-24 13:10:27.328 5963 14685 W ProcStatsManager: No process com.google.android.partnersetup/10025 for service com.google.android.partnersetup.AppHiderService
07-24 13:10:27.328 5963 14685 W ProcStatsManager: No process com.google.android.partnersetup/10025 for service com.google.android.partnersetup.RlzPingIntentService
07-24 13:10:27.328 5963 14685 W ProcStatsManager: No process com.google.android.partnersetup/10025 for service com.google.android.partnersetup.MccOverrideService
07-24 13:10:27.328 5963 14685 W ProcStatsManager: No process com.google.android.partnersetup/10025 for service com.google.android.partnersetup.LauncherConfigService
07-24 13:10:27.328 5963 14685 W ProcStatsManager: No process com.google.android.videos/10115 for service com.google.android.apps.play.movies.common.service.drm.RefreshLicenseTaskService
07-24 13:10:27.328 5963 14685 W ProcStatsManager: No process com.google.android.videos/10115 for service com.google.android.apps.play.movies.common.service.pinning.TransferService
07-24 13:10:27.328 5963 14685 W ProcStatsManager: No process com.google.android.videos/10115 for service com.google.android.apps.play.movies.common.service.player.logging.QoePingService
07-24 13:10:27.328 5963 14685 W ProcStatsManager: No process com.att.mobile.android.vvm/10052 for service com.att.mobile.android.vvm.control.receivers.NotificationService
07-24 13:10:27.328 5963 14685 W ProcStatsManager: No process com.google.android.apps.photos/10117 for service com.google.android.libraries.social.notifications.service.GunsService
07-24 13:10:27.328 5963 14685 W ProcStatsManager: No process com.google.android.apps.photos/10117 for service com.google.android.apps.photos.dbprocessor.impl.DatabaseProcessorJobService
07-24 13:10:27.328 5963 14685 W ProcStatsManager: No process com.google.android.apps.photos/10117 for service com.google.android.apps.photos.registration.ReachabilityJobService
07-24 13:10:27.328 5963 14685 W ProcStatsManager: No process com.google.android.apps.photos/10117 for service com.google.android.apps.photos.jobqueue.PhotosJobQueueJobsService
07-24 13:10:27.328 5963 14685 W ProcStatsManager: No process com.google.android.apps.photos/10117 for service com.google.android.apps.photos.actionqueue.OnlineActionJobsService
07-24 13:10:27.328 5963 14685 W ProcStatsManager: No process com.google.android.apps.photos/10117 for service com.google.android.apps.photos.account.full.SyncAccountsForLoginService
07-24 13:10:27.328 5963 14685 W ProcStatsManager: No process com.google.android.apps.photos/10117 for service com.google.android.apps.photos.jobqueue.PhotosOfflineJobQueueJobsService
07-24 13:10:27.328 5963 14685 W ProcStatsManager: No process com.google.android.apps.photos/10117 for service com.google.android.libraries.social.mediamonitor.MediaMonitorJobSchedulerService
07-24 13:10:27.328 5963 14685 W ProcStatsManager: No process com.google.android.apps.photos/10117 for service com.google.android.libraries.social.async.BackgroundTaskService
07-24 13:10:27.328 5963 14685 W ProcStatsManager: No process com.google.android.apps.photos/10117 for service com.google.android.apps.photos.metasync.periodic.MetaSyncGcoreGcmTaskService
07-24 13:10:27.328 5963 14685 W ProcStatsManager: No process com.google.android.calendar/10066 for service com.google.android.apps.calendar.config.phenotypesupport.firebase.PhenotypeCommitFirebaseService
07-24 13:10:27.328 5963 14685 W ProcStatsManager: No process com.google.android.calendar/10066 for service com.firebase.jobdispatcher.GooglePlayReceiver
07-24 13:10:27.328 5963 14685 W ProcStatsManager: No process com.google.android.calendar/10066 for service com.google.android.libraries.internal.growth.growthkit.internal.jobs.impl.GrowthKitJobService
07-24 13:10:27.328 5963 14685 W ProcStatsManager: No process com.google.android.calendar/10066 for service com.google.android.calendar.alerts.AlertService
07-24 13:10:27.328 5963 14685 W ProcStatsManager: No process com.google.android.calendar/10066 for service com.google.android.calendar.alerts.HabitsIntentService
07-24 13:10:27.328 5963 14685 W ProcStatsManager: No process com.google.android.calendar/10066 for service com.google.android.syncadapters.calendar.CalendarSyncAdapterService
07-24 13:10:27.328 5963 14685 W ProcStatsManager: No process com.qualcomm.qti.seemp.service:seemp_service/1000 for service com.qualcomm.qti.seemp.service.SeempJService
07-24 13:10:27.328 5963 14685 W ProcStatsManager: No process com.qualcomm.location.XT/1000 for service com.qualcomm.location.XT.XTSrv
07-24 13:10:27.328 5963 14685 W ProcStatsManager: No process com.google.android.keep/10087 for service com.google.android.keep.microapp.RefreshWearableDataService
07-24 13:10:27.328 5963 14685 W ProcStatsManager: No process com.google.android.keep/10087 for service com.google.android.keep.syncadapter.KeepSyncAdapterService
07-24 13:10:27.328 5963 14685 W ProcStatsManager: No process com.google.android.keep/10087 for service com.google.android.keep.phenotype.PhenotypeRegisterService
07-24 13:10:27.328 5963 14685 W ProcStatsManager: No process com.google.android.keep/10087 for service com.google.android.keep.sharing.SharingRepostNotificationService
07-24 13:10:27.328 5963 14685 W ProcStatsManager: No process com.google.android.keep/10087 for service com.google.android.keep.service.OfflineBrixDrawingMigrationService
07-24 13:10:27.328 5963 14685 W ProcStatsManager: No process com.google.android.keep/10087 for service com.google.android.keep.notification.ReminderNotificationService
07-24 13:10:27.328 5963 14685 W ProcStatsManager: No process com.google.android.inputmethod.japanese/10082 for service com.firebase.jobdispatcher.GooglePlayReceiver
07-24 13:10:27.328 5963 14685 W ProcStatsManager: No process com.google.android.inputmethod.japanese/10082 for service com.google.android.apps.inputmethod.libs.framework.core.FirebaseJobDispatcherImpl$TaskRunnerJobService
