07-24 13:11:23.797 16054 16054 I art : at java.lang.Object java.lang.reflect.Method.invoke!(java.lang.Object, java.lang.Object[]) (Method.java:-2)
07-24 13:11:23.797 16054 16054 I art : at void com.android.internal.os.ZygoteInit$MethodAndArgsCaller.run() (ZygoteInit.java:886)
07-24 13:11:23.797 16054 16054 I art : at void com.android.internal.os.ZygoteInit.main(java.lang.String[]) (ZygoteInit.java:776)
07-24 13:11:23.797 16054 16054 I art :
07-24 13:11:23.798 1718 1748 I chatty : uid=1000(system) Binder:1718_2 expire 3 lines
07-24 13:11:23.802 13336 13336 W ChimeraUtils: Non Chimera context
07-24 13:11:23.803 16054 16054 I art : Rejecting re-init on previously-failed class java.lang.Class: java.lang.NoClassDefFoundError: Failed resolution of: Landroid/webkit/RenderProcessGoneDetail;
07-24 13:11:23.803 16054 16054 I art : at void com.android.webview.chromium.WebViewChromium.init(java.util.Map, boolean) (PG:53)
07-24 13:11:23.803 16054 16054 I art : at void android.webkit.WebView.(android.content.Context, android.util.AttributeSet, int, int, java.util.Map, boolean) (WebView.java:636)
07-24 13:11:23.803 16054 16054 I art : at void android.webkit.WebView.(android.content.Context, android.util.AttributeSet, int, int) (WebView.java:572)
07-24 13:11:23.803 16054 16054 I art : at void android.webkit.WebView.(android.content.Context, android.util.AttributeSet, int) (WebView.java:555)
07-24 13:11:23.803 16054 16054 I art : at void android.webkit.WebView.(android.content.Context, android.util.AttributeSet) (WebView.java:542)
07-24 13:11:23.803 16054 16054 I art : at void android.webkit.WebView.(android.content.Context) (WebView.java:532)
07-24 13:11:23.803 16054 16054 I art : at com.google.common.base.at com.google.android.apps.gsa.staticplugins.opa.omniconsent.bh.YH() (SourceFile:145)
07-24 13:11:23.803 16054 16054 I art : at com.google.common.base.at com.google.android.apps.gsa.opaonboarding.ai.YC() (SourceFile:3)
07-24 13:11:23.803 16054 16054 I art : at com.google.common.base.at com.google.android.apps.gsa.opaonboarding.ai.YC() (SourceFile:5)
07-24 13:11:23.803 16054 16054 I art : at com.google.common.base.at com.google.android.apps.gsa.staticplugins.opa.errorui.cs.YC() (SourceFile:72)
07-24 13:11:23.803 16054 16054 I art : at void com.google.android.apps.gsa.staticplugins.opaonboarding.a.cBG() (SourceFile:23)
07-24 13:11:23.803 16054 16054 I art : at void com.google.android.apps.gsa.staticplugins.opaonboarding.a.onStart() (SourceFile:108)
07-24 13:11:23.803 16054 16054 I art : at void com.google.android.apps.gsa.staticplugins.opaonboarding.c.b.a.onStart() (SourceFile:95)
07-24 13:11:23.803 16054 16054 I art : at void com.google.android.libraries.velour.j.onStart() (SourceFile:170)
07-24 13:11:23.803 16054 16054 I art : at void com.google.android.libraries.velour.a.onStart() (SourceFile:55)
07-24 13:11:23.803 16054 16054 I art : at void android.app.Instrumentation.callActivityOnStart(android.app.Activity) (Instrumentation.java:1249)
07-24 13:11:23.803 16054 16054 I art : at void android.app.Activity.performStart() (Activity.java:6737)
07-24 13:11:23.803 16054 16054 I art : at android.app.Activity android.app.ActivityThread.performLaunchActivity(android.app.ActivityThread$ActivityClientRecord, android.content.Intent) (ActivityThread.java:2632)
07-24 13:11:23.803 16054 16054 I art : at void android.app.ActivityThread.handleLaunchActivity(android.app.ActivityThread$ActivityClientRecord, android.content.Intent, java.lang.String) (ActivityThread.java:2730)
07-24 13:11:23.803 16054 16054 I art : at void android.app.ActivityThread.-wrap12(android.app.ActivityThread, android.app.ActivityThread$ActivityClientRecord, android.content.Intent, java.lang.String) (ActivityThread.java:-1)
07-24 13:11:23.803 16054 16054 I art : at void android.app.ActivityThread$H.handleMessage(android.os.Message) (ActivityThread.java:1481)
07-24 13:11:23.803 16054 16054 I art : at void android.os.Handler.dispatchMessage(android.os.Message) (Handler.java:102)
07-24 13:11:23.803 16054 16054 I art : at void android.os.Looper.loop() (Looper.java:154)
07-24 13:11:23.803 16054 16054 I art : at void android.app.ActivityThread.main(java.lang.String[]) (ActivityThread.java:6145)
07-24 13:11:23.803 16054 16054 I art : at java.lang.Object java.lang.reflect.Method.invoke!(java.lang.Object, java.lang.Object[]) (Method.java:-2)
07-24 13:11:23.803 16054 16054 I art : at void com.android.internal.os.ZygoteInit$MethodAndArgsCaller.run() (ZygoteInit.java:886)
07-24 13:11:23.803 16054 16054 I art : at void com.android.internal.os.ZygoteInit.main(java.lang.String[]) (ZygoteInit.java:776)
07-24 13:11:23.803 16054 16054 I art : Caused by: java.lang.ClassNotFoundException: Didn't find class "android.webkit.RenderProcessGoneDetail" on path: DexPathList[[zip file "/data/app/com.android.chrome-2/base.apk"],nativeLibraryDirectories=[/data/app/com.android.chrome-2/lib/arm64, /data/app/com.android.chrome-2/base.apk!/lib/arm64-v8a, /system/lib64, /vendor/lib64]]
07-24 13:11:23.803 16054 16054 I art : at java.lang.Class dalvik.system.BaseDexClassLoader.findClass(java.lang.String) (BaseDexClassLoader.java:56)
07-24 13:11:23.803 16054 16054 I art : at java.lang.Class java.lang.ClassLoader.loadClass(java.lang.String, boolean) (ClassLoader.java:380)
07-24 13:11:23.803 16054 16054 I art : at java.lang.Class java.lang.ClassLoader.loadClass(java.lang.String) (ClassLoader.java:312)
07-24 13:11:23.803 16054 16054 I art : at void com.android.webview.chromium.WebViewChromium.init(java.util.Map, boolean) (PG:53)
07-24 13:11:23.803 16054 16054 I art : at void android.webkit.WebView.(android.content.Context, android.util.AttributeSet, int, int, java.util.Map, boolean) (WebView.java:636)
07-24 13:11:23.803 16054 16054 I art : at void android.webkit.WebView.(android.content.Context, android.util.AttributeSet, int, int) (WebView.java:572)
07-24 13:11:23.803 16054 16054 I art : at void android.webkit.WebView.(android.content.Context, android.util.AttributeSet, int) (WebView.java:555)
07-24 13:11:23.803 16054 16054 I art : at void android.webkit.WebView.(android.content.Context, android.util.AttributeSet) (WebView.java:542)
07-24 13:11:23.803 16054 16054 I art : at void android.webkit.WebView.(android.content.Context) (WebView.java:532)
07-24 13:11:23.803 16054 16054 I art : at com.google.common.base.at com.google.android.apps.gsa.staticplugins.opa.omniconsent.bh.YH() (SourceFile:145)
07-24 13:11:23.803 16054 16054 I art : at com.google.common.base.at com.google.android.apps.gsa.opaonboarding.ai.YC() (SourceFile:3)
07-24 13:11:23.803 16054 16054 I art : at com.google.common.base.at com.google.android.apps.gsa.opaonboarding.ai.YC() (SourceFile:5)
07-24 13:11:23.803 16054 16054 I art : at com.google.common.base.at com.google.android.apps.gsa.staticplugins.opa.errorui.cs.YC() (SourceFile:72)
07-24 13:11:23.803 16054 16054 I art : at void com.google.android.apps.gsa.staticplugins.opaonboarding.a.cBG() (SourceFile:23)
07-24 13:11:23.803 16054 16054 I art : at void com.google.android.apps.gsa.staticplugins.opaonboarding.a.onStart() (SourceFile:108)
07-24 13:11:23.803 16054 16054 I art : at void com.google.android.apps.gsa.staticplugins.opaonboarding.c.b.a.onStart() (SourceFile:95)
07-24 13:11:23.803 16054 16054 I art : at void com.google.android.libraries.velour.j.onStart() (SourceFile:170)
07-24 13:11:23.803 16054 16054 I art : at void com.google.android.libraries.velour.a.onStart() (SourceFile:55)
07-24 13:11:23.803 16054 16054 I art : at void android.app.Instrumentation.callActivityOnStart(android.app.Activity) (Instrumentation.java:1249)
07-24 13:11:23.803 16054 16054 I art : at void android.app.Activity.performStart() (Activity.java:6737)
07-24 13:11:23.803 16054 16054 I art : at android.app.Activity android.app.ActivityThread.performLaunchActivity(android.app.ActivityThread$ActivityClientRecord, android.content.Intent) (ActivityThread.java:2632)
07-24 13:11:23.803 16054 16054 I art : at void android.app.ActivityThread.handleLaunchActivity(android.app.ActivityThread$ActivityClientRecord, android.content.Intent, java.lang.String) (ActivityThread.java:2730)
07-24 13:11:23.803 16054 16054 I art : at void android.app.ActivityThread.-wrap12(android.app.ActivityThread, android.app.ActivityThread$ActivityClientRecord, android.content.Intent, java.lang.String) (ActivityThread.java:-1)
07-24 13:11:23.803 16054 16054 I art : at void android.app.ActivityThread$H.handleMessage(android.os.Message) (ActivityThread.java:1481)
07-24 13:11:23.803 16054 16054 I art : at void android.os.Handler.dispatchMessage(android.os.Message) (Handler.java:102)
07-24 13:11:23.803 16054 16054 I art : at void android.os.Looper.loop() (Looper.java:154)
07-24 13:11:23.803 16054 16054 I art : at void android.app.ActivityThread.main(java.lang.String[]) (ActivityThread.java:6145)
07-24 13:11:23.803 16054 16054 I art : at java.lang.Object java.lang.reflect.Method.invoke!(java.lang.Object, java.lang.Object[]) (Method.java:-2)
07-24 13:11:23.803 16054 16054 I art : at void com.android.internal.os.ZygoteInit$MethodAndArgsCaller.run() (ZygoteInit.java:886)
07-24 13:11:23.803 16054 16054 I art : at void com.android.internal.os.ZygoteInit.main(java.lang.String[]) (ZygoteInit.java:776)
07-24 13:11:23.803 16054 16054 I art :
07-24 13:11:23.811 2364 2376 I TelephonyManager: getMultiSimConfiguration(): uid =10046
07-24 13:11:23.822 20102 20102 W art : Before Android 4.1, method double java.util.concurrent.ThreadLocalRandom.internalNextDouble(double, double) would have incorrectly overridden the package-private method in java.util.Random
07-24 13:11:23.822 20102 20102 W art : Before Android 4.1, method int java.util.concurrent.ThreadLocalRandom.internalNextInt(int, int) would have incorrectly overridden the package-private method in java.util.Random
07-24 13:11:23.822 20102 20102 W art : Before Android 4.1, method long java.util.concurrent.ThreadLocalRandom.internalNextLong(long, long) would have incorrectly overridden the package-private method in java.util.Random
07-24 13:11:23.853 13336 13748 I FelicaSdkManager: Initializing QPSDK with wallet WC020003
07-24 13:11:23.881 16054 20181 E libEGL : validate_display:99 error 3008 (EGL_BAD_DISPLAY)
07-24 13:11:23.902 711 838 E libnav : CablComputeBacklightLevel(): UpdateType = DifferentSceneUpdate
07-24 13:11:23.907 20102 20102 I FA : App measurement is starting up, version: 11400
07-24 13:11:23.907 20102 20102 I FA : To enable debug logging run: adb shell setprop log.tag.FA VERBOSE
07-24 13:11:23.918 20102 20102 I FA : To enable faster debug mode event logging run:
07-24 13:11:23.918 20102 20102 I FA : adb shell setprop debug.firebase.analytics.app com.google.android.apps.tachyon
07-24 13:11:23.966 1718 2928 I chatty : uid=1000(system) Binder:1718_13 expire 3 lines
07-24 13:11:23.968 16054 20181 W VideoCapabilities: Unrecognized profile 2130706433 for video/avc
07-24 13:11:23.968 16054 20181 W VideoCapabilities: Unrecognized profile 2130706434 for video/avc
07-24 13:11:23.978 16054 20181 W Utils : could not parse long range '175-174'
07-24 13:11:23.982 16054 20181 W VideoCapabilities: Unrecognized profile 2130706433 for video/avc
07-24 13:11:23.982 16054 20181 W VideoCapabilities: Unrecognized profile 2130706434 for video/avc
07-24 13:11:23.985 16054 20181 W VideoCapabilities: Unrecognized profile 2130706433 for video/avc
07-24 13:11:23.985 16054 20181 W VideoCapabilities: Unrecognized profile 2130706434 for video/avc
07-24 13:11:23.987 16054 20181 W VideoCapabilities: Unrecognized profile/level 0/3 for video/mpeg2
07-24 13:11:23.989 16054 20181 W VideoCapabilities: Unrecognized profile/level 0/3 for video/mpeg2
07-24 13:11:23.997 16054 20181 W VideoCapabilities: Unsupported mime video/x-ms-wmv
07-24 13:11:23.999 16054 20181 W VideoCapabilities: Unsupported mime video/x-ms-wmv
07-24 13:11:24.001 16054 20181 W VideoCapabilities: Unsupported mime video/x-ms-wmv
07-24 13:11:24.002 16054 20181 W VideoCapabilities: Unsupported mime video/divx
07-24 13:11:24.004 16054 20181 W VideoCapabilities: Unsupported mime video/divx311
07-24 13:11:24.006 16054 20181 W VideoCapabilities: Unsupported mime video/divx4
07-24 13:11:24.015 16054 20181 W VideoCapabilities: Unsupported mime video/mp4v-esdp
07-24 13:11:24.026 16054 20181 I VideoCapabilities: Unsupported profile 4 for video/mp4v-es
07-24 13:11:24.225 20102 20115 W DynamiteModule: Local module descriptor class for com.google.android.gms.googlecertificates not found.
07-24 13:11:24.241 13336 14110 I Places : Converted 36 out of 36 WiFi scans
07-24 13:11:24.244 13336 18984 W ctxmgr : [AclManager]No 3 for (accnt=account#-517948760#, com.google.android.gms(10020):UserVelocityProducer, vrsn=12874025, 0, 3pPkg = null , 3pMdlId = null , pid = 13336). Was: 3 for 1, account#-517948760#
07-24 13:11:24.250 20102 20115 W System : ClassLoader referenced unknown path:
07-24 13:11:24.251 20102 20115 D ApplicationLoaders: ignored Vulkan layer search path /data/app/com.google.android.gms-2/lib/arm64:/data/app/com.google.android.gms-2/base.apk!/lib/arm64-v8a for namespace 0x7f806480f0
07-24 13:11:24.318 1718 2835 I chatty : uid=1000(system) Binder:1718_D expire 3 lines
07-24 13:11:24.331 13336 18984 W ctxmgr : [AclManager]No 2 for (accnt=account#-517948760#, com.google.android.gms(10020):UserLocationProducer, vrsn=12874000, 0, 3pPkg = null , 3pMdlId = null , pid = 13336). Was: 3 for 1, account#-517948760#
07-24 13:11:24.334 13336 18984 W ctxmgr : [AclManager]No 2 for (accnt=account#-1386594251#, com.google.android.gms(10020):UserLocationProducer, vrsn=12874000, 0, 3pPkg = null , 3pMdlId = null , pid = 13336). Was: 2 for 1, account#-1386594251#
07-24 13:11:24.348 16054 16064 E ReloadingLock: Finalizing LOCKED Token[searchresults_activity 2018-07-24 13:11:24.206]
07-24 13:11:24.375 13336 14110 I PlaceInferenceEngine: [anon] Changed inference mode: 0
07-24 13:11:24.396 1718 1808 I chatty : uid=1000(system) android.display expire 1 line
07-24 13:11:24.401 13530 13530 I GoogleInputMethod: onFinishInput() : Dummy InputConnection bound
07-24 13:11:24.402 13530 13530 I GoogleInputMethod: onStartInput() : Dummy InputConnection bound
07-24 13:11:24.417 1718 1772 I chatty : uid=1000(system) ActivityManager expire 32 lines
07-24 13:11:24.453 13336 14110 I Places : ?: PlacesBleScanner start() with priority 2
07-24 13:11:24.465 13336 13336 I BeaconBle: Using BLE 'L' hardware layer
07-24 13:11:24.471 13336 13336 I BeaconBle: Client requested scan, settings=BleSettings [scanMode=ZERO_POWER, callbackType=ALL_MATCHES, reportDelayMillis=0, 1 filters, 0 clients, callingClientName=Places]
07-24 13:11:24.471 13336 14110 I PlaceInferenceEngine: [anon] Changed inference mode: 1
07-24 13:11:24.479 13336 14110 I Places : Converted 36 out of 36 WiFi scans
07-24 13:11:24.483 1718 2748 D BluetoothManagerService: Registered for death Notification
07-24 13:11:24.483 1718 2748 D BluetoothManagerService: Updated BleAppCount1
07-24 13:11:24.483 13336 13336 D BluetoothAdapter: STATE_OFF
07-24 13:11:24.483 13336 13336 D BluetoothAdapter: enableBLE(): Calling enable
07-24 13:11:24.484 1718 13283 D BluetoothManagerService: checkIfCallerIsForegroundUser: valid=true callingUser=0 parentUser=-10000 foregroundUser=0
07-24 13:11:24.484 1718 13283 D BluetoothManagerService: isBleAppPresent() count: 1
07-24 13:11:24.484 1718 13283 D BluetoothManagerService: enable(): mBluetooth =null mBinding = false mState = 10
07-24 13:11:24.484 1718 13283 I chatty : uid=1000(system) Binder:1718_18 expire 4 lines
07-24 13:11:24.484 1718 13283 D BluetoothManagerService: enable returning
07-24 13:11:24.484 1718 1807 D BluetoothManagerService: Message: 1
07-24 13:11:24.484 1718 1807 D BluetoothManagerService: MESSAGE_ENABLE: mBluetooth = null
07-24 13:11:24.488 13336 13336 I BeaconBle: ZERO_POWER is disabled.
07-24 13:11:24.488 13336 13336 I BeaconBle: 'L' hardware scan: scan stopped, no powered clients
07-24 13:11:24.497 1718 1748 I ActivityManager: Start proc 20210:com.google.android.tts/u0a79 for service com.google.android.tts/.service.GoogleTTSService
07-24 13:11:24.497 16054 16054 I TextToSpeech: Sucessfully bound to com.google.android.tts
07-24 13:11:24.505 16054 20222 W cr_CrashFileManager: /data/user/0/com.google.android.googlequicksearchbox/cache/WebView/Crash Reports does not exist or is not a directory
07-24 13:11:24.509 1718 1807 I ActivityManager: Start proc 20225:com.android.bluetooth/1002 for service com.android.bluetooth/.btservice.AdapterService
07-24 13:11:24.534 20210 20210 I art : Starting a blocking GC AddRemoveAppImageSpace
07-24 13:11:24.549 16054 16054 I chromium: [INFO:CONSOLE(6)] "The key "target-densitydpi" is not supported.", source: http://www.gstatic.com/opa-android/oobe/11578a089acb7688/v1_omni_en_us.html (6)
07-24 13:11:24.571 20210 20210 I MultiDex: VM with version 2.1.0 has multidex support
07-24 13:11:24.571 20210 20210 I MultiDex: install
07-24 13:11:24.571 20210 20210 I MultiDex: VM has multidex support, MultiDex support library is disabled.
07-24 13:11:24.581 20225 20225 I chatty : uid=1002(bluetooth) com.android.bluetooth expire 57 lines
07-24 13:11:24.597 13336 14110 I PlaceInferenceEngine: [anon] Changed inference mode: 1
07-24 13:11:24.600 577 2606 E ANDR-PERF-OPTSHANDLER: perf_lock_rel: updated /sys/class/mmc_host/mmc0/clk_scaling/enable with 1
07-24 13:11:24.600 577 2606 E ANDR-PERF-OPTSHANDLER: return value 2
07-24 13:11:24.608 20210 20210 I TTS : Loading library tts_android
07-24 13:11:24.626 16054 20068 W CronetNetworkRqstWrppr: Upload request without a content type.
07-24 13:11:24.632 13336 14110 I Places : ?: PlacesBleScanner stop()
07-24 13:11:24.633 13336 13336 D BluetoothAdapter: STATE_OFF: Already disabled
07-24 13:11:24.635 13336 13336 I BeaconBle: 'L' hardware scan: scan stopped, no clients
07-24 13:11:24.636 13336 13336 D BluetoothAdapter: STATE_OFF: Already disabled
07-24 13:11:24.636 13336 13336 I BeaconBle: Places requested to stop scan
07-24 13:11:24.636 13336 13336 I BeaconBle: Scan canceled successfully.
07-24 13:11:24.642 13336 14110 I PlaceInferenceEngine: [anon] Changed inference mode: 0
07-24 13:11:24.644 1718 1807 D BluetoothManagerService: Message: 20
07-24 13:11:24.644 1718 1807 D BluetoothManagerService: Added callback: android.bluetooth.IBluetoothManagerCallback$Stub$Proxy@b69b811:true
07-24 13:11:24.665 20225 20256 I chatty : uid=1002(bluetooth) com.android.bluetooth expire 11 lines
07-24 13:11:24.665 20225 20258 I chatty : uid=1002(bluetooth) com.android.bluetooth expire 281 lines
07-24 13:11:24.672 20225 20262 I chatty : uid=1002(bluetooth) com.android.bluetooth expire 1 line
07-24 13:11:24.672 20225 20263 I chatty : uid=1002(bluetooth) com.android.bluetooth expire 1 line
07-24 13:11:24.683 20225 20264 I chatty : uid=1002(bluetooth) com.android.bluetooth expire 3 lines
07-24 13:11:24.684 20210 20210 W native : commandlineflags.cc:1511 Ignoring RegisterValidateFunction() for flag pointer 0x7f62741c38: no flag found at that address
07-24 13:11:24.685 13336 14110 I PlaceInferenceEngine: Too few candidate results: percentageOfMissingArea 100
07-24 13:11:24.691 1718 1718 D BluetoothManagerService: Bluetooth Adapter name changed to XP8800
07-24 13:11:24.691 1718 1718 D BluetoothManagerService: Stored Bluetooth name: XP8800
07-24 13:11:24.700 20225 20266 I chatty : uid=1002(bluetooth) com.android.bluetooth expire 1 line
07-24 13:11:24.705 1718 1718 D BluetoothManagerService: BluetoothServiceConnection: com.android.bluetooth.btservice.AdapterService
07-24 13:11:24.705 1718 1807 D BluetoothManagerService: Message: 40
07-24 13:11:24.705 1718 1807 D BluetoothManagerService: MESSAGE_BLUETOOTH_SERVICE_CONNECTED: 1
07-24 13:11:24.706 20225 20237 I chatty : uid=1002(bluetooth) com.android.bluetooth expire 3 lines
07-24 13:11:24.708 13336 19536 W ctxmgr : [AclManager]No 2 for (accnt=account#-517948760#, com.google.android.gms(10020):PlacesProducer, vrsn=12874000, 0, 3pPkg = null , 3pMdlId = null , pid = 13336). Was: 3 for 18, account#-517948760#
07-24 13:11:24.708 1718 1807 D BluetoothManagerService: Calling onBluetoothServiceUp callbacks
07-24 13:11:24.708 1718 1807 D BluetoothManagerService: Broadcasting onBluetoothServiceUp() to 10 receivers.
07-24 13:11:24.709 1718 1807 I chatty : uid=1000(system) android.io expire 4 lines
07-24 13:11:24.709 2765 2776 D BluetoothAdapter: onBluetoothServiceUp: android.bluetooth.IBluetooth$Stub$Proxy@bbef91
07-24 13:11:24.709 2060 2072 D BluetoothAdapter: onBluetoothServiceUp: android.bluetooth.IBluetooth$Stub$Proxy@ebf9dfe
07-24 13:11:24.709 5941 5953 D BluetoothAdapter: onBluetoothServiceUp: android.bluetooth.IBluetooth$Stub$Proxy@d211f79
07-24 13:11:24.710 2364 2376 D BluetoothAdapter: onBluetoothServiceUp: android.bluetooth.IBluetooth$Stub$Proxy@4b7b30c
07-24 13:11:24.710 2806 2827 D BluetoothAdapter: onBluetoothServiceUp: android.bluetooth.IBluetooth$Stub$Proxy@c979372
07-24 13:11:24.710 13336 13629 D BluetoothAdapter: onBluetoothServiceUp: android.bluetooth.IBluetooth$Stub$Proxy@5164202
07-24 13:11:24.710 16054 16068 D BluetoothAdapter: onBluetoothServiceUp: android.bluetooth.IBluetooth$Stub$Proxy@f697fb3
07-24 13:11:24.710 20225 20238 I chatty : uid=1002(bluetooth) com.android.bluetooth expire 1 line
07-24 13:11:24.712 5963 7135 D BluetoothAdapter: onBluetoothServiceUp: android.bluetooth.IBluetooth$Stub$Proxy@7401583
07-24 13:11:24.717 1718 1807 D BluetoothManagerService: Message: 60
07-24 13:11:24.717 1718 1807 D BluetoothManagerService: MESSAGE_BLUETOOTH_STATE_CHANGE: prevState = 10, newState =14
07-24 13:11:24.717 1718 1807 D BluetoothManagerService: bluetoothStateChangeHandler: 10 -> 14
07-24 13:11:24.717 1718 1807 D BluetoothManagerService: BLE State Change Intent: 10 -> 14
07-24 13:11:24.725 16054 20119 E PlaceStateUpdater: Received no places
07-24 13:11:24.760 13336 13721 W Conscrypt: Could not set socket write timeout: java.lang.reflect.InvocationTargetException
07-24 13:11:24.760 13336 13721 W Conscrypt: at java.lang.reflect.Method.invoke(Native Method)
07-24 13:11:24.760 13336 13721 W Conscrypt: at com.google.android.gms.org.conscrypt.Platform.setSocketWriteTimeout(:com.google.android.gms@12874025@12.8.74 (040408-204998136):13)
07-24 13:11:24.761 13336 13721 W Conscrypt: Caused by: android.system.ErrnoException: setsockopt failed: EBADF (Bad file descriptor)
07-24 13:11:24.761 13336 13721 W Conscrypt: at libcore.io.Posix.setsockoptTimeval(Native Method)
07-24 13:11:24.761 13336 13721 W Conscrypt: at libcore.io.ForwardingOs.setsockoptTimeval(ForwardingOs.java:157)
07-24 13:11:24.767 20225 20280 I chatty : uid=1002(bluetooth) com.android.bluetooth expire 7 lines
07-24 13:11:24.787 16054 16066 I art : Background partial concurrent mark sweep GC freed 65280(2MB) AllocSpace objects, 1(192KB) LOS objects, 39% free, 17MB/29MB, paused 1.304ms total 114.088ms
07-24 13:11:24.777 20284 20284 I chatty : uid=1002(bluetooth) /system/bin/wcnss_filter expire 1993 lines
07-24 13:11:24.796 2364 2436 I TelephonyManager: getMultiSimConfiguration(): uid =10046
07-24 13:11:24.800 20210 20210 E art : The String#value field is not present on Android versions >= 6.0
07-24 13:11:24.817 13336 13721 W Conscrypt: Could not set socket write timeout: java.lang.reflect.InvocationTargetException
07-24 13:11:24.817 13336 13721 W Conscrypt: at java.lang.reflect.Method.invoke(Native Method)
07-24 13:11:24.817 13336 13721 W Conscrypt: at com.google.android.gms.org.conscrypt.Platform.setSocketWriteTimeout(:com.google.android.gms@12874025@12.8.74 (040408-204998136):13)
07-24 13:11:24.817 13336 13721 W Conscrypt: Caused by: android.system.ErrnoException: setsockopt failed: EBADF (Bad file descriptor)
07-24 13:11:24.818 13336 13721 W Conscrypt: at libcore.io.Posix.setsockoptTimeval(Native Method)
07-24 13:11:24.818 13336 13721 W Conscrypt: at libcore.io.ForwardingOs.setsockoptTimeval(ForwardingOs.java:157)
07-24 13:11:24.860 16054 20254 I PBSessionCacheImpl: Deleted sessionId[2283067231969] from persistence.
07-24 13:11:24.882 711 838 E libnav : CablComputeBacklightLevel(): UpdateType = DifferentSceneUpdate
07-24 13:11:24.928 20210 20215 I art : Do partial code cache collection, code=29KB, data=24KB
07-24 13:11:24.929 20210 20215 I art : After code cache collection, code=29KB, data=24KB
07-24 13:11:24.929 20210 20215 I art : Increasing code cache capacity to 128KB
07-24 13:11:24.941 16054 16054 I CanvasAudioService: onDestroy
07-24 13:11:24.946 16054 16054 I AttachedClient: Adding client event 269 to pending list.
07-24 13:11:24.950 20210 20210 I TTS : Cache cleared
07-24 13:11:24.957 14405 20301 I PlatformStatsCollectorService: Scheduled Dropbox task with period 86400 sec.
07-24 13:11:24.973 20210 20221 W art : Suspending all threads took: 7.593ms
07-24 13:11:24.992 20210 20210 I TTS : Creating Google TTS service, version 3.15.18.200023596
07-24 13:11:24.998 16054 16059 I art : Compiler allocated 4MB to compile void com.google.android.apps.gsa.search.core.state.kf.a(com.google.android.apps.gsa.search.core.state.ns)
07-24 13:11:25.008 14405 20305 I PlatformStatsCollectorService: Scheduled Launcherstats task with period 604800 sec.
07-24 13:11:25.048 20210 20313 I TTS : Initializing en-us-x-sfg-lstm-embedded from apk
07-24 13:11:25.079 13336 16341 I PlaceInferenceEngine: No beacon scan available - ignoring candidates.
07-24 13:11:25.101 577 2606 E ANDR-PERF-RESOURCEQS: Failed to reset optimization [3, 0]
07-24 13:11:25.378 13336 18984 W ctxmgr : [AclManager]No 2 for (accnt=account#-517948760#, com.google.android.gms(10020):PlacesProducer, vrsn=12874000, 0, 3pPkg = null , 3pMdlId = null , pid = 13336). Was: 3 for 18, account#-517948760#
07-24 13:11:25.440 20284 20284 I WCNSS_FILTER: TAG Length : 232
07-24 13:11:25.440 20284 20284 I WCNSS_FILTER: TAG Pointer : 0
07-24 13:11:25.440 20284 20284 I WCNSS_FILTER: TAG Extended Flag : 0
07-24 13:11:25.440 20284 20284 I WCNSS_FILTER: TAG Data : 00 03 09 00 4e 02 14 19 7f 08 00 00 0f 0f 0f 0f 0f 0f 0f 0f 0f 0f 0f 0f 0f 0f 0f 0f 0f 0f 0f 0f 0f 0f 0f 0f 0f 0f 0f 0f 0f 0f 0f 0f 0f 0f 0f 0f 0f 0f 0f 0f 0f 0f 0f 0f 0f 0f 0f 0f 0f 0f 0f 0f 0f 0f 0f 0f 0f 0f 0f 0f 0f 0f 0f 0f 0f 0f 0f 0f 0f 0f 0f 0f 0f 0f 0f 0f 0f 0f 0f 0f 0f 0f 0f 0f 0f 0f 0f 0f 0f 0f 0f 0f 0f 0f 0f 0f 0f 0f 0f 0f 0f 0f 0f 0f 0f 0f 0f 0f 0f 0f 0f 0f 0f 0f 0f 0f 0f 0f 0f 0f 0f 0f 0f 0f 0f 0f 0f 0f 0f 0f 0f 0f 0f 0f 0f 0f 0f 0f 0f 0f 0f 0f 0f 0f 0f 0f 0f 0f 0f 0f 0f 0f 0f 0f 0f 0f 0f 0f 0f 0f 0f 0f 0f 0f 0f 0f 0f 0f 0f 0f 0f 0f 0f 0f 0f 0f 0f 0f 0f 0f 0f 0f 0f 0f 0f 0f 0f 0f 0f 0f 0f 0f 0f 0f 0f 0f 0f 0f 0f 0f 22 00 00 00 00 00 c0 01 19 13 0d 0d 15 0f 0a 0a 02 06 06 07
07-24 13:11:25.440 20284 20284 I WCNSS_FILTER: TAG ID : 114
07-24 13:11:25.440 20284 20284 I WCNSS_FILTER: TAG Length : 132
07-24 13:11:25.440 20284 20284 I WCNSS_FILTER: TAG Pointer : 0
07-24 13:11:25.440 20284 20284 I WCNSS_FILTER: TAG Extended Flag : 0
07-24 13:11:25.440 20284 20284 I WCNSS_FILTER: TAG Data : ff 07 00 00 e0 1f 01 02 01 00 00 00 07 07 07 07 07 07 07 07 07 07 07 07 07 07 07 07 07 07 07 07 04 04 00 00 27 27 37 37 37 37 67 97 07 07 07 17 57 57 57 77 67 67 67 67 a4 a4 00 00 02 06 08 08 08 0a 0c 0b 00 01 02 02 03 06 07 08 08 0a 0c 0b 0d 0d 00 00 03 06 07 08 08 0d 0f 0b 01 02 02 02 03 06 07 08 08 0a 0c 0b 0d 0d 0d 00 07 07 07 07 07 07 07 07 04 04 04 00 07 07 07 07 07 07 07 07 04 04 04 00
07-24 13:11:25.440 20284 20284 I WCNSS_FILTER: TAG ID : 150
07-24 13:11:25.440 20284 20284 I WCNSS_FILTER: TAG Length : 30
07-24 13:11:25.440 20284 20284 I WCNSS_FILTER: TAG Pointer : 0
07-24 13:11:25.440 20284 20284 I WCNSS_FILTER: TAG Extended Flag : 0
07-24 13:11:25.440 20284 20284 I WCNSS_FILTER: TAG Data : 32 05 27 0d e2 11 43 13 1c 0c 17 10 86 13 10 0e e0 0d d0 0b ca 0b 00 21 47 18 9a 20 8d 1e
07-24 13:11:25.440 20284 20284 I WCNSS_FILTER: TAG ID : 151
07-24 13:11:25.440 20284 20284 I WCNSS_FILTER: TAG Length : 4
07-24 13:11:25.440 20284 20284 I WCNSS_FILTER: TAG Pointer : 0
07-24 13:11:25.440 20284 20284 I WCNSS_FILTER: TAG Extended Flag : 0
07-24 13:11:25.440 20284 20284 I WCNSS_FILTER: TAG Data : 03 00 1f 00
07-24 13:11:25.440 20284 20284 I WCNSS_FILTER: TAG ID : 153
07-24 13:11:25.440 20284 20284 I WCNSS_FILTER: TAG Length : 52
07-24 13:11:25.440 20284 20284 I WCNSS_FILTER: TAG Pointer : 0
07-24 13:11:25.440 20284 20284 I WCNSS_FILTER: TAG Extended Flag : 0
07-24 13:11:25.440 20284 20284 I WCNSS_FILTER: TAG Data : 01 10 05 00 01 06 0d 00 31 01 04 06 0d 00 93 1b 01 06 0d 00 3b 1b 08 05 30 00 2f 00 10 05 39 00 04 01 00 00 00 00 ff ff 00 00 00 00 ff ff 00 00 00 00 ff ff
07-24 13:11:25.440 20284 20284 I WCNSS_FILTER: ====================================================
07-24 13:11:25.440 20284 20284 I WCNSS_FILTER: TLV Type : 0x3
07-24 13:11:25.440 20284 20284 I WCNSS_FILTER: Length : 1237 bytes
07-24 13:11:25.440 20284 20284 I WCNSS_FILTER: ====================================================
07-24 13:11:25.440 20284 20284 I WCNSS_FILTER: TAG ID : 22
07-24 13:11:25.440 20284 20284 I WCNSS_FILTER: TAG Length : 34
07-24 13:11:25.440 20284 20284 I WCNSS_FILTER: TAG Pointer : 0
07-24 13:11:25.440 20284 20284 I WCNSS_FILTER: TAG Extended Flag : 0
07-24 13:11:25.440 20284 20284 I WCNSS_FILTER: TAG Data : e0 2e d0 07 14 00 c8 00 c8 00 d0 07 01 01 14 11 01 64 0a 05 05 01 0a 0a 03 0a 14 1e 02 66 0b 03 64 01
07-24 13:11:25.440 20284 20284 I WCNSS_FILTER: TAG ID : 30
07-24 13:11:25.440 20284 20284 I WCNSS_FILTER: TAG Length : 244
07-24 13:11:25.440 20284 20284 I WCNSS_FILTER: TAG Pointer : 0
07-24 13:11:25.440 20284 20284 I WCNSS_FILTER: TAG Extended Flag : 0
07-24 13:11:25.441 20284 20284 I WCNSS_FILTER: TAG Data : 1e 00 00 00 1c 14 00 50 36 00 00 00 24 14 00 50 36 00 00 00 7c 14 00 50 00 00 00 00 14 14 00 50 19 00 00 00 38 14 00 50 f7 00 00 00 04 05 00 50 b0 01 01 00 00 00 00 00 00 00 00 00 00 00 00 00 00 00 00 00 00 00 00 00 00 00 00 00 00 00 00 00 00 00 00 00 00 00 00 00 00 00 00 00 00 00 00 00 00 00 00 00 00 00 00 00 00 00 00 00 00 00 00 00 00 00 00 00 00 00 00 00 00 00 00 00 00 00 00 00 00 00 00 00 00 00 00 00 00 00 00 00 00 00 00 00 00 00 00 00 00 00 00 00 00 00 00 00 00 00 00 00 00 00 00 00 00 00 00 00 00 00 00 00 00 00 00 00 00 00 00 00 00 00 00 00 00 00 00 00 00 00 00 00 00 00 00 00 00 00 00 00 00 00 00 00 00 00 00 00 00 00 00 00 00 00 00 00 00 00 00 00 00 00 00 00 00 00 00 00 00 00 00 00 00 00 00 00 00 00 00 00 00 00 00 00
07-24 13:11:25.441 20284 20284 I WCNSS_FILTER: TAG ID : 31
07-24 13:11:25.441 20284 20284 I WCNSS_FILTER: TAG Length : 5
07-24 13:11:25.441 20284 20284 I WCNSS_FILTER: TAG Pointer : 0
07-24 13:11:25.441 20284 20284 I WCNSS_FILTER: TAG Extended Flag : 0
07-24 13:11:25.441 20284 20284 I WCNSS_FILTER: TAG Data : 00 80 80 80 80
07-24 13:11:25.441 20284 20284 I WCNSS_FILTER: TAG ID : 37
07-24 13:11:25.441 20284 20284 I WCNSS_FILTER: TAG Length : 37
07-24 13:11:25.441 20284 20284 I WCNSS_FILTER: TAG Pointer : 0
07-24 13:11:25.441 20284 20284 I WCNSS_FILTER: TAG Extended Flag : 0
07-24 13:11:25.441 20284 20284 I WCNSS_FILTER: TAG Data : 00 00 84 00 85 00 8c 00 88 00 88 00 98 00 9c 00 a8 00 a2 00 a0 00 00 00 05 01 28 00 00 00 00 00 c9 01 00 00 28
07-24 13:11:25.441 20284 20284 I WCNSS_FILTER: TAG ID : 38
07-24 13:11:25.441 20284 20284 I WCNSS_FILTER: TAG Length : 6
07-24 13:11:25.441 20284 20284 I WCNSS_FILTER: TAG Pointer : 0
07-24 13:11:25.441 20284 20284 I WCNSS_FILTER: TAG Extended Flag : 0
07-24 13:11:25.441 20284 20284 I WCNSS_FILTER: TAG Data : 02 01 00 01 07 01
07-24 13:11:25.441 20284 20284 I WCNSS_FILTER: TAG ID : 40
07-24 13:11:25.441 20284 20284 I WCNSS_FILTER: TAG Length : 14
07-24 13:11:25.441 20284 20284 I WCNSS_FILTER: TAG Pointer : 0
07-24 13:11:25.441 20284 20284 I WCNSS_FILTER: TAG Extended Flag : 0
07-24 13:11:25.441 20284 20284 I WCNSS_FILTER: TAG Data : b0 32 25 44 00 0a 1b 22 33 0e 09 0a 14 7f
07-24 13:11:25.444 20284 20284 I WCNSS_FILTER: get_vs_hci_event: Received HCI-Vendor Specific event
07-24 13:11:25.444 20284 20284 I WCNSS_FILTER: get_vs_hci_event: Parameter Length: 0x3
07-24 13:11:25.444 20284 20284 I WCNSS_FILTER: get_vs_hci_event: Command response: 0x0
07-24 13:11:25.444 20284 20284 I WCNSS_FILTER: get_vs_hci_event: Response type : 0x4
07-24 13:11:25.444 20284 20284 I WCNSS_FILTER: get_vs_hci_event: Command Request Response
07-24 13:11:25.444 20284 20284 I WCNSS_FILTER: get_vs_hci_event: Download Packet successfully!
07-24 13:11:25.444 20284 20284 I WCNSS_FILTER: hci_send_vs_cmd: Received HCI-Vendor Specific Event from SOC
07-24 13:11:25.444 20284 20284 I WCNSS_FILTER: tlv_dnld_segment: Successfully downloaded patch segment: 0
07-24 13:11:25.444 20284 20284 I WCNSS_FILTER: tlv_dnld_segment: Downloading TLV Patch segment no.1, size:243
07-24 13:11:25.444 20284 20284 D WCNSS_FILTER: frame_hci_cmd_pkt: Sending EDL_PATCH_TLV_REQ_CMD
07-24 13:11:25.444 20284 20284 D WCNSS_FILTER: HCI-CMD 1: 0x1 0x0 0xfc 0xf5 0x1e 0xf3
07-24 13:11:25.445 20284 20284 I WCNSS_FILTER: get_vs_hci_event: Received HCI-Vendor Specific event
07-24 13:11:25.445 20284 20284 I WCNSS_FILTER: get_vs_hci_event: Parameter Length: 0x3
07-24 13:11:25.445 20284 20284 I WCNSS_FILTER: get_vs_hci_event: Command response: 0x0
07-24 13:11:25.445 20284 20284 I WCNSS_FILTER: get_vs_hci_event: Response type : 0x4
07-24 13:11:25.445 20284 20284 I WCNSS_FILTER: get_vs_hci_event: Command Request Response
07-24 13:11:25.445 20284 20284 I WCNSS_FILTER: get_vs_hci_event: Download Packet successfully!
07-24 13:11:25.445 20284 20284 I WCNSS_FILTER: hci_send_vs_cmd: Received HCI-Vendor Specific Event from SOC
07-24 13:11:25.445 20284 20284 I WCNSS_FILTER: tlv_dnld_segment: Successfully downloaded patch segment: 1
07-24 13:11:25.445 20284 20284 I WCNSS_FILTER: tlv_dnld_segment: Downloading TLV Patch segment no.2, size:243
07-24 13:11:25.445 20284 20284 D WCNSS_FILTER: frame_hci_cmd_pkt: Sending EDL_PATCH_TLV_REQ_CMD
07-24 13:11:25.445 20284 20284 D WCNSS_FILTER: HCI-CMD 2: 0x1 0x0 0xfc 0xf5 0x1e 0xf3
07-24 13:11:25.447 20284 20284 I WCNSS_FILTER: get_vs_hci_event: Received HCI-Vendor Specific event
07-24 13:11:25.447 20284 20284 I WCNSS_FILTER: get_vs_hci_event: Parameter Length: 0x3
07-24 13:11:25.447 20284 20284 I WCNSS_FILTER: get_vs_hci_event: Command response: 0x0
07-24 13:11:25.447 20284 20284 I WCNSS_FILTER: get_vs_hci_event: Response type : 0x4
07-24 13:11:25.448 20284 20284 I WCNSS_FILTER: get_vs_hci_event: Command Request Response
07-24 13:11:25.448 20284 20284 I WCNSS_FILTER: get_vs_hci_event: Download Packet successfully!
07-24 13:11:25.448 20284 20284 I WCNSS_FILTER: hci_send_vs_cmd: Received HCI-Vendor Specific Event from SOC
07-24 13:11:25.448 20284 20284 I WCNSS_FILTER: tlv_dnld_segment: Successfully downloaded patch segment: 2
07-24 13:11:25.448 20284 20284 I WCNSS_FILTER: tlv_dnld_segment: Downloading TLV Patch segment no.3, size:243
07-24 13:11:25.448 20284 20284 D WCNSS_FILTER: frame_hci_cmd_pkt: Sending EDL_PATCH_TLV_REQ_CMD
07-24 13:11:25.448 20284 20284 D WCNSS_FILTER: HCI-CMD 3: 0x1 0x0 0xfc 0xf5 0x1e 0xf3
07-24 13:11:25.449 20284 20284 I WCNSS_FILTER: get_vs_hci_event: Received HCI-Vendor Specific event
07-24 13:11:25.449 20284 20284 I WCNSS_FILTER: get_vs_hci_event: Parameter Length: 0x3
07-24 13:11:25.449 20284 20284 I WCNSS_FILTER: get_vs_hci_event: Command response: 0x0
07-24 13:11:25.449 20284 20284 I WCNSS_FILTER: get_vs_hci_event: Response type : 0x4
07-24 13:11:25.449 20284 20284 I WCNSS_FILTER: get_vs_hci_event: Command Request Response
07-24 13:11:25.449 20284 20284 I WCNSS_FILTER: get_vs_hci_event: Download Packet successfully!
07-24 13:11:25.449 20284 20284 I WCNSS_FILTER: hci_send_vs_cmd: Received HCI-Vendor Specific Event from SOC
07-24 13:11:25.449 20284 20284 I WCNSS_FILTER: tlv_dnld_segment: Successfully downloaded patch segment: 3
07-24 13:11:25.449 20284 20284 I WCNSS_FILTER: tlv_dnld_segment: Downloading TLV Patch segment no.4, size:243
07-24 13:11:25.449 20284 20284 D WCNSS_FILTER: frame_hci_cmd_pkt: Sending EDL_PATCH_TLV_REQ_CMD
07-24 13:11:25.449 20284 20284 D WCNSS_FILTER: HCI-CMD 4: 0x1 0x0 0xfc 0xf5 0x1e 0xf3
07-24 13:11:25.453 20284 20284 I WCNSS_FILTER: get_vs_hci_event: Received HCI-Vendor Specific event
07-24 13:11:25.453 20284 20284 I WCNSS_FILTER: get_vs_hci_event: Parameter Length: 0x3
07-24 13:11:25.453 20284 20284 I WCNSS_FILTER: get_vs_hci_event: Command response: 0x0
07-24 13:11:25.453 20284 20284 I WCNSS_FILTER: get_vs_hci_event: Response type : 0x4
07-24 13:11:25.453 20284 20284 I WCNSS_FILTER: get_vs_hci_event: Command Request Response
07-24 13:11:25.453 20284 20284 I WCNSS_FILTER: get_vs_hci_event: Download Packet successfully!
07-24 13:11:25.453 20284 20284 I WCNSS_FILTER: hci_send_vs_cmd: Received HCI-Vendor Specific Event from SOC
07-24 13:11:25.453 20284 20284 I WCNSS_FILTER: tlv_dnld_segment: Successfully downloaded patch segment: 4
07-24 13:11:25.453 20284 20284 I WCNSS_FILTER: tlv_dnld_segment: Downloading TLV Patch segment no.5, size:243
07-24 13:11:25.453 20284 20284 D WCNSS_FILTER: frame_hci_cmd_pkt: Sending EDL_PATCH_TLV_REQ_CMD
07-24 13:11:25.453 20284 20284 D WCNSS_FILTER: HCI-CMD 5: 0x1 0x0 0xfc 0xf5 0x1e 0xf3
07-24 13:11:25.456 20284 20284 I WCNSS_FILTER: get_vs_hci_event: Received HCI-Vendor Specific event
07-24 13:11:25.456 20284 20284 I WCNSS_FILTER: get_vs_hci_event: Parameter Length: 0x3
07-24 13:11:25.456 20284 20284 I WCNSS_FILTER: get_vs_hci_event: Command response: 0x0
07-24 13:11:25.456 20284 20284 I WCNSS_FILTER: get_vs_hci_event: Response type : 0x4
07-24 13:11:25.456 20284 20284 I WCNSS_FILTER: get_vs_hci_event: Command Request Response
07-24 13:11:25.456 20284 20284 I WCNSS_FILTER: get_vs_hci_event: Download Packet successfully!
07-24 13:11:25.456 20284 20284 I WCNSS_FILTER: hci_send_vs_cmd: Received HCI-Vendor Specific Event from SOC
07-24 13:11:25.456 20284 20284 I WCNSS_FILTER: tlv_dnld_segment: Successfully downloaded patch segment: 5
07-24 13:11:25.456 20284 20284 I WCNSS_FILTER: tlv_dnld_segment: Downloading TLV Patch segment no.6, size:243
07-24 13:11:25.456 20284 20284 D WCNSS_FILTER: frame_hci_cmd_pkt: Sending EDL_PATCH_TLV_REQ_CMD
07-24 13:11:25.456 20284 20284 D WCNSS_FILTER: HCI-CMD 6: 0x1 0x0 0xfc 0xf5 0x1e 0xf3
07-24 13:11:25.458 20284 20284 I WCNSS_FILTER: get_vs_hci_event: Received HCI-Vendor Specific event
07-24 13:11:25.458 20284 20284 I WCNSS_FILTER: get_vs_hci_event: Parameter Length: 0x3
07-24 13:11:25.458 20284 20284 I WCNSS_FILTER: get_vs_hci_event: Command response: 0x0
07-24 13:11:25.458 20284 20284 I WCNSS_FILTER: get_vs_hci_event: Response type : 0x4
07-24 13:11:25.458 20284 20284 I WCNSS_FILTER: get_vs_hci_event: Command Request Response
07-24 13:11:25.458 20284 20284 I WCNSS_FILTER: get_vs_hci_event: Download Packet successfully!
07-24 13:11:25.458 20284 20284 I WCNSS_FILTER: hci_send_vs_cmd: Received HCI-Vendor Specific Event from SOC
07-24 13:11:25.458 20284 20284 I WCNSS_FILTER: tlv_dnld_segment: Successfully downloaded patch segment: 6
07-24 13:11:25.458 20284 20284 I WCNSS_FILTER: tlv_dnld_segment: Downloading TLV Patch segment no.7, size:243
07-24 13:11:25.458 20284 20284 D WCNSS_FILTER: frame_hci_cmd_pkt: Sending EDL_PATCH_TLV_REQ_CMD
07-24 13:11:25.458 20284 20284 D WCNSS_FILTER: HCI-CMD 7: 0x1 0x0 0xfc 0xf5 0x1e 0xf3
07-24 13:11:25.459 20284 20284 I WCNSS_FILTER: get_vs_hci_event: Received HCI-Vendor Specific event
07-24 13:11:25.459 20284 20284 I WCNSS_FILTER: get_vs_hci_event: Parameter Length: 0x3
07-24 13:11:25.459 20284 20284 I WCNSS_FILTER: get_vs_hci_event: Command response: 0x0
07-24 13:11:25.459 20284 20284 I WCNSS_FILTER: get_vs_hci_event: Response type : 0x4
07-24 13:11:25.459 20284 20284 I WCNSS_FILTER: get_vs_hci_event: Command Request Response
07-24 13:11:25.459 20284 20284 I WCNSS_FILTER: get_vs_hci_event: Download Packet successfully!
07-24 13:11:25.459 20284 20284 I WCNSS_FILTER: hci_send_vs_cmd: Received HCI-Vendor Specific Event from SOC
07-24 13:11:25.459 20284 20284 I WCNSS_FILTER: tlv_dnld_segment: Successfully downloaded patch segment: 7
07-24 13:11:25.459 20284 20284 I WCNSS_FILTER: tlv_dnld_segment: Downloading TLV Patch segment no.8, size:243
07-24 13:11:25.459 20284 20284 D WCNSS_FILTER: frame_hci_cmd_pkt: Sending EDL_PATCH_TLV_REQ_CMD
07-24 13:11:25.459 20284 20284 D WCNSS_FILTER: HCI-CMD 8: 0x1 0x0 0xfc 0xf5 0x1e 0xf3
07-24 13:11:25.461 20284 20284 I WCNSS_FILTER: get_vs_hci_event: Received HCI-Vendor Specific event
07-24 13:11:25.461 20284 20284 I WCNSS_FILTER: get_vs_hci_event: Parameter Length: 0x3
07-24 13:11:25.461 20284 20284 I WCNSS_FILTER: get_vs_hci_event: Command response: 0x0
07-24 13:11:25.461 20284 20284 I WCNSS_FILTER: get_vs_hci_event: Response type : 0x4
07-24 13:11:25.461 20284 20284 I WCNSS_FILTER: get_vs_hci_event: Command Request Response
07-24 13:11:25.461 20284 20284 I WCNSS_FILTER: get_vs_hci_event: Download Packet successfully!
07-24 13:11:25.461 20284 20284 I WCNSS_FILTER: hci_send_vs_cmd: Received HCI-Vendor Specific Event from SOC
07-24 13:11:25.461 20284 20284 I WCNSS_FILTER: tlv_dnld_segment: Successfully downloaded patch segment: 8
07-24 13:11:25.461 20284 20284 I WCNSS_FILTER: tlv_dnld_segment: Downloading TLV Patch segment no.9, size:243
07-24 13:11:25.461 20284 20284 D WCNSS_FILTER: frame_hci_cmd_pkt: Sending EDL_PATCH_TLV_REQ_CMD
07-24 13:11:25.461 20284 20284 D WCNSS_FILTER: HCI-CMD 9: 0x1 0x0 0xfc 0xf5 0x1e 0xf3
07-24 13:11:25.462 20284 20284 I WCNSS_FILTER: get_vs_hci_event: Received HCI-Vendor Specific event
07-24 13:11:25.462 20284 20284 I WCNSS_FILTER: get_vs_hci_event: Parameter Length: 0x3
07-24 13:11:25.462 20284 20284 I WCNSS_FILTER: get_vs_hci_event: Command response: 0x0
07-24 13:11:25.462 20284 20284 I WCNSS_FILTER: get_vs_hci_event: Response type : 0x4
07-24 13:11:25.462 20284 20284 I WCNSS_FILTER: get_vs_hci_event: Command Request Response
07-24 13:11:25.462 20284 20284 I WCNSS_FILTER: get_vs_hci_event: Download Packet successfully!
07-24 13:11:25.462 20284 20284 I WCNSS_FILTER: hci_send_vs_cmd: Received HCI-Vendor Specific Event from SOC
07-24 13:11:25.462 20284 20284 I WCNSS_FILTER: tlv_dnld_segment: Successfully downloaded patch segment: 9
07-24 13:11:25.462 20284 20284 I WCNSS_FILTER: tlv_dnld_segment: Downloading TLV Patch segment no.10, size:243
07-24 13:11:25.462 20284 20284 D WCNSS_FILTER: frame_hci_cmd_pkt: Sending EDL_PATCH_TLV_REQ_CMD
07-24 13:11:25.462 20284 20284 D WCNSS_FILTER: HCI-CMD 10: 0x1 0x0 0xfc 0xf5 0x1e 0xf3
07-24 13:11:25.464 20284 20284 I WCNSS_FILTER: get_vs_hci_event: Received HCI-Vendor Specific event
07-24 13:11:25.464 20284 20284 I WCNSS_FILTER: get_vs_hci_event: Parameter Length: 0x3
07-24 13:11:25.464 20284 20284 I WCNSS_FILTER: get_vs_hci_event: Command response: 0x0
07-24 13:11:25.464 20284 20284 I WCNSS_FILTER: get_vs_hci_event: Response type : 0x4
07-24 13:11:25.464 20284 20284 I WCNSS_FILTER: get_vs_hci_event: Command Request Response
07-24 13:11:25.464 20284 20284 I WCNSS_FILTER: get_vs_hci_event: Download Packet successfully!
07-24 13:11:25.464 20284 20284 I WCNSS_FILTER: hci_send_vs_cmd: Received HCI-Vendor Specific Event from SOC
07-24 13:11:25.464 20284 20284 I WCNSS_FILTER: tlv_dnld_segment: Successfully downloaded patch segment: 10
07-24 13:11:25.464 20284 20284 I WCNSS_FILTER: tlv_dnld_segment: Downloading TLV Patch segment no.11, size:243
07-24 13:11:25.464 20284 20284 D WCNSS_FILTER: frame_hci_cmd_pkt: Sending EDL_PATCH_TLV_REQ_CMD
07-24 13:11:25.464 20284 20284 D WCNSS_FILTER: HCI-CMD 11: 0x1 0x0 0xfc 0xf5 0x1e 0xf3
07-24 13:11:25.466 20284 20284 I WCNSS_FILTER: get_vs_hci_event: Received HCI-Vendor Specific event
07-24 13:11:25.466 20284 20284 I WCNSS_FILTER: get_vs_hci_event: Parameter Length: 0x3
07-24 13:11:25.466 20284 20284 I WCNSS_FILTER: get_vs_hci_event: Command response: 0x0
07-24 13:11:25.466 20284 20284 I WCNSS_FILTER: get_vs_hci_event: Response type : 0x4
07-24 13:11:25.466 20284 20284 I WCNSS_FILTER: get_vs_hci_event: Command Request Response
07-24 13:11:25.466 20284 20284 I WCNSS_FILTER: get_vs_hci_event: Download Packet successfully!
07-24 13:11:25.466 20284 20284 I WCNSS_FILTER: hci_send_vs_cmd: Received HCI-Vendor Specific Event from SOC
07-24 13:11:25.466 20284 20284 I WCNSS_FILTER: tlv_dnld_segment: Successfully downloaded patch segment: 11
07-24 13:11:25.466 20284 20284 I WCNSS_FILTER: tlv_dnld_segment: Downloading TLV Patch segment no.12, size:243
07-24 13:11:25.466 20284 20284 D WCNSS_FILTER: frame_hci_cmd_pkt: Sending EDL_PATCH_TLV_REQ_CMD
07-24 13:11:25.466 20284 20284 D WCNSS_FILTER: HCI-CMD 12: 0x1 0x0 0xfc 0xf5 0x1e 0xf3
07-24 13:11:25.467 20284 20284 I WCNSS_FILTER: get_vs_hci_event: Received HCI-Vendor Specific event
07-24 13:11:25.467 20284 20284 I WCNSS_FILTER: get_vs_hci_event: Parameter Length: 0x3
07-24 13:11:25.467 20284 20284 I WCNSS_FILTER: get_vs_hci_event: Command response: 0x0
07-24 13:11:25.467 20284 20284 I WCNSS_FILTER: get_vs_hci_event: Response type : 0x4
07-24 13:11:25.467 20284 20284 I WCNSS_FILTER: get_vs_hci_event: Command Request Response
07-24 13:11:25.467 20284 20284 I WCNSS_FILTER: get_vs_hci_event: Download Packet successfully!
07-24 13:11:25.467 20284 20284 I WCNSS_FILTER: hci_send_vs_cmd: Received HCI-Vendor Specific Event from SOC
07-24 13:11:25.467 20284 20284 I WCNSS_FILTER: tlv_dnld_segment: Successfully downloaded patch segment: 12
07-24 13:11:25.467 20284 20284 I WCNSS_FILTER: tlv_dnld_segment: Downloading TLV Patch segment no.13, size:243
07-24 13:11:25.467 20284 20284 D WCNSS_FILTER: frame_hci_cmd_pkt: Sending EDL_PATCH_TLV_REQ_CMD
07-24 13:11:25.467 20284 20284 D WCNSS_FILTER: HCI-CMD 13: 0x1 0x0 0xfc 0xf5 0x1e 0xf3
07-24 13:11:25.469 20284 20284 I WCNSS_FILTER: get_vs_hci_event: Received HCI-Vendor Specific event
07-24 13:11:25.470 20284 20284 I WCNSS_FILTER: get_vs_hci_event: Parameter Length: 0x3
07-24 13:11:25.470 20284 20284 I WCNSS_FILTER: get_vs_hci_event: Command response: 0x0
07-24 13:11:25.471 20284 20284 I WCNSS_FILTER: get_vs_hci_event: Response type : 0x4
07-24 13:11:25.471 20284 20284 I WCNSS_FILTER: get_vs_hci_event: Command Request Response
07-24 13:11:25.471 20284 20284 I WCNSS_FILTER: get_vs_hci_event: Download Packet successfully!
07-24 13:11:25.471 20284 20284 I WCNSS_FILTER: hci_send_vs_cmd: Received HCI-Vendor Specific Event from SOC
07-24 13:11:25.471 20284 20284 I WCNSS_FILTER: tlv_dnld_segment: Successfully downloaded patch segment: 13
07-24 13:11:25.471 20284 20284 I WCNSS_FILTER: tlv_dnld_segment: Downloading TLV Patch segment no.14, size:243
07-24 13:11:25.471 20284 20284 D WCNSS_FILTER: frame_hci_cmd_pkt: Sending EDL_PATCH_TLV_REQ_CMD
07-24 13:11:25.471 20284 20284 D WCNSS_FILTER: HCI-CMD 14: 0x1 0x0 0xfc 0xf5 0x1e 0xf3
07-24 13:11:25.472 20284 20284 I WCNSS_FILTER: get_vs_hci_event: Received HCI-Vendor Specific event
07-24 13:11:25.473 20284 20284 I WCNSS_FILTER: get_vs_hci_event: Parameter Length: 0x3
07-24 13:11:25.473 20284 20284 I WCNSS_FILTER: get_vs_hci_event: Command response: 0x0
07-24 13:11:25.473 20284 20284 I WCNSS_FILTER: get_vs_hci_event: Response type : 0x4
07-24 13:11:25.473 20284 20284 I WCNSS_FILTER: get_vs_hci_event: Command Request Response
07-24 13:11:25.473 20284 20284 I WCNSS_FILTER: get_vs_hci_event: Download Packet successfully!
07-24 13:11:25.473 20284 20284 I WCNSS_FILTER: hci_send_vs_cmd: Received HCI-Vendor Specific Event from SOC
07-24 13:11:25.473 20284 20284 I WCNSS_FILTER: tlv_dnld_segment: Successfully downloaded patch segment: 14
07-24 13:11:25.473 20284 20284 I WCNSS_FILTER: tlv_dnld_segment: Downloading TLV Patch segment no.15, size:243
07-24 13:11:25.473 20284 20284 D WCNSS_FILTER: frame_hci_cmd_pkt: Sending EDL_PATCH_TLV_REQ_CMD
07-24 13:11:25.473 20284 20284 D WCNSS_FILTER: HCI-CMD 15: 0x1 0x0 0xfc 0xf5 0x1e 0xf3
07-24 13:11:25.474 20284 20284 I WCNSS_FILTER: get_vs_hci_event: Received HCI-Vendor Specific event
07-24 13:11:25.474 20284 20284 I WCNSS_FILTER: get_vs_hci_event: Parameter Length: 0x3
07-24 13:11:25.474 20284 20284 I WCNSS_FILTER: get_vs_hci_event: Command response: 0x0
07-24 13:11:25.474 20284 20284 I WCNSS_FILTER: get_vs_hci_event: Response type : 0x4
07-24 13:11:25.474 20284 20284 I WCNSS_FILTER: get_vs_hci_event: Command Request Response
07-24 13:11:25.474 20284 20284 I WCNSS_FILTER: get_vs_hci_event: Download Packet successfully!
07-24 13:11:25.474 20284 20284 I WCNSS_FILTER: hci_send_vs_cmd: Received HCI-Vendor Specific Event from SOC
07-24 13:11:25.474 20284 20284 I WCNSS_FILTER: tlv_dnld_segment: Successfully downloaded patch segment: 15
07-24 13:11:25.474 20284 20284 I WCNSS_FILTER: tlv_dnld_segment: Downloading TLV Patch segment no.16, size:243
07-24 13:11:25.474 20284 20284 D WCNSS_FILTER: frame_hci_cmd_pkt: Sending EDL_PATCH_TLV_REQ_CMD
07-24 13:11:25.474 20284 20284 D WCNSS_FILTER: HCI-CMD 16: 0x1 0x0 0xfc 0xf5 0x1e 0xf3
07-24 13:11:25.476 20284 20284 I WCNSS_FILTER: get_vs_hci_event: Received HCI-Vendor Specific event
07-24 13:11:25.476 20284 20284 I WCNSS_FILTER: get_vs_hci_event: Parameter Length: 0x3
07-24 13:11:25.476 20284 20284 I WCNSS_FILTER: get_vs_hci_event: Command response: 0x0
07-24 13:11:25.476 20284 20284 I WCNSS_FILTER: get_vs_hci_event: Response type : 0x4
07-24 13:11:25.476 20284 20284 I WCNSS_FILTER: get_vs_hci_event: Command Request Response
07-24 13:11:25.476 20284 20284 I WCNSS_FILTER: get_vs_hci_event: Download Packet successfully!
07-24 13:11:25.476 20284 20284 I WCNSS_FILTER: hci_send_vs_cmd: Received HCI-Vendor Specific Event from SOC
07-24 13:11:25.476 20284 20284 I WCNSS_FILTER: tlv_dnld_segment: Successfully downloaded patch segment: 16
07-24 13:11:25.476 20284 20284 I WCNSS_FILTER: tlv_dnld_segment: Downloading TLV Patch segment no.17, size:243
07-24 13:11:25.476 20284 20284 D WCNSS_FILTER: frame_hci_cmd_pkt: Sending EDL_PATCH_TLV_REQ_CMD
07-24 13:11:25.476 20284 20284 D WCNSS_FILTER: HCI-CMD 17: 0x1 0x0 0xfc 0xf5 0x1e 0xf3
07-24 13:11:25.477 20284 20284 I WCNSS_FILTER: get_vs_hci_event: Received HCI-Vendor Specific event
07-24 13:11:25.477 20284 20284 I WCNSS_FILTER: get_vs_hci_event: Parameter Length: 0x3
07-24 13:11:25.477 20284 20284 I WCNSS_FILTER: get_vs_hci_event: Command response: 0x0
07-24 13:11:25.477 20284 20284 I WCNSS_FILTER: get_vs_hci_event: Response type : 0x4
07-24 13:11:25.477 20284 20284 I WCNSS_FILTER: get_vs_hci_event: Command Request Response
