07-24 13:11:30.616 2338 2338 D wpa_supplicant: CTRL-DEBUG: global_ctrl_sock-sendto: sock=8 sndbuf=212992 outq=0 send_len=3403
07-24 13:11:30.620 2338 2338 D wpa_supplicant: CTRL-DEBUG: global_ctrl_sock-sendto: sock=8 sndbuf=212992 outq=0 send_len=3900
07-24 13:11:30.624 2338 2338 D wpa_supplicant: CTRL-DEBUG: global_ctrl_sock-sendto: sock=8 sndbuf=212992 outq=0 send_len=3569
07-24 13:11:30.627 2338 2338 D wpa_supplicant: CTRL-DEBUG: global_ctrl_sock-sendto: sock=8 sndbuf=212992 outq=0 send_len=3403
07-24 13:11:30.630 2338 2338 D wpa_supplicant: CTRL-DEBUG: global_ctrl_sock-sendto: sock=8 sndbuf=212992 outq=0 send_len=3480
07-24 13:11:30.633 2338 2338 D wpa_supplicant: CTRL-DEBUG: global_ctrl_sock-sendto: sock=8 sndbuf=212992 outq=0 send_len=3569
07-24 13:11:30.634 2338 2338 D wpa_supplicant: CTRL-DEBUG: global_ctrl_sock-sendto: sock=8 sndbuf=212992 outq=0 send_len=671
07-24 13:11:30.636 2338 2338 D wpa_supplicant: CTRL-DEBUG: global_ctrl_sock-sendto: sock=8 sndbuf=212992 outq=0 send_len=0
07-24 13:11:30.638 2338 2338 D wpa_supplicant: CTRL-DEBUG: global_ctrl_sock-sendto: sock=8 sndbuf=212992 outq=0 send_len=3480
07-24 13:11:30.641 2338 2338 D wpa_supplicant: CTRL-DEBUG: global_ctrl_sock-sendto: sock=8 sndbuf=212992 outq=0 send_len=671
07-24 13:11:30.642 2338 2338 D wpa_supplicant: CTRL-DEBUG: global_ctrl_sock-sendto: sock=8 sndbuf=212992 outq=0 send_len=0
07-24 13:11:30.648 1718 2003 D WifiQualifiedNetworkSelector:: ==========start qualified Network Selection==========
07-24 13:11:30.649 1718 2003 D WifiQualifiedNetworkSelector:: Current network is: "NIST-Guest" ,ID is: 2
07-24 13:11:30.649 1718 2003 D WifiQualifiedNetworkSelector:: Current network is open network
07-24 13:11:30.649 1718 2003 D WifiQualifiedNetworkSelector:: Current network is not qualified
07-24 13:11:30.650 1718 2003 D WifiQualifiedNetworkSelector:: Last selection is "NIST-Guest" Time to now: 88 minutes
07-24 13:11:30.650 1718 2003 D WifiQualifiedNetworkSelector:: Saved Network List
07-24 13:11:30.650 1718 2003 D WifiQualifiedNetworkSelector:: "PSCR-NDN-1":1 User Preferred BSSID:null FQDN:null NETWORK_SELECTION_ENABLED Disable account: 0 0 0 0 0 0 0 0 0 0 Connect Choice:"NIST-Guest"NONE set time:1532446967668
07-24 13:11:30.650 1718 2003 D WifiQualifiedNetworkSelector:: "attwifi":0 User Preferred BSSID:null FQDN:null NETWORK_SELECTION_ENABLED Disable account: 0 0 0 0 0 0 0 0 0 0 Connect Choice:null set time:-1
07-24 13:11:30.650 1718 2003 D WifiQualifiedNetworkSelector:: "NIST-Guest":2 User Preferred BSSID:null FQDN:null NETWORK_SELECTION_ENABLED Disable account: 0 0 0 0 0 0 0 0 0 0 Connect Choice:null set time:-1
07-24 13:11:30.658 1718 2003 D WifiQualifiedNetworkSelector:: NISTNet:20:3a:07:9e:16:3f(5GHz)-84 / NISTNet:20:3a:07:9f:ec:9f(5GHz)-83 / NIST-Guest:20:3a:07:9e:16:3e(5GHz)-84 / NIST-Guest:20:3a:07:9f:ff:01(2.4GHz)-89 / skipped due to low signal
07-24 13:11:30.659 1718 2003 D WifiQualifiedNetworkSelector:: NISTNet:cc:d5:39:bb:d6:df / NISTNet:cc:d5:39:bb:d6:d0 / DIRECT-74-HP M477 LaserJet:2a:56:5a:20:60:74 / NISTNet:88:75:56:c7:d9:20 / NISTNet:20:3a:07:9f:ec:90 / NISTNet:88:75:56:c7:d9:2f / NISTNet:34:a8:4e:3a:9c:e0 / NISTNet:20:3a:07:9e:16:30 / NISTNet:20:3a:07:9f:e7:90 / skipped due to not saved
07-24 13:11:30.659 1718 2003 D WifiQualifiedNetworkSelector::
07-24 13:11:30.659 1718 2003 D WifiQualifiedNetworkSelector:: 20:3a:07:9e:16:3d / 20:3a:07:9e:16:3c / 20:3a:07:9e:16:3a / cc:d5:39:bb:d6:dd / cc:d5:39:bb:d6:dc / cc:d5:39:bb:d6:da / 88:75:56:c7:d9:2d / 00:15:ff:bb:dd:ea / 20:3a:07:9e:16:33 / 20:3a:07:9f:ff:0c / 88:75:56:c7:d9:23 / 88:75:56:c7:d9:25 / 20:3a:07:9f:ec:9c / 20:3a:07:9f:ec:9a / 20:3a:07:9f:ff:0d / 20:3a:07:9f:ec:92 / 34:a8:4e:3a:9c:e5 / 34:a8:4e:3a:9c:e3 / skipped due to not valid SSID
07-24 13:11:30.659 1718 2003 D WifiQualifiedNetworkSelector:: RSSI score: 100 5GHz bonus: 40 User selected it last time 88 minutes ago, bonus:392 Same network with current associated. Bonus: 16 Same BSSID with current association. Bonus: 24 Score for scanResult: SSID: NIST-Guest, BSSID: cc:d5:39:bb:d6:de, capabilities: [ESS], level: -55, frequency: 5500, timestamp: 5375987521, distance: ?(cm), distanceSd: ?(cm), passpoint: no, ChannelBandwidth: 1, centerFreq0: 5510, centerFreq1: 0, 80211mcResponder: is not supported and Network ID: 2 final score:572
07-24 13:11:30.659 1718 2003 D WifiQualifiedNetworkSelector::
07-24 13:11:30.659 1718 2003 D WifiQualifiedNetworkSelector:: RSSI score: 100 User selected it last time 88 minutes ago, bonus:392 Same network with current associated. Bonus: 16 Score for scanResult: SSID: NIST-Guest, BSSID: cc:d5:39:bb:d6:d1, capabilities: [ESS], level: -48, frequency: 2462, timestamp: 5372251768, distance: ?(cm), distanceSd: ?(cm), passpoint: no, ChannelBandwidth: 0, centerFreq0: 0, centerFreq1: 0, 80211mcResponder: is not supported and Network ID: 2 final score:508
07-24 13:11:30.659 1718 2003 D WifiQualifiedNetworkSelector::
07-24 13:11:30.659 1718 2003 D WifiQualifiedNetworkSelector:: RSSI score: 76 User selected it last time 88 minutes ago, bonus:392 Same network with current associated. Bonus: 16 Score for scanResult: SSID: NIST-Guest, BSSID: 88:75:56:c7:d9:21, capabilities: [ESS], level: -66, frequency: 2412, timestamp: 5371358032, distance: ?(cm), distanceSd: ?(cm), passpoint: no, ChannelBandwidth: 0, centerFreq0: 0, centerFreq1: 0, 80211mcResponder: is not supported and Network ID: 2 final score:484
07-24 13:11:30.659 1718 2003 D WifiQualifiedNetworkSelector::
07-24 13:11:30.659 1718 2003 D WifiQualifiedNetworkSelector:: RSSI score: 12 5GHz bonus: 40 User selected it last time 88 minutes ago, bonus:392 Same network with current associated. Bonus: 16 Score for scanResult: SSID: NIST-Guest, BSSID: 20:3a:07:9f:ec:9e, capabilities: [ESS], level: -82, frequency: 5660, timestamp: 5375586366, distance: ?(cm), distanceSd: ?(cm), passpoint: no, ChannelBandwidth: 1, centerFreq0: 5670, centerFreq1: 0, 80211mcResponder: is not supported and Network ID: 2 final score:460
07-24 13:11:30.659 1718 2003 D WifiQualifiedNetworkSelector::
07-24 13:11:30.659 1718 2003 D WifiQualifiedNetworkSelector:: RSSI score: 20 User selected it last time 88 minutes ago, bonus:392 Same network with current associated. Bonus: 16 Score for scanResult: SSID: NIST-Guest, BSSID: 34:a8:4e:6b:56:a1, capabilities: [ESS], level: -80, frequency: 2437, timestamp: 5371856405, distance: ?(cm), distanceSd: ?(cm), passpoint: no, ChannelBandwidth: 0, centerFreq0: 0, centerFreq1: 0, 80211mcResponder: is not supported and Network ID: 2 final score:428
07-24 13:11:30.659 1718 2003 D WifiQualifiedNetworkSelector::
07-24 13:11:30.659 1718 2003 D WifiQualifiedNetworkSelector:: RSSI score: 0 User selected it last time 88 minutes ago, bonus:392 Same network with current associated. Bonus: 16 Score for scanResult: SSID: NIST-Guest, BSSID: 20:3a:07:9f:ec:91, capabilities: [ESS], level: -85, frequency: 2412, timestamp: 5371358616, distance: ?(cm), distanceSd: ?(cm), passpoint: no, ChannelBandwidth: 0, centerFreq0: 0, centerFreq1: 0, 80211mcResponder: is not supported and Network ID: 2 final score:408
07-24 13:11:30.659 1718 2003 D WifiQualifiedNetworkSelector::
07-24 13:11:30.659 1718 2003 D WifiQualifiedNetworkSelector:: RSSI score: 60 5GHz bonus: 40 User selected it last time 88 minutes ago, bonus:392 Same network with current associated. Bonus: 16 Score for scanResult: SSID: NIST-Guest, BSSID: 88:75:56:c7:d9:2e, capabilities: [ESS], level: -70, frequency: 5240, timestamp: 5372574479, distance: ?(cm), distanceSd: ?(cm), passpoint: no, ChannelBandwidth: 1, centerFreq0: 5230, centerFreq1: 0, 80211mcResponder: is not supported and Network ID: 2 final score:508
07-24 13:11:30.659 1718 2003 D WifiQualifiedNetworkSelector::
07-24 13:11:30.659 1718 2003 D WifiQualifiedNetworkSelector:: RSSI score: 28 User selected it last time 88 minutes ago, bonus:392 Same network with current associated. Bonus: 16 Score for scanResult: SSID: NIST-Guest, BSSID: 20:3a:07:9f:e7:91, capabilities: [ESS], level: -78, frequency: 2437, timestamp: 5371848598, distance: ?(cm), distanceSd: ?(cm), passpoint: no, ChannelBandwidth: 0, centerFreq0: 0, centerFreq1: 0, 80211mcResponder: is not supported and Network ID: 2 final score:436
07-24 13:11:30.659 1718 2003 D WifiQualifiedNetworkSelector::
07-24 13:11:30.659 1718 2003 D WifiQualifiedNetworkSelector:: RSSI score: 12 User selected it last time 88 minutes ago, bonus:392 Same network with current associated. Bonus: 16 Score for scanResult: SSID: NIST-Guest, BSSID: 34:a8:4e:3a:9c:e1, capabilities: [ESS], level: -82, frequency: 2412, timestamp: 5371359998, distance: ?(cm), distanceSd: ?(cm), passpoint: no, ChannelBandwidth: 0, centerFreq0: 0, centerFreq1: 0, 80211mcResponder: is not supported and Network ID: 2 final score:420
07-24 13:11:30.659 1718 2003 D WifiQualifiedNetworkSelector::
07-24 13:11:30.659 1718 2003 D WifiQualifiedNetworkSelector:: RSSI score: 24 User selected it last time 88 minutes ago, bonus
07-24 13:11:30.659 1718 2003 D WifiQualifiedNetworkSelector:: After user choice adjust, the final candidate is:"NIST-Guest":2 : cc:d5:39:bb:d6:de
07-24 13:11:30.659 1718 2003 D WifiQualifiedNetworkSelector:: "NIST-Guest":2 is already the best choice!
07-24 13:11:30.840 2364 2433 I TelephonyManager: getMultiSimConfiguration(): uid =10046
07-24 13:11:30.949 711 838 E libnav : CablComputeBacklightLevel(): UpdateType = DifferentSceneUpdate
07-24 13:11:31.292 577 2606 E ANDR-PERF-MPCTL: Invalid profile no. 0, total profiles 0 only
07-24 13:11:31.292 577 2606 E ANDR-PERF-RESOURCEQS: Failed to apply optimization [3, 0]
07-24 13:11:31.295 577 2606 E ANDR-PERF-RESOURCEQS: Failed to apply optimization [5, 0]
07-24 13:11:31.297 577 2606 E ANDR-PERF-RESOURCEQS: Failed to apply optimization [3, 0]
07-24 13:11:31.297 577 2606 E ANDR-PERF-RESOURCEQS: Failed to apply optimization [5, 0]
07-24 13:11:31.470 1718 2826 I ActivityManager: Killing 17016:com.google.android.inputmethod.korean/u0a88 (adj 906): empty for 2365s
07-24 13:11:31.473 1718 2826 I ActivityManager: Killing 19803:net.named_data.nfd.service.NfdService/u0a125 (adj 900): remove task
07-24 13:11:31.474 1718 2826 I ActivityManager: Killing 19453:net.named_data.nfd/u0a125 (adj 900): remove task
07-24 13:11:31.498 1718 2518 D ActivityManager: cleanUpApplicationRecord -- 19803
07-24 13:11:31.505 1718 2927 D ActivityManager: cleanUpApplicationRecord -- 17016
07-24 13:11:31.510 1718 1987 W InputDispatcher: channel '88ec3bc net.named_data.nfd/net.named_data.nfd.MainActivity (server)' ~ Consumer closed input channel or an error occurred. events=0x9
07-24 13:11:31.510 1718 1987 E InputDispatcher: channel '88ec3bc net.named_data.nfd/net.named_data.nfd.MainActivity (server)' ~ Channel is unrecoverably broken and will be disposed!
07-24 13:11:31.511 1718 2836 I WindowManager: WIN DEATH: Window{88ec3bc u0 net.named_data.nfd/net.named_data.nfd.MainActivity}
07-24 13:11:31.511 1718 2898 D GraphicsStats: Buffer count: 6
07-24 13:11:31.511 1718 2836 W InputDispatcher: Attempted to unregister already unregistered input channel '88ec3bc net.named_data.nfd/net.named_data.nfd.MainActivity (server)'
07-24 13:11:31.511 1718 2748 D ActivityManager: cleanUpApplicationRecord -- 19453
07-24 13:11:31.547 711 838 E libnav : CablComputeBacklightLevel(): UpdateType = DifferentSceneUpdate
07-24 13:11:31.799 16054 16064 E ReloadingLock: Finalizing LOCKED Token[canvas 2018-07-24 13:11:23.361]
07-24 13:11:31.915 1718 1987 D WindowManager: passKeyEventSOSApp title = com.android.systemui/com.android.systemui.recents.RecentsActivity
07-24 13:11:32.104 2338 2338 D wpa_supplicant: wlan0: Control interface command 'SIGNAL_POLL'
07-24 13:11:32.104 1718 1987 D WindowManager: passKeyEventSOSApp title = com.android.systemui/com.android.systemui.recents.RecentsActivity
07-24 13:11:32.104 1718 1987 I WindowManager: double tap behavior : 0 one hand opr status: false
07-24 13:11:32.111 2338 2338 D wpa_supplicant: CTRL-DEBUG: global_ctrl_sock-sendto: sock=8 sndbuf=212992 outq=0 send_len=62
07-24 13:11:32.424 1718 2898 I ActivityManager: START u0 {act=android.intent.action.MAIN cat=[android.intent.category.HOME] flg=0x10200000 cmp=com.android.launcher3/.Launcher} from uid 10046 on display 0
07-24 13:11:32.428 1718 2898 D ActivityTrigger: activityResumeTrigger: The activity in ApplicationInfo{d2b1328 com.android.launcher3} is now in focus and seems to be in full-screen mode
07-24 13:11:32.428 1718 2898 E ActivityTrigger: activityResumeTrigger: not whiteListedcom.android.launcher3/com.android.launcher3.Launcher/25
07-24 13:11:32.428 1718 2898 D ActivityTrigger: ActivityTrigger activityPauseTrigger
07-24 13:11:32.444 1718 1772 D ActivityTrigger: ActivityTrigger activityStopTrigger
07-24 13:11:32.496 13530 13530 I GoogleInputMethod: onFinishInput() : Dummy InputConnection bound
07-24 13:11:32.498 13530 13530 I GoogleInputMethod: onStartInput() : Dummy InputConnection bound
07-24 13:11:32.514 711 838 E libnav : CablComputeBacklightLevel(): UpdateType = DifferentSceneUpdate
07-24 13:11:32.794 711 838 E libnav : CablComputeBacklightLevel(): UpdateType = DifferentSceneUpdate
07-24 13:11:32.813 2364 2376 I TelephonyManager: getMultiSimConfiguration(): uid =10046
07-24 13:11:33.015 2930 3090 W OpenGLRenderer: Incorrectly called buildLayer on View: ShortcutAndWidgetContainer, destroying layer...
07-24 13:11:33.475 16054 20125 I EventLogSendingHelper: Sending log events.
07-24 13:11:33.816 2364 2436 I TelephonyManager: getMultiSimConfiguration(): uid =10046
07-24 13:11:34.024 1718 1987 D WindowManager: passKeyEventSOSApp title = com.android.launcher3/com.android.launcher3.Launcher
07-24 13:11:34.525 1718 1987 D WindowManager: passKeyEventSOSApp title = com.android.launcher3/com.android.launcher3.Launcher
07-24 13:11:34.528 1718 1987 I WindowManager: Intent SON_GREEN_KEY_DOWN
07-24 13:11:34.576 1718 1987 D WindowManager: passKeyEventSOSApp title = com.android.launcher3/com.android.launcher3.Launcher
07-24 13:11:34.628 1718 1987 D WindowManager: passKeyEventSOSApp title = com.android.launcher3/com.android.launcher3.Launcher
07-24 13:11:34.679 1718 1987 D WindowManager: passKeyEventSOSApp title = com.android.launcher3/com.android.launcher3.Launcher
07-24 13:11:34.730 1718 1987 D WindowManager: passKeyEventSOSApp title = com.android.launcher3/com.android.launcher3.Launcher
07-24 13:11:34.782 1718 1987 D WindowManager: passKeyEventSOSApp title = com.android.launcher3/com.android.launcher3.Launcher
07-24 13:11:34.833 1718 1987 D WindowManager: passKeyEventSOSApp title = com.android.launcher3/com.android.launcher3.Launcher
07-24 13:11:34.883 1718 1987 D WindowManager: passKeyEventSOSApp title = com.android.launcher3/com.android.launcher3.Launcher
07-24 13:11:34.933 1718 1987 D WindowManager: passKeyEventSOSApp title = com.android.launcher3/com.android.launcher3.Launcher
07-24 13:11:34.985 1718 1987 D WindowManager: passKeyEventSOSApp title = com.android.launcher3/com.android.launcher3.Launcher
07-24 13:11:35.036 1718 1987 D WindowManager: passKeyEventSOSApp title = com.android.launcher3/com.android.launcher3.Launcher
07-24 13:11:35.088 1718 1987 D WindowManager: passKeyEventSOSApp title = com.android.launcher3/com.android.launcher3.Launcher
07-24 13:11:35.132 2338 2338 D wpa_supplicant: wlan0: Control interface command 'SIGNAL_POLL'
07-24 13:11:35.138 1718 1987 D WindowManager: passKeyEventSOSApp title = com.android.launcher3/com.android.launcher3.Launcher
07-24 13:11:35.149 2338 2338 D wpa_supplicant: CTRL-DEBUG: global_ctrl_sock-sendto: sock=8 sndbuf=212992 outq=0 send_len=62
07-24 13:11:35.192 1718 1987 D WindowManager: passKeyEventSOSApp title = com.android.launcher3/com.android.launcher3.Launcher
07-24 13:11:35.245 1718 1987 D WindowManager: passKeyEventSOSApp title = com.android.launcher3/com.android.launcher3.Launcher
07-24 13:11:35.296 1718 1987 D WindowManager: passKeyEventSOSApp title = com.android.launcher3/com.android.launcher3.Launcher
07-24 13:11:35.347 1718 1987 D WindowManager: passKeyEventSOSApp title = com.android.launcher3/com.android.launcher3.Launcher
07-24 13:11:35.400 1718 1987 D WindowManager: passKeyEventSOSApp title = com.android.launcher3/com.android.launcher3.Launcher
07-24 13:11:35.454 1718 1987 D WindowManager: passKeyEventSOSApp title = com.android.launcher3/com.android.launcher3.Launcher
07-24 13:11:35.504 1718 1987 D WindowManager: passKeyEventSOSApp title = com.android.launcher3/com.android.launcher3.Launcher
07-24 13:11:35.554 1718 1987 D WindowManager: passKeyEventSOSApp title = com.android.launcher3/com.android.launcher3.Launcher
07-24 13:11:35.606 1718 1987 D WindowManager: passKeyEventSOSApp title = com.android.launcher3/com.android.launcher3.Launcher
07-24 13:11:35.659 1718 1987 D WindowManager: passKeyEventSOSApp title = com.android.launcher3/com.android.launcher3.Launcher
07-24 13:11:35.710 1718 1987 D WindowManager: passKeyEventSOSApp title = com.android.launcher3/com.android.launcher3.Launcher
07-24 13:11:35.764 1718 1987 D WindowManager: passKeyEventSOSApp title = com.android.launcher3/com.android.launcher3.Launcher
07-24 13:11:35.816 1718 1987 D WindowManager: passKeyEventSOSApp title = com.android.launcher3/com.android.launcher3.Launcher
07-24 13:11:35.830 2364 2377 I TelephonyManager: getMultiSimConfiguration(): uid =10046
07-24 13:11:35.867 1718 1987 D WindowManager: passKeyEventSOSApp title = com.android.launcher3/com.android.launcher3.Launcher
07-24 13:11:35.918 1718 1987 D WindowManager: passKeyEventSOSApp title = com.android.launcher3/com.android.launcher3.Launcher
07-24 13:11:35.969 1718 1987 D WindowManager: passKeyEventSOSApp title = com.android.launcher3/com.android.launcher3.Launcher
07-24 13:11:36.020 1718 1987 D WindowManager: passKeyEventSOSApp title = com.android.launcher3/com.android.launcher3.Launcher
07-24 13:11:36.059 2060 2060 D KeyguardUpdateMonitor: received broadcast android.intent.action.BATTERY_CHANGED
07-24 13:11:36.059 1718 1718 I RPS : onReceive IntentIntent { act=android.intent.action.BATTERY_CHANGED flg=0x60000010 (has extras) }
07-24 13:11:36.059 1718 1718 I RPS : Battery Level in percentage:90.0Level:90Scale100
07-24 13:11:36.059 1718 1718 I RPS : checkCallbacks
07-24 13:11:36.060 2815 2815 I tsdmc : BatteryMonitorService.checkFWUpdateWithBatteryEnough()
07-24 13:11:36.060 2815 2815 V tsdmc : mbatteryLevel = 90; bBatteryLow= false
07-24 13:11:36.060 2364 2364 I TelephonyManager: isMultiSimEnabled()- telephonyManager: uid= 1001
07-24 13:11:36.062 1718 1811 E PowerManagerService: BatteryReceiver onReceive() status: 2 plugType:1
07-24 13:11:36.065 2364 2364 E QtiImsExtUtils: getConfigForPhoneId subId is invalid
07-24 13:11:36.065 2364 2364 E QtiImsExtUtils: isCarrierConfigEnabled bundle is null
07-24 13:11:36.068 2060 2060 D KeyguardUpdateMonitor: handleBatteryUpdate
07-24 13:11:36.071 1718 1987 D WindowManager: passKeyEventSOSApp title = com.android.launcher3/com.android.launcher3.Launcher
07-24 13:11:36.073 1718 1778 E BatteryStatsService: no controller energy info supplied
07-24 13:11:36.084 1718 1778 E BatteryStatsService: power: Missing API
07-24 13:11:36.087 1718 1778 E KernelUidCpuTimeReader: Failed to read uid_cputime: /proc/uid_cputime/show_uid_stat (No such file or directory)
07-24 13:11:36.111 1718 1772 E KernelUidCpuTimeReader: Failed to read uid_cputime: /proc/uid_cputime/show_uid_stat (No such file or directory)
07-24 13:11:36.122 1718 1987 D WindowManager: passKeyEventSOSApp title = com.android.launcher3/com.android.launcher3.Launcher
07-24 13:11:36.173 1718 1987 D WindowManager: passKeyEventSOSApp title = com.android.launcher3/com.android.launcher3.Launcher
07-24 13:11:36.224 1718 1987 D WindowManager: passKeyEventSOSApp title = com.android.launcher3/com.android.launcher3.Launcher
07-24 13:11:36.278 1718 1987 D WindowManager: passKeyEventSOSApp title = com.android.launcher3/com.android.launcher3.Launcher
07-24 13:11:36.329 1718 1987 D WindowManager: passKeyEventSOSApp title = com.android.launcher3/com.android.launcher3.Launcher
07-24 13:11:36.383 1718 1987 D WindowManager: passKeyEventSOSApp title = com.android.launcher3/com.android.launcher3.Launcher
07-24 13:11:36.437 1718 1987 D WindowManager: passKeyEventSOSApp title = com.android.launcher3/com.android.launcher3.Launcher
07-24 13:11:36.490 1718 1987 D WindowManager: passKeyEventSOSApp title = com.android.launcher3/com.android.launcher3.Launcher
07-24 13:11:36.543 1718 1987 D WindowManager: passKeyEventSOSApp title = com.android.launcher3/com.android.launcher3.Launcher
07-24 13:11:36.596 1718 1987 D WindowManager: passKeyEventSOSApp title = com.android.launcher3/com.android.launcher3.Launcher
07-24 13:11:36.645 1718 1987 D WindowManager: passKeyEventSOSApp title = com.android.launcher3/com.android.launcher3.Launcher
07-24 13:11:36.696 1718 1987 D WindowManager: passKeyEventSOSApp title = com.android.launcher3/com.android.launcher3.Launcher
07-24 13:11:36.751 1718 1987 D WindowManager: passKeyEventSOSApp title = com.android.launcher3/com.android.launcher3.Launcher
07-24 13:11:36.799 1718 1987 D WindowManager: passKeyEventSOSApp title = com.android.launcher3/com.android.launcher3.Launcher
07-24 13:11:36.804 1718 1987 I WindowManager: Intent SON_GREEN_KEY_UP
07-24 13:11:36.804 1718 1987 D WindowManager: postDelayed the runnable
07-24 13:11:36.829 2364 2433 I TelephonyManager: getMultiSimConfiguration(): uid =10046
07-24 13:11:36.955 1718 1774 D WindowManager: In the runnable mAppSwitchDoubleTapTimeoutRunnable -> toggleRecentApps
07-24 13:11:36.979 1718 2795 I ActivityManager: START u0 {flg=0x10804000 cmp=com.android.systemui/.recents.RecentsActivity} from uid 10046 on display 0
07-24 13:11:36.986 1718 2795 D ActivityTrigger: activityResumeTrigger: The activity in ApplicationInfo{3f48de0 com.android.systemui} is now in focus and seems to be in full-screen mode
07-24 13:11:36.986 1718 2795 E ActivityTrigger: activityResumeTrigger: not whiteListedcom.android.systemui/com.android.systemui.recents.RecentsActivity/25
07-24 13:11:36.986 1718 2795 D ActivityTrigger: ActivityTrigger activityPauseTrigger
07-24 13:11:37.001 1718 1772 D ActivityTrigger: ActivityTrigger activityStopTrigger
07-24 13:11:37.046 13530 13530 I GoogleInputMethod: onFinishInput() : Dummy InputConnection bound
07-24 13:11:37.047 13530 13530 I GoogleInputMethod: onStartInput() : Dummy InputConnection bound
07-24 13:11:37.298 711 838 E libnav : CablComputeBacklightLevel(): UpdateType = DifferentSceneUpdate
07-24 13:11:37.664 711 838 E libnav : CablComputeBacklightLevel(): UpdateType = DifferentSceneUpdate
07-24 13:11:37.850 2364 2376 I TelephonyManager: getMultiSimConfiguration(): uid =10046
07-24 13:11:38.163 2338 2338 D wpa_supplicant: wlan0: Control interface command 'SIGNAL_POLL'
07-24 13:11:38.176 2338 2338 D wpa_supplicant: CTRL-DEBUG: global_ctrl_sock-sendto: sock=8 sndbuf=212992 outq=0 send_len=62
07-24 13:11:38.230 1718 2836 I ActivityManager: Killing 19034:org.codeaurora.snapcam/u0a41 (adj 900): remove task
07-24 13:11:38.274 1718 1987 W InputDispatcher: channel '3006dfb org.codeaurora.snapcam/com.android.camera.CameraActivity (server)' ~ Consumer closed input channel or an error occurred. events=0x9
07-24 13:11:38.274 1718 1987 E InputDispatcher: channel '3006dfb org.codeaurora.snapcam/com.android.camera.CameraActivity (server)' ~ Channel is unrecoverably broken and will be disposed!
07-24 13:11:38.280 1718 13284 I WindowManager: WIN DEATH: Window{3006dfb u0 org.codeaurora.snapcam/com.android.camera.CameraActivity}
07-24 13:11:38.280 1718 13284 W InputDispatcher: Attempted to unregister already unregistered input channel '3006dfb org.codeaurora.snapcam/com.android.camera.CameraActivity (server)'
07-24 13:11:38.280 1718 13284 W WindowManager: Force-removing child win Window{5bab9c2 u0 SurfaceView - org.codeaurora.snapcam/com.android.camera.CameraActivity} from container Window{3006dfb u0 org.codeaurora.snapcam/com.android.camera.CameraActivity}
07-24 13:11:38.281 1718 2749 D GraphicsStats: Buffer count: 5
07-24 13:11:38.281 1718 2690 D ActivityManager: cleanUpApplicationRecord -- 19034
07-24 13:11:38.290 1718 2285 W WindowManager: Failed looking up window
07-24 13:11:38.290 1718 2285 W WindowManager: java.lang.IllegalArgumentException: Requested window android.os.BinderProxy@3d37e18 does not exist
07-24 13:11:38.290 1718 2285 W WindowManager: at com.android.server.wm.WindowManagerService.windowForClientLocked(WindowManagerService.java:9564)
07-24 13:11:38.290 1718 2285 W WindowManager: at com.android.server.wm.WindowManagerService.windowForClientLocked(WindowManagerService.java:9555)
07-24 13:11:38.290 1718 2285 W WindowManager: at com.android.server.wm.WindowState$DeathRecipient.binderDied(WindowState.java:1815)
07-24 13:11:38.290 1718 2285 W WindowManager: at android.os.BinderProxy.sendDeathNotice(Binder.java:688)
07-24 13:11:38.290 1718 2285 I WindowManager: WIN DEATH: null
07-24 13:11:38.329 711 838 E libnav : CablComputeBacklightLevel(): UpdateType = DifferentSceneUpdate
07-24 13:11:38.534 1718 1987 D WindowManager: passKeyEventSOSApp title = com.android.systemui/com.android.systemui.recents.RecentsActivity
07-24 13:11:38.704 1718 1987 D WindowManager: passKeyEventSOSApp title = com.android.systemui/com.android.systemui.recents.RecentsActivity
07-24 13:11:38.704 1718 1987 I WindowManager: double tap behavior : 0 one hand opr status: false
07-24 13:11:39.037 1718 2927 I ActivityManager: START u0 {act=android.intent.action.MAIN cat=[android.intent.category.HOME] flg=0x10200000 cmp=com.android.launcher3/.Launcher} from uid 10046 on display 0
07-24 13:11:39.042 1718 2927 D ActivityTrigger: activityResumeTrigger: The activity in ApplicationInfo{d2b1328 com.android.launcher3} is now in focus and seems to be in full-screen mode
07-24 13:11:39.042 1718 2927 E ActivityTrigger: activityResumeTrigger: not whiteListedcom.android.launcher3/com.android.launcher3.Launcher/25
07-24 13:11:39.043 1718 2927 D ActivityTrigger: ActivityTrigger activityPauseTrigger
07-24 13:11:39.064 1718 1772 D ActivityTrigger: ActivityTrigger activityStopTrigger
07-24 13:11:39.110 13530 13530 I GoogleInputMethod: onFinishInput() : Dummy InputConnection bound
07-24 13:11:39.111 13530 13530 I GoogleInputMethod: onStartInput() : Dummy InputConnection bound
07-24 13:11:39.126 711 838 E libnav : CablComputeBacklightLevel(): UpdateType = DifferentSceneUpdate
07-24 13:11:39.411 711 838 E libnav : CablComputeBacklightLevel(): UpdateType = DifferentSceneUpdate
07-24 13:11:39.630 2930 3090 W OpenGLRenderer: Incorrectly called buildLayer on View: ShortcutAndWidgetContainer, destroying layer...
07-24 13:11:41.196 2338 2338 D wpa_supplicant: wlan0: Control interface command 'SIGNAL_POLL'
07-24 13:11:41.206 2338 2338 D wpa_supplicant: CTRL-DEBUG: global_ctrl_sock-sendto: sock=8 sndbuf=212992 outq=0 send_len=62
07-24 13:11:41.225 2364 2433 I TelephonyManager: getMultiSimConfiguration(): uid =10046
07-24 13:11:42.374 14405 15892 I CastDatabase: Saving the database
07-24 13:11:42.383 14405 15892 I SQLiteCastStore: [CastNetworkInfo] saved: 0, skipped: 0, [CastDeviceInfo]: saved 0, skipped 0, Paired Guest Mode DeviceInfo] saved: 0, skipped: 0. [ProbedNetworks]: save 0, skipped: 0
07-24 13:11:42.841 2364 2471 I TelephonyManager: getMultiSimConfiguration(): uid =10046
07-24 13:11:44.226 2338 2338 D wpa_supplicant: wlan0: Control interface command 'SIGNAL_POLL'
07-24 13:11:44.234 2338 2338 D wpa_supplicant: CTRL-DEBUG: global_ctrl_sock-sendto: sock=8 sndbuf=212992 outq=0 send_len=62
07-24 13:11:44.855 2364 2435 I TelephonyManager: getMultiSimConfiguration(): uid =10046
07-24 13:11:46.869 2364 2471 I TelephonyManager: getMultiSimConfiguration(): uid =10046
07-24 13:11:47.254 2338 2338 D wpa_supplicant: wlan0: Control interface command 'SIGNAL_POLL'
07-24 13:11:47.268 2338 2338 D wpa_supplicant: CTRL-DEBUG: global_ctrl_sock-sendto: sock=8 sndbuf=212992 outq=0 send_len=62
07-24 13:11:47.873 2364 2436 I TelephonyManager: getMultiSimConfiguration(): uid =10046
07-24 13:11:48.887 2364 2471 I TelephonyManager: getMultiSimConfiguration(): uid =10046
07-24 13:11:50.285 2338 2338 D wpa_supplicant: wlan0: Control interface command 'SIGNAL_POLL'
07-24 13:11:50.293 2338 2338 D wpa_supplicant: CTRL-DEBUG: global_ctrl_sock-sendto: sock=8 sndbuf=212992 outq=0 send_len=62
07-24 13:11:50.887 2364 2436 I TelephonyManager: getMultiSimConfiguration(): uid =10046
07-24 13:11:51.886 2364 2376 I TelephonyManager: getMultiSimConfiguration(): uid =10046
07-24 13:11:53.309 2338 2338 D wpa_supplicant: wlan0: Control interface command 'SIGNAL_POLL'
07-24 13:11:53.322 2338 2338 D wpa_supplicant: CTRL-DEBUG: global_ctrl_sock-sendto: sock=8 sndbuf=212992 outq=0 send_len=62
07-24 13:11:55.996 1718 2285 I ActivityManager: START u0 {act=android.intent.action.MAIN cat=[android.intent.category.LAUNCHER] flg=0x10200000 cmp=net.named_data.nfd/.MainActivity bnds=[24,474][282,840] (has extras)} from uid 10026 on display 0
07-24 13:11:55.999 577 2606 E ANDR-PERF-MPCTL: Invalid profile no. 0, total profiles 0 only
07-24 13:11:56.022 1718 2285 D ActivityTrigger: activityStartTrigger: Activity is Triggerred in full screen ApplicationInfo{b6e9c5 net.named_data.nfd}
07-24 13:11:56.022 1718 2285 E ActivityTrigger: activityStartTrigger: not whiteListednet.named_data.nfd/net.named_data.nfd.MainActivity/2004008
07-24 13:11:56.023 1718 2285 D CompatibilityInfo: mCompatibilityFlags - 0
07-24 13:11:56.023 1718 2285 D CompatibilityInfo: applicationDensity - 480
07-24 13:11:56.023 1718 2285 D CompatibilityInfo: applicationScale - 1.0
07-24 13:11:56.025 1718 2285 D ActivityTrigger: activityResumeTrigger: The activity in ApplicationInfo{b6e9c5 net.named_data.nfd} is now in focus and seems to be in full-screen mode
07-24 13:11:56.025 1718 2285 E ActivityTrigger: activityResumeTrigger: not whiteListednet.named_data.nfd/net.named_data.nfd.MainActivity/2004008
07-24 13:11:56.025 1718 2285 D ActivityTrigger: ActivityTrigger activityPauseTrigger
07-24 13:11:56.031 1718 2898 D ActivityTrigger: activityResumeTrigger: The activity in ApplicationInfo{b6e9c5 net.named_data.nfd} is now in focus and seems to be in full-screen mode
07-24 13:11:56.031 1718 2898 E ActivityTrigger: activityResumeTrigger: not whiteListednet.named_data.nfd/net.named_data.nfd.MainActivity/2004008
07-24 13:11:56.044 1718 2898 I ActivityManager: Start proc 20873:net.named_data.nfd/u0a125 for activity net.named_data.nfd/.MainActivity
07-24 13:11:56.046 20873 20873 I art : Late-enabling -Xcheck:jni
07-24 13:11:56.061 1718 13284 D CompatibilityInfo: mCompatibilityFlags - 0
07-24 13:11:56.061 1718 13284 D CompatibilityInfo: applicationDensity - 480
07-24 13:11:56.061 1718 13284 D CompatibilityInfo: applicationScale - 1.0
07-24 13:11:56.071 1718 13284 D CompatibilityInfo: mCompatibilityFlags - 0
07-24 13:11:56.071 1718 13284 D CompatibilityInfo: applicationDensity - 480
07-24 13:11:56.071 1718 13284 D CompatibilityInfo: applicationScale - 1.0
07-24 13:11:56.114 20873 20873 W art : Before Android 4.1, method android.graphics.PorterDuffColorFilter android.support.graphics.drawable.VectorDrawableCompat.updateTintFilter(android.graphics.PorterDuffColorFilter, android.content.res.ColorStateList, android.graphics.PorterDuff$Mode) would have incorrectly overridden the package-private method in android.graphics.drawable.Drawable
07-24 13:11:56.167 20873 20873 I IdentityManager: Get new key ID
07-24 13:11:56.168 20873 20873 I IdentityManager: Generate key pair in private storage
07-24 13:11:56.336 2338 2338 D wpa_supplicant: wlan0: Control interface command 'SIGNAL_POLL'
07-24 13:11:56.349 2338 2338 D wpa_supplicant: CTRL-DEBUG: global_ctrl_sock-sendto: sock=8 sndbuf=212992 outq=0 send_len=62
07-24 13:11:56.477 711 838 E libnav : CablComputeBacklightLevel(): UpdateType = DifferentSceneUpdate
07-24 13:11:57.522 577 2606 E ANDR-PERF-OPTSHANDLER: perf_lock_rel: updated /sys/class/mmc_host/mmc0/clk_scaling/enable with 1
07-24 13:11:57.522 577 2606 E ANDR-PERF-OPTSHANDLER: return value 2
07-24 13:11:57.895 2364 2731 I TelephonyManager: getMultiSimConfiguration(): uid =10046
07-24 13:11:58.023 577 2606 E ANDR-PERF-RESOURCEQS: Failed to reset optimization [3, 0]
07-24 13:11:58.587 20873 20873 I IdentityManager: Create a key record in public storage
07-24 13:11:58.612 20873 20873 I IdentityManager: Get new key ID
07-24 13:11:58.612 20873 20873 I IdentityManager: Generate key pair in private storage
07-24 13:11:58.896 2364 2435 I TelephonyManager: getMultiSimConfiguration(): uid =10046
07-24 13:11:59.360 2338 2338 D wpa_supplicant: wlan0: Control interface command 'SIGNAL_POLL'
07-24 13:11:59.376 2338 2338 D wpa_supplicant: CTRL-DEBUG: global_ctrl_sock-sendto: sock=8 sndbuf=212992 outq=0 send_len=62
07-24 13:11:59.644 2060 2060 D KeyguardUpdateMonitor: received broadcast android.intent.action.BATTERY_CHANGED
07-24 13:11:59.645 1718 1811 E PowerManagerService: BatteryReceiver onReceive() status: 2 plugType:1
07-24 13:11:59.645 2364 2364 I TelephonyManager: isMultiSimEnabled()- telephonyManager: uid= 1001
07-24 13:11:59.645 2815 2815 I tsdmc : BatteryMonitorService.checkFWUpdateWithBatteryEnough()
07-24 13:11:59.645 2815 2815 V tsdmc : mbatteryLevel = 90; bBatteryLow= false
07-24 13:11:59.645 1718 1718 I RPS : onReceive IntentIntent { act=android.intent.action.BATTERY_CHANGED flg=0x60000010 (has extras) }
07-24 13:11:59.645 1718 1718 I RPS : Battery Level in percentage:90.0Level:90Scale100
07-24 13:11:59.645 1718 1718 I RPS : checkCallbacks
07-24 13:11:59.647 2060 2060 D KeyguardUpdateMonitor: handleBatteryUpdate
07-24 13:11:59.649 2364 2364 E QtiImsExtUtils: getConfigForPhoneId subId is invalid
07-24 13:11:59.649 2364 2364 E QtiImsExtUtils: isCarrierConfigEnabled bundle is null
07-24 13:11:59.795 20873 20873 I IdentityManager: Create a key record in public storage
07-24 13:11:59.882 1718 2898 I ActivityManager: Start proc 20968:net.named_data.nfd.service.NfdService/u0a125 for service net.named_data.nfd/.service.NfdService
07-24 13:11:59.883 20873 20873 D NFDService: MainFragment::bindNfdService()
07-24 13:11:59.886 20968 20968 I art : Late-enabling -Xcheck:jni
07-24 13:11:59.899 1718 2927 D CompatibilityInfo: mCompatibilityFlags - 0
07-24 13:11:59.899 1718 2927 D CompatibilityInfo: applicationDensity - 480
07-24 13:11:59.899 1718 2927 D CompatibilityInfo: applicationScale - 1.0
07-24 13:11:59.901 1718 2927 D CompatibilityInfo: mCompatibilityFlags - 0
07-24 13:11:59.901 1718 2927 D CompatibilityInfo: applicationDensity - 480
07-24 13:11:59.901 1718 2927 D CompatibilityInfo: applicationScale - 1.0
07-24 13:11:59.923 20873 20981 I Adreno : QUALCOMM build : 74bd0df, Ida1be052e0
07-24 13:11:59.923 20873 20981 I Adreno : Build Date : 12/13/17
07-24 13:11:59.923 20873 20981 I Adreno : OpenGL ES Shader Compiler Version: XE031.14.00.04
07-24 13:11:59.923 20873 20981 I Adreno : Local Branch :
07-24 13:11:59.923 20873 20981 I Adreno : Remote Branch : quic/gfx-adreno.lnx.1.0.r9-rel
07-24 13:11:59.923 20873 20981 I Adreno : Remote Branch : NONE
07-24 13:11:59.923 20873 20981 I Adreno : Reconstruct Branch : NOTHING
07-24 13:11:59.925 20873 20981 I Adreno : PFP: 0x005ff087, ME: 0x005ff063
07-24 13:11:59.929 20873 20981 I OpenGLRenderer: Initialized EGL, version 1.4
07-24 13:11:59.929 20873 20981 D OpenGLRenderer: Swap behavior 1
07-24 13:11:59.956 20873 20873 D NFDService: onCreateOptionsMenufalse
07-24 13:11:59.991 13530 13530 I GoogleInputMethod: onFinishInput() : Dummy InputConnection bound
07-24 13:11:59.992 1718 1808 I ActivityManager: Displayed net.named_data.nfd/.MainActivity: +3s960ms
07-24 13:11:59.993 13530 13530 I GoogleInputMethod: onStartInput() : Dummy InputConnection bound
07-24 13:11:59.998 1718 2826 D ActivityTrigger: ActivityTrigger activityStopTrigger
07-24 13:12:00.006 2060 2060 D KeyguardUpdateMonitor: received broadcast android.intent.action.TIME_TICK
07-24 13:12:00.006 2060 2060 D KeyguardUpdateMonitor: handleTimeUpdate
07-24 13:12:00.102 20968 20968 D net.named_data.nfd.service.NfdService: NFDService::onCreate()
07-24 13:12:00.105 20873 20873 D NFDService: m_ServiceConnection::onServiceConnected()
07-24 13:12:00.107 20873 20873 D NFDService: ClientHandler: NFD is Stopped.
07-24 13:12:02.388 2338 2338 D wpa_supplicant: wlan0: Control interface command 'SIGNAL_POLL'
07-24 13:12:02.405 2338 2338 D wpa_supplicant: CTRL-DEBUG: global_ctrl_sock-sendto: sock=8 sndbuf=212992 outq=0 send_len=62
07-24 13:12:02.917 2364 2731 I TelephonyManager: getMultiSimConfiguration(): uid =10046
07-24 13:12:03.915 2364 2435 I TelephonyManager: getMultiSimConfiguration(): uid =10046
07-24 13:12:04.559 20968 20968 D NFDService: ndn.Face
07-24 13:12:04.559 20968 20968 D NFDService: ndn.NetworkMonitor
07-24 13:12:04.559 20968 20968 D NFDService: ndn.TcpTransport
07-24 13:12:04.559 20968 20968 D NFDService: ndn.UnixTransport
07-24 13:12:04.560 20968 20968 D NFDService: ndn.mgmt.Dispatcher
07-24 13:12:04.560 20968 20968 D NFDService: ndn.security.pib.Pib
07-24 13:12:04.560 20968 20968 D NFDService: ndn.security.v2.CertificateBundleFetcher
07-24 13:12:04.560 20968 20968 D NFDService: ndn.security.v2.CertificateCache
07-24 13:12:04.560 20968 20968 D NFDService: ndn.security.v2.CertificateFetcher
07-24 13:12:04.560 20968 20968 D NFDService: ndn.security.v2.KeyChain
07-24 13:12:04.560 20968 20968 D NFDService: ndn.security.v2.TrustAnchorGroup
07-24 13:12:04.560 20968 20968 D NFDService: ndn.security.v2.ValidationState
07-24 13:12:04.560 20968 20968 D NFDService: ndn.security.v2.Validator
07-24 13:12:04.560 20968 20968 D NFDService: ndn.security.validator_config.Rule
07-24 13:12:04.561 20968 20968 D NFDService: nfd.AccessStrategy
07-24 13:12:04.561 20968 20968 D NFDService: nfd.AsfMeasurements
07-24 13:12:04.561 20968 20968 D NFDService: nfd.AsfStrategy
07-24 13:12:04.561 20968 20968 D NFDService: nfd.AutoPrefixPropagator
07-24 13:12:04.561 20968 20968 D NFDService: nfd.BestRouteStrategy2
07-24 13:12:04.561 20968 20968 D NFDService: nfd.ClientControlStrategy
07-24 13:12:04.561 20968 20968 D NFDService: nfd.CommandAuthenticator
07-24 13:12:04.561 20968 20968 D NFDService: nfd.ContentStore
07-24 13:12:04.561 20968 20968 D NFDService: nfd.CsPolicy
07-24 13:12:04.561 20968 20968 D NFDService: nfd.DeadNonceList
07-24 13:12:04.561 20968 20968 D NFDService: nfd.FaceManager
07-24 13:12:04.562 20968 20968 D NFDService: nfd.FaceSystem
07-24 13:12:04.562 20968 20968 D NFDService: nfd.FaceTable
07-24 13:12:04.562 20968 20968 D NFDService: nfd.FibManager
07-24 13:12:04.562 20968 20968 D NFDService: nfd.FibUpdater
07-24 13:12:04.562 20968 20968 D NFDService: nfd.Forwarder
07-24 13:12:04.562 20968 20968 D NFDService: nfd.GenericLinkService
07-24 13:12:04.562 20968 20968 D NFDService: nfd.InternalClientTransport
07-24 13:12:04.562 20968 20968 D NFDService: nfd.InternalForwarderTransport
07-24 13:12:04.562 20968 20968 D NFDService: nfd.LinkService
07-24 13:12:04.562 20968 20968 D NFDService: nfd.LpFragmenter
07-24 13:12:04.564 20968 20968 D NFDService: nfd.LpReassembler
07-24 13:12:04.564 20968 20968 D NFDService: nfd.Main
07-24 13:12:04.564 20968 20968 D NFDService: nfd.MulticastStrategy
07-24 13:12:04.564 20968 20968 D NFDService: nfd.MulticastUdpTransport
07-24 13:12:04.564 20968 20968 D NFDService: nfd.NameTree
07-24 13:12:04.564 20968 20968 D NFDService: nfd.NameTreeHashtable
07-24 13:12:04.564 20968 20968 D NFDService: nfd.NameTreeIterator
07-24 13:12:04.564 20968 20968 D NFDService: nfd.Nfd
07-24 13:12:04.564 20968 20968 D NFDService: nfd.NfdRibReadvertiseDestination
07-24 13:12:04.564 20968 20968 D NFDService: nfd.NfdWrapper
07-24 13:12:04.564 20968 20968 D NFDService: nfd.PrivilegeHelper
07-24 13:12:04.564 20968 20968 D NFDService: nfd.ProcessNackTraits
07-24 13:12:04.564 20968 20968 D NFDService: nfd.Readvertise
07-24 13:12:04.564 20968 20968 D NFDService: nfd.ReadvertiseDestination
07-24 13:12:04.565 20968 20968 D NFDService: nfd.Rib
07-24 13:12:04.565 20968 20968 D NFDService: nfd.RibEntry
07-24 13:12:04.565 20968 20968 D NFDService: nfd.RibManager
07-24 13:12:04.565 20968 20968 D NFDService: nfd.Strategy
07-24 13:12:04.565 20968 20968 D NFDService: nfd.StrategyChoice
07-24 13:12:04.565 20968 20968 D NFDService: nfd.StrategyChoiceManager
07-24 13:12:04.565 20968 20968 D NFDService: nfd.TcpChannel
07-24 13:12:04.565 20968 20968 D NFDService: nfd.TcpFactory
07-24 13:12:04.565 20968 20968 D NFDService: nfd.TcpTransport
07-24 13:12:04.565 20968 20968 D NFDService: nfd.Transport
07-24 13:12:04.565 20968 20968 D NFDService: nfd.UdpChannel
07-24 13:12:04.565 20968 20968 D NFDService: nfd.UdpFactory
07-24 13:12:04.565 20968 20968 D NFDService: nfd.UnicastUdpTransport
07-24 13:12:04.565 20968 20968 D NFDService: nfd.UnixStreamChannel
07-24 13:12:04.565 20968 20968 D NFDService: nfd.UnixStreamFactory
07-24 13:12:04.565 20968 20968 D NFDService: nfd.UnixStreamTransport
07-24 13:12:04.565 20968 20968 D NFDService: nfd.WebSocketChannel
07-24 13:12:04.566 20968 20968 D NFDService: nfd.WebSocketFactory
07-24 13:12:04.566 20968 21103 F libc : Fatal signal 11 (SIGSEGV), code 1, fault addr 0xc00f04e in tid 21103 (vice.NfdService)
07-24 13:12:04.566 20968 20968 D NFDService: nfd.WebSocketTransport
07-24 13:12:04.566 559 559 W : debuggerd: handling request: pid=20968 uid=10125 gid=10125 tid=21103
07-24 13:12:04.571 20968 20968 D net.named_data.nfd.service.NfdService: serviceStartNfd()
07-24 13:12:04.572 20968 20968 D net.named_data.nfd.service.NfdService: NFDService::onStartCommand()
07-24 13:12:04.572 20968 20968 D net.named_data.nfd.service.NfdService: serviceStartNfd(): NFD Service already running!
07-24 13:12:04.573 20968 20968 D net.named_data.nfd.service.NfdService: createPermanentFaceUriAndRoute: NFD is not started yet, delay 1000 ms.
07-24 13:12:04.574 20968 20968 D net.named_data.nfd.service.NfdService: connectToNeareastHub: NFD is not started yet, delay 1000 ms.
07-24 13:12:04.578 20873 20873 D NFDService: ClientHandler: NFD is Running.
07-24 13:12:04.656 21104 21104 F DEBUG : *** *** *** *** *** *** *** *** *** *** *** *** *** *** *** ***
07-24 13:12:04.656 21104 21104 F DEBUG : Build fingerprint: 'Sonim/XP8812/XP8800:7.1.1/8A.0.0-02-7.1.1-10.01.60/157:user/release-keys'
07-24 13:12:04.656 21104 21104 F DEBUG : Revision: '0'
07-24 13:12:04.656 21104 21104 F DEBUG : ABI: 'arm'
07-24 13:12:04.657 21104 21104 F DEBUG : pid: 20968, tid: 21103, name: vice.NfdService >>> net.named_data.nfd.service.NfdService <<<
07-24 13:12:04.657 21104 21104 F DEBUG : signal 11 (SIGSEGV), code 1 (SEGV_MAPERR), fault addr 0xc00f04e
07-24 13:12:04.657 21104 21104 F DEBUG : r0 f0aea3a0 r1 0c00f04f r2 d88d75b4 r3 d84abb08
07-24 13:12:04.657 21104 21104 F DEBUG : r4 d88d75b4 r5 00000002 r6 00000000 r7 d88d76f8
07-24 13:12:04.657 21104 21104 F DEBUG : r8 00000001 r9 ea59f1e8 sl ea59f1e8 fp d88d7628
07-24 13:12:04.657 21104 21104 F DEBUG : ip f0aec148 sp d88d75a0 lr d84abb34 pc 0c00f04e cpsr a00f0030
07-24 13:12:04.661 21104 21104 F DEBUG :
07-24 13:12:04.661 21104 21104 F DEBUG : backtrace:
07-24 13:12:04.661 21104 21104 F DEBUG : #00 pc 0c00f04e
07-24 13:12:04.661 21104 21104 F DEBUG : #01 pc 001f3b30 /data/app/net.named_data.nfd-1/lib/arm/libndn-cxx.so (_ZN5boost15throw_exceptionINS_16exception_detail19error_info_injectorIN3ndn8security3pib3Pib5ErrorEEEEEvRKT_+240)
07-24 13:12:04.661 21104 21104 F DEBUG : #02 pc 001f378c /data/app/net.named_data.nfd-1/lib/arm/libndn-cxx.so (_ZN5boost16exception_detail16throw_exception_IN3ndn8security3pib3Pib5ErrorEEEvRKT_PKcSB_i+80)
07-24 13:12:04.661 21104 21104 F DEBUG : #03 pc 001fed44 /data/app/net.named_data.nfd-1/lib/arm/libndn-cxx.so (_ZNK3ndn8security3pib3Pib13getTpmLocatorEv+196)
07-24 13:12:04.661 21104 21104 F DEBUG : #04 pc 0022f8b4 /data/app/net.named_data.nfd-1/lib/arm/libndn-cxx.so (_ZN3ndn8security2v28KeyChainC1ERKNSt6__ndk112basic_stringIcNS3_11char_traitsIcEENS3_9allocatorIcEEEESB_b+400)
07-24 13:12:04.661 21104 21104 F DEBUG : #05 pc 0001a8c3 /data/app/net.named_data.nfd-1/lib/arm/libnfd-wrapper.so (_ZN3nfd6RunnerC2Ev+34)
07-24 13:12:04.661 21104 21104 F DEBUG : #06 pc 0001978d /data/app/net.named_data.nfd-1/lib/arm/libnfd-wrapper.so
07-24 13:12:04.661 21104 21104 F DEBUG : #07 pc 0000fb68 /data/app/net.named_data.nfd-1/lib/arm/libboost_thread.so
07-24 13:12:04.661 21104 21104 F DEBUG : #08 pc 000477a3 /system/lib/libc.so (_ZL15__pthread_startPv+22)
07-24 13:12:04.662 21104 21104 F DEBUG : #09 pc 00019eb1 /system/lib/libc.so (__start_thread+6)
07-24 13:12:04.913 2364 2377 I TelephonyManager: getMultiSimConfiguration(): uid =10046
07-24 13:12:05.089 20873 21106 D NFDService: Error communicating with NFD (Connection refused)
07-24 13:12:05.264 1718 1803 I BootReceiver: Copying /data/tombstones/tombstone_03 to DropBox (SYSTEM_TOMBSTONE)
07-24 13:12:05.265 559 559 W : debuggerd: resuming target 20968
07-24 13:12:05.274 1718 1772 D CompatibilityInfo: mCompatibilityFlags - 0
07-24 13:12:05.274 1718 1772 D CompatibilityInfo: applicationDensity - 480
07-24 13:12:05.274 1718 1772 D CompatibilityInfo: applicationScale - 1.0
07-24 13:12:05.275 1718 8142 I ActivityManager: Process net.named_data.nfd.service.NfdService (pid 20968) has died
07-24 13:12:05.275 1718 8142 D ActivityManager: cleanUpApplicationRecord -- 20968
07-24 13:12:05.275 1718 8142 W ActivityManager: Scheduling restart of crashed service net.named_data.nfd/.service.NfdService in 1000ms
07-24 13:12:05.275 20873 20873 D NFDService: m_ServiceConnection::onServiceDisconnected()
07-24 13:12:05.276 893 893 I Zygote : Process 20968 exited due to signal (11)
07-24 13:12:05.279 20873 20873 D NDNController: Group status consistency checker is already stopped
07-24 13:12:05.279 20873 20873 D NDNController: Face consistency checker is already stopped
07-24 13:12:05.279 20873 20873 D NDNController: BroadcastReceiverService not running, no need to stop.
07-24 13:12:05.279 20873 20873 D NDNController: Pprobing already stopped
07-24 13:12:05.279 20873 21112 D NDNController: before cleaning up connected peers, the size of ipPeerMapOfConnectedPeers is 0
07-24 13:12:05.280 20873 20873 D NFDService: Service Disconnected: android.os.DeadObjectException
07-24 13:12:05.283 16054 16054 I MemoryTrimmer: Trimming objects from memory, since app is in the background.
07-24 13:12:05.285 2791 2791 D TriggerApplication: onTrimMemory
07-24 13:12:05.286 13368 13368 I Finsky : [1] com.google.android.finsky.ce.a.onTrimMemory(7): Memory trim requested to level 60
07-24 13:12:05.296 1718 2797 D CompatibilityInfo: mCompatibilityFlags - 0
07-24 13:12:05.296 1718 2797 D CompatibilityInfo: applicationDensity - 480
07-24 13:12:05.296 1718 2797 D CompatibilityInfo: applicationScale - 1.0
07-24 13:12:05.298 1718 1747 D CompatibilityInfo: mCompatibilityFlags - 0
07-24 13:12:05.298 1718 1747 D CompatibilityInfo: applicationDensity - 480
07-24 13:12:05.298 1718 1747 D CompatibilityInfo: applicationScale - 1.0
07-24 13:12:05.309 1718 8141 D CompatibilityInfo: mCompatibilityFlags - 0
07-24 13:12:05.309 1718 8141 D CompatibilityInfo: applicationDensity - 480
07-24 13:12:05.309 1718 8141 D CompatibilityInfo: applicationScale - 1.0
07-24 13:12:05.312 1718 2899 D CompatibilityInfo: mCompatibilityFlags - 0
07-24 13:12:05.313 1718 2899 D CompatibilityInfo: applicationDensity - 480
07-24 13:12:05.313 1718 2899 D CompatibilityInfo: applicationScale - 1.0
07-24 13:12:05.323 1718 19527 I OpenGLRenderer: Initialized EGL, version 1.4
07-24 13:12:05.323 1718 19527 D OpenGLRenderer: Swap behavior 1
07-24 13:12:05.329 1718 1890 D CompatibilityInfo: mCompatibilityFlags - 0
07-24 13:12:05.330 1718 1890 D CompatibilityInfo: applicationDensity - 480
07-24 13:12:05.330 1718 1890 D CompatibilityInfo: applicationScale - 1.0
07-24 13:12:05.337 1718 2928 D CompatibilityInfo: mCompatibilityFlags - 0
07-24 13:12:05.337 1718 2928 D CompatibilityInfo: applicationDensity - 480
07-24 13:12:05.337 1718 2928 D CompatibilityInfo: applicationScale - 1.0
07-24 13:12:05.344 1718 2826 D CompatibilityInfo: mCompatibilityFlags - 0
07-24 13:12:05.344 1718 2826 D CompatibilityInfo: applicationDensity - 480
07-24 13:12:05.344 1718 2826 D CompatibilityInfo: applicationScale - 1.0
07-24 13:12:05.348 1718 1748 D CompatibilityInfo: mCompatibilityFlags - 0
07-24 13:12:05.348 1718 1748 D CompatibilityInfo: applicationDensity - 480
07-24 13:12:05.348 1718 1748 D CompatibilityInfo: applicationScale - 1.0
07-24 13:12:05.374 1718 2285 D CompatibilityInfo: mCompatibilityFlags - 0
07-24 13:12:05.374 1718 2285 D CompatibilityInfo: applicationDensity - 480
07-24 13:12:05.374 1718 2285 D CompatibilityInfo: applicationScale - 1.0
07-24 13:12:05.420 2338 2338 D wpa_supplicant: wlan0: Control interface command 'SIGNAL_POLL'
07-24 13:12:05.439 2338 2338 D wpa_supplicant: CTRL-DEBUG: global_ctrl_sock-sendto: sock=8 sndbuf=212992 outq=0 send_len=62
07-24 13:12:05.629 1718 2322 E IzatSvc_PassiveLocListener: Exiting with error onLocationChanged line 172 "1"
07-24 13:12:05.683 711 838 E libnav : CablComputeBacklightLevel(): UpdateType = DifferentSceneUpdate
07-24 13:12:05.922 2364 2731 I TelephonyManager: getMultiSimConfiguration(): uid =10046
07-24 13:12:06.284 20873 20873 D NFDService: Retrying connection to NFD Service ...
07-24 13:12:06.310 1718 1772 I ActivityManager: Start proc 21151:net.named_data.nfd.service.NfdService/u0a125 for service net.named_data.nfd/.service.NfdService
07-24 13:12:06.313 20873 20873 D NFDService: MainFragment::bindNfdService()
07-24 13:12:06.314 21151 21151 I art : Late-enabling -Xcheck:jni
07-24 13:12:06.336 1718 13284 D CompatibilityInfo: mCompatibilityFlags - 0
07-24 13:12:06.336 1718 13284 D CompatibilityInfo: applicationDensity - 480
07-24 13:12:06.336 1718 13284 D CompatibilityInfo: applicationScale - 1.0
07-24 13:12:06.341 1718 13284 D CompatibilityInfo: mCompatibilityFlags - 0
07-24 13:12:06.341 1718 13284 D CompatibilityInfo: applicationDensity - 480
07-24 13:12:06.341 1718 13284 D CompatibilityInfo: applicationScale - 1.0
07-24 13:12:06.557 21151 21151 D net.named_data.nfd.service.NfdService: NFDService::onCreate()
07-24 13:12:06.559 21151 21151 D net.named_data.nfd.service.NfdService: NFDService::onStartCommand()
