07-24 13:10:28.845 702 743 I SDM : ResourceImpl::SetMaxBandwidthMode: new bandwidth mode=0
07-24 13:10:28.845 895 1899 I CameraService: onTorchStatusChangedLocked: Torch status changed for cameraId=0, newStatus=1
07-24 13:10:28.845 895 1899 I QCamera : int qcamera::QCamera3HardwareInterface::closeCamera(): 1029: [KPI Perf]: X PROFILE_CLOSE_CAMERA camera id 0, rc: 0
07-24 13:10:28.846 3217 3262 I TorchFlashlight: Received torch change false
07-24 13:10:28.846 895 1899 I QCamera : static int qcamera::QCamera3HardwareInterface::close_camera_device(struct hw_device_t *): 12401: [KPI Perf]: X
07-24 13:10:28.846 895 1899 I Camera3-Device: disconnect: X
07-24 13:10:28.846 895 1899 I Camera3-Device: disconnect: E
07-24 13:10:28.848 895 1899 I CameraService: disconnect: Disconnected client for camera 0 for PID 19034
07-24 13:10:28.848 19034 19098 D SnapCam_CaptureModule: onClosed 0
07-24 13:10:28.854 19034 19034 V SnapCam_CaptureUI: surfaceDestroyed
07-24 13:10:28.855 19034 19034 I SnapCam_CaptureModule: Preview Surface is not ready!
07-24 13:10:28.867 577 2606 E ANDR-PERF-OPTSHANDLER: perf_lock_rel: updated /sys/class/mmc_host/mmc0/clk_scaling/enable with 1
07-24 13:10:28.867 577 2606 E ANDR-PERF-OPTSHANDLER: return value 2
07-24 13:10:29.099 2930 3090 W OpenGLRenderer: Incorrectly called buildLayer on View: ShortcutAndWidgetContainer, destroying layer...
07-24 13:10:29.368 577 2606 E ANDR-PERF-RESOURCEQS: Failed to reset optimization [3, 0]
07-24 13:10:30.389 13530 13530 I GoogleInputMethod: onFinishInput() : Dummy InputConnection bound
07-24 13:10:30.391 13530 13530 I GoogleInputMethod: onStartInput() : Dummy InputConnection bound
07-24 13:10:30.772 711 838 E libnav : CablComputeBacklightLevel(): UpdateType = DifferentSceneUpdate
07-24 13:10:31.310 577 2606 E ANDR-PERF-MPCTL: Invalid profile no. 0, total profiles 0 only
07-24 13:10:31.310 577 2606 E ANDR-PERF-RESOURCEQS: Failed to apply optimization [3, 0]
07-24 13:10:31.311 577 2606 E ANDR-PERF-RESOURCEQS: Failed to apply optimization [5, 0]
07-24 13:10:31.615 2364 2376 I TelephonyManager: getMultiSimConfiguration(): uid =10046
07-24 13:10:31.646 577 2606 E ANDR-PERF-MPCTL: Invalid profile no. 0, total profiles 0 only
07-24 13:10:31.646 577 2606 E ANDR-PERF-RESOURCEQS: Failed to apply optimization [3, 0]
07-24 13:10:31.648 577 2606 E ANDR-PERF-RESOURCEQS: Failed to apply optimization [5, 0]
07-24 13:10:31.657 577 2606 E ANDR-PERF-MPCTL: Invalid profile no. 0, total profiles 0 only
07-24 13:10:31.657 577 2606 E ANDR-PERF-RESOURCEQS: Failed to apply optimization [3, 0]
07-24 13:10:31.658 577 2606 E ANDR-PERF-RESOURCEQS: Failed to apply optimization [5, 0]
07-24 13:10:31.700 2338 2338 D wpa_supplicant: nl80211: Associated on 5500 MHz
07-24 13:10:31.700 2338 2338 D wpa_supplicant: nl80211: Associated with cc:d5:39:bb:d6:de
07-24 13:10:31.700 2338 2338 D wpa_supplicant: nl80211: Received scan results (20 BSSes)
07-24 13:10:31.700 2338 2338 D wpa_supplicant: nl80211: Scan results indicate BSS status with cc:d5:39:bb:d6:de as associated
07-24 13:10:31.700 2338 2338 D wpa_supplicant: wlan0: BSS: Start scan result update 54
07-24 13:10:31.700 2338 2338 D wpa_supplicant: wlan0: BSS: Add new id 466 BSSID cc:d5:39:bb:d6:df SSID 'NISTNet' freq 5500
07-24 13:10:31.700 2338 2338 D wpa_supplicant: CTRL-DEBUG: ctrl_sock-sendmsg: sock=8 sndbuf=212992 outq=0 send_len=42
07-24 13:10:31.700 2338 2338 D wpa_supplicant: CTRL_IFACE monitor sent successfully to /data/misc/wifi/sockets/wpa_ctrl_882-12\x00
07-24 13:10:31.700 2338 2338 D wpa_supplicant: CTRL-DEBUG: ctrl_sock-sendmsg: sock=8 sndbuf=212992 outq=768 send_len=42
07-24 13:10:31.700 2338 2338 D wpa_supplicant: CTRL_IFACE monitor sent successfully to /data/misc/wifi/sockets/wpa_ctrl_1718-2\x00
07-24 13:10:31.700 2338 2338 D wpa_supplicant: wlan0: BSS: Add new id 467 BSSID cc:d5:39:bb:d6:d0 SSID 'NISTNet' freq 2462
07-24 13:10:31.700 2338 2338 D wpa_supplicant: CTRL-DEBUG: ctrl_sock-sendmsg: sock=8 sndbuf=212992 outq=0 send_len=42
07-24 13:10:31.700 2338 2338 D wpa_supplicant: CTRL_IFACE monitor sent successfully to /data/misc/wifi/sockets/wpa_ctrl_882-12\x00
07-24 13:10:31.700 2338 2338 D wpa_supplicant: CTRL-DEBUG: ctrl_sock-sendmsg: sock=8 sndbuf=212992 outq=768 send_len=42
07-24 13:10:31.700 2338 2338 D wpa_supplicant: CTRL_IFACE monitor sent successfully to /data/misc/wifi/sockets/wpa_ctrl_1718-2\x00
07-24 13:10:31.700 2338 2338 D wpa_supplicant: wlan0: BSS: Add new id 468 BSSID 2a:56:5a:20:60:74 SSID 'DIRECT-74-HP M477 LaserJet' freq 2437
07-24 13:10:31.700 2338 2338 D wpa_supplicant: CTRL-DEBUG: ctrl_sock-sendmsg: sock=8 sndbuf=212992 outq=768 send_len=42
07-24 13:10:31.700 2338 2338 D wpa_supplicant: CTRL_IFACE monitor sent successfully to /data/misc/wifi/sockets/wpa_ctrl_882-12\x00
07-24 13:10:31.701 2338 2338 D wpa_supplicant: CTRL-DEBUG: ctrl_sock-sendmsg: sock=8 sndbuf=212992 outq=768 send_len=42
07-24 13:10:31.701 2338 2338 D wpa_supplicant: CTRL_IFACE monitor sent successfully to /data/misc/wifi/sockets/wpa_ctrl_1718-2\x00
07-24 13:10:31.701 2338 2338 D wpa_supplicant: wlan0: BSS: Add new id 469 BSSID 88:75:56:c7:d9:20 SSID 'NISTNet' freq 2412
07-24 13:10:31.701 2338 2338 D wpa_supplicant: CTRL-DEBUG: ctrl_sock-sendmsg: sock=8 sndbuf=212992 outq=0 send_len=42
07-24 13:10:31.701 2338 2338 D wpa_supplicant: CTRL_IFACE monitor sent successfully to /data/misc/wifi/sockets/wpa_ctrl_882-12\x00
07-24 13:10:31.701 2338 2338 D wpa_supplicant: CTRL-DEBUG: ctrl_sock-sendmsg: sock=8 sndbuf=212992 outq=768 send_len=42
07-24 13:10:31.701 2338 2338 D wpa_supplicant: CTRL_IFACE monitor sent successfully to /data/misc/wifi/sockets/wpa_ctrl_1718-2\x00
07-24 13:10:31.701 2338 2338 D wpa_supplicant: wlan0: BSS: Add new id 470 BSSID 20:3a:07:9e:16:3d SSID '\x00' freq 5320
07-24 13:10:31.701 2338 2338 D wpa_supplicant: CTRL-DEBUG: ctrl_sock-sendmsg: sock=8 sndbuf=212992 outq=0 send_len=42
07-24 13:10:31.701 2338 2338 D wpa_supplicant: CTRL_IFACE monitor sent successfully to /data/misc/wifi/sockets/wpa_ctrl_882-12\x00
07-24 13:10:31.701 2338 2338 D wpa_supplicant: CTRL-DEBUG: ctrl_sock-sendmsg: sock=8 sndbuf=212992 outq=768 send_len=42
07-24 13:10:31.701 2338 2338 D wpa_supplicant: CTRL_IFACE monitor sent successfully to /data/misc/wifi/sockets/wpa_ctrl_1718-2\x00
07-24 13:10:31.701 2338 2338 D wpa_supplicant: wlan0: BSS: Add new id 471 BSSID 20:3a:07:9e:16:3c SSID '\x00' freq 5320
07-24 13:10:31.701 2338 2338 D wpa_supplicant: CTRL-DEBUG: ctrl_sock-sendmsg: sock=8 sndbuf=212992 outq=0 send_len=42
07-24 13:10:31.701 2338 2338 D wpa_supplicant: CTRL_IFACE monitor sent successfully to /data/misc/wifi/sockets/wpa_ctrl_882-12\x00
07-24 13:10:31.701 2338 2338 D wpa_supplicant: CTRL-DEBUG: ctrl_sock-sendmsg: sock=8 sndbuf=212992 outq=768 send_len=42
07-24 13:10:31.701 2338 2338 D wpa_supplicant: CTRL_IFACE monitor sent successfully to /data/misc/wifi/sockets/wpa_ctrl_1718-2\x00
07-24 13:10:31.701 2338 2338 D wpa_supplicant: wlan0: BSS: Add new id 472 BSSID 20:3a:07:9e:16:3f SSID 'NISTNet' freq 5320
07-24 13:10:31.701 2338 2338 D wpa_supplicant: CTRL-DEBUG: ctrl_sock-sendmsg: sock=8 sndbuf=212992 outq=0 send_len=42
07-24 13:10:31.701 2338 2338 D wpa_supplicant: CTRL_IFACE monitor sent successfully to /data/misc/wifi/sockets/wpa_ctrl_882-12\x00
07-24 13:10:31.701 2338 2338 D wpa_supplicant: CTRL-DEBUG: ctrl_sock-sendmsg: sock=8 sndbuf=212992 outq=768 send_len=42
07-24 13:10:31.701 2338 2338 D wpa_supplicant: CTRL_IFACE monitor sent successfully to /data/misc/wifi/sockets/wpa_ctrl_1718-2\x00
07-24 13:10:31.701 2338 2338 D wpa_supplicant: wlan0: BSS: Add new id 473 BSSID 20:3a:07:9e:16:3a SSID '\x00' freq 5320
07-24 13:10:31.702 2338 2338 D wpa_supplicant: CTRL-DEBUG: ctrl_sock-sendmsg: sock=8 sndbuf=212992 outq=0 send_len=42
07-24 13:10:31.702 2338 2338 D wpa_supplicant: CTRL_IFACE monitor sent successfully to /data/misc/wifi/sockets/wpa_ctrl_882-12\x00
07-24 13:10:31.702 2338 2338 D wpa_supplicant: CTRL-DEBUG: ctrl_sock-sendmsg: sock=8 sndbuf=212992 outq=768 send_len=42
07-24 13:10:31.702 2338 2338 D wpa_supplicant: CTRL_IFACE monitor sent successfully to /data/misc/wifi/sockets/wpa_ctrl_1718-2\x00
07-24 13:10:31.702 2338 2338 D wpa_supplicant: wlan0: BSS: Add new id 474 BSSID 20:3a:07:9f:ec:9f SSID 'NISTNet' freq 5660
07-24 13:10:31.702 2338 2338 D wpa_supplicant: CTRL-DEBUG: ctrl_sock-sendmsg: sock=8 sndbuf=212992 outq=0 send_len=42
07-24 13:10:31.702 2338 2338 D wpa_supplicant: CTRL_IFACE monitor sent successfully to /data/misc/wifi/sockets/wpa_ctrl_882-12\x00
07-24 13:10:31.702 2338 2338 D wpa_supplicant: CTRL-DEBUG: ctrl_sock-sendmsg: sock=8 sndbuf=212992 outq=768 send_len=42
07-24 13:10:31.702 2338 2338 D wpa_supplicant: CTRL_IFACE monitor sent successfully to /data/misc/wifi/sockets/wpa_ctrl_1718-2\x00
07-24 13:10:31.702 2338 2338 D wpa_supplicant: wlan0: BSS: Add new id 475 BSSID 20:3a:07:9f:ec:9d SSID '\x00' freq 5660
07-24 13:10:31.702 2338 2338 D wpa_supplicant: CTRL-DEBUG: ctrl_sock-sendmsg: sock=8 sndbuf=212992 outq=0 send_len=42
07-24 13:10:31.702 2338 2338 D wpa_supplicant: CTRL_IFACE monitor sent successfully to /data/misc/wifi/sockets/wpa_ctrl_882-12\x00
07-24 13:10:31.702 2338 2338 D wpa_supplicant: CTRL-DEBUG: ctrl_sock-sendmsg: sock=8 sndbuf=212992 outq=768 send_len=42
07-24 13:10:31.702 2338 2338 D wpa_supplicant: CTRL_IFACE monitor sent successfully to /data/misc/wifi/sockets/wpa_ctrl_1718-2\x00
07-24 13:10:31.702 2338 2338 D wpa_supplicant: wlan0: BSS: Add new id 476 BSSID 20:3a:07:9f:ec:90 SSID 'NISTNet' freq 2412
07-24 13:10:31.703 2338 2338 D wpa_supplicant: CTRL-DEBUG: ctrl_sock-sendmsg: sock=8 sndbuf=212992 outq=0 send_len=42
07-24 13:10:31.703 980 2329 I LOWI-8.1.1.0.h: [LOWI-Scan] lowi_close_record:Scan completed in 5298554ms and Recieved 20 APs scan results
07-24 13:10:31.703 2338 2338 D wpa_supplicant: CTRL_IFACE monitor sent successfully to /data/misc/wifi/sockets/wpa_ctrl_882-12\x00
07-24 13:10:31.703 2338 2338 D wpa_supplicant: CTRL-DEBUG: ctrl_sock-sendmsg: sock=8 sndbuf=212992 outq=768 send_len=42
07-24 13:10:31.703 2338 2338 D wpa_supplicant: CTRL_IFACE monitor sent successfully to /data/misc/wifi/sockets/wpa_ctrl_1718-2\x00
07-24 13:10:31.703 2338 2338 D wpa_supplicant: wlan0: BSS: Add new id 477 BSSID 88:75:56:af:81:35 SSID '\x00' freq 2437
07-24 13:10:31.703 2338 2338 D wpa_supplicant: CTRL-DEBUG: ctrl_sock-sendmsg: sock=8 sndbuf=212992 outq=0 send_len=42
07-24 13:10:31.703 2338 2338 D wpa_supplicant: CTRL_IFACE monitor sent successfully to /data/misc/wifi/sockets/wpa_ctrl_882-12\x00
07-24 13:10:31.703 2338 2338 D wpa_supplicant: CTRL-DEBUG: ctrl_sock-sendmsg: sock=8 sndbuf=212992 outq=768 send_len=42
07-24 13:10:31.703 2338 2338 D wpa_supplicant: CTRL_IFACE monitor sent successfully to /data/misc/wifi/sockets/wpa_ctrl_1718-2\x00
07-24 13:10:31.703 2338 2338 D wpa_supplicant: wlan0: BSS: Add new id 478 BSSID cc:d5:39:bb:d6:d1 SSID 'NIST-Guest' freq 2462
07-24 13:10:31.703 2338 2338 D wpa_supplicant: CTRL-DEBUG: ctrl_sock-sendmsg: sock=8 sndbuf=212992 outq=0 send_len=42
07-24 13:10:31.704 2338 2338 D wpa_supplicant: CTRL_IFACE monitor sent successfully to /data/misc/wifi/sockets/wpa_ctrl_882-12\x00
07-24 13:10:31.704 2338 2338 D wpa_supplicant: CTRL-DEBUG: ctrl_sock-sendmsg: sock=8 sndbuf=212992 outq=768 send_len=42
07-24 13:10:31.704 2338 2338 D wpa_supplicant: CTRL_IFACE monitor sent successfully to /data/misc/wifi/sockets/wpa_ctrl_1718-2\x00
07-24 13:10:31.704 2338 2338 D wpa_supplicant: wlan0: BSS: Add new id 479 BSSID 20:3a:07:9e:16:3e SSID 'NIST-Guest' freq 5320
07-24 13:10:31.704 2338 2338 D wpa_supplicant: CTRL-DEBUG: ctrl_sock-sendmsg: sock=8 sndbuf=212992 outq=0 send_len=42
07-24 13:10:31.704 2338 2338 D wpa_supplicant: CTRL_IFACE monitor sent successfully to /data/misc/wifi/sockets/wpa_ctrl_882-12\x00
07-24 13:10:31.704 2338 2338 D wpa_supplicant: CTRL-DEBUG: ctrl_sock-sendmsg: sock=8 sndbuf=212992 outq=768 send_len=42
07-24 13:10:31.704 2338 2338 D wpa_supplicant: CTRL_IFACE monitor sent successfully to /data/misc/wifi/sockets/wpa_ctrl_1718-2\x00
07-24 13:10:31.704 2338 2338 D wpa_supplicant: wlan0: BSS: Add new id 480 BSSID 88:75:56:c7:d9:21 SSID 'NIST-Guest' freq 2412
07-24 13:10:31.704 2338 2338 D wpa_supplicant: CTRL-DEBUG: ctrl_sock-sendmsg: sock=8 sndbuf=212992 outq=0 send_len=42
07-24 13:10:31.704 2338 2338 D wpa_supplicant: CTRL_IFACE monitor sent successfully to /data/misc/wifi/sockets/wpa_ctrl_882-12\x00
07-24 13:10:31.704 2338 2338 D wpa_supplicant: CTRL-DEBUG: ctrl_sock-sendmsg: sock=8 sndbuf=212992 outq=768 send_len=42
07-24 13:10:31.704 2338 2338 D wpa_supplicant: CTRL_IFACE monitor sent successfully to /data/misc/wifi/sockets/wpa_ctrl_1718-2\x00
07-24 13:10:31.704 2338 2338 D wpa_supplicant: wlan0: BSS: Add new id 481 BSSID 20:3a:07:9f:ec:9e SSID 'NIST-Guest' freq 5660
07-24 13:10:31.704 2338 2338 D wpa_supplicant: CTRL-DEBUG: ctrl_sock-sendmsg: sock=8 sndbuf=212992 outq=0 send_len=42
07-24 13:10:31.704 2338 2338 D wpa_supplicant: CTRL_IFACE monitor sent successfully to /data/misc/wifi/sockets/wpa_ctrl_882-12\x00
07-24 13:10:31.704 2338 2338 D wpa_supplicant: CTRL-DEBUG: ctrl_sock-sendmsg: sock=8 sndbuf=212992 outq=768 send_len=42
07-24 13:10:31.704 2338 2338 D wpa_supplicant: CTRL_IFACE monitor sent successfully to /data/misc/wifi/sockets/wpa_ctrl_1718-2\x00
07-24 13:10:31.704 2338 2338 D wpa_supplicant: wlan0: BSS: Add new id 482 BSSID 34:a8:4e:6b:56:a1 SSID 'NIST-Guest' freq 2437
07-24 13:10:31.704 2338 2338 D wpa_supplicant: CTRL-DEBUG: ctrl_sock-sendmsg: sock=8 sndbuf=212992 outq=0 send_len=42
07-24 13:10:31.704 2338 2338 D wpa_supplicant: CTRL_IFACE monitor sent successfully to /data/misc/wifi/sockets/wpa_ctrl_882-12\x00
07-24 13:10:31.704 2338 2338 D wpa_supplicant: CTRL-DEBUG: ctrl_sock-sendmsg: sock=8 sndbuf=212992 outq=768 send_len=42
07-24 13:10:31.704 2338 2338 D wpa_supplicant: CTRL_IFACE monitor sent successfully to /data/misc/wifi/sockets/wpa_ctrl_1718-2\x00
07-24 13:10:31.704 2338 2338 D wpa_supplicant: wlan0: BSS: Add new id 483 BSSID 20:3a:07:9f:ec:91 SSID 'NIST-Guest' freq 2412
07-24 13:10:31.704 2338 2338 D wpa_supplicant: CTRL-DEBUG: ctrl_sock-sendmsg: sock=8 sndbuf=212992 outq=0 send_len=42
07-24 13:10:31.704 2338 2338 D wpa_supplicant: CTRL_IFACE monitor sent successfully to /data/misc/wifi/sockets/wpa_ctrl_882-12\x00
07-24 13:10:31.704 2338 2338 D wpa_supplicant: CTRL-DEBUG: ctrl_sock-sendmsg: sock=8 sndbuf=212992 outq=768 send_len=42
07-24 13:10:31.705 2338 2338 D wpa_supplicant: CTRL_IFACE monitor sent successfully to /data/misc/wifi/sockets/wpa_ctrl_1718-2\x00
07-24 13:10:31.705 2338 2338 D wpa_supplicant: wlan0: BSS: Add new id 484 BSSID 88:75:56:af:81:31 SSID 'NIST-Guest' freq 2437
07-24 13:10:31.705 2338 2338 D wpa_supplicant: CTRL-DEBUG: ctrl_sock-sendmsg: sock=8 sndbuf=212992 outq=0 send_len=42
07-24 13:10:31.705 2338 2338 D wpa_supplicant: CTRL_IFACE monitor sent successfully to /data/misc/wifi/sockets/wpa_ctrl_882-12\x00
07-24 13:10:31.706 2338 2338 D wpa_supplicant: CTRL-DEBUG: ctrl_sock-sendmsg: sock=8 sndbuf=212992 outq=0 send_len=42
07-24 13:10:31.706 2338 2338 D wpa_supplicant: CTRL_IFACE monitor sent successfully to /data/misc/wifi/sockets/wpa_ctrl_1718-2\x00
07-24 13:10:31.706 2338 2338 D wpa_supplicant: BSS: last_scan_res_used=20/128
07-24 13:10:31.706 2338 2338 D wpa_supplicant: wlan0: Scan-only results received
07-24 13:10:31.706 980 1090 I LOWI-8.1.1.0.h: [LOWIUtils] responseToOutPostcard - TO: FreeWifiScanObserver, FROM: LOWI-SERVER, RESP: LOWI_ASYNC_DISCOVERY_SCAN_RESULTS
07-24 13:10:31.706 2338 2338 D wpa_supplicant: CTRL-DEBUG: ctrl_sock-sendmsg: sock=8 sndbuf=212992 outq=0 send_len=24
07-24 13:10:31.706 2338 2338 D wpa_supplicant: CTRL_IFACE monitor sent successfully to /data/misc/wifi/sockets/wpa_ctrl_882-12\x00
07-24 13:10:31.706 2338 2338 D wpa_supplicant: CTRL-DEBUG: ctrl_sock-sendmsg: sock=8 sndbuf=212992 outq=768 send_len=24
07-24 13:10:31.707 2338 2338 D wpa_supplicant: CTRL_IFACE monitor sent successfully to /data/misc/wifi/sockets/wpa_ctrl_1718-2\x00
07-24 13:10:31.708 2338 2338 D wpa_supplicant: wlan0: Radio work 'scan'@0x7fa202e360 done in 4.367097 seconds
07-24 13:10:31.708 2338 2338 D wpa_supplicant: wlan0: radio_work_free('scan'@0x7fa202e360: num_active_works --> 0
07-24 13:10:31.709 980 1090 I LOWI-8.1.1.0.h: [LOWIUtils] responseToOutPostcard - TO: GTP-FDAL, FROM: LOWI-SERVER, RESP: LOWI_ASYNC_DISCOVERY_SCAN_RESULTS
07-24 13:10:31.711 2338 2338 D wpa_supplicant: wlan0: Control interface command 'SCAN_RESULTS'
07-24 13:10:31.712 2338 2338 D wpa_supplicant: CTRL-DEBUG: global_ctrl_sock-sendto: sock=8 sndbuf=212992 outq=0 send_len=1081
07-24 13:10:31.714 2338 2338 D wpa_supplicant: CTRL-DEBUG: global_ctrl_sock-sendto: sock=8 sndbuf=212992 outq=0 send_len=3575
07-24 13:10:31.714 2338 2338 D wpa_supplicant: wlan0: Control interface command 'SCAN_RESULTS'
07-24 13:10:31.714 2338 2338 D wpa_supplicant: CTRL-DEBUG: global_ctrl_sock-sendto: sock=8 sndbuf=212992 outq=0 send_len=1081
07-24 13:10:31.717 2338 2338 D wpa_supplicant: CTRL-DEBUG: global_ctrl_sock-sendto: sock=8 sndbuf=212992 outq=0 send_len=3575
07-24 13:10:31.719 2338 2338 D wpa_supplicant: CTRL-DEBUG: global_ctrl_sock-sendto: sock=8 sndbuf=212992 outq=0 send_len=3626
07-24 13:10:31.721 2338 2338 D wpa_supplicant: CTRL-DEBUG: global_ctrl_sock-sendto: sock=8 sndbuf=212992 outq=0 send_len=3626
07-24 13:10:31.725 2338 2338 D wpa_supplicant: CTRL-DEBUG: global_ctrl_sock-sendto: sock=8 sndbuf=212992 outq=0 send_len=3453
07-24 13:10:31.728 2338 2338 D wpa_supplicant: CTRL-DEBUG: global_ctrl_sock-sendto: sock=8 sndbuf=212992 outq=0 send_len=3453
07-24 13:10:31.732 2338 2338 D wpa_supplicant: CTRL-DEBUG: global_ctrl_sock-sendto: sock=8 sndbuf=212992 outq=0 send_len=3279
07-24 13:10:31.735 2338 2338 D wpa_supplicant: CTRL-DEBUG: global_ctrl_sock-sendto: sock=8 sndbuf=212992 outq=0 send_len=3279
07-24 13:10:31.738 2338 2338 D wpa_supplicant: CTRL-DEBUG: global_ctrl_sock-sendto: sock=8 sndbuf=212992 outq=0 send_len=0
07-24 13:10:31.740 2338 2338 D wpa_supplicant: CTRL-DEBUG: global_ctrl_sock-sendto: sock=8 sndbuf=212992 outq=0 send_len=0
07-24 13:10:31.749 1718 2003 I chatty : uid=1000(system) WifiStateMachin expire 12 lines
07-24 13:10:31.758 13336 16341 W ctxmgr : [AclManager]No 2 for (accnt=account#-517948760#, com.google.android.gms(10020):IndoorOutdoorProducer, vrsn=12874000, 0, 3pPkg = null , 3pMdlId = null , pid = 13336). Was: 3 for 57, account#-517948760#
07-24 13:10:32.291 577 2606 E ANDR-PERF-MPCTL: Invalid profile no. 0, total profiles 0 only
07-24 13:10:32.291 577 2606 E ANDR-PERF-RESOURCEQS: Failed to apply optimization [3, 0]
07-24 13:10:32.292 577 2606 E ANDR-PERF-RESOURCEQS: Failed to apply optimization [5, 0]
07-24 13:10:32.620 2364 2436 I TelephonyManager: getMultiSimConfiguration(): uid =10046
07-24 13:10:33.184 577 2606 E ANDR-PERF-MPCTL: Invalid profile no. 0, total profiles 0 only
07-24 13:10:33.184 577 2606 E ANDR-PERF-RESOURCEQS: Failed to apply optimization [3, 0]
07-24 13:10:33.186 577 2606 E ANDR-PERF-RESOURCEQS: Failed to apply optimization [5, 0]
07-24 13:10:33.214 2930 3090 W OpenGLRenderer: Incorrectly called buildLayer on View: QsbContainerView, destroying layer...
07-24 13:10:33.552 895 19140 I Camera2ClientBase: Closed Camera 0. Client was: org.codeaurora.snapcam (PID 19034, UID 10041)
07-24 13:10:33.621 2364 2471 I TelephonyManager: getMultiSimConfiguration(): uid =10046
07-24 13:10:33.628 711 838 E libnav : CablComputeBacklightLevel(): UpdateType = DifferentSceneUpdate
07-24 13:10:34.322 1718 2835 I ActivityManager: Killing 2613:com.google.android.apps.photos/u0a117 (adj 906): empty for 2309s
07-24 13:10:34.359 711 838 E libnav : CablComputeBacklightLevel(): UpdateType = DifferentSceneUpdate
07-24 13:10:34.369 1718 2284 D ActivityManager: cleanUpApplicationRecord -- 2613
07-24 13:10:34.624 2364 2377 I TelephonyManager: getMultiSimConfiguration(): uid =10046
07-24 13:10:34.663 2338 2338 D wpa_supplicant: wlan0: Control interface command 'SIGNAL_POLL'
07-24 13:10:34.672 2338 2338 D wpa_supplicant: CTRL-DEBUG: global_ctrl_sock-sendto: sock=8 sndbuf=212992 outq=0 send_len=62
07-24 13:10:34.879 2930 3090 W OpenGLRenderer: Incorrectly called buildLayer on View: QsbContainerView, destroying layer...
07-24 13:10:35.273 711 838 E libnav : CablComputeBacklightLevel(): UpdateType = DifferentSceneUpdate
07-24 13:10:35.578 1718 2797 I ActivityManager: START u0 {act=android.intent.action.MAIN cat=[android.intent.category.LAUNCHER] flg=0x10200000 cmp=net.named_data.nfd/.MainActivity bnds=[24,474][282,840] (has extras)} from uid 10026 on display 0
07-24 13:10:35.587 577 2606 E ANDR-PERF-MPCTL: Invalid profile no. 0, total profiles 0 only
07-24 13:10:35.604 1718 2797 I chatty : uid=1000(system) Binder:1718_B expire 11 lines
07-24 13:10:35.624 1718 8945 I ActivityManager: Start proc 19453:net.named_data.nfd/u0a125 for activity net.named_data.nfd/.MainActivity
07-24 13:10:35.626 19453 19453 I art : Late-enabling -Xcheck:jni
07-24 13:10:35.695 19453 19453 W art : Before Android 4.1, method android.graphics.PorterDuffColorFilter android.support.graphics.drawable.VectorDrawableCompat.updateTintFilter(android.graphics.PorterDuffColorFilter, android.content.res.ColorStateList, android.graphics.PorterDuff$Mode) would have incorrectly overridden the package-private method in android.graphics.drawable.Drawable
07-24 13:10:35.750 19453 19453 I IdentityManager: Get new key ID
07-24 13:10:35.750 19453 19453 I IdentityManager: Generate key pair in private storage
07-24 13:10:36.069 711 838 E libnav : CablComputeBacklightLevel(): UpdateType = DifferentSceneUpdate
07-24 13:10:36.251 19453 19453 I IdentityManager: Create a key record in public storage
07-24 13:10:36.277 19453 19453 I IdentityManager: Get new key ID
07-24 13:10:36.277 19453 19453 I IdentityManager: Generate key pair in private storage
07-24 13:10:36.347 19453 19453 I IdentityManager: Create a key record in public storage
07-24 13:10:36.427 19495 19495 I art : Late-enabling -Xcheck:jni
07-24 13:10:36.427 1718 2284 I ActivityManager: Start proc 19495:net.named_data.nfd.service.NfdService/u0a125 for service net.named_data.nfd/.service.NfdService
07-24 13:10:36.428 19453 19453 D NFDService: MainFragment::bindNfdService()
07-24 13:10:36.438 1718 2835 I chatty : uid=1000(system) Binder:1718_D expire 6 lines
07-24 13:10:36.475 19453 19509 I Adreno : QUALCOMM build : 74bd0df, Ida1be052e0
07-24 13:10:36.475 19453 19509 I Adreno : Build Date : 12/13/17
07-24 13:10:36.475 19453 19509 I Adreno : OpenGL ES Shader Compiler Version: XE031.14.00.04
07-24 13:10:36.475 19453 19509 I Adreno : Local Branch :
07-24 13:10:36.475 19453 19509 I Adreno : Remote Branch : quic/gfx-adreno.lnx.1.0.r9-rel
07-24 13:10:36.475 19453 19509 I Adreno : Remote Branch : NONE
07-24 13:10:36.475 19453 19509 I Adreno : Reconstruct Branch : NOTHING
07-24 13:10:36.476 19453 19509 I Adreno : PFP: 0x005ff087, ME: 0x005ff063
07-24 13:10:36.479 19453 19509 I OpenGLRenderer: Initialized EGL, version 1.4
07-24 13:10:36.479 19453 19509 D OpenGLRenderer: Swap behavior 1
07-24 13:10:36.504 19453 19453 D NFDService: onCreateOptionsMenutrue
07-24 13:10:36.637 19495 19495 D net.named_data.nfd.service.NfdService: NFDService::onCreate()
07-24 13:10:36.667 13530 13530 I GoogleInputMethod: onFinishInput() : Dummy InputConnection bound
07-24 13:10:36.668 13530 13530 I GoogleInputMethod: onStartInput() : Dummy InputConnection bound
07-24 13:10:36.674 19453 19453 D NFDService: m_ServiceConnection::onServiceConnected()
07-24 13:10:36.675 1718 13284 I chatty : uid=1000(system) Binder:1718_19 expire 15 lines
07-24 13:10:36.676 19495 19495 D NFDService: ndn.Face
07-24 13:10:36.676 19495 19495 D NFDService: ndn.NetworkMonitor
07-24 13:10:36.677 19495 19495 D NFDService: ndn.TcpTransport
07-24 13:10:36.677 19495 19495 D NFDService: ndn.UnixTransport
07-24 13:10:36.677 19495 19495 D NFDService: ndn.mgmt.Dispatcher
07-24 13:10:36.677 19495 19495 D NFDService: ndn.security.pib.Pib
07-24 13:10:36.677 19495 19495 D NFDService: ndn.security.v2.CertificateBundleFetcher
07-24 13:10:36.677 19495 19495 D NFDService: ndn.security.v2.CertificateCache
07-24 13:10:36.677 19495 19495 D NFDService: ndn.security.v2.CertificateFetcher
07-24 13:10:36.677 19495 19495 D NFDService: ndn.security.v2.KeyChain
07-24 13:10:36.677 19495 19495 D NFDService: ndn.security.v2.TrustAnchorGroup
07-24 13:10:36.677 19495 19495 D NFDService: ndn.security.v2.ValidationState
07-24 13:10:36.677 19495 19495 D NFDService: ndn.security.v2.Validator
07-24 13:10:36.677 19495 19495 D NFDService: ndn.security.validator_config.Rule
07-24 13:10:36.677 19495 19495 D NFDService: nfd.AccessStrategy
07-24 13:10:36.677 19495 19495 D NFDService: nfd.AsfMeasurements
07-24 13:10:36.677 19495 19495 D NFDService: nfd.AsfStrategy
07-24 13:10:36.677 19495 19495 D NFDService: nfd.AutoPrefixPropagator
07-24 13:10:36.677 19495 19495 D NFDService: nfd.BestRouteStrategy2
07-24 13:10:36.677 19495 19495 D NFDService: nfd.ClientControlStrategy
07-24 13:10:36.677 19495 19495 D NFDService: nfd.CommandAuthenticator
07-24 13:10:36.677 19495 19495 D NFDService: nfd.ContentStore
07-24 13:10:36.677 19495 19495 D NFDService: nfd.CsPolicy
07-24 13:10:36.677 19495 19495 D NFDService: nfd.DeadNonceList
07-24 13:10:36.677 19495 19495 D NFDService: nfd.FaceManager
07-24 13:10:36.677 19495 19495 D NFDService: nfd.FaceSystem
07-24 13:10:36.677 19495 19495 D NFDService: nfd.FaceTable
07-24 13:10:36.678 19495 19495 D NFDService: nfd.FibManager
07-24 13:10:36.678 19495 19495 D NFDService: nfd.FibUpdater
07-24 13:10:36.678 19495 19495 D NFDService: nfd.Forwarder
07-24 13:10:36.678 19495 19495 D NFDService: nfd.GenericLinkService
07-24 13:10:36.678 19495 19495 D NFDService: nfd.InternalClientTransport
07-24 13:10:36.678 19495 19495 D NFDService: nfd.InternalForwarderTransport
07-24 13:10:36.678 19495 19495 D NFDService: nfd.LinkService
07-24 13:10:36.678 19495 19495 D NFDService: nfd.LpFragmenter
07-24 13:10:36.678 19495 19495 D NFDService: nfd.LpReassembler
07-24 13:10:36.678 19495 19495 D NFDService: nfd.Main
07-24 13:10:36.678 19495 19495 D NFDService: nfd.MulticastStrategy
07-24 13:10:36.678 19495 19495 D NFDService: nfd.MulticastUdpTransport
07-24 13:10:36.678 19495 19495 D NFDService: nfd.NameTree
07-24 13:10:36.678 19495 19495 D NFDService: nfd.NameTreeHashtable
07-24 13:10:36.678 19495 19495 D NFDService: nfd.NameTreeIterator
07-24 13:10:36.678 19495 19495 D NFDService: nfd.Nfd
07-24 13:10:36.678 19495 19495 D NFDService: nfd.NfdRibReadvertiseDestination
07-24 13:10:36.678 19495 19495 D NFDService: nfd.NfdWrapper
07-24 13:10:36.678 19495 19495 D NFDService: nfd.PrivilegeHelper
07-24 13:10:36.678 19495 19495 D NFDService: nfd.ProcessNackTraits
07-24 13:10:36.678 19495 19495 D NFDService: nfd.Readvertise
07-24 13:10:36.678 19495 19495 D NFDService: nfd.ReadvertiseDestination
07-24 13:10:36.678 19495 19495 D NFDService: nfd.Rib
07-24 13:10:36.678 19495 19495 D NFDService: nfd.RibEntry
07-24 13:10:36.678 19495 19495 D NFDService: nfd.RibManager
07-24 13:10:36.678 19495 19495 D NFDService: nfd.Strategy
07-24 13:10:36.678 19495 19495 D NFDService: nfd.StrategyChoice
07-24 13:10:36.679 19495 19495 D NFDService: nfd.StrategyChoiceManager
07-24 13:10:36.679 19495 19495 D NFDService: nfd.TcpChannel
07-24 13:10:36.679 19495 19495 D NFDService: nfd.TcpFactory
07-24 13:10:36.679 19495 19495 D NFDService: nfd.TcpTransport
07-24 13:10:36.679 19495 19495 D NFDService: nfd.Transport
07-24 13:10:36.679 19495 19495 D NFDService: nfd.UdpChannel
07-24 13:10:36.679 19495 19495 D NFDService: nfd.UdpFactory
07-24 13:10:36.679 19495 19495 D NFDService: nfd.UnicastUdpTransport
07-24 13:10:36.679 19495 19495 D NFDService: nfd.UnixStreamChannel
07-24 13:10:36.679 19495 19495 D NFDService: nfd.UnixStreamFactory
07-24 13:10:36.679 19495 19495 D NFDService: nfd.UnixStreamTransport
07-24 13:10:36.679 19495 19495 D NFDService: nfd.WebSocketChannel
07-24 13:10:36.679 19495 19495 D NFDService: nfd.WebSocketFactory
07-24 13:10:36.679 19495 19495 D NFDService: nfd.WebSocketTransport
07-24 13:10:36.681 19495 19495 D net.named_data.nfd.service.NfdService: serviceStartNfd()
07-24 13:10:36.681 19495 19495 D net.named_data.nfd.service.NfdService: NFDService::onStartCommand()
07-24 13:10:36.681 19495 19495 D net.named_data.nfd.service.NfdService: serviceStartNfd(): NFD Service already running!
07-24 13:10:36.681 19495 19495 D net.named_data.nfd.service.NfdService: createPermanentFaceUriAndRoute: NFD is not started yet, delay 1000 ms.
07-24 13:10:36.682 19495 19495 D net.named_data.nfd.service.NfdService: connectToNeareastHub: NFD is not started yet, delay 1000 ms.
07-24 13:10:36.685 19495 19495 D net.named_data.nfd.service.NfdService: serviceStartNfd(): NFD Service already running!
07-24 13:10:36.685 19453 19453 D NFDService: ClientHandler: NFD is Running.
07-24 13:10:36.690 19453 19453 D NFDService: ClientHandler: NFD is Running. --------- beginning of crash
07-24 13:10:36.763 19495 19515 F libc : Fatal signal 11 (SIGSEGV), code 1, fault addr 0xc00f04e in tid 19515 (vice.NfdService)
07-24 13:10:36.764 559 559 W : debuggerd: handling request: pid=19495 uid=10125 gid=10125 tid=19515
07-24 13:10:36.833 19517 19517 F DEBUG : *** *** *** *** *** *** *** *** *** *** *** *** *** *** *** ***
07-24 13:10:36.833 19517 19517 F DEBUG : Build fingerprint: 'Sonim/XP8812/XP8800:7.1.1/8A.0.0-02-7.1.1-10.01.60/157:user/release-keys'
07-24 13:10:36.833 19517 19517 F DEBUG : Revision: '0'
07-24 13:10:36.833 19517 19517 F DEBUG : ABI: 'arm'
07-24 13:10:36.833 19517 19517 F DEBUG : pid: 19495, tid: 19515, name: vice.NfdService >>> net.named_data.nfd.service.NfdService <<<
07-24 13:10:36.833 19517 19517 F DEBUG : signal 11 (SIGSEGV), code 1 (SEGV_MAPERR), fault addr 0xc00f04e
07-24 13:10:36.833 19517 19517 F DEBUG : r0 ea6193a0 r1 0c00f04f r2 d88d75b4 r3 d82d2b08
07-24 13:10:36.833 19517 19517 F DEBUG : r4 d88d75b4 r5 00000002 r6 00000000 r7 d88d76f8
07-24 13:10:36.834 19517 19517 F DEBUG : r8 00000001 r9 ea59f1e8 sl ea59f1e8 fp d88d7628
07-24 13:10:36.834 19517 19517 F DEBUG : ip ea61b148 sp d88d75a0 lr d82d2b34 pc 0c00f04e cpsr a00f0030
07-24 13:10:36.838 19517 19517 F DEBUG :
07-24 13:10:36.838 19517 19517 F DEBUG : backtrace:
07-24 13:10:36.839 19517 19517 F DEBUG : #00 pc 0c00f04e
07-24 13:10:36.839 19517 19517 F DEBUG : #01 pc 001f3b30 /data/app/net.named_data.nfd-1/lib/arm/libndn-cxx.so (_ZN5boost15throw_exceptionINS_16exception_detail19error_info_injectorIN3ndn8security3pib3Pib5ErrorEEEEEvRKT_+240)
07-24 13:10:36.839 19517 19517 F DEBUG : #02 pc 001f378c /data/app/net.named_data.nfd-1/lib/arm/libndn-cxx.so (_ZN5boost16exception_detail16throw_exception_IN3ndn8security3pib3Pib5ErrorEEEvRKT_PKcSB_i+80)
07-24 13:10:36.839 19517 19517 F DEBUG : #03 pc 001fed44 /data/app/net.named_data.nfd-1/lib/arm/libndn-cxx.so (_ZNK3ndn8security3pib3Pib13getTpmLocatorEv+196)
07-24 13:10:36.839 19517 19517 F DEBUG : #04 pc 0022f8b4 /data/app/net.named_data.nfd-1/lib/arm/libndn-cxx.so (_ZN3ndn8security2v28KeyChainC1ERKNSt6__ndk112basic_stringIcNS3_11char_traitsIcEENS3_9allocatorIcEEEESB_b+400)
07-24 13:10:36.839 19517 19517 F DEBUG : #05 pc 0001a8c3 /data/app/net.named_data.nfd-1/lib/arm/libnfd-wrapper.so (_ZN3nfd6RunnerC2Ev+34)
07-24 13:10:36.839 19517 19517 F DEBUG : #06 pc 0001978d /data/app/net.named_data.nfd-1/lib/arm/libnfd-wrapper.so
07-24 13:10:36.839 19517 19517 F DEBUG : #07 pc 0000fb68 /data/app/net.named_data.nfd-1/lib/arm/libboost_thread.so
07-24 13:10:36.839 19517 19517 F DEBUG : #08 pc 000477a3 /system/lib/libc.so (_ZL15__pthread_startPv+22)
07-24 13:10:36.839 19517 19517 F DEBUG : #09 pc 00019eb1 /system/lib/libc.so (__start_thread+6)
07-24 13:10:37.102 577 2606 E ANDR-PERF-OPTSHANDLER: perf_lock_rel: updated /sys/class/mmc_host/mmc0/clk_scaling/enable with 1
07-24 13:10:37.102 577 2606 E ANDR-PERF-OPTSHANDLER: return value 2
07-24 13:10:37.210 19453 19518 D NFDService: Error communicating with NFD (Connection refused)
07-24 13:10:37.213 19453 19520 D NFDService: Error communicating with NFD (Connection refused)
07-24 13:10:37.496 19453 19453 D NFDService: m_ServiceConnection::onServiceDisconnected()
07-24 13:10:37.498 19453 19453 D NDNController: Group status consistency checker is already stopped
07-24 13:10:37.498 19453 19453 D NDNController: Face consistency checker is already stopped
07-24 13:10:37.498 19453 19453 D NDNController: BroadcastReceiverService not running, no need to stop.
07-24 13:10:37.498 19453 19453 D NDNController: Pprobing already stopped
07-24 13:10:37.498 1718 1772 I chatty : uid=1000(system) ActivityManager expire 12 lines
07-24 13:10:37.498 19453 19525 D NDNController: before cleaning up connected peers, the size of ipPeerMapOfConnectedPeers is 0
07-24 13:10:37.498 559 559 W : debuggerd: resuming target 19495
07-24 13:10:37.499 1718 2518 I ActivityManager: Process net.named_data.nfd.service.NfdService (pid 19495) has died
07-24 13:10:37.499 1718 2518 D ActivityManager: cleanUpApplicationRecord -- 19495
07-24 13:10:37.499 1718 1803 I BootReceiver: Copying /data/tombstones/tombstone_00 to DropBox (SYSTEM_TOMBSTONE)
07-24 13:10:37.499 1718 2518 W ActivityManager: Scheduling restart of crashed service net.named_data.nfd/.service.NfdService in 1000ms
07-24 13:10:37.499 19453 19453 D NFDService: Service Disconnected: android.os.DeadObjectException
07-24 13:10:37.500 893 893 I Zygote : Process 19495 exited due to signal (11)
07-24 13:10:37.510 13368 13368 I Finsky : [1] com.google.android.finsky.ce.a.onTrimMemory(7): Memory trim requested to level 60
07-24 13:10:37.510 2791 2791 D TriggerApplication: onTrimMemory
07-24 13:10:37.524 1718 2826 I chatty : uid=1000(system) Binder:1718_C expire 3 lines
07-24 13:10:37.531 1718 2748 I chatty : uid=1000(system) Binder:1718_8 expire 3 lines
07-24 13:10:37.537 1718 2795 I chatty : uid=1000(system) Binder:1718_A expire 3 lines
07-24 13:10:37.554 1718 19527 I chatty : uid=1000(system) RenderThread expire 4 lines
07-24 13:10:37.604 577 2606 E ANDR-PERF-RESOURCEQS: Failed to reset optimization [3, 0]
07-24 13:10:37.686 2338 2338 D wpa_supplicant: wlan0: Control interface command 'SIGNAL_POLL'
07-24 13:10:37.698 2338 2338 D wpa_supplicant: CTRL-DEBUG: global_ctrl_sock-sendto: sock=8 sndbuf=212992 outq=0 send_len=62
07-24 13:10:37.711 2364 2376 I TelephonyManager: getMultiSimConfiguration(): uid =10046
07-24 13:10:38.080 711 838 E libnav : CablComputeBacklightLevel(): UpdateType = DifferentSceneUpdate
07-24 13:10:38.502 19453 19453 D NFDService: Retrying connection to NFD Service ...
07-24 13:10:38.530 1718 1772 I ActivityManager: Start proc 19561:net.named_data.nfd.service.NfdService/u0a125 for service net.named_data.nfd/.service.NfdService
07-24 13:10:38.532 19453 19453 D NFDService: MainFragment::bindNfdService()
07-24 13:10:38.533 19561 19561 I art : Late-enabling -Xcheck:jni
07-24 13:10:38.770 19561 19561 D net.named_data.nfd.service.NfdService: NFDService::onCreate()
07-24 13:10:38.772 19453 19453 D NFDService: m_ServiceConnection::onServiceConnected()
07-24 13:10:38.772 19561 19561 D net.named_data.nfd.service.NfdService: NFDService::onStartCommand()
07-24 13:10:38.775 19561 19561 D NFDService: ndn.Face
07-24 13:10:38.775 19561 19561 D NFDService: ndn.NetworkMonitor
07-24 13:10:38.775 19561 19561 D NFDService: ndn.TcpTransport
07-24 13:10:38.775 19561 19561 D NFDService: ndn.UnixTransport
07-24 13:10:38.775 19561 19561 D NFDService: ndn.mgmt.Dispatcher
07-24 13:10:38.775 19561 19561 D NFDService: ndn.security.pib.Pib
07-24 13:10:38.775 19561 19561 D NFDService: ndn.security.v2.CertificateBundleFetcher
07-24 13:10:38.775 19561 19561 D NFDService: ndn.security.v2.CertificateCache
07-24 13:10:38.775 19561 19561 D NFDService: ndn.security.v2.CertificateFetcher
07-24 13:10:38.775 19561 19561 D NFDService: ndn.security.v2.KeyChain
07-24 13:10:38.775 19561 19561 D NFDService: ndn.security.v2.TrustAnchorGroup
07-24 13:10:38.775 19561 19561 D NFDService: ndn.security.v2.ValidationState
07-24 13:10:38.775 19561 19561 D NFDService: ndn.security.v2.Validator
07-24 13:10:38.775 19561 19561 D NFDService: ndn.security.validator_config.Rule
07-24 13:10:38.775 19561 19561 D NFDService: nfd.AccessStrategy
07-24 13:10:38.775 19561 19561 D NFDService: nfd.AsfMeasurements
07-24 13:10:38.776 19561 19561 D NFDService: nfd.AsfStrategy
07-24 13:10:38.776 19561 19561 D NFDService: nfd.AutoPrefixPropagator
07-24 13:10:38.776 19561 19561 D NFDService: nfd.BestRouteStrategy2
07-24 13:10:38.776 19561 19561 D NFDService: nfd.ClientControlStrategy
07-24 13:10:38.776 19561 19561 D NFDService: nfd.CommandAuthenticator
07-24 13:10:38.776 19561 19561 D NFDService: nfd.ContentStore
07-24 13:10:38.776 19561 19561 D NFDService: nfd.CsPolicy
07-24 13:10:38.776 19561 19561 D NFDService: nfd.DeadNonceList
07-24 13:10:38.776 19561 19561 D NFDService: nfd.FaceManager
07-24 13:10:38.776 19561 19561 D NFDService: nfd.FaceSystem
07-24 13:10:38.776 19561 19561 D NFDService: nfd.FaceTable
07-24 13:10:38.776 19561 19561 D NFDService: nfd.FibManager
07-24 13:10:38.776 19561 19561 D NFDService: nfd.FibUpdater
07-24 13:10:38.776 19561 19561 D NFDService: nfd.Forwarder
07-24 13:10:38.776 19561 19561 D NFDService: nfd.GenericLinkService
07-24 13:10:38.776 19561 19561 D NFDService: nfd.InternalClientTransport
07-24 13:10:38.776 19561 19561 D NFDService: nfd.InternalForwarderTransport
07-24 13:10:38.776 19561 19561 D NFDService: nfd.LinkService
07-24 13:10:38.776 19561 19561 D NFDService: nfd.LpFragmenter
07-24 13:10:38.776 19561 19561 D NFDService: nfd.LpReassembler
07-24 13:10:38.776 19561 19561 D NFDService: nfd.Main
07-24 13:10:38.776 19561 19561 D NFDService: nfd.MulticastStrategy
07-24 13:10:38.776 19561 19561 D NFDService: nfd.MulticastUdpTransport
07-24 13:10:38.776 19561 19561 D NFDService: nfd.NameTree
07-24 13:10:38.777 19561 19561 D NFDService: nfd.NameTreeHashtable
07-24 13:10:38.777 19561 19561 D NFDService: nfd.NameTreeIterator
07-24 13:10:38.777 19561 19561 D NFDService: nfd.Nfd
07-24 13:10:38.777 19561 19561 D NFDService: nfd.NfdRibReadvertiseDestination
07-24 13:10:38.777 19561 19561 D NFDService: nfd.NfdWrapper
07-24 13:10:38.777 19561 19561 D NFDService: nfd.PrivilegeHelper
07-24 13:10:38.777 19561 19561 D NFDService: nfd.ProcessNackTraits
07-24 13:10:38.777 19561 19561 D NFDService: nfd.Readvertise
07-24 13:10:38.777 19561 19561 D NFDService: nfd.ReadvertiseDestination
07-24 13:10:38.777 19561 19561 D NFDService: nfd.Rib
07-24 13:10:38.777 19561 19561 D NFDService: nfd.RibEntry
07-24 13:10:38.777 19561 19561 D NFDService: nfd.RibManager
07-24 13:10:38.777 19561 19561 D NFDService: nfd.Strategy
07-24 13:10:38.777 19561 19561 D NFDService: nfd.StrategyChoice
07-24 13:10:38.777 19561 19561 D NFDService: nfd.StrategyChoiceManager
07-24 13:10:38.778 19561 19561 D NFDService: nfd.TcpChannel
07-24 13:10:38.778 19561 19561 D NFDService: nfd.TcpFactory
07-24 13:10:38.778 19561 19561 D NFDService: nfd.TcpTransport
07-24 13:10:38.778 19561 19561 D NFDService: nfd.Transport
07-24 13:10:38.778 19561 19561 D NFDService: nfd.UdpChannel
07-24 13:10:38.778 19561 19561 D NFDService: nfd.UdpFactory
07-24 13:10:38.778 19561 19561 D NFDService: nfd.UnicastUdpTransport
07-24 13:10:38.778 19561 19561 D NFDService: nfd.UnixStreamChannel
07-24 13:10:38.778 19561 19561 D NFDService: nfd.UnixStreamFactory
07-24 13:10:38.778 19561 19561 D NFDService: nfd.UnixStreamTransport
07-24 13:10:38.778 19561 19561 D NFDService: nfd.WebSocketChannel
07-24 13:10:38.778 19561 19561 D NFDService: nfd.WebSocketFactory
07-24 13:10:38.778 19561 19561 D NFDService: nfd.WebSocketTransport
07-24 13:10:38.778 19561 19577 F libc : Fatal signal 11 (SIGSEGV), code 1, fault addr 0xc00f04e in tid 19577 (vice.NfdService)
07-24 13:10:38.779 559 559 W : debuggerd: handling request: pid=19561 uid=10125 gid=10125 tid=19577
07-24 13:10:38.780 19561 19561 D net.named_data.nfd.service.NfdService: serviceStartNfd()
07-24 13:10:38.780 19561 19561 D net.named_data.nfd.service.NfdService: createPermanentFaceUriAndRoute: NFD is not started yet, delay 1000 ms.
07-24 13:10:38.847 19578 19578 F DEBUG : *** *** *** *** *** *** *** *** *** *** *** *** *** *** *** ***
07-24 13:10:38.848 19578 19578 F DEBUG : Build fingerprint: 'Sonim/XP8812/XP8800:7.1.1/8A.0.0-02-7.1.1-10.01.60/157:user/release-keys'
07-24 13:10:38.848 19578 19578 F DEBUG : Revision: '0'
07-24 13:10:38.848 19578 19578 F DEBUG : ABI: 'arm'
07-24 13:10:38.848 19578 19578 F DEBUG : pid: 19561, tid: 19577, name: vice.NfdService >>> net.named_data.nfd.service.NfdService <<<
07-24 13:10:38.848 19578 19578 F DEBUG : signal 11 (SIGSEGV), code 1 (SEGV_MAPERR), fault addr 0xc00f04e
07-24 13:10:38.848 19578 19578 F DEBUG : r0 ea6173a0 r1 0c00f04f r2 d88d75b4 r3 d84abb08
07-24 13:10:38.848 19578 19578 F DEBUG : r4 d88d75b4 r5 00000002 r6 00000000 r7 d88d76f8
07-24 13:10:38.849 19578 19578 F DEBUG : r8 00000001 r9 ea59f1e8 sl ea59f1e8 fp d88d7628
07-24 13:10:38.849 19578 19578 F DEBUG : ip ea619148 sp d88d75a0 lr d84abb34 pc 0c00f04e cpsr a00f0030
07-24 13:10:38.856 19578 19578 F DEBUG :
07-24 13:10:38.856 19578 19578 F DEBUG : backtrace:
07-24 13:10:38.856 19578 19578 F DEBUG : #00 pc 0c00f04e
07-24 13:10:38.856 19578 19578 F DEBUG : #01 pc 001f3b30 /data/app/net.named_data.nfd-1/lib/arm/libndn-cxx.so (_ZN5boost15throw_exceptionINS_16exception_detail19error_info_injectorIN3ndn8security3pib3Pib5ErrorEEEEEvRKT_+240)
07-24 13:10:38.856 19578 19578 F DEBUG : #02 pc 001f378c /data/app/net.named_data.nfd-1/lib/arm/libndn-cxx.so (_ZN5boost16exception_detail16throw_exception_IN3ndn8security3pib3Pib5ErrorEEEvRKT_PKcSB_i+80)
07-24 13:10:38.857 19578 19578 F DEBUG : #03 pc 001fed44 /data/app/net.named_data.nfd-1/lib/arm/libndn-cxx.so (_ZNK3ndn8security3pib3Pib13getTpmLocatorEv+196)
07-24 13:10:38.857 19578 19578 F DEBUG : #04 pc 0022f8b4 /data/app/net.named_data.nfd-1/lib/arm/libndn-cxx.so (_ZN3ndn8security2v28KeyChainC1ERKNSt6__ndk112basic_stringIcNS3_11char_traitsIcEENS3_9allocatorIcEEEESB_b+400)
07-24 13:10:38.857 19578 19578 F DEBUG : #05 pc 0001a8c3 /data/app/net.named_data.nfd-1/lib/arm/libnfd-wrapper.so (_ZN3nfd6RunnerC2Ev+34)
07-24 13:10:38.857 19578 19578 F DEBUG : #06 pc 0001978d /data/app/net.named_data.nfd-1/lib/arm/libnfd-wrapper.so
07-24 13:10:38.857 19578 19578 F DEBUG : #07 pc 0000fb68 /data/app/net.named_data.nfd-1/lib/arm/libboost_thread.so
07-24 13:10:38.857 19578 19578 F DEBUG : #08 pc 000477a3 /system/lib/libc.so (_ZL15__pthread_startPv+22)
07-24 13:10:38.857 19578 19578 F DEBUG : #09 pc 00019eb1 /system/lib/libc.so (__start_thread+6)
07-24 13:10:39.140 1718 19521 W ActivityManager: Ignoring remove of inactive process: ProcessRecord{fdfcd9e 0:net.named_data.nfd.service.NfdService/u0a125}
07-24 13:10:39.151 1718 8141 W InputMethodManagerService: Window already focused, ignoring focus gain of: com.android.internal.view.IInputMethodClient$Stub$Proxy@1669095 attribute=null, token = android.os.BinderProxy@55473af
07-24 13:10:39.334 1718 1808 W AppOps : Finishing op nesting under-run: uid 1000 pkg android code 24 time=0 duration=0 nesting=0
07-24 13:10:39.458 711 838 E libnav : CablComputeBacklightLevel(): UpdateType = DifferentSceneUpdate
07-24 13:10:39.466 1718 1803 I BootReceiver: Copying /data/tombstones/tombstone_01 to DropBox (SYSTEM_TOMBSTONE)
07-24 13:10:39.473 559 559 W : debuggerd: resuming target 19561
07-24 13:10:39.479 893 893 I Zygote : Process 19561 exited due to signal (11)
07-24 13:10:39.483 1718 2898 I ActivityManager: Process net.named_data.nfd.service.NfdService (pid 19561) has died
07-24 13:10:39.484 1718 2898 D ActivityManager: cleanUpApplicationRecord -- 19561
07-24 13:10:39.484 1718 2898 W ActivityManager: Service crashed 2 times, stopping: ServiceRecord{871ef8e u0 net.named_data.nfd/.service.NfdService}
07-24 13:10:39.485 19453 19453 D NFDService: m_ServiceConnection::onServiceDisconnected()
07-24 13:10:39.515 1718 1748 I chatty : uid=1000(system) Binder:1718_2 expire 6 lines
07-24 13:10:39.638 2364 2731 I TelephonyManager: getMultiSimConfiguration(): uid =10046
07-24 13:10:39.824 711 838 E libnav : CablComputeBacklightLevel(): UpdateType = DifferentSceneUpdate
07-24 13:10:40.490 19453 19453 D NFDService: Retrying connection to NFD Service ...
07-24 13:10:40.528 1718 8945 I ActivityManager: Start proc 19631:net.named_data.nfd.service.NfdService/u0a125 for service net.named_data.nfd/.service.NfdService
07-24 13:10:40.530 19453 19453 D NFDService: MainFragment::bindNfdService()
07-24 13:10:40.532 19631 19631 I art : Late-enabling -Xcheck:jni
07-24 13:10:40.632 2364 2436 I TelephonyManager: getMultiSimConfiguration(): uid =10046
07-24 13:10:40.713 2338 2338 D wpa_supplicant: wlan0: Control interface command 'SIGNAL_POLL'
07-24 13:10:40.728 2338 2338 D wpa_supplicant: CTRL-DEBUG: global_ctrl_sock-sendto: sock=8 sndbuf=212992 outq=0 send_len=62
07-24 13:10:40.735 2364 2435 I TelephonyManager: getMultiSimConfiguration(): uid =10046
07-24 13:10:40.780 19631 19631 D net.named_data.nfd.service.NfdService: NFDService::onCreate()
07-24 13:10:40.782 19453 19453 D NFDService: m_ServiceConnection::onServiceConnected()
07-24 13:10:40.784 19453 19453 D NFDService: ClientHandler: NFD is Stopped.
07-24 13:10:42.166 1718 19594 W ActivityManager: Ignoring remove of inactive process: ProcessRecord{2245567 0:net.named_data.nfd.service.NfdService/u0a125}
07-24 13:10:42.182 1718 2826 W InputMethodManagerService: Window already focused, ignoring focus gain of: com.android.internal.view.IInputMethodClient$Stub$Proxy@cb72db2 attribute=null, token = android.os.BinderProxy@55473af
07-24 13:10:42.357 1718 1808 W AppOps : Finishing op nesting under-run: uid 1000 pkg android code 24 time=0 duration=0 nesting=0
07-24 13:10:42.598 711 838 E libnav : CablComputeBacklightLevel(): UpdateType = DifferentSceneUpdate
07-24 13:10:42.645 2364 2471 I TelephonyManager: getMultiSimConfiguration(): uid =10046
07-24 13:10:43.749 2338 2338 D wpa_supplicant: wlan0: Control interface command 'SIGNAL_POLL'
07-24 13:10:43.761 2338 2338 D wpa_supplicant: CTRL-DEBUG: global_ctrl_sock-sendto: sock=8 sndbuf=212992 outq=0 send_len=62
07-24 13:10:43.779 2364 2377 I TelephonyManager: getMultiSimConfiguration(): uid =10046
07-24 13:10:44.656 2364 2376 I TelephonyManager: getMultiSimConfiguration(): uid =10046
07-24 13:10:45.626 2338 2338 D wpa_supplicant: wlan0: Control interface command 'SCAN TYPE=ONLY'
07-24 13:10:45.626 2338 2338 D wpa_supplicant: wlan0: Setting scan request: 0.000000 sec
07-24 13:10:45.626 2338 2338 D wpa_supplicant: CTRL-DEBUG: global_ctrl_sock-sendto: sock=8 sndbuf=212992 outq=0 send_len=3
07-24 13:10:45.627 2338 2338 D wpa_supplicant: wlan0: Starting AP scan for wildcard SSID
07-24 13:10:45.627 2338 2338 D wpa_supplicant: wlan0: Add radio work 'scan'@0x7fa202e360
07-24 13:10:45.627 2338 2338 D wpa_supplicant: wlan0: First radio work item in the queue - schedule start immediately
07-24 13:10:45.627 2338 2338 D wpa_supplicant: wlan0: Starting radio work 'scan'@0x7fa202e360 after 0.000096 second wait
07-24 13:10:45.627 2338 2338 D wpa_supplicant: wlan0: nl80211: vendor scan request
07-24 13:10:45.627 2338 2338 D wpa_supplicant: nl80211: Scan SSID - hexdump(len=0): [NULL]
07-24 13:10:45.627 2338 2338 D wpa_supplicant: nl80211: Scan extra IEs - hexdump(len=18): 7f 06 00 00 0a 82 01 40 6b 01 0f dd 05 50 6f 9a 10 10
07-24 13:10:45.628 2338 2338 D wpa_supplicant: nl80211: Vendor scan requested (ret=0) - scan timeout 30 seconds, scan cookie:0xffffffceeccf2800
07-24 13:10:45.628 2338 2338 D wpa_supplicant: nl80211: Event message available
07-24 13:10:45.628 2338 2338 D wpa_supplicant: nl80211: Drv Event 103 (NL80211_CMD_VENDOR) received for wlan0
07-24 13:10:45.628 2338 2338 D wpa_supplicant: nl80211: Vendor event: wiphy=0 vendor_id=0x1374 subcmd=106
07-24 13:10:45.628 2338 2338 D wpa_supplicant: nl80211: Vendor data - hexdump(len=12): 0c 00 07 00 00 28 cf ec ce ff ff ff
07-24 13:10:45.642 2338 2338 D wpa_supplicant: wlan0: Event SCAN_STARTED (47) received
07-24 13:10:45.642 2338 2338 D wpa_supplicant: wlan0: Own scan request started a scan in 0.013767 seconds
07-24 13:10:45.642 2338 2338 D wpa_supplicant: CTRL-DEBUG: ctrl_sock-sendmsg: sock=8 sndbuf=212992 outq=0 send_len=24
07-24 13:10:45.642 2338 2338 D wpa_supplicant: CTRL_IFACE monitor sent successfully to /data/misc/wifi/sockets/wpa_ctrl_882-12\x00
07-24 13:10:45.642 2338 2338 D wpa_supplicant: CTRL-DEBUG: ctrl_sock-sendmsg: sock=8 sndbuf=212992 outq=768 send_len=24
07-24 13:10:45.642 2338 2338 D wpa_supplicant: CTRL_IFACE monitor sent successfully to /data/misc/wifi/sockets/wpa_ctrl_1718-2\x00
07-24 13:10:45.662 14405 19537 I Authzen : [DeviceStateSyncManager] The server is in sync with current state. Nothing to do
07-24 13:10:45.663 13368 13368 I Finsky : [1] com.google.android.finsky.scheduler.JobSchedulerEngine$PhoneskyJobSchedulerJobService.onStartJob(11): onJobSchedulerWakeup with jobId 9000
07-24 13:10:45.663 2364 2731 I TelephonyManager: getMultiSimConfiguration(): uid =10046
07-24 13:10:45.668 13368 13368 I Finsky : [1] com.google.android.finsky.scheduler.w.a(14): Scheduling fallback in 43199997 (absolute: 48531312)
07-24 13:10:45.683 13368 13368 I Finsky : [1] com.google.android.finsky.scheduler.w.a(14): Scheduling fallback in 64799986 (absolute: 70131316)
07-24 13:10:45.687 13368 13368 I Finsky : [1] com.google.android.finsky.scheduler.ad.handleMessage(39): DeviceState: DeviceState{currentTime=1532452245684, isCharging=true, isIdle=false, netAny=true, netNotRoaming=true, netUnmetered=true}
07-24 13:10:45.691 13368 13368 I Finsky : [1] com.google.android.finsky.scheduler.ba.a(51): Jobs in database: 1-1337 12-1
07-24 13:10:45.693 13368 13368 I Finsky : [1] com.google.android.finsky.scheduler.y.a(138): Running job: 12-1
07-24 13:10:45.694 13368 13368 I Finsky : [1] com.google.android.finsky.contentsync.ContentSyncJob.a(37): ContentSyncJob started
07-24 13:10:45.695 13368 13368 I Finsky : [1] com.google.android.finsky.scheduler.y.a(196): RunningQueue size: 1, PendingQueue size: 0
07-24 13:10:45.696 13368 13368 I Finsky : [1] com.google.android.finsky.scheduler.y.a(213): Running queue: 12-1
