07-24 13:10:45.702 13368 13431 I Finsky : [245] com.google.android.finsky.m.c.a(21): Completed 0 account content syncs with 0 successful.
07-24 13:10:45.702 13368 13368 I Finsky : [1] com.google.android.finsky.contentsync.ContentSyncJob.a(5): Installation state replication succeeded.
07-24 13:10:45.703 13368 13368 I Finsky : [1] com.google.android.finsky.scheduler.ax.b(8): jobFinished: 12-1. TimeElapsed: 8ms
07-24 13:10:45.703 13368 13368 I Finsky : [1] com.google.android.finsky.scheduler.y.b(38): Job 12-1 finished
07-24 13:10:45.704 13368 13368 I Finsky : [1] com.google.android.finsky.scheduler.y.a(196): RunningQueue size: 0, PendingQueue size: 0
07-24 13:10:45.704 13368 13368 I Finsky : [1] com.google.android.finsky.scheduler.ad.handleMessage(78): Executor finished
07-24 13:10:45.724 13368 13368 I Finsky : [1] com.google.android.finsky.ce.a.onTrimMemory(7): Memory trim requested to level 80
07-24 13:10:45.727 13368 13368 I Finsky : [1] com.google.android.finsky.scheduler.ba.a(51): Jobs in database: 1-1337
07-24 13:10:45.732 13368 13368 I Finsky : [1] com.google.android.finsky.scheduler.g.a(179): ConstraintMapping: 1-1337, -> L: 35666082ms, D: 122066082ms, C: false, I: false, N: 1
07-24 13:10:45.733 13368 13368 I Finsky : [1] com.google.android.finsky.scheduler.JobSchedulerEngine.a(155): Scheduling job Id: 9001, L: 35666082, D: 122066082, C: false, I: false, N: 1
07-24 13:10:46.472 19453 19453 D NFDService: onCreateOptionsMenutrue
07-24 13:10:46.516 13530 13530 I GoogleInputMethod: onFinishInput() : Dummy InputConnection bound
07-24 13:10:46.517 13530 13530 I GoogleInputMethod: onStartInput() : Dummy InputConnection bound
07-24 13:10:46.660 2364 2436 I TelephonyManager: getMultiSimConfiguration(): uid =10046
07-24 13:10:46.771 2338 2338 D wpa_supplicant: wlan0: Control interface command 'SIGNAL_POLL'
07-24 13:10:46.776 2338 2338 D wpa_supplicant: CTRL-DEBUG: global_ctrl_sock-sendto: sock=8 sndbuf=212992 outq=0 send_len=62
07-24 13:10:46.905 19453 19453 D NFDService: onCreateOptionsMenutrue
07-24 13:10:46.934 711 838 E libnav : CablComputeBacklightLevel(): UpdateType = DifferentSceneUpdate
07-24 13:10:47.000 711 838 E libnav : CablComputeBacklightLevel(): UpdateType = DifferentSceneUpdate
07-24 13:10:47.403 19453 19453 D NFDService: onCreateOptionsMenutrue
07-24 13:10:47.663 2364 2435 I TelephonyManager: getMultiSimConfiguration(): uid =10046
07-24 13:10:47.827 13530 13530 I GoogleInputMethod: onFinishInput() : Dummy InputConnection bound
07-24 13:10:47.828 13530 13530 I GoogleInputMethod: onStartInput() : Dummy InputConnection bound
07-24 13:10:47.836 19453 19453 D NFDService: onCreateOptionsMenufalse
07-24 13:10:47.848 711 838 E libnav : CablComputeBacklightLevel(): UpdateType = DifferentSceneUpdate
07-24 13:10:48.194 19631 19631 D NFDService: ndn.Face
07-24 13:10:48.194 19631 19631 D NFDService: ndn.NetworkMonitor
07-24 13:10:48.195 19631 19631 D NFDService: ndn.TcpTransport
07-24 13:10:48.195 19631 19631 D NFDService: ndn.UnixTransport
07-24 13:10:48.195 19631 19631 D NFDService: ndn.mgmt.Dispatcher
07-24 13:10:48.195 19631 19631 D NFDService: ndn.security.pib.Pib
07-24 13:10:48.195 19631 19631 D NFDService: ndn.security.v2.CertificateBundleFetcher
07-24 13:10:48.195 19631 19631 D NFDService: ndn.security.v2.CertificateCache
07-24 13:10:48.195 19631 19631 D NFDService: ndn.security.v2.CertificateFetcher
07-24 13:10:48.195 19631 19631 D NFDService: ndn.security.v2.KeyChain
07-24 13:10:48.195 19631 19631 D NFDService: ndn.security.v2.TrustAnchorGroup
07-24 13:10:48.195 19631 19631 D NFDService: ndn.security.v2.ValidationState
07-24 13:10:48.196 19631 19631 D NFDService: ndn.security.v2.Validator
07-24 13:10:48.196 19631 19631 D NFDService: ndn.security.validator_config.Rule
07-24 13:10:48.196 19631 19631 D NFDService: nfd.AccessStrategy
07-24 13:10:48.196 19631 19631 D NFDService: nfd.AsfMeasurements
07-24 13:10:48.196 19631 19631 D NFDService: nfd.AsfStrategy
07-24 13:10:48.196 19631 19631 D NFDService: nfd.AutoPrefixPropagator
07-24 13:10:48.196 19631 19631 D NFDService: nfd.BestRouteStrategy2
07-24 13:10:48.196 19631 19631 D NFDService: nfd.ClientControlStrategy
07-24 13:10:48.196 19631 19631 D NFDService: nfd.CommandAuthenticator
07-24 13:10:48.196 19631 19631 D NFDService: nfd.ContentStore
07-24 13:10:48.197 19631 19631 D NFDService: nfd.CsPolicy
07-24 13:10:48.197 19631 19631 D NFDService: nfd.DeadNonceList
07-24 13:10:48.197 19631 19631 D NFDService: nfd.FaceManager
07-24 13:10:48.197 19631 19631 D NFDService: nfd.FaceSystem
07-24 13:10:48.197 19631 19631 D NFDService: nfd.FaceTable
07-24 13:10:48.197 19631 19631 D NFDService: nfd.FibManager
07-24 13:10:48.197 19631 19631 D NFDService: nfd.FibUpdater
07-24 13:10:48.197 19631 19631 D NFDService: nfd.Forwarder
07-24 13:10:48.197 19631 19631 D NFDService: nfd.GenericLinkService
07-24 13:10:48.197 19631 19631 D NFDService: nfd.InternalClientTransport
07-24 13:10:48.198 19631 19631 D NFDService: nfd.InternalForwarderTransport
07-24 13:10:48.198 19631 19631 D NFDService: nfd.LinkService
07-24 13:10:48.198 19631 19631 D NFDService: nfd.LpFragmenter
07-24 13:10:48.198 19631 19631 D NFDService: nfd.LpReassembler
07-24 13:10:48.198 19631 19631 D NFDService: nfd.Main
07-24 13:10:48.198 19631 19631 D NFDService: nfd.MulticastStrategy
07-24 13:10:48.198 19631 19631 D NFDService: nfd.MulticastUdpTransport
07-24 13:10:48.198 19631 19631 D NFDService: nfd.NameTree
07-24 13:10:48.198 19631 19631 D NFDService: nfd.NameTreeHashtable
07-24 13:10:48.199 19631 19631 D NFDService: nfd.NameTreeIterator
07-24 13:10:48.199 19631 19631 D NFDService: nfd.Nfd
07-24 13:10:48.199 19631 19631 D NFDService: nfd.NfdRibReadvertiseDestination
07-24 13:10:48.199 19631 19631 D NFDService: nfd.NfdWrapper
07-24 13:10:48.199 19631 19631 D NFDService: nfd.PrivilegeHelper
07-24 13:10:48.199 19631 19631 D NFDService: nfd.ProcessNackTraits
07-24 13:10:48.199 19631 19631 D NFDService: nfd.Readvertise
07-24 13:10:48.199 19631 19631 D NFDService: nfd.ReadvertiseDestination
07-24 13:10:48.199 19631 19631 D NFDService: nfd.Rib
07-24 13:10:48.199 19631 19631 D NFDService: nfd.RibEntry
07-24 13:10:48.199 19631 19631 D NFDService: nfd.RibManager
07-24 13:10:48.200 19631 19631 D NFDService: nfd.Strategy
07-24 13:10:48.200 19631 19631 D NFDService: nfd.StrategyChoice
07-24 13:10:48.200 19631 19631 D NFDService: nfd.StrategyChoiceManager
07-24 13:10:48.200 19631 19631 D NFDService: nfd.TcpChannel
07-24 13:10:48.200 19631 19631 D NFDService: nfd.TcpFactory
07-24 13:10:48.200 19631 19631 D NFDService: nfd.TcpTransport
07-24 13:10:48.200 19631 19631 D NFDService: nfd.Transport
07-24 13:10:48.200 19631 19631 D NFDService: nfd.UdpChannel
07-24 13:10:48.200 19631 19631 D NFDService: nfd.UdpFactory
07-24 13:10:48.200 19631 19631 D NFDService: nfd.UnicastUdpTransport
07-24 13:10:48.200 19631 19631 D NFDService: nfd.UnixStreamChannel
07-24 13:10:48.201 19631 19631 D NFDService: nfd.UnixStreamFactory
07-24 13:10:48.201 19631 19631 D NFDService: nfd.UnixStreamTransport
07-24 13:10:48.201 19631 19631 D NFDService: nfd.WebSocketChannel
07-24 13:10:48.201 19631 19631 D NFDService: nfd.WebSocketFactory
07-24 13:10:48.201 19631 19631 D NFDService: nfd.WebSocketTransport
07-24 13:10:48.202 19631 19773 F libc : Fatal signal 11 (SIGSEGV), code 1, fault addr 0xc00f04e in tid 19773 (vice.NfdService)
07-24 13:10:48.203 559 559 W : debuggerd: handling request: pid=19631 uid=10125 gid=10125 tid=19773
07-24 13:10:48.293 19775 19775 F DEBUG : *** *** *** *** *** *** *** *** *** *** *** *** *** *** *** ***
07-24 13:10:48.293 19775 19775 F DEBUG : Build fingerprint: 'Sonim/XP8812/XP8800:7.1.1/8A.0.0-02-7.1.1-10.01.60/157:user/release-keys'
07-24 13:10:48.293 19775 19775 F DEBUG : Revision: '0'
07-24 13:10:48.293 19775 19775 F DEBUG : ABI: 'arm'
07-24 13:10:48.293 19775 19775 F DEBUG : pid: 19631, tid: 19773, name: vice.NfdService >>> net.named_data.nfd.service.NfdService <<<
07-24 13:10:48.293 19775 19775 F DEBUG : signal 11 (SIGSEGV), code 1 (SEGV_MAPERR), fault addr 0xc00f04e
07-24 13:10:48.294 19775 19775 F DEBUG : r0 f0b023a0 r1 0c00f04f r2 d88d75b4 r3 d84abb08
07-24 13:10:48.294 19775 19775 F DEBUG : r4 d88d75b4 r5 00000002 r6 00000000 r7 d88d76f8
07-24 13:10:48.294 19775 19775 F DEBUG : r8 00000001 r9 ea59f1e8 sl ea59f1e8 fp d88d7628
07-24 13:10:48.294 19775 19775 F DEBUG : ip f0b04148 sp d88d75a0 lr d84abb34 pc 0c00f04e cpsr a00f0030
07-24 13:10:48.299 19775 19775 F DEBUG :
07-24 13:10:48.299 19775 19775 F DEBUG : backtrace:
07-24 13:10:48.299 19775 19775 F DEBUG : #00 pc 0c00f04e
07-24 13:10:48.299 19775 19775 F DEBUG : #01 pc 001f3b30 /data/app/net.named_data.nfd-1/lib/arm/libndn-cxx.so (_ZN5boost15throw_exceptionINS_16exception_detail19error_info_injectorIN3ndn8security3pib3Pib5ErrorEEEEEvRKT_+240)
07-24 13:10:48.299 19775 19775 F DEBUG : #02 pc 001f378c /data/app/net.named_data.nfd-1/lib/arm/libndn-cxx.so (_ZN5boost16exception_detail16throw_exception_IN3ndn8security3pib3Pib5ErrorEEEvRKT_PKcSB_i+80)
07-24 13:10:48.299 19775 19775 F DEBUG : #03 pc 001fed44 /data/app/net.named_data.nfd-1/lib/arm/libndn-cxx.so (_ZNK3ndn8security3pib3Pib13getTpmLocatorEv+196)
07-24 13:10:48.299 19775 19775 F DEBUG : #04 pc 0022f8b4 /data/app/net.named_data.nfd-1/lib/arm/libndn-cxx.so (_ZN3ndn8security2v28KeyChainC1ERKNSt6__ndk112basic_stringIcNS3_11char_traitsIcEENS3_9allocatorIcEEEESB_b+400)
07-24 13:10:48.300 19775 19775 F DEBUG : #05 pc 0001a8c3 /data/app/net.named_data.nfd-1/lib/arm/libnfd-wrapper.so (_ZN3nfd6RunnerC2Ev+34)
07-24 13:10:48.300 19775 19775 F DEBUG : #06 pc 0001978d /data/app/net.named_data.nfd-1/lib/arm/libnfd-wrapper.so
07-24 13:10:48.300 19775 19775 F DEBUG : #07 pc 0000fb68 /data/app/net.named_data.nfd-1/lib/arm/libboost_thread.so
07-24 13:10:48.300 19775 19775 F DEBUG : #08 pc 000477a3 /system/lib/libc.so (_ZL15__pthread_startPv+22)
07-24 13:10:48.300 19775 19775 F DEBUG : #09 pc 00019eb1 /system/lib/libc.so (__start_thread+6)
07-24 13:10:48.660 2364 2377 I TelephonyManager: getMultiSimConfiguration(): uid =10046
07-24 13:10:48.888 1718 19797 W ActivityManager: Process net.named_data.nfd has crashed too many times: killing!
07-24 13:10:48.889 1718 19797 I ActivityManager: Killing 19631:net.named_data.nfd.service.NfdService/u0a125 (adj 0): crash
07-24 13:10:48.889 1718 19797 D ActivityManager: cleanUpApplicationRecord -- 19631
07-24 13:10:48.890 19453 19453 D NFDService: m_ServiceConnection::onServiceDisconnected()
07-24 13:10:48.891 19453 19453 D NDNController: Group status consistency checker is already stopped
07-24 13:10:48.891 19453 19453 D NDNController: Face consistency checker is already stopped
07-24 13:10:48.891 19453 19453 D NDNController: BroadcastReceiverService not running, no need to stop.
07-24 13:10:48.891 19453 19453 D NDNController: Pprobing already stopped
07-24 13:10:48.891 19453 19525 D NDNController: before cleaning up connected peers, the size of ipPeerMapOfConnectedPeers is 0
07-24 13:10:48.902 1718 1803 I BootReceiver: Copying /data/tombstones/tombstone_02 to DropBox (SYSTEM_TOMBSTONE)
07-24 13:10:48.910 1718 1747 I chatty : uid=1000(system) Binder:1718_1 expire 3 lines
07-24 13:10:48.911 559 559 W : debuggerd: resuming target 19631
07-24 13:10:48.911 893 893 I Zygote : Process 19631 exited due to signal (11)
07-24 13:10:48.929 1718 1772 I chatty : uid=1000(system) ActivityManager expire 5 lines
07-24 13:10:48.941 1718 2797 I chatty : uid=1000(system) Binder:1718_B expire 3 lines
07-24 13:10:48.960 1718 2902 I chatty : uid=1000(system) Binder:1718_11 expire 3 lines
07-24 13:10:48.978 13336 13364 W art : Couldn't lock the profile file /data/misc/profiles/cur/0/com.google.android.gms/primary.prof: Failed to lock file '/data/misc/profiles/cur/0/com.google.android.gms/primary.prof': Try again
07-24 13:10:48.979 13336 13364 W art : Could not save profiling info to /data/misc/profiles/cur/0/com.google.android.gms/primary.prof
07-24 13:10:49.783 2338 2338 D wpa_supplicant: wlan0: Control interface command 'SIGNAL_POLL'
07-24 13:10:49.787 2338 2338 D wpa_supplicant: CTRL-DEBUG: global_ctrl_sock-sendto: sock=8 sndbuf=212992 outq=0 send_len=62
07-24 13:10:49.798 2364 2731 I TelephonyManager: getMultiSimConfiguration(): uid =10046
07-24 13:10:49.893 19453 19453 D NFDService: Retrying connection to NFD Service ...
07-24 13:10:49.910 1718 13283 I ActivityManager: Start proc 19803:net.named_data.nfd.service.NfdService/u0a125 for service net.named_data.nfd/.service.NfdService
07-24 13:10:49.912 19453 19453 D NFDService: MainFragment::bindNfdService()
07-24 13:10:49.917 19803 19803 I art : Late-enabling -Xcheck:jni
07-24 13:10:50.145 2338 2338 D wpa_supplicant: nl80211: Event message available
07-24 13:10:50.145 2338 2338 D wpa_supplicant: nl80211: Drv Event 103 (NL80211_CMD_VENDOR) received for wlan0
07-24 13:10:50.145 2338 2338 D wpa_supplicant: nl80211: Vendor event: wiphy=0 vendor_id=0x1374 subcmd=107
07-24 13:10:50.145 2338 2338 D wpa_supplicant: nl80211: Vendor data - hexdump(len=420): 04 00 03 00 74 01 02 00 08 00 00 00 6c 09 00 00 08 00 01 00 71 09 00 00 08 00 02 00 76 09 00 00 ...
07-24 13:10:50.151 2338 2338 D wpa_supplicant: nl80211: Scan included frequencies: 2412 2417 2422 2427 2432 2437 2442 2447 2452 2457 2462 5180 5200 5220 5240 5260 5280 5300 5320 5500 5520 5540 5560 5580 5600 5620 5640 5660 5680 5700 5720 5745 5765 5785 5805 5825 5852 5860 5870 5875 5880 5890 5900 5905 5910 5920
07-24 13:10:50.151 2338 2338 D wpa_supplicant: wlan0: Event SCAN_RESULTS (3) received
07-24 13:10:50.151 2338 2338 D wpa_supplicant: wlan0: Scan completed in 4.509432 seconds
07-24 13:10:50.151 2338 2338 D wpa_supplicant: nl80211: Associated on 5500 MHz
07-24 13:10:50.152 2338 2338 D wpa_supplicant: nl80211: Associated with cc:d5:39:bb:d6:de
07-24 13:10:50.152 2338 2338 D wpa_supplicant: nl80211: Received scan results (36 BSSes)
07-24 13:10:50.152 2338 2338 D wpa_supplicant: nl80211: Scan results indicate BSS status with cc:d5:39:bb:d6:de as associated
07-24 13:10:50.152 2338 2338 D wpa_supplicant: wlan0: BSS: Start scan result update 55
07-24 13:10:50.152 2338 2338 D wpa_supplicant: wlan0: BSS: Add new id 485 BSSID cc:d5:39:bb:d6:dd SSID '\x00' freq 5500
07-24 13:10:50.152 2338 2338 D wpa_supplicant: CTRL-DEBUG: ctrl_sock-sendmsg: sock=8 sndbuf=212992 outq=0 send_len=42
07-24 13:10:50.152 2338 2338 D wpa_supplicant: CTRL_IFACE monitor sent successfully to /data/misc/wifi/sockets/wpa_ctrl_882-12\x00
07-24 13:10:50.152 2338 2338 D wpa_supplicant: CTRL-DEBUG: ctrl_sock-sendmsg: sock=8 sndbuf=212992 outq=768 send_len=42
07-24 13:10:50.152 2338 2338 D wpa_supplicant: CTRL_IFACE monitor sent successfully to /data/misc/wifi/sockets/wpa_ctrl_1718-2\x00
07-24 13:10:50.152 2338 2338 D wpa_supplicant: wlan0: BSS: Add new id 486 BSSID cc:d5:39:bb:d6:dc SSID '\x00' freq 5500
07-24 13:10:50.152 2338 2338 D wpa_supplicant: CTRL-DEBUG: ctrl_sock-sendmsg: sock=8 sndbuf=212992 outq=1536 send_len=42
07-24 13:10:50.152 2338 2338 D wpa_supplicant: CTRL_IFACE monitor sent successfully to /data/misc/wifi/sockets/wpa_ctrl_882-12\x00
07-24 13:10:50.152 2338 2338 D wpa_supplicant: CTRL-DEBUG: ctrl_sock-sendmsg: sock=8 sndbuf=212992 outq=2304 send_len=42
07-24 13:10:50.152 2338 2338 D wpa_supplicant: CTRL_IFACE monitor sent successfully to /data/misc/wifi/sockets/wpa_ctrl_1718-2\x00
07-24 13:10:50.152 2338 2338 D wpa_supplicant: wlan0: BSS: Add new id 487 BSSID cc:d5:39:bb:d6:da SSID '\x00' freq 5500
07-24 13:10:50.152 2338 2338 D wpa_supplicant: CTRL-DEBUG: ctrl_sock-sendmsg: sock=8 sndbuf=212992 outq=3072 send_len=42
07-24 13:10:50.152 2338 2338 D wpa_supplicant: CTRL_IFACE monitor sent successfully to /data/misc/wifi/sockets/wpa_ctrl_882-12\x00
07-24 13:10:50.152 2338 2338 D wpa_supplicant: CTRL-DEBUG: ctrl_sock-sendmsg: sock=8 sndbuf=212992 outq=3072 send_len=42
07-24 13:10:50.152 2338 2338 D wpa_supplicant: CTRL_IFACE monitor sent successfully to /data/misc/wifi/sockets/wpa_ctrl_1718-2\x00
07-24 13:10:50.152 2338 2338 D wpa_supplicant: wlan0: BSS: Add new id 488 BSSID cc:d5:39:bb:d6:d3 SSID '\x00' freq 2462
07-24 13:10:50.152 2338 2338 D wpa_supplicant: CTRL-DEBUG: ctrl_sock-sendmsg: sock=8 sndbuf=212992 outq=1536 send_len=42
07-24 13:10:50.152 2338 2338 D wpa_supplicant: CTRL_IFACE monitor sent successfully to /data/misc/wifi/sockets/wpa_ctrl_882-12\x00
07-24 13:10:50.153 2338 2338 D wpa_supplicant: CTRL-DEBUG: ctrl_sock-sendmsg: sock=8 sndbuf=212992 outq=2304 send_len=42
07-24 13:10:50.153 2338 2338 D wpa_supplicant: CTRL_IFACE monitor sent successfully to /data/misc/wifi/sockets/wpa_ctrl_1718-2\x00
07-24 13:10:50.153 2338 2338 D wpa_supplicant: wlan0: BSS: Add new id 489 BSSID 88:75:56:c7:d9:2d SSID '\x00' freq 5240
07-24 13:10:50.153 2338 2338 D wpa_supplicant: CTRL-DEBUG: ctrl_sock-sendmsg: sock=8 sndbuf=212992 outq=2304 send_len=42
07-24 13:10:50.153 2338 2338 D wpa_supplicant: CTRL_IFACE monitor sent successfully to /data/misc/wifi/sockets/wpa_ctrl_882-12\x00
07-24 13:10:50.153 2338 2338 D wpa_supplicant: CTRL-DEBUG: ctrl_sock-sendmsg: sock=8 sndbuf=212992 outq=768 send_len=42
07-24 13:10:50.153 2338 2338 D wpa_supplicant: CTRL_IFACE monitor sent successfully to /data/misc/wifi/sockets/wpa_ctrl_1718-2\x00
07-24 13:10:50.153 2338 2338 D wpa_supplicant: wlan0: BSS: Add new id 490 BSSID 88:75:56:c7:d9:2f SSID 'NISTNet' freq 5240
07-24 13:10:50.153 2338 2338 D wpa_supplicant: CTRL-DEBUG: ctrl_sock-sendmsg: sock=8 sndbuf=212992 outq=0 send_len=42
07-24 13:10:50.153 2338 2338 D wpa_supplicant: CTRL_IFACE monitor sent successfully to /data/misc/wifi/sockets/wpa_ctrl_882-12\x00
07-24 13:10:50.153 2338 2338 D wpa_supplicant: CTRL-DEBUG: ctrl_sock-sendmsg: sock=8 sndbuf=212992 outq=768 send_len=42
07-24 13:10:50.153 2338 2338 D wpa_supplicant: CTRL_IFACE monitor sent successfully to /data/misc/wifi/sockets/wpa_ctrl_1718-2\x00
07-24 13:10:50.153 2338 2338 D wpa_supplicant: wlan0: BSS: Add new id 491 BSSID 00:15:ff:bb:dd:ea SSID '\x00\x00\x00\x00\x00\x00\x00\x00\x00\x00\x00\x00\x00\x00\x00\x00\x00\x00\x00\x00\x00\x00' freq 2462
07-24 13:10:50.153 2338 2338 D wpa_supplicant: CTRL-DEBUG: ctrl_sock-sendmsg: sock=8 sndbuf=212992 outq=1536 send_len=42
07-24 13:10:50.153 2338 2338 D wpa_supplicant: CTRL_IFACE monitor sent successfully to /data/misc/wifi/sockets/wpa_ctrl_882-12\x00
07-24 13:10:50.153 2338 2338 D wpa_supplicant: CTRL-DEBUG: ctrl_sock-sendmsg: sock=8 sndbuf=212992 outq=2304 send_len=42
07-24 13:10:50.153 2338 2338 D wpa_supplicant: CTRL_IFACE monitor sent successfully to /data/misc/wifi/sockets/wpa_ctrl_1718-2\x00
07-24 13:10:50.153 2338 2338 D wpa_supplicant: wlan0: BSS: Add new id 492 BSSID 20:3a:07:9f:ec:93 SSID '\x00' freq 2412
07-24 13:10:50.153 2338 2338 D wpa_supplicant: CTRL-DEBUG: ctrl_sock-sendmsg: sock=8 sndbuf=212992 outq=1536 send_len=42
07-24 13:10:50.153 2338 2338 D wpa_supplicant: CTRL_IFACE monitor sent successfully to /data/misc/wifi/sockets/wpa_ctrl_882-12\x00
07-24 13:10:50.153 2338 2338 D wpa_supplicant: CTRL-DEBUG: ctrl_sock-sendmsg: sock=8 sndbuf=212992 outq=1536 send_len=42
07-24 13:10:50.153 2338 2338 D wpa_supplicant: CTRL_IFACE monitor sent successfully to /data/misc/wifi/sockets/wpa_ctrl_1718-2\x00
07-24 13:10:50.153 2338 2338 D wpa_supplicant: wlan0: BSS: Add new id 493 BSSID 34:a8:4e:3a:9c:e0 SSID 'NISTNet' freq 2412
07-24 13:10:50.153 2338 2338 D wpa_supplicant: CTRL-DEBUG: ctrl_sock-sendmsg: sock=8 sndbuf=212992 outq=0 send_len=42
07-24 13:10:50.153 2338 2338 D wpa_supplicant: CTRL_IFACE monitor sent successfully to /data/misc/wifi/sockets/wpa_ctrl_882-12\x00
07-24 13:10:50.153 2338 2338 D wpa_supplicant: CTRL-DEBUG: ctrl_sock-sendmsg: sock=8 sndbuf=212992 outq=768 send_len=42
07-24 13:10:50.153 2338 2338 D wpa_supplicant: CTRL_IFACE monitor sent successfully to /data/misc/wifi/sockets/wpa_ctrl_1718-2\x00
07-24 13:10:50.153 2338 2338 D wpa_supplicant: wlan0: BSS: Add new id 494 BSSID a0:d3:c1:d6:61:5d SSID 'HP-Print-5D-Officejet Pro 8630' freq 2437
07-24 13:10:50.153 2338 2338 D wpa_supplicant: CTRL-DEBUG: ctrl_sock-sendmsg: sock=8 sndbuf=212992 outq=0 send_len=42
07-24 13:10:50.153 2338 2338 D wpa_supplicant: CTRL_IFACE monitor sent successfully to /data/misc/wifi/sockets/wpa_ctrl_882-12\x00
07-24 13:10:50.153 2338 2338 D wpa_supplicant: CTRL-DEBUG: ctrl_sock-sendmsg: sock=8 sndbuf=212992 outq=768 send_len=42
07-24 13:10:50.153 2338 2338 D wpa_supplicant: CTRL_IFACE monitor sent successfully to /data/misc/wifi/sockets/wpa_ctrl_1718-2\x00
07-24 13:10:50.153 2338 2338 D wpa_supplicant: wlan0: BSS: Add new id 495 BSSID 28:24:ff:69:50:59 SSID 'ClickShare-1872166989' freq 5180
07-24 13:10:50.153 2338 2338 D wpa_supplicant: CTRL-DEBUG: ctrl_sock-sendmsg: sock=8 sndbuf=212992 outq=0 send_len=42
07-24 13:10:50.153 2338 2338 D wpa_supplicant: CTRL_IFACE monitor sent successfully to /data/misc/wifi/sockets/wpa_ctrl_882-12\x00
07-24 13:10:50.153 2338 2338 D wpa_supplicant: CTRL-DEBUG: ctrl_sock-sendmsg: sock=8 sndbuf=212992 outq=768 send_len=42
07-24 13:10:50.153 2338 2338 D wpa_supplicant: CTRL_IFACE monitor sent successfully to /data/misc/wifi/sockets/wpa_ctrl_1718-2\x00
07-24 13:10:50.153 2338 2338 D wpa_supplicant: wlan0: BSS: Add new id 496 BSSID 20:3a:07:9e:16:33 SSID '\x00' freq 2437
07-24 13:10:50.153 2338 2338 D wpa_supplicant: CTRL-DEBUG: ctrl_sock-sendmsg: sock=8 sndbuf=212992 outq=0 send_len=42
07-24 13:10:50.153 2338 2338 D wpa_supplicant: CTRL_IFACE monitor sent successfully to /data/misc/wifi/sockets/wpa_ctrl_882-12\x00
07-24 13:10:50.153 2338 2338 D wpa_supplicant: CTRL-DEBUG: ctrl_sock-sendmsg: sock=8 sndbuf=212992 outq=768 send_len=42
07-24 13:10:50.153 2338 2338 D wpa_supplicant: CTRL_IFACE monitor sent successfully to /data/misc/wifi/sockets/wpa_ctrl_1718-2\x00
07-24 13:10:50.154 2338 2338 D wpa_supplicant: wlan0: BSS: Add new id 497 BSSID 20:3a:07:9f:ff:0c SSID '\x00' freq 5500
07-24 13:10:50.154 2338 2338 D wpa_supplicant: CTRL-DEBUG: ctrl_sock-sendmsg: sock=8 sndbuf=212992 outq=0 send_len=42
07-24 13:10:50.154 2338 2338 D wpa_supplicant: CTRL_IFACE monitor sent successfully to /data/misc/wifi/sockets/wpa_ctrl_882-12\x00
07-24 13:10:50.154 2338 2338 D wpa_supplicant: CTRL-DEBUG: ctrl_sock-sendmsg: sock=8 sndbuf=212992 outq=768 send_len=42
07-24 13:10:50.154 2338 2338 D wpa_supplicant: CTRL_IFACE monitor sent successfully to /data/misc/wifi/sockets/wpa_ctrl_1718-2\x00
07-24 13:10:50.154 2338 2338 D wpa_supplicant: wlan0: BSS: Add new id 498 BSSID 88:75:56:c7:d9:2e SSID 'NIST-Guest' freq 5240
07-24 13:10:50.154 2338 2338 D wpa_supplicant: CTRL-DEBUG: ctrl_sock-sendmsg: sock=8 sndbuf=212992 outq=1536 send_len=42
07-24 13:10:50.154 2338 2338 D wpa_supplicant: CTRL_IFACE monitor sent successfully to /data/misc/wifi/sockets/wpa_ctrl_882-12\x00
07-24 13:10:50.154 2338 2338 D wpa_supplicant: CTRL-DEBUG: ctrl_sock-sendmsg: sock=8 sndbuf=212992 outq=2304 send_len=42
07-24 13:10:50.154 2338 2338 D wpa_supplicant: CTRL_IFACE monitor sent successfully to /data/misc/wifi/sockets/wpa_ctrl_1718-2\x00
07-24 13:10:50.154 2338 2338 D wpa_supplicant: wlan0: BSS: Add new id 499 BSSID 20:3a:07:9f:e7:91 SSID 'NIST-Guest' freq 2437
07-24 13:10:50.154 980 2329 I LOWI-8.1.1.0.h: [LOWI-Scan] lowi_close_record:Scan completed in 5317005ms and Recieved 36 APs scan results
07-24 13:10:50.154 2338 2338 D wpa_supplicant: CTRL-DEBUG: ctrl_sock-sendmsg: sock=8 sndbuf=212992 outq=768 send_len=42
07-24 13:10:50.154 2338 2338 D wpa_supplicant: CTRL_IFACE monitor sent successfully to /data/misc/wifi/sockets/wpa_ctrl_882-12\x00
07-24 13:10:50.154 2338 2338 D wpa_supplicant: CTRL-DEBUG: ctrl_sock-sendmsg: sock=8 sndbuf=212992 outq=768 send_len=42
07-24 13:10:50.154 2338 2338 D wpa_supplicant: CTRL_IFACE monitor sent successfully to /data/misc/wifi/sockets/wpa_ctrl_1718-2\x00
07-24 13:10:50.154 2338 2338 D wpa_supplicant: wlan0: BSS: Add new id 500 BSSID 34:a8:4e:3a:9c:e1 SSID 'NIST-Guest' freq 2412
07-24 13:10:50.154 2338 2338 D wpa_supplicant: CTRL-DEBUG: ctrl_sock-sendmsg: sock=8 sndbuf=212992 outq=0 send_len=42
07-24 13:10:50.154 2338 2338 D wpa_supplicant: CTRL_IFACE monitor sent successfully to /data/misc/wifi/sockets/wpa_ctrl_882-12\x00
07-24 13:10:50.154 2338 2338 D wpa_supplicant: CTRL-DEBUG: ctrl_sock-sendmsg: sock=8 sndbuf=212992 outq=768 send_len=42
07-24 13:10:50.154 2338 2338 D wpa_supplicant: CTRL_IFACE monitor sent successfully to /data/misc/wifi/sockets/wpa_ctrl_1718-2\x00
07-24 13:10:50.154 2338 2338 D wpa_supplicant: BSS: last_scan_res_used=36/128
07-24 13:10:50.154 2338 2338 D wpa_supplicant: wlan0: Scan-only results received
07-24 13:10:50.154 2338 2338 D wpa_supplicant: CTRL-DEBUG: ctrl_sock-sendmsg: sock=8 sndbuf=212992 outq=0 send_len=24
07-24 13:10:50.154 2338 2338 D wpa_supplicant: CTRL_IFACE monitor sent successfully to /data/misc/wifi/sockets/wpa_ctrl_882-12\x00
07-24 13:10:50.154 2338 2338 D wpa_supplicant: CTRL-DEBUG: ctrl_sock-sendmsg: sock=8 sndbuf=212992 outq=768 send_len=24
07-24 13:10:50.154 2338 2338 D wpa_supplicant: CTRL_IFACE monitor sent successfully to /data/misc/wifi/sockets/wpa_ctrl_1718-2\x00
07-24 13:10:50.154 2338 2338 D wpa_supplicant: wlan0: Radio work 'scan'@0x7fa202e360 done in 4.527295 seconds
07-24 13:10:50.154 2338 2338 D wpa_supplicant: wlan0: radio_work_free('scan'@0x7fa202e360: num_active_works --> 0
07-24 13:10:50.154 2338 2338 D wpa_supplicant: wlan0: Control interface command 'SCAN_RESULTS'
07-24 13:10:50.155 2338 2338 D wpa_supplicant: CTRL-DEBUG: global_ctrl_sock-sendto: sock=8 sndbuf=212992 outq=0 send_len=2035
07-24 13:10:50.156 980 1090 I LOWI-8.1.1.0.h: [LOWIUtils] responseToOutPostcard - TO: FreeWifiScanObserver, FROM: LOWI-SERVER, RESP: LOWI_ASYNC_DISCOVERY_SCAN_RESULTS
07-24 13:10:50.156 2338 2338 D wpa_supplicant: CTRL-DEBUG: global_ctrl_sock-sendto: sock=8 sndbuf=212992 outq=0 send_len=3575
07-24 13:10:50.157 2338 2338 D wpa_supplicant: wlan0: Control interface command 'SCAN_RESULTS'
07-24 13:10:50.157 2338 2338 D wpa_supplicant: CTRL-DEBUG: global_ctrl_sock-sendto: sock=8 sndbuf=212992 outq=0 send_len=2035
07-24 13:10:50.158 19803 19803 D net.named_data.nfd.service.NfdService: NFDService::onCreate()
07-24 13:10:50.158 2338 2338 D wpa_supplicant: CTRL-DEBUG: global_ctrl_sock-sendto: sock=8 sndbuf=212992 outq=0 send_len=3575
07-24 13:10:50.160 19453 19453 D NFDService: m_ServiceConnection::onServiceConnected()
07-24 13:10:50.160 980 1090 I LOWI-8.1.1.0.h: [LOWIUtils] responseToOutPostcard - TO: GTP-FDAL, FROM: LOWI-SERVER, RESP: LOWI_ASYNC_DISCOVERY_SCAN_RESULTS
07-24 13:10:50.163 19453 19453 D NFDService: ClientHandler: NFD is Stopped.
07-24 13:10:50.163 2338 2338 D wpa_supplicant: CTRL-DEBUG: global_ctrl_sock-sendto: sock=8 sndbuf=212992 outq=0 send_len=3608
07-24 13:10:50.165 2338 2338 D wpa_supplicant: CTRL-DEBUG: global_ctrl_sock-sendto: sock=8 sndbuf=212992 outq=0 send_len=3608
07-24 13:10:50.166 2338 2338 D wpa_supplicant: CTRL-DEBUG: global_ctrl_sock-sendto: sock=8 sndbuf=212992 outq=0 send_len=3453
07-24 13:10:50.168 2338 2338 D wpa_supplicant: CTRL-DEBUG: global_ctrl_sock-sendto: sock=8 sndbuf=212992 outq=0 send_len=3453
07-24 13:10:50.169 2338 2338 D wpa_supplicant: CTRL-DEBUG: global_ctrl_sock-sendto: sock=8 sndbuf=212992 outq=0 send_len=4001
07-24 13:10:50.171 2338 2338 D wpa_supplicant: CTRL-DEBUG: global_ctrl_sock-sendto: sock=8 sndbuf=212992 outq=0 send_len=3591
07-24 13:10:50.173 2338 2338 D wpa_supplicant: CTRL-DEBUG: global_ctrl_sock-sendto: sock=8 sndbuf=212992 outq=0 send_len=4001
07-24 13:10:50.174 2338 2338 D wpa_supplicant: CTRL-DEBUG: global_ctrl_sock-sendto: sock=8 sndbuf=212992 outq=0 send_len=3900
07-24 13:10:50.177 2338 2338 D wpa_supplicant: CTRL-DEBUG: global_ctrl_sock-sendto: sock=8 sndbuf=212992 outq=0 send_len=3591
07-24 13:10:50.183 2338 2338 D wpa_supplicant: CTRL-DEBUG: global_ctrl_sock-sendto: sock=8 sndbuf=212992 outq=0 send_len=2695
07-24 13:10:50.185 2338 2338 D wpa_supplicant: CTRL-DEBUG: global_ctrl_sock-sendto: sock=8 sndbuf=212992 outq=0 send_len=3900
07-24 13:10:50.186 2338 2338 D wpa_supplicant: CTRL-DEBUG: global_ctrl_sock-sendto: sock=8 sndbuf=212992 outq=0 send_len=0
07-24 13:10:50.187 2338 2338 D wpa_supplicant: CTRL-DEBUG: global_ctrl_sock-sendto: sock=8 sndbuf=212992 outq=0 send_len=2695
07-24 13:10:50.188 2338 2338 D wpa_supplicant: CTRL-DEBUG: global_ctrl_sock-sendto: sock=8 sndbuf=212992 outq=0 send_len=0
07-24 13:10:50.191 1718 2003 I chatty : uid=1000(system) WifiStateMachin expire 12 lines
07-24 13:10:50.669 2364 2471 I TelephonyManager: getMultiSimConfiguration(): uid =10046
07-24 13:10:51.671 2364 2435 I TelephonyManager: getMultiSimConfiguration(): uid =10046
07-24 13:10:52.808 2338 2338 D wpa_supplicant: wlan0: Control interface command 'SIGNAL_POLL'
07-24 13:10:52.817 2338 2338 D wpa_supplicant: CTRL-DEBUG: global_ctrl_sock-sendto: sock=8 sndbuf=212992 outq=0 send_len=62
07-24 13:10:53.704 2364 2433 I TelephonyManager: getMultiSimConfiguration(): uid =10046
07-24 13:10:54.687 2364 2376 I TelephonyManager: getMultiSimConfiguration(): uid =10046
07-24 13:10:55.834 2338 2338 D wpa_supplicant: wlan0: Control interface command 'SIGNAL_POLL'
07-24 13:10:55.841 2338 2338 D wpa_supplicant: CTRL-DEBUG: global_ctrl_sock-sendto: sock=8 sndbuf=212992 outq=0 send_len=62
07-24 13:10:58.857 2338 2338 D wpa_supplicant: wlan0: Control interface command 'SIGNAL_POLL'
07-24 13:10:58.863 2338 2338 D wpa_supplicant: CTRL-DEBUG: global_ctrl_sock-sendto: sock=8 sndbuf=212992 outq=0 send_len=62
07-24 13:11:00.004 2060 2060 D KeyguardUpdateMonitor: received broadcast android.intent.action.TIME_TICK
07-24 13:11:00.005 2060 2060 D KeyguardUpdateMonitor: handleTimeUpdate
07-24 13:11:00.009 1718 1718 I ActivityManager: Killing 16967:com.google.android.apps.inputmethod.hindi/u0a74 (adj 906): empty for 2335s
07-24 13:11:00.087 1718 2284 D ActivityManager: cleanUpApplicationRecord -- 16967
07-24 13:11:00.709 2364 2377 I TelephonyManager: getMultiSimConfiguration(): uid =10046
07-24 13:11:01.718 2364 2436 I TelephonyManager: getMultiSimConfiguration(): uid =10046
07-24 13:11:01.883 2338 2338 D wpa_supplicant: wlan0: Control interface command 'SIGNAL_POLL'
07-24 13:11:01.891 2338 2338 D wpa_supplicant: CTRL-DEBUG: global_ctrl_sock-sendto: sock=8 sndbuf=212992 outq=0 send_len=62
07-24 13:11:02.723 2364 2435 I TelephonyManager: getMultiSimConfiguration(): uid =10046
07-24 13:11:03.723 2364 2471 I TelephonyManager: getMultiSimConfiguration(): uid =10046
07-24 13:11:04.731 2364 2731 I TelephonyManager: getMultiSimConfiguration(): uid =10046
07-24 13:11:04.911 2338 2338 D wpa_supplicant: wlan0: Control interface command 'SIGNAL_POLL'
07-24 13:11:04.920 2338 2338 D wpa_supplicant: CTRL-DEBUG: global_ctrl_sock-sendto: sock=8 sndbuf=212992 outq=0 send_len=62
07-24 13:11:07.748 2364 2377 I TelephonyManager: getMultiSimConfiguration(): uid =10046
07-24 13:11:07.942 2338 2338 D wpa_supplicant: wlan0: Control interface command 'SIGNAL_POLL'
07-24 13:11:07.951 2338 2338 D wpa_supplicant: CTRL-DEBUG: global_ctrl_sock-sendto: sock=8 sndbuf=212992 outq=0 send_len=62
07-24 13:11:09.757 2364 2376 I TelephonyManager: getMultiSimConfiguration(): uid =10046
07-24 13:11:10.970 2338 2338 D wpa_supplicant: wlan0: Control interface command 'SIGNAL_POLL'
07-24 13:11:10.977 2338 2338 D wpa_supplicant: CTRL-DEBUG: global_ctrl_sock-sendto: sock=8 sndbuf=212992 outq=0 send_len=62
07-24 13:11:13.995 2338 2338 D wpa_supplicant: wlan0: Control interface command 'SIGNAL_POLL'
07-24 13:11:14.001 2338 2338 D wpa_supplicant: CTRL-DEBUG: global_ctrl_sock-sendto: sock=8 sndbuf=212992 outq=0 send_len=62
07-24 13:11:15.777 2364 2433 I TelephonyManager: getMultiSimConfiguration(): uid =10046
07-24 13:11:16.777 2364 2471 I TelephonyManager: getMultiSimConfiguration(): uid =10046
07-24 13:11:17.019 2338 2338 D wpa_supplicant: wlan0: Control interface command 'SIGNAL_POLL'
07-24 13:11:17.028 2338 2338 D wpa_supplicant: CTRL-DEBUG: global_ctrl_sock-sendto: sock=8 sndbuf=212992 outq=0 send_len=62
07-24 13:11:18.001 1718 1987 I ActivityManager: START u0 {act=android.intent.action.MAIN cat=[android.intent.category.HOME] flg=0x10200000 cmp=com.android.launcher3/.Launcher (has extras)} from uid 1000 on display 0
07-24 13:11:18.075 19453 19453 D NFDService: MainFragment::unbindNfdService()
07-24 13:11:18.077 19803 19803 D NFDService: NFDService::onDestroy()
07-24 13:11:18.090 1718 2902 I ActivityManager: Killing 16869:com.google.android.gm/u0a72 (adj 906): empty for 2353s
07-24 13:11:18.140 2930 3090 I Adreno : QUALCOMM build : 74bd0df, Ida1be052e0
07-24 13:11:18.140 2930 3090 I Adreno : Build Date : 12/13/17
07-24 13:11:18.140 2930 3090 I Adreno : OpenGL ES Shader Compiler Version: XE031.14.00.04
07-24 13:11:18.140 2930 3090 I Adreno : Local Branch :
07-24 13:11:18.140 2930 3090 I Adreno : Remote Branch : quic/gfx-adreno.lnx.1.0.r9-rel
07-24 13:11:18.140 2930 3090 I Adreno : Remote Branch : NONE
07-24 13:11:18.140 2930 3090 I Adreno : Reconstruct Branch : NOTHING
07-24 13:11:18.145 2930 3090 I Adreno : PFP: 0x005ff087, ME: 0x005ff063
07-24 13:11:18.146 13530 13530 I GoogleInputMethod: onFinishInput() : Dummy InputConnection bound
07-24 13:11:18.146 13530 13530 I GoogleInputMethod: onStartInput() : Dummy InputConnection bound
07-24 13:11:18.148 2930 3090 I OpenGLRenderer: Initialized EGL, version 1.4
07-24 13:11:18.148 2930 3090 D OpenGLRenderer: Swap behavior 1
07-24 13:11:18.159 1718 2749 D ActivityManager: cleanUpApplicationRecord -- 16869
07-24 13:11:18.673 2930 3090 W OpenGLRenderer: Incorrectly called buildLayer on View: ShortcutAndWidgetContainer, destroying layer...
07-24 13:11:20.044 2338 2338 D wpa_supplicant: wlan0: Control interface command 'SIGNAL_POLL'
07-24 13:11:20.051 2338 2338 D wpa_supplicant: CTRL-DEBUG: global_ctrl_sock-sendto: sock=8 sndbuf=212992 outq=0 send_len=62
07-24 13:11:20.066 2364 2433 I TelephonyManager: getMultiSimConfiguration(): uid =10046
07-24 13:11:22.052 1718 1774 I chatty : uid=1000(system) android.ui expire 1 line
07-24 13:11:22.077 1718 13284 I ActivityManager: START u0 {flg=0x10804000 cmp=com.android.systemui/.recents.RecentsActivity} from uid 10046 on display 0
07-24 13:11:22.088 577 2606 E ANDR-PERF-MPCTL: Invalid profile no. 0, total profiles 0 only
07-24 13:11:22.182 13530 13530 I GoogleInputMethod: onFinishInput() : Dummy InputConnection bound
07-24 13:11:22.183 13530 13530 I GoogleInputMethod: onStartInput() : Dummy InputConnection bound
07-24 13:11:22.207 577 2606 E ANDR-PERF-RESOURCEQS: Failed to reset optimization [3, 0]
07-24 13:11:22.441 711 838 E libnav : CablComputeBacklightLevel(): UpdateType = DifferentSceneUpdate
07-24 13:11:22.814 1718 8945 I chatty : uid=1000(system) Binder:1718_17 expire 17 lines
07-24 13:11:22.821 2060 2282 V AssistManager: Voice open
07-24 13:11:22.856 711 838 E libnav : CablComputeBacklightLevel(): UpdateType = DifferentSceneUpdate
07-24 13:11:22.933 2364 2376 I TelephonyManager: getMultiSimConfiguration(): uid =10046
07-24 13:11:22.937 2060 2072 I AssistStructure: Flattened final assist data: 4132 bytes, containing 1 windows, 59 views
07-24 13:11:22.984 1718 1730 I chatty : uid=1000(system) HeapTaskDaemon expire 1 line
07-24 13:11:23.008 1718 1987 I chatty : uid=1000(system) InputDispatcher expire 54 lines
07-24 13:11:23.070 2338 2338 D wpa_supplicant: wlan0: Control interface command 'SIGNAL_POLL'
07-24 13:11:23.077 2338 2338 D wpa_supplicant: CTRL-DEBUG: global_ctrl_sock-sendto: sock=8 sndbuf=212992 outq=0 send_len=62
07-24 13:11:23.078 1718 2795 I ActivityManager: START u0 {flg=0x10008000 cmp=com.google.android.googlequicksearchbox/com.google.android.apps.gsa.staticplugins.opa.OpaActivity (has extras)} from uid 10053 on display 0
07-24 13:11:23.089 577 2606 E ANDR-PERF-MPCTL: Invalid profile no. 0, total profiles 0 only
07-24 13:11:23.101 1718 2795 I chatty : uid=1000(system) Binder:1718_A expire 8 lines
07-24 13:11:23.193 16054 16054 I Adreno : QUALCOMM build : 74bd0df, Ida1be052e0
07-24 13:11:23.193 16054 16054 I Adreno : Build Date : 12/13/17
07-24 13:11:23.193 16054 16054 I Adreno : OpenGL ES Shader Compiler Version: XE031.14.00.04
07-24 13:11:23.193 16054 16054 I Adreno : Local Branch :
07-24 13:11:23.193 16054 16054 I Adreno : Remote Branch : quic/gfx-adreno.lnx.1.0.r9-rel
07-24 13:11:23.193 16054 16054 I Adreno : Remote Branch : NONE
07-24 13:11:23.193 16054 16054 I Adreno : Reconstruct Branch : NOTHING
07-24 13:11:23.195 16054 16054 I Adreno : PFP: 0x005ff087, ME: 0x005ff063
07-24 13:11:23.203 16054 16054 I CameraManagerGlobal: Connecting to camera service
07-24 13:11:23.283 16054 16054 I ViewConfigCompat: Could not find method getScaledScrollFactor() on ViewConfiguration
07-24 13:11:23.387 1718 2284 I chatty : uid=1000(system) Binder:1718_4 expire 3 lines
07-24 13:11:23.389 1718 8141 I ActivityManager: START u0 {dat=dynact://static/opaonboarding/named-sequence-activity flg=0x18800000 cmp=com.google.android.googlequicksearchbox/com.google.android.apps.gsa.velour.dynamichosts.TransparentVelvetDynamicHostActivity (has extras)} from uid 10053 on display 0
07-24 13:11:23.390 1718 8141 I chatty : uid=1000(system) Binder:1718_14 expire 14 lines
07-24 13:11:23.396 1718 2899 I chatty : uid=1000(system) Binder:1718_10 expire 3 lines
07-24 13:11:23.426 16054 20062 I OpenGLRenderer: Initialized EGL, version 1.4
07-24 13:11:23.426 16054 20062 D OpenGLRenderer: Swap behavior 1
07-24 13:11:23.435 16054 16054 W SearchServiceCore: Abort, client detached.
07-24 13:11:23.436 13530 13530 I GoogleInputMethod: onFinishInput() : Dummy InputConnection bound
07-24 13:11:23.436 13530 13530 I GoogleInputMethod: onStartInput() : Dummy InputConnection bound
07-24 13:11:23.480 16054 16059 I art : Do partial code cache collection, code=497KB, data=386KB
07-24 13:11:23.487 16054 16059 I art : After code cache collection, code=497KB, data=386KB
07-24 13:11:23.487 16054 16059 I art : Increasing code cache capacity to 2MB
07-24 13:11:23.515 894 1352 I AudioPolicyManagerCustom: FLAG None hence request for a primary output
07-24 13:11:23.518 2060 2071 V AssistManager: Voice closed
07-24 13:11:23.528 1718 8944 I chatty : uid=1000(system) Binder:1718_16 expire 8 lines
07-24 13:11:23.555 1718 8945 I ActivityManager: Start proc 20102:com.google.android.apps.tachyon/u0a67 for service com.google.android.apps.tachyon/.clientapi.ClientApiService
07-24 13:11:23.570 1718 13284 I chatty : uid=1000(system) Binder:1718_19 expire 9 lines
07-24 13:11:23.625 16054 20125 W LocationOracle: No location history returned by ContextManager
07-24 13:11:23.631 16054 20125 E k : The specified container view has no VE data.
07-24 13:11:23.634 16054 16054 I BistoDBWrapper: Create DB
07-24 13:11:23.645 1718 2285 I chatty : uid=1000(system) Binder:1718_5 expire 3 lines
07-24 13:11:23.647 16054 16054 E ContextIntentStarter: No activity found for any of the 0 intents
07-24 13:11:23.648 16054 16054 W DisplayCoordinatorVBI: Survive onStop is not possible because there is no root renderer
07-24 13:11:23.651 13530 13530 I GoogleInputMethod: onFinishInput() : Dummy InputConnection bound
07-24 13:11:23.656 16054 16054 E LegacyNowServiceClient: skipping logEndstates, service is null
07-24 13:11:23.656 16054 16054 E LegacyNowServiceClient: skipping logEndstates, service is null
07-24 13:11:23.657 16054 16054 W SessionLifecycleManager: Client : AttachedClient[70607771139166036, ClientConfig[mFlags=[default, launch_result_activity_for_results, clear_current_action_on_start, force_close_deactivated_client, support_transparent_background, requires_full_srp_on_hotword, consider_application_launch, legacy_leave_behind_dirty_session_fixme] mSuggestFlags=[enable_suggestions] mClientId=ASSIST_LAYER mSessionType=search publicSearchServiceCallerUid=-1]] has no associated SessionController
07-24 13:11:23.658 13530 13530 I GoogleInputMethod: onStartInput() : Dummy InputConnection bound
07-24 13:11:23.662 20102 20102 E art : The String#value field is not present on Android versions >= 6.0
07-24 13:11:23.663 2364 2471 I TelephonyManager: getMultiSimConfiguration(): uid =10020
07-24 13:11:23.666 2364 2377 I TelephonyManager: getMultiSimConfiguration(): uid =10020
07-24 13:11:23.672 16054 16054 I BaseNamedSeqAct: onCreate: sequenceName = error_checker_seq
07-24 13:11:23.677 2364 2377 I TelephonyManager: getMultiSimConfiguration(): uid =10020
07-24 13:11:23.677 2364 2433 I TelephonyManager: getMultiSimConfiguration(): uid =10020
07-24 13:11:23.680 2364 2435 I TelephonyManager: getMultiSimConfiguration(): uid =10020
07-24 13:11:23.680 2364 2435 E PhoneInterfaceManager: [PhoneIntfMgr] getIccId: ICC ID is null or empty.
07-24 13:11:23.681 2364 2731 I TelephonyManager: getMultiSimConfiguration(): uid =10020
07-24 13:11:23.685 2364 2436 D TelephonyProvider: subIdString = 2147483643 subId = 2147483643
07-24 13:11:23.685 2364 2436 D TelephonyProvider: getPreferredApnIdFromApn: for subId 2147483643
07-24 13:11:23.691 20102 20102 I org.webrtc.Logging: NativeLibrary: Loading native library.
07-24 13:11:23.698 20102 20102 W native : commandlineflags.cc:1509 Ignoring RegisterValidateFunction() for flag pointer 0x7f615e5508: no flag found at that address
07-24 13:11:23.702 16054 20122 I CmsFetchController: fetch: starting CMS fetch
07-24 13:11:23.713 1718 2690 I chatty : uid=1000(system) Binder:1718_7 expire 3 lines
07-24 13:11:23.717 1718 1747 I chatty : uid=1000(system) Binder:1718_1 expire 3 lines
07-24 13:11:23.722 1718 2749 I chatty : uid=1000(system) Binder:1718_9 expire 12 lines
07-24 13:11:23.730 1718 2826 I chatty : uid=1000(system) Binder:1718_C expire 6 lines
07-24 13:11:23.741 16054 16054 I cr_BrowserStartup: Initializing chromium process, singleProcess=true
07-24 13:11:23.744 16054 16054 I cr_base : Android Locale: en_US requires .pak files: [en-GB.pak, en-US.pak]
07-24 13:11:23.751 1718 2902 I chatty : uid=1000(system) Binder:1718_11 expire 9 lines
07-24 13:11:23.777 1718 2518 I chatty : uid=1000(system) Binder:1718_6 expire 6 lines
07-24 13:11:23.787 20102 20102 E TachyonNetworkQuality: setCronetEngine called with Cronet disabled.
07-24 13:11:23.796 16054 16054 I art : Rejecting re-init on previously-failed class java.lang.Class: java.lang.NoClassDefFoundError: Failed resolution of: Landroid/webkit/SafeBrowsingResponse;
07-24 13:11:23.796 16054 16054 I art : at void com.android.webview.chromium.WebViewChromium.init(java.util.Map, boolean) (PG:53)
07-24 13:11:23.796 16054 16054 I art : at void android.webkit.WebView.(android.content.Context, android.util.AttributeSet, int, int, java.util.Map, boolean) (WebView.java:636)
07-24 13:11:23.796 16054 16054 I art : at void android.webkit.WebView.(android.content.Context, android.util.AttributeSet, int, int) (WebView.java:572)
07-24 13:11:23.796 16054 16054 I art : at void android.webkit.WebView.(android.content.Context, android.util.AttributeSet, int) (WebView.java:555)
07-24 13:11:23.796 16054 16054 I art : at void android.webkit.WebView.(android.content.Context, android.util.AttributeSet) (WebView.java:542)
07-24 13:11:23.796 16054 16054 I art : at void android.webkit.WebView.(android.content.Context) (WebView.java:532)
07-24 13:11:23.796 16054 16054 I art : at com.google.common.base.at com.google.android.apps.gsa.staticplugins.opa.omniconsent.bh.YH() (SourceFile:145)
07-24 13:11:23.796 16054 16054 I art : at com.google.common.base.at com.google.android.apps.gsa.opaonboarding.ai.YC() (SourceFile:3)
07-24 13:11:23.796 16054 16054 I art : at com.google.common.base.at com.google.android.apps.gsa.opaonboarding.ai.YC() (SourceFile:5)
07-24 13:11:23.796 16054 16054 I art : at com.google.common.base.at com.google.android.apps.gsa.staticplugins.opa.errorui.cs.YC() (SourceFile:72)
07-24 13:11:23.796 16054 16054 I art : at void com.google.android.apps.gsa.staticplugins.opaonboarding.a.cBG() (SourceFile:23)
07-24 13:11:23.796 16054 16054 I art : at void com.google.android.apps.gsa.staticplugins.opaonboarding.a.onStart() (SourceFile:108)
07-24 13:11:23.796 16054 16054 I art : at void com.google.android.apps.gsa.staticplugins.opaonboarding.c.b.a.onStart() (SourceFile:95)
07-24 13:11:23.796 16054 16054 I art : at void com.google.android.libraries.velour.j.onStart() (SourceFile:170)
07-24 13:11:23.796 16054 16054 I art : at void com.google.android.libraries.velour.a.onStart() (SourceFile:55)
07-24 13:11:23.796 16054 16054 I art : at void android.app.Instrumentation.callActivityOnStart(android.app.Activity) (Instrumentation.java:1249)
07-24 13:11:23.797 16054 16054 I art : at void android.app.Activity.performStart() (Activity.java:6737)
07-24 13:11:23.797 16054 16054 I art : at android.app.Activity android.app.ActivityThread.performLaunchActivity(android.app.ActivityThread$ActivityClientRecord, android.content.Intent) (ActivityThread.java:2632)
07-24 13:11:23.797 16054 16054 I art : at void android.app.ActivityThread.handleLaunchActivity(android.app.ActivityThread$ActivityClientRecord, android.content.Intent, java.lang.String) (ActivityThread.java:2730)
07-24 13:11:23.797 16054 16054 I art : at void android.app.ActivityThread.-wrap12(android.app.ActivityThread, android.app.ActivityThread$ActivityClientRecord, android.content.Intent, java.lang.String) (ActivityThread.java:-1)
07-24 13:11:23.797 16054 16054 I art : at void android.app.ActivityThread$H.handleMessage(android.os.Message) (ActivityThread.java:1481)
07-24 13:11:23.797 16054 16054 I art : at void android.os.Handler.dispatchMessage(android.os.Message) (Handler.java:102)
07-24 13:11:23.797 16054 16054 I art : at void android.os.Looper.loop() (Looper.java:154)
07-24 13:11:23.797 16054 16054 I art : at void android.app.ActivityThread.main(java.lang.String[]) (ActivityThread.java:6145)
07-24 13:11:23.797 16054 16054 I art : at java.lang.Object java.lang.reflect.Method.invoke!(java.lang.Object, java.lang.Object[]) (Method.java:-2)
07-24 13:11:23.797 16054 16054 I art : at void com.android.internal.os.ZygoteInit$MethodAndArgsCaller.run() (ZygoteInit.java:886)
07-24 13:11:23.797 16054 16054 I art : at void com.android.internal.os.ZygoteInit.main(java.lang.String[]) (ZygoteInit.java:776)
07-24 13:11:23.797 16054 16054 I art : Caused by: java.lang.ClassNotFoundException: Didn't find class "android.webkit.SafeBrowsingResponse" on path: DexPathList[[zip file "/data/app/com.android.chrome-2/base.apk"],nativeLibraryDirectories=[/data/app/com.android.chrome-2/lib/arm64, /data/app/com.android.chrome-2/base.apk!/lib/arm64-v8a, /system/lib64, /vendor/lib64]]
07-24 13:11:23.797 16054 16054 I art : at java.lang.Class dalvik.system.BaseDexClassLoader.findClass(java.lang.String) (BaseDexClassLoader.java:56)
07-24 13:11:23.797 16054 16054 I art : at java.lang.Class java.lang.ClassLoader.loadClass(java.lang.String, boolean) (ClassLoader.java:380)
07-24 13:11:23.797 16054 16054 I art : at java.lang.Class java.lang.ClassLoader.loadClass(java.lang.String) (ClassLoader.java:312)
07-24 13:11:23.797 16054 16054 I art : at void com.android.webview.chromium.WebViewChromium.init(java.util.Map, boolean) (PG:53)
07-24 13:11:23.797 16054 16054 I art : at void android.webkit.WebView.(android.content.Context, android.util.AttributeSet, int, int, java.util.Map, boolean) (WebView.java:636)
07-24 13:11:23.797 16054 16054 I art : at void android.webkit.WebView.(android.content.Context, android.util.AttributeSet, int, int) (WebView.java:572)
07-24 13:11:23.797 16054 16054 I art : at void android.webkit.WebView.(android.content.Context, android.util.AttributeSet, int) (WebView.java:555)
07-24 13:11:23.797 16054 16054 I art : at void android.webkit.WebView.(android.content.Context, android.util.AttributeSet) (WebView.java:542)
07-24 13:11:23.797 16054 16054 I art : at void android.webkit.WebView.(android.content.Context) (WebView.java:532)
07-24 13:11:23.797 16054 16054 I art : at com.google.common.base.at com.google.android.apps.gsa.staticplugins.opa.omniconsent.bh.YH() (SourceFile:145)
07-24 13:11:23.797 16054 16054 I art : at com.google.common.base.at com.google.android.apps.gsa.opaonboarding.ai.YC() (SourceFile:3)
07-24 13:11:23.797 16054 16054 I art : at com.google.common.base.at com.google.android.apps.gsa.opaonboarding.ai.YC() (SourceFile:5)
07-24 13:11:23.797 16054 16054 I art : at com.google.common.base.at com.google.android.apps.gsa.staticplugins.opa.errorui.cs.YC() (SourceFile:72)
07-24 13:11:23.797 16054 16054 I art : at void com.google.android.apps.gsa.staticplugins.opaonboarding.a.cBG() (SourceFile:23)
07-24 13:11:23.797 16054 16054 I art : at void com.google.android.apps.gsa.staticplugins.opaonboarding.a.onStart() (SourceFile:108)
07-24 13:11:23.797 16054 16054 I art : at void com.google.android.apps.gsa.staticplugins.opaonboarding.c.b.a.onStart() (SourceFile:95)
07-24 13:11:23.797 16054 16054 I art : at void com.google.android.libraries.velour.j.onStart() (SourceFile:170)
07-24 13:11:23.797 16054 16054 I art : at void com.google.android.libraries.velour.a.onStart() (SourceFile:55)
07-24 13:11:23.797 16054 16054 I art : at void android.app.Instrumentation.callActivityOnStart(android.app.Activity) (Instrumentation.java:1249)
07-24 13:11:23.797 16054 16054 I art : at void android.app.Activity.performStart() (Activity.java:6737)
07-24 13:11:23.797 16054 16054 I art : at android.app.Activity android.app.ActivityThread.performLaunchActivity(android.app.ActivityThread$ActivityClientRecord, android.content.Intent) (ActivityThread.java:2632)
07-24 13:11:23.797 16054 16054 I art : at void android.app.ActivityThread.handleLaunchActivity(android.app.ActivityThread$ActivityClientRecord, android.content.Intent, java.lang.String) (ActivityThread.java:2730)
07-24 13:11:23.797 16054 16054 I art : at void android.app.ActivityThread.-wrap12(android.app.ActivityThread, android.app.ActivityThread$ActivityClientRecord, android.content.Intent, java.lang.String) (ActivityThread.java:-1)
07-24 13:11:23.797 16054 16054 I art : at void android.app.ActivityThread$H.handleMessage(android.os.Message) (ActivityThread.java:1481)
07-24 13:11:23.797 16054 16054 I art : at void android.os.Handler.dispatchMessage(android.os.Message) (Handler.java:102)
07-24 13:11:23.797 16054 16054 I art : at void android.os.Looper.loop() (Looper.java:154)
07-24 13:11:23.797 16054 16054 I art : at void android.app.ActivityThread.main(java.lang.String[]) (ActivityThread.java:6145)
