07-24 12:32:14.913 1718 2518 D ConnectivityService: ConnectivityService NetworkRequestInfo binderDied(NetworkRequest [ LISTEN id=40, [ Capabilities: INTERNET&NOT_RESTRICTED&TRUSTED&FOREGROUND] ], android.os.BinderProxy@79b5aa1)
07-24 12:32:14.914 1718 2010 E ConnectivityService: RemoteException caught trying to send a callback msg for NetworkRequest [ LISTEN id=40, [ Capabilities: INTERNET&NOT_RESTRICTED&TRUSTED&FOREGROUND] ]
07-24 12:32:14.919 1718 2898 D ConnectivityService: ConnectivityService NetworkRequestInfo binderDied(NetworkRequest [ LISTEN id=39, [ Capabilities: INTERNET&NOT_RESTRICTED&TRUSTED] ], android.os.BinderProxy@c48d4c6)
07-24 12:32:14.919 1718 2836 D ActivityManager: cleanUpApplicationRecord -- 15719
07-24 12:32:14.920 1718 2010 E ConnectivityService: RemoteException caught trying to send a callback msg for NetworkRequest [ LISTEN id=39, [ Capabilities: INTERNET&NOT_RESTRICTED&TRUSTED] ]
07-24 12:32:19.777 1718 2749 I ActivityManager: Killing 14355:com.google.android.apps.walletnfcrel/u0a73 (adj 906): empty #31
07-24 12:32:19.811 1718 2928 D ActivityManager: cleanUpApplicationRecord -- 14355
07-24 12:32:19.960 1718 2690 I ActivityManager: Killing 16204:com.android.chrome:webview_service/u0a76 (adj 906): empty #31
07-24 12:32:19.988 1718 8944 D ActivityManager: cleanUpApplicationRecord -- 16204
07-24 12:32:27.239 1718 1718 I ActivityManager: Killing 16144:com.android.providers.calendar/u0a1 (adj 906): empty #31
07-24 12:32:27.277 1718 2835 D ActivityManager: cleanUpApplicationRecord -- 16144
07-24 12:32:42.413 1718 2902 I ActivityManager: Killing 16221:com.google.android.calendar/u0a66 (adj 906): empty #31
07-24 12:32:42.445 1718 2285 D ActivityManager: cleanUpApplicationRecord -- 16221
07-24 12:33:32.846 1718 1718 I ActivityManager: Start proc 17089:com.att.eptt/u0a29 for service com.att.eptt/.receivers.NetworkJobScheduler
07-24 12:35:09.146 1718 1778 E BatteryStatsService: no controller energy info supplied
07-24 12:35:09.158 1718 1778 E KernelUidCpuTimeReader: Failed to read uid_cputime: /proc/uid_cputime/show_uid_stat (No such file or directory)
07-24 12:35:09.184 1718 1772 E KernelUidCpuTimeReader: Failed to read uid_cputime: /proc/uid_cputime/show_uid_stat (No such file or directory)
07-24 12:37:51.247 1718 1778 E BatteryStatsService: no controller energy info supplied
07-24 12:37:51.269 1718 1778 E KernelUidCpuTimeReader: Failed to read uid_cputime: /proc/uid_cputime/show_uid_stat (No such file or directory)
07-24 12:37:51.287 1718 1772 E KernelUidCpuTimeReader: Failed to read uid_cputime: /proc/uid_cputime/show_uid_stat (No such file or directory)
07-24 12:39:33.225 1718 2284 I ActivityManager: Start proc 17250:com.google.android.apps.walletnfcrel/u0a73 for service com.google.android.apps.walletnfcrel/com.google.commerce.tapandpay.android.feed.data.UpdateTriggersTaskService
07-24 12:40:33.342 1718 1778 E BatteryStatsService: no controller energy info supplied
07-24 12:40:33.365 1718 1778 E KernelUidCpuTimeReader: Failed to read uid_cputime: /proc/uid_cputime/show_uid_stat (No such file or directory)
07-24 12:40:33.389 1718 1772 E KernelUidCpuTimeReader: Failed to read uid_cputime: /proc/uid_cputime/show_uid_stat (No such file or directory)
07-24 12:41:25.951 1718 1771 I UsageStatsService: User[0] Flushing usage stats to disk
07-24 12:42:20.925 920 920 E TLOC : [TLOCChannel]"Can't receive message due to timeout"
07-24 12:42:20.925 920 920 I TLOC : [TLOCDaemon ]"timeout passed - start periodic warm-up"
07-24 12:42:20.927 920 920 I TLOC : [ModemComm ]"Start a session successfully"
07-24 12:42:20.927 920 920 D TLOC : [TLOCDaemon ]"The command finished successfully"
07-24 12:42:20.927 920 920 D TLOC : [TLOCDaemon ]"waiting for command"
07-24 12:42:20.927 920 920 D TLOC : [TLOCChannel] "Going to receive message for TLOCD"
07-24 12:42:20.927 920 920 D TLOC : [TLOCChannel] "wait for message for user TLOCD"
07-24 12:42:26.336 1718 2010 D ConnectivityService: NetworkAgentInfo [WIFI () - 105] EVENT_NETWORK_INFO_CHANGED, going from CONNECTED to DISCONNECTED
07-24 12:42:26.336 1718 2010 D ConnectivityService: NetworkAgentInfo [WIFI () - 105] got DISCONNECTED, was satisfying 11
07-24 12:42:26.454 1718 2010 D ConnectivityService: Sending DISCONNECTED broadcast for type 1 NetworkAgentInfo [WIFI () - 105] isDefaultNetwork=true
07-24 12:42:28.615 1718 2003 D ConnectivityService: registerNetworkAgent NetworkAgentInfo{ ni{[type: WIFI[], state: CONNECTING/CONNECTING, reason: (unspecified), extra: "NIST-Guest", failover: false, available: true, roaming: false, metered: false]} network{106} nethandle{455282969310} lp{{LinkAddresses: [] Routes: [] DnsAddresses: [] Domains: null MTU: 0}} nc{[ Transports: WIFI Capabilities: NOT_METERED&INTERNET&NOT_RESTRICTED&TRUSTED&NOT_VPN LinkUpBandwidth>=1048576Kbps LinkDnBandwidth>=1048576Kbps]} Score{20} everValidated{false} lastValidated{false} created{false} lingering{false} explicitlySelected{false} acceptUnvalidated{false} everCaptivePortalDetected{false} lastCaptivePortalDetected{false} }
07-24 12:42:28.615 1718 2010 D ConnectivityService: NetworkAgentInfo [WIFI () - 106] EVENT_NETWORK_INFO_CHANGED, going from null to CONNECTING
07-24 12:42:29.888 1718 2010 D ConnectivityService: NetworkAgentInfo [WIFI () - 106] EVENT_NETWORK_INFO_CHANGED, going from CONNECTING to CONNECTED
07-24 12:42:29.890 1718 2010 D ConnectivityService: Adding iface wlan0 to network 106
07-24 12:42:29.947 1718 2010 D ConnectivityService: Setting DNS servers for network 106 to [/129.6.13.2, /132.163.4.9]
07-24 12:42:29.972 1718 2010 D ConnectivityService: Switching to new default network: NetworkAgentInfo{ ni{[type: WIFI[], state: CONNECTED/CONNECTED, reason: (unspecified), extra: "NIST-Guest", failover: false, available: true, roaming: false, metered: false]} network{106} nethandle{455282969310} lp{{InterfaceName: wlan0 LinkAddresses: [fe80::224:a3ff:fe79:7859/64,172.22.41.87/17,] Routes: [fe80::/64 -> :: wlan0,172.22.0.0/17 -> 0.0.0.0 wlan0,0.0.0.0/0 -> 172.22.127.254 wlan0,] DnsAddresses: [129.6.13.2,132.163.4.9,] Domains: null MTU: 0 TcpBufferSizes: 524288,1048576,2097152,262144,524288,1048576}} nc{[ Transports: WIFI Capabilities: NOT_METERED&INTERNET&NOT_RESTRICTED&TRUSTED&NOT_VPN&FOREGROUND LinkUpBandwidth>=1048576Kbps LinkDnBandwidth>=1048576Kbps]} Score{20} everValidated{false} lastValidated{false} created{true} lingering{false} explicitlySelected{true} acceptUnvalidated{false} everCaptivePortalDetected{false} lastCaptivePortalDetected{false} }
07-24 12:42:30.029 1718 2010 D ConnectivityService: Sending CONNECTED broadcast for type 1 NetworkAgentInfo [WIFI () - 106] isDefaultNetwork=true
07-24 12:42:30.359 1718 2749 D ConnectivityService: reportNetworkConnectivity(106, true) by 10020
07-24 12:42:30.361 1718 2010 D NetworkNotificationManager: clearNotification id=106
07-24 12:42:30.361 1718 2010 D ConnectivityService: NetworkAgentInfo [WIFI () - 106] validation passed
07-24 12:42:30.408 1718 2010 D NetworkNotificationManager: clearNotification id=106
07-24 12:42:30.408 1718 2010 D ConnectivityService: NetworkAgentInfo [WIFI () - 106] validation passed
07-24 12:42:40.928 920 920 E TLOC : [TLOCChannel]"Can't receive message due to timeout"
07-24 12:42:40.929 920 920 I TLOC : [TLOCDaemon ]"timeout passed with no location fix - close the session"
07-24 12:42:40.930 920 920 I TLOC : [ModemComm ]"Stopped the session successfully"
07-24 12:42:40.930 920 920 D TLOC : [TLOCDaemon ]"The command finished successfully"
07-24 12:42:40.930 920 920 D TLOC : [TLOCDaemon ]"waiting for command"
07-24 12:42:40.930 920 920 D TLOC : [TLOCChannel] "Going to receive message for TLOCD"
07-24 12:42:40.930 920 920 D TLOC : [TLOCChannel] "wait for message for user TLOCD"
07-24 12:42:40.931 920 997 I TLOC : [Modem ]"Received event indication of position report with status GENERAL_FAILURE"
07-24 12:42:45.006 1718 1772 I ActivityManager: Killing 16346:com.android.dialer/u0a11 (adj 906): empty #31
07-24 12:42:45.032 1718 2898 D ActivityManager: cleanUpApplicationRecord -- 16346
07-24 12:42:58.833 1718 1771 I ActivityManager: Start proc 17443:com.google.process.gapps/u0a70 for service com.google.android.syncadapters.contacts/.ContactsSyncAdapterService
07-24 12:43:11.016 1718 1778 E BatteryStatsService: no controller energy info supplied
07-24 12:43:11.024 1718 1772 E KernelUidCpuTimeReader: Failed to read uid_cputime: /proc/uid_cputime/show_uid_stat (No such file or directory)
07-24 12:43:11.031 1718 1778 E KernelUidCpuTimeReader: Failed to read uid_cputime: /proc/uid_cputime/show_uid_stat (No such file or directory)
07-24 12:44:04.116 1718 1772 I ActivityManager: Killing 16402:com.android.calllogbackup/u0a0 (adj 906): empty #31
07-24 12:44:04.164 1718 2899 D ActivityManager: cleanUpApplicationRecord -- 16402
07-24 12:45:39.843 1718 1778 E BatteryStatsService: no controller energy info supplied
07-24 12:45:39.850 1718 1772 E KernelUidCpuTimeReader: Failed to read uid_cputime: /proc/uid_cputime/show_uid_stat (No such file or directory)
07-24 12:45:39.856 1718 1778 E KernelUidCpuTimeReader: Failed to read uid_cputime: /proc/uid_cputime/show_uid_stat (No such file or directory)
07-24 12:48:06.395 1718 1778 E BatteryStatsService: no controller energy info supplied
07-24 12:48:06.400 1718 1772 E KernelUidCpuTimeReader: Failed to read uid_cputime: /proc/uid_cputime/show_uid_stat (No such file or directory)
07-24 12:48:06.411 1718 1778 E KernelUidCpuTimeReader: Failed to read uid_cputime: /proc/uid_cputime/show_uid_stat (No such file or directory)
07-24 12:50:35.990 1718 1778 E BatteryStatsService: no controller energy info supplied
07-24 12:50:36.005 1718 1772 E KernelUidCpuTimeReader: Failed to read uid_cputime: /proc/uid_cputime/show_uid_stat (No such file or directory)
07-24 12:50:36.031 1718 1778 E KernelUidCpuTimeReader: Failed to read uid_cputime: /proc/uid_cputime/show_uid_stat (No such file or directory)
07-24 12:53:04.796 1718 1778 E BatteryStatsService: no controller energy info supplied
07-24 12:53:04.806 1718 1772 E KernelUidCpuTimeReader: Failed to read uid_cputime: /proc/uid_cputime/show_uid_stat (No such file or directory)
07-24 12:53:04.821 1718 1778 E KernelUidCpuTimeReader: Failed to read uid_cputime: /proc/uid_cputime/show_uid_stat (No such file or directory)
07-24 12:54:43.089 1718 15083 D UsbDebuggingManager: Received public key: QAAAAJMF0+dlH+Zeg/9M6ilfJ1sPArAqqMrP+pcpq9BfC70NrGPFLNlN/cajb5ruS+6MWTJzTNXq7IF/jNTltNbf3HPvykGPisSWwtLtyzD3o0LsHaqW3IziEDhAxj/u7x1tL00K6wekBmEVsGIBfaa5OyrGnXP7/hMAC+2TgeYeqLFIo5qf9Y8IV3FA7ZKFMxEXXUOi2FN0WWFCkj+WhTpzBS1ciB5GCY+sC1dirW8LrYFUHgVoUFdNl535l5K3jXCWKYD+p6YUrW4scIib2FNN5n6lwFI1p/BEylC2vUG57yPbiNpr4CGztqaXYriuyPsCPXhXtFAGJ66W+nKcbVP/jPorIa61EErVollKu2D60Cyh1gTScueagmZxBMQzfm9z0h76pRDFCmQjuJN/Cn8RetRfl65qg6eidb5a1CxE76h2ooPdL3en0wyWT4BkR0VAHthoHW5pUihDIpeNS1cnRI1hFz9EYSYP5tyGTzLc+IiVt3F/2SuvqRUOALh4ARhlOEUxkrvF39+rnLNrmemLU0cTUCgHSFb3anwHRCdx2AF0f8z9zxGUojskB+HJkFM41ImwX8ENVgDyTai8TedwiWuQ9uxSusowe310WnAK+BGWS/nFzE3cBXt3qC479q6iwH6RZmV4USoLzWUETivZs2jKxXpz6xx8YO+hTA+4iTW8STBwbAEAAQA= @unknown
07-24 12:54:43.094 1718 1806 I ActivityManager: START u0 {flg=0x10000000 cmp=com.android.systemui/.usb.UsbDebuggingActivity (has extras)} from uid 1000 on display 0
07-24 12:54:54.142 1718 1988 I PowerManagerService: Waking up from dozing (uid 1000)...
07-24 12:54:54.143 1718 1811 I DisplayPowerController: Blocking screen on until initial contents have been drawn.
07-24 12:54:54.157 1718 1808 I DisplayManagerService: Display device changed state: "Built-in Screen", ON
07-24 12:54:54.690 1718 1811 I DisplayPowerController: Unblocked screen on after 547 ms
07-24 12:54:54.696 1718 1811 I DreamManagerService: Gently waking up from dream.
07-24 12:54:54.698 1718 2836 I DreamManagerService: Leaving dreamland.
07-24 12:54:54.699 1718 1806 I DreamController: Stopping dream: name=ComponentInfo{com.android.systemui/com.android.systemui.doze.DozeService}, isTest=false, canDoze=true, userId=0
07-24 12:54:56.410 2060 2060 V KeyguardDisplayManager: hide
07-24 12:54:56.740 1718 2795 I ActivityManager: Setting hasTopUi=false for pid=2060
07-24 12:55:01.931 1718 8944 W InputMethodManagerService: Window already focused, ignoring focus gain of: com.android.internal.view.IInputMethodClient$Stub$Proxy@fa74659 attribute=android.view.inputmethod.EditorInfo@37e421e, token = android.os.BinderProxy@d828083
07-24 12:55:31.379 1718 1908 E PackageInstaller: Commit of session 1535189579 failed: Package /data/app/vmdl1535189579.tmp/base.apk has no certificates at entry AndroidManifest.xml
07-24 12:55:34.525 1718 2899 I ProcessStatsService: Added stats: 2018-07-23-10-49-51, over +1h8m28s67ms
07-24 12:55:34.535 1718 13283 E BatteryStatsService: no controller energy info supplied
07-24 12:55:34.539 1718 2899 I ProcessStatsService: Added stats: 2018-07-23-10-42-08, over +3m48s196ms
07-24 12:55:34.545 1718 13283 E KernelUidCpuTimeReader: Failed to read uid_cputime: /proc/uid_cputime/show_uid_stat (No such file or directory)
07-24 12:55:34.554 1718 2899 I ProcessStatsService: Added stats: 2018-07-23-10-35-52, over +4m56s725ms
07-24 12:55:34.571 1718 2899 I ProcessStatsService: Added stats: 2018-07-19-14-29-25, over +3h6m2s322ms
07-24 12:55:34.584 1718 2899 I ProcessStatsService: Added stats: 2018-07-03-16-42-45, over +1h31m17s929ms
07-24 12:55:34.597 1718 2899 I ProcessStatsService: Added stats: 2018-07-02-16-32-59, over +23m57s553ms
07-24 12:55:34.610 1718 2899 I ProcessStatsService: Added stats: 2018-07-02-13-31-23, over +3h1m36s773ms
07-24 12:55:34.624 1718 2899 I ProcessStatsService: Added stats: 2018-06-29-18-23-40, over +4m17s246ms --------- beginning of main
07-24 12:55:48.348 2364 2364 E QtiImsExtUtils: isCarrierConfigEnabled bundle is null
07-24 12:55:48.348 2060 2060 D KeyguardUpdateMonitor: handleBatteryUpdate
07-24 12:55:48.357 1718 1778 E BatteryStatsService: no controller energy info supplied
07-24 12:55:48.369 1718 1778 E KernelUidCpuTimeReader: Failed to read uid_cputime: /proc/uid_cputime/show_uid_stat (No such file or directory)
07-24 12:55:48.392 1718 1772 E KernelUidCpuTimeReader: Failed to read uid_cputime: /proc/uid_cputime/show_uid_stat (No such file or directory)
07-24 12:55:58.968 2060 2143 I vol.Events: writeEvent active_stream_changed STREAM_RING
07-24 12:55:58.973 2060 2143 I vol.Events: writeEvent key STREAM_RING 1
07-24 12:55:58.984 2060 2060 I vol.Events: writeEvent show_dialog volume_changed keyguard=false
07-24 12:56:00.012 2060 2060 D KeyguardUpdateMonitor: received broadcast android.intent.action.TIME_TICK
07-24 12:56:00.012 2060 2060 D KeyguardUpdateMonitor: handleTimeUpdate
07-24 12:56:00.594 2060 2060 I vol.Events: writeEvent dismiss_dialog touch_outside
07-24 12:56:00.596 2060 2143 I vol.Events: writeEvent active_stream_changed UNKNOWN_STREAM_-1
07-24 12:56:00.675 577 2606 E ANDR-PERF-MPCTL: Invalid profile no. 0, total profiles 0 only
07-24 12:56:00.676 577 2606 E ANDR-PERF-RESOURCEQS: Failed to apply optimization [3, 0]
07-24 12:56:00.677 577 2606 E ANDR-PERF-RESOURCEQS: Failed to apply optimization [5, 0]
07-24 12:56:00.710 2338 2338 I chatty : uid=1010(wifi) /system/bin/wpa_supplicant expire 10 lines
07-24 12:56:00.940 577 2606 E ANDR-PERF-MPCTL: Invalid profile no. 0, total profiles 0 only
07-24 12:56:00.940 577 2606 E ANDR-PERF-RESOURCEQS: Failed to apply optimization [3, 0]
07-24 12:56:00.943 577 2606 E ANDR-PERF-RESOURCEQS: Failed to apply optimization [5, 0]
07-24 12:56:01.672 577 2606 E ANDR-PERF-MPCTL: Invalid profile no. 0, total profiles 0 only
07-24 12:56:01.672 577 2606 E ANDR-PERF-RESOURCEQS: Failed to apply optimization [3, 0]
07-24 12:56:01.675 577 2606 E ANDR-PERF-RESOURCEQS: Failed to apply optimization [5, 0]
07-24 12:56:02.001 577 2606 E ANDR-PERF-MPCTL: Invalid profile no. 0, total profiles 0 only
07-24 12:56:02.001 577 2606 E ANDR-PERF-RESOURCEQS: Failed to apply optimization [3, 0]
07-24 12:56:02.002 577 2606 E ANDR-PERF-RESOURCEQS: Failed to apply optimization [5, 0]
07-24 12:56:02.871 1718 8141 I ActivityManager: START u0 {cmp=com.android.settings/.AppPicker (has extras)} from uid 1000 on display 0
07-24 12:56:02.876 577 2606 E ANDR-PERF-MPCTL: Invalid profile no. 0, total profiles 0 only
07-24 12:56:02.882 1718 8141 I chatty : uid=1000(system) Binder:1718_14 expire 12 lines
07-24 12:56:02.890 1718 2749 I chatty : uid=1000(system) Binder:1718_9 expire 11 lines
07-24 12:56:03.021 13530 13530 I GoogleInputMethod: onFinishInput() : Dummy InputConnection bound
07-24 12:56:03.022 577 2606 E ANDR-PERF-RESOURCEQS: Failed to reset optimization [3, 0]
07-24 12:56:03.022 13530 13530 I GoogleInputMethod: onStartInput() : Dummy InputConnection bound
07-24 12:56:03.326 711 838 E libnav : CablComputeBacklightLevel(): UpdateType = DifferentSceneUpdate
07-24 12:56:03.591 1718 2928 I chatty : uid=1000(system) Binder:1718_13 expire 10 lines
07-24 12:56:03.641 5963 18248 I chatty : uid=1000(system) com.android.settings expire 6 lines
07-24 12:56:03.656 2364 2376 I TelephonyManager: isMultiSimEnabled()- telephonyManager: uid= 1000
07-24 12:56:03.656 2364 2376 I TelephonyManager: isMultiSimEnabled()- telephonyManager: uid= 1000
07-24 12:56:03.657 2364 2376 I TelephonyManager: isMultiSimEnabled()- telephonyManager: uid= 1000
07-24 12:56:03.660 2364 2364 E PhoneInterfaceManager: [PhoneIntfMgr] getAllowedCarriers: Empty response
07-24 12:56:03.661 2364 2435 I TelephonyManager: isMultiSimEnabled()- telephonyManager: uid= 1000
07-24 12:56:03.662 2364 2435 I TelephonyManager: isMultiSimEnabled()- telephonyManager: uid= 1000
07-24 12:56:03.662 2364 2435 I TelephonyManager: isMultiSimEnabled()- telephonyManager: uid= 1000
07-24 12:56:03.671 2364 2364 E PhoneInterfaceManager: [PhoneIntfMgr] getAllowedCarriers: Empty response
07-24 12:56:03.686 13530 13530 I GoogleInputMethod: onFinishInput() : Dummy InputConnection bound
07-24 12:56:03.688 13530 13530 I GoogleInputMethod: onStartInput() : Dummy InputConnection bound
07-24 12:56:04.024 711 838 E libnav : CablComputeBacklightLevel(): UpdateType = DifferentSceneUpdate
07-24 12:56:04.216 577 2606 E ANDR-PERF-MPCTL: Invalid profile no. 0, total profiles 0 only
07-24 12:56:04.217 577 2606 E ANDR-PERF-RESOURCEQS: Failed to apply optimization [3, 0]
07-24 12:56:04.219 577 2606 E ANDR-PERF-RESOURCEQS: Failed to apply optimization [5, 0]
07-24 12:56:04.644 577 2606 E ANDR-PERF-MPCTL: Invalid profile no. 0, total profiles 0 only
07-24 12:56:04.644 577 2606 E ANDR-PERF-RESOURCEQS: Failed to apply optimization [3, 0]
07-24 12:56:04.646 577 2606 E ANDR-PERF-RESOURCEQS: Failed to apply optimization [5, 0]
07-24 12:56:05.613 1718 2322 I chatty : uid=1000(system) FLP Service Cal expire 11 lines
07-24 12:56:07.254 577 2606 E ANDR-PERF-MPCTL: Invalid profile no. 0, total profiles 0 only
07-24 12:56:07.254 577 2606 E ANDR-PERF-RESOURCEQS: Failed to apply optimization [3, 0]
07-24 12:56:07.257 577 2606 E ANDR-PERF-RESOURCEQS: Failed to apply optimization [5, 0]
07-24 12:56:07.618 577 2606 E ANDR-PERF-MPCTL: Invalid profile no. 0, total profiles 0 only
07-24 12:56:07.618 577 2606 E ANDR-PERF-RESOURCEQS: Failed to apply optimization [3, 0]
07-24 12:56:07.625 577 2606 E ANDR-PERF-RESOURCEQS: Failed to apply optimization [5, 0]
07-24 12:56:08.717 577 2606 E ANDR-PERF-MPCTL: Invalid profile no. 0, total profiles 0 only
07-24 12:56:08.717 577 2606 E ANDR-PERF-RESOURCEQS: Failed to apply optimization [3, 0]
07-24 12:56:08.720 577 2606 E ANDR-PERF-RESOURCEQS: Failed to apply optimization [5, 0]
07-24 12:56:08.933 577 2606 E ANDR-PERF-MPCTL: Invalid profile no. 0, total profiles 0 only
07-24 12:56:08.933 577 2606 E ANDR-PERF-RESOURCEQS: Failed to apply optimization [3, 0]
07-24 12:56:08.937 577 2606 E ANDR-PERF-RESOURCEQS: Failed to apply optimization [5, 0]
07-24 12:56:09.425 577 2606 E ANDR-PERF-MPCTL: Invalid profile no. 0, total profiles 0 only
07-24 12:56:09.426 577 2606 E ANDR-PERF-RESOURCEQS: Failed to apply optimization [3, 0]
07-24 12:56:09.428 577 2606 E ANDR-PERF-RESOURCEQS: Failed to apply optimization [5, 0]
07-24 12:56:09.611 577 2606 E ANDR-PERF-MPCTL: Invalid profile no. 0, total profiles 0 only
07-24 12:56:09.611 577 2606 E ANDR-PERF-RESOURCEQS: Failed to apply optimization [3, 0]
07-24 12:56:09.613 577 2606 E ANDR-PERF-RESOURCEQS: Failed to apply optimization [5, 0]
07-24 12:56:11.571 14405 15892 I CastDatabase: Saving the database
07-24 12:56:11.586 14405 15892 I SQLiteCastStore: [CastNetworkInfo] saved: 0, skipped: 0, [CastDeviceInfo]: saved 0, skipped 0, Paired Guest Mode DeviceInfo] saved: 0, skipped: 0. [ProbedNetworks]: save 0, skipped: 0
07-24 12:56:12.040 577 2606 E ANDR-PERF-MPCTL: Invalid profile no. 0, total profiles 0 only
07-24 12:56:12.040 577 2606 E ANDR-PERF-RESOURCEQS: Failed to apply optimization [3, 0]
07-24 12:56:12.042 577 2606 E ANDR-PERF-RESOURCEQS: Failed to apply optimization [5, 0]
07-24 12:56:12.287 577 2606 E ANDR-PERF-MPCTL: Invalid profile no. 0, total profiles 0 only
07-24 12:56:12.287 577 2606 E ANDR-PERF-RESOURCEQS: Failed to apply optimization [3, 0]
07-24 12:56:12.289 577 2606 E ANDR-PERF-RESOURCEQS: Failed to apply optimization [5, 0]
07-24 12:56:12.687 577 2606 E ANDR-PERF-MPCTL: Invalid profile no. 0, total profiles 0 only
07-24 12:56:12.687 577 2606 E ANDR-PERF-RESOURCEQS: Failed to apply optimization [3, 0]
07-24 12:56:12.689 577 2606 E ANDR-PERF-RESOURCEQS: Failed to apply optimization [5, 0]
07-24 12:56:13.002 577 2606 E ANDR-PERF-MPCTL: Invalid profile no. 0, total profiles 0 only
07-24 12:56:13.002 577 2606 E ANDR-PERF-RESOURCEQS: Failed to apply optimization [3, 0]
07-24 12:56:13.004 577 2606 E ANDR-PERF-RESOURCEQS: Failed to apply optimization [5, 0]
07-24 12:56:13.519 577 2606 E ANDR-PERF-MPCTL: Invalid profile no. 0, total profiles 0 only
07-24 12:56:13.519 577 2606 E ANDR-PERF-RESOURCEQS: Failed to apply optimization [3, 0]
07-24 12:56:13.521 577 2606 E ANDR-PERF-RESOURCEQS: Failed to apply optimization [5, 0]
07-24 12:56:13.834 577 2606 E ANDR-PERF-MPCTL: Invalid profile no. 0, total profiles 0 only
07-24 12:56:13.834 577 2606 E ANDR-PERF-RESOURCEQS: Failed to apply optimization [3, 0]
07-24 12:56:13.837 577 2606 E ANDR-PERF-RESOURCEQS: Failed to apply optimization [5, 0]
07-24 12:56:14.170 577 2606 E ANDR-PERF-MPCTL: Invalid profile no. 0, total profiles 0 only
07-24 12:56:14.171 577 2606 E ANDR-PERF-RESOURCEQS: Failed to apply optimization [3, 0]
07-24 12:56:14.173 577 2606 E ANDR-PERF-RESOURCEQS: Failed to apply optimization [5, 0]
07-24 12:56:14.196 2338 2338 I chatty : uid=1010(wifi) /system/bin/wpa_supplicant expire 116 lines
07-24 12:56:14.212 1718 13283 I chatty : uid=1000(system) Binder:1718_18 expire 12 lines
07-24 12:56:14.239 1718 1748 I chatty : uid=1000(system) Binder:1718_2 expire 12 lines
07-24 12:56:14.314 577 2606 E ANDR-PERF-MPCTL: Invalid profile no. 0, total profiles 0 only
07-24 12:56:14.315 577 2606 E ANDR-PERF-RESOURCEQS: Failed to apply optimization [3, 0]
07-24 12:56:14.321 577 2606 E ANDR-PERF-RESOURCEQS: Failed to apply optimization [5, 0]
07-24 12:56:15.046 577 2606 E ANDR-PERF-MPCTL: Invalid profile no. 0, total profiles 0 only
07-24 12:56:15.046 577 2606 E ANDR-PERF-RESOURCEQS: Failed to apply optimization [3, 0]
07-24 12:56:15.047 577 2606 E ANDR-PERF-RESOURCEQS: Failed to apply optimization [5, 0]
07-24 12:56:15.112 577 2606 E ANDR-PERF-RESOURCEQS: Failed to apply optimization [3, 0]
07-24 12:56:15.112 577 2606 E ANDR-PERF-RESOURCEQS: Failed to apply optimization [5, 0]
07-24 12:56:15.395 577 2606 E ANDR-PERF-MPCTL: Invalid profile no. 0, total profiles 0 only
07-24 12:56:15.395 577 2606 E ANDR-PERF-RESOURCEQS: Failed to apply optimization [3, 0]
07-24 12:56:15.396 577 2606 E ANDR-PERF-RESOURCEQS: Failed to apply optimization [5, 0]
07-24 12:56:15.455 577 2606 E ANDR-PERF-RESOURCEQS: Failed to apply optimization [3, 0]
07-24 12:56:15.455 577 2606 E ANDR-PERF-RESOURCEQS: Failed to apply optimization [5, 0]
07-24 12:56:15.463 577 2606 E ANDR-PERF-RESOURCEQS: Failed to apply optimization [3, 0]
07-24 12:56:15.463 577 2606 E ANDR-PERF-RESOURCEQS: Failed to apply optimization [5, 0]
07-24 12:56:16.143 577 2606 E ANDR-PERF-MPCTL: Invalid profile no. 0, total profiles 0 only
07-24 12:56:16.144 577 2606 E ANDR-PERF-RESOURCEQS: Failed to apply optimization [3, 0]
07-24 12:56:16.144 577 2606 E ANDR-PERF-RESOURCEQS: Failed to apply optimization [5, 0]
07-24 12:56:16.222 577 2606 E ANDR-PERF-RESOURCEQS: Failed to apply optimization [3, 0]
07-24 12:56:16.222 577 2606 E ANDR-PERF-RESOURCEQS: Failed to apply optimization [5, 0]
07-24 12:56:16.226 577 2606 E ANDR-PERF-RESOURCEQS: Failed to apply optimization [3, 0]
07-24 12:56:16.226 577 2606 E ANDR-PERF-RESOURCEQS: Failed to apply optimization [5, 0]
07-24 12:56:18.460 980 2329 I LOWI-8.1.1.0.h: [LOWI-Scan] lowi_close_record:Scan completed in 4445311ms and Recieved 22 APs scan results
07-24 12:56:18.463 980 1090 I LOWI-8.1.1.0.h: [LOWIUtils] responseToOutPostcard - TO: FreeWifiScanObserver, FROM: LOWI-SERVER, RESP: LOWI_ASYNC_DISCOVERY_SCAN_RESULTS
07-24 12:56:18.471 980 1090 I LOWI-8.1.1.0.h: [LOWIUtils] responseToOutPostcard - TO: GTP-FDAL, FROM: LOWI-SERVER, RESP: LOWI_ASYNC_DISCOVERY_SCAN_RESULTS
07-24 12:56:18.536 1718 2003 I chatty : uid=1000(system) WifiStateMachin expire 12 lines
07-24 12:56:18.826 13530 13530 I GoogleInputMethod: onKeyDown() : keyCode = 4, event = KeyEvent { action=ACTION_DOWN, keyCode=KEYCODE_BACK, scanCode=158, metaState=0, flags=0x8, repeatCount=0, eventTime=3484820, downTime=3484820, deviceId=8, source=0x101 }
07-24 12:56:19.106 5963 18390 I chatty : uid=1000(system) com.android.settings expire 3 lines
07-24 12:56:19.108 2364 2435 I TelephonyManager: getMultiSimConfiguration(): uid =1000
07-24 12:56:19.109 2364 2471 I TelephonyManager: getMultiSimConfiguration(): uid =1000
07-24 12:56:19.155 2364 2731 I TelephonyManager: getMultiSimConfiguration(): uid =1000
07-24 12:56:19.160 13530 13530 I GoogleInputMethod: onFinishInput() : Dummy InputConnection bound
07-24 12:56:19.161 13530 13530 I GoogleInputMethod: onStartInput() : Dummy InputConnection bound
07-24 12:56:19.166 5963 18391 I chatty : uid=1000(system) com.android.settings expire 1 line
07-24 12:56:19.172 1718 1748 I ProcessStatsService: Added stats: 2018-07-23-10-49-51, over +1h8m28s67ms
07-24 12:56:19.214 5963 14685 I chatty : uid=1000(system) SummaryLoader expire 272 lines
07-24 12:56:19.239 1718 1748 E BatteryStatsService: no controller energy info supplied
07-24 12:56:19.247 1718 1748 E KernelUidCpuTimeReader: Failed to read uid_cputime: /proc/uid_cputime/show_uid_stat (No such file or directory)
07-24 12:56:19.249 2765 2777 I chatty : uid=1027(nfc) Binder:2765_2 expire 1 line
07-24 12:56:19.288 2364 2435 I TelephonyManager: getMultiSimConfiguration(): uid =1000
07-24 12:56:19.513 711 838 E libnav : CablComputeBacklightLevel(): UpdateType = DifferentSceneUpdate
07-24 12:56:20.053 577 2606 E ANDR-PERF-MPCTL: Invalid profile no. 0, total profiles 0 only
07-24 12:56:20.054 577 2606 E ANDR-PERF-RESOURCEQS: Failed to apply optimization [3, 0]
07-24 12:56:20.057 577 2606 E ANDR-PERF-RESOURCEQS: Failed to apply optimization [5, 0]
07-24 12:56:20.415 577 2606 E ANDR-PERF-MPCTL: Invalid profile no. 0, total profiles 0 only
07-24 12:56:20.416 577 2606 E ANDR-PERF-RESOURCEQS: Failed to apply optimization [3, 0]
07-24 12:56:20.418 577 2606 E ANDR-PERF-RESOURCEQS: Failed to apply optimization [5, 0]
07-24 12:56:20.700 577 2606 E ANDR-PERF-MPCTL: Invalid profile no. 0, total profiles 0 only
07-24 12:56:20.700 577 2606 E ANDR-PERF-RESOURCEQS: Failed to apply optimization [3, 0]
07-24 12:56:20.702 577 2606 E ANDR-PERF-RESOURCEQS: Failed to apply optimization [5, 0]
07-24 12:56:21.615 1718 2826 I ActivityManager: START u0 {flg=0x8000 cmp=com.android.settings/.Settings$SecuritySettingsActivity (has extras)} from uid 1000 on display 0
07-24 12:56:21.617 577 2606 E ANDR-PERF-MPCTL: Invalid profile no. 0, total profiles 0 only
07-24 12:56:21.690 1718 1748 E UserRestrictionsUtils: Unknown restriction: null
07-24 12:56:21.698 1718 2836 E UserRestrictionsUtils: Unknown restriction: null
07-24 12:56:21.698 1718 8141 E UserRestrictionsUtils: Unknown restriction: null
07-24 12:56:21.699 1718 1747 E UserRestrictionsUtils: Unknown restriction: null
07-24 12:56:21.700 1718 2518 E UserRestrictionsUtils: Unknown restriction: null
07-24 12:56:21.700 1718 1748 E UserRestrictionsUtils: Unknown restriction: null
07-24 12:56:21.702 2364 2433 I TelephonyManager: getMultiSimConfiguration(): uid =1000
07-24 12:56:21.707 5963 5963 I chatty : uid=1000(system) com.android.settings expire 14 lines
07-24 12:56:21.740 2364 2471 I TelephonyManager: isMultiSimEnabled()- telephonyManager: uid= 1000
07-24 12:56:21.740 2364 2471 I TelephonyManager: isMultiSimEnabled()- telephonyManager: uid= 1000
07-24 12:56:21.740 2364 2471 I TelephonyManager: getMultiSimConfiguration(): uid =1000
07-24 12:56:21.750 1718 8141 D CryptdConnector: SND -> {13 cryptfs getpwtype}
07-24 12:56:21.751 561 575 D VoldCryptCmdListener: cryptfs getpwtype
07-24 12:56:21.751 1718 1996 D CryptdConnector: RCV <- {213 13 default}
07-24 12:56:21.784 13530 13530 I GoogleInputMethod: onFinishInput() : Dummy InputConnection bound
07-24 12:56:21.784 577 2606 E ANDR-PERF-RESOURCEQS: Failed to reset optimization [3, 0]
07-24 12:56:21.785 13530 13530 I GoogleInputMethod: onStartInput() : Dummy InputConnection bound
07-24 12:56:21.813 5963 6006 I chatty : uid=1000(system) RenderThread expire 1 line
07-24 12:56:22.041 711 838 E libnav : CablComputeBacklightLevel(): UpdateType = DifferentSceneUpdate
07-24 12:56:22.164 1718 1772 I chatty : uid=1000(system) ActivityManager expire 12 lines
07-24 12:56:22.361 577 2606 E ANDR-PERF-MPCTL: Invalid profile no. 0, total profiles 0 only
07-24 12:56:22.361 577 2606 E ANDR-PERF-RESOURCEQS: Failed to apply optimization [3, 0]
07-24 12:56:22.364 577 2606 E ANDR-PERF-RESOURCEQS: Failed to apply optimization [5, 0]
07-24 12:56:22.748 577 2606 E ANDR-PERF-MPCTL: Invalid profile no. 0, total profiles 0 only
07-24 12:56:22.749 577 2606 E ANDR-PERF-RESOURCEQS: Failed to apply optimization [3, 0]
07-24 12:56:22.755 577 2606 E ANDR-PERF-RESOURCEQS: Failed to apply optimization [5, 0]
07-24 12:56:24.197 13530 13530 I GoogleInputMethod: onKeyDown() : keyCode = 4, event = KeyEvent { action=ACTION_DOWN, keyCode=KEYCODE_BACK, scanCode=158, metaState=0, flags=0x8, repeatCount=0, eventTime=3490190, downTime=3490190, deviceId=8, source=0x101 }
07-24 12:56:24.439 2364 2731 I TelephonyManager: getMultiSimConfiguration(): uid =1000
07-24 12:56:24.440 2364 2377 I TelephonyManager: getMultiSimConfiguration(): uid =1000
07-24 12:56:24.499 1718 2797 I ProcessStatsService: Added stats: 2018-07-23-10-49-51, over +1h8m28s67ms
07-24 12:56:24.512 2364 2435 I TelephonyManager: getMultiSimConfiguration(): uid =1000
07-24 12:56:24.516 13530 13530 I GoogleInputMethod: onFinishInput() : Dummy InputConnection bound
07-24 12:56:24.520 13530 13530 I GoogleInputMethod: onStartInput() : Dummy InputConnection bound
07-24 12:56:24.580 2765 3271 I chatty : uid=1027(nfc) Binder:2765_3 expire 1 line
07-24 12:56:24.589 1718 13284 E BatteryStatsService: no controller energy info supplied
07-24 12:56:24.595 1718 13284 E KernelUidCpuTimeReader: Failed to read uid_cputime: /proc/uid_cputime/show_uid_stat (No such file or directory)
07-24 12:56:24.633 2364 2731 I TelephonyManager: getMultiSimConfiguration(): uid =1000
07-24 12:56:24.726 5963 5974 I chatty : uid=1000(system) HeapTaskDaemon expire 1 line
07-24 12:56:24.857 2338 2338 I chatty : uid=1010(wifi) /system/bin/wpa_supplicant expire 24 lines
07-24 12:56:24.864 711 838 E libnav : CablComputeBacklightLevel(): UpdateType = DifferentSceneUpdate
07-24 12:56:30.233 897 897 I : free_cache(7318622) avail 45359407104
07-24 12:56:31.516 1718 1908 E PackageInstaller: Commit of session 1050306711 failed: Package /data/app/vmdl1050306711.tmp/base.apk has no certificates at entry AndroidManifest.xml
07-24 12:56:31.526 897 897 E : Couldn't opendir /data/app/vmdl1050306711.tmp: No such file or directory
07-24 12:57:00.015 2060 2060 D KeyguardUpdateMonitor: received broadcast android.intent.action.TIME_TICK
07-24 12:57:00.015 2060 2060 D KeyguardUpdateMonitor: handleTimeUpdate
07-24 12:57:01.220 2338 2338 I chatty : uid=1010(wifi) /system/bin/wpa_supplicant expire 82 lines
07-24 12:57:49.498 1718 2795 I chatty : uid=1000(system) Binder:1718_A expire 12 lines
07-24 12:57:54.032 980 2329 I LOWI-8.1.1.0.h: [LOWI-Scan] lowi_close_record:Scan completed in 4540884ms and Recieved 33 APs scan results
07-24 12:57:54.034 2338 2338 I chatty : uid=1010(wifi) /system/bin/wpa_supplicant expire 97 lines
07-24 12:57:54.037 980 1090 I LOWI-8.1.1.0.h: [LOWIUtils] responseToOutPostcard - TO: FreeWifiScanObserver, FROM: LOWI-SERVER, RESP: LOWI_ASYNC_DISCOVERY_SCAN_RESULTS
07-24 12:57:54.039 980 1090 I LOWI-8.1.1.0.h: [LOWIUtils] responseToOutPostcard - TO: GTP-FDAL, FROM: LOWI-SERVER, RESP: LOWI_ASYNC_DISCOVERY_SCAN_RESULTS
07-24 12:57:54.114 1718 2003 I chatty : uid=1000(system) WifiStateMachin expire 12 lines
07-24 12:58:00.012 2060 2060 D KeyguardUpdateMonitor: received broadcast android.intent.action.TIME_TICK
07-24 12:58:00.014 2060 2060 D KeyguardUpdateMonitor: handleTimeUpdate
07-24 12:58:14.075 1718 1778 E BatteryStatsService: no controller energy info supplied
07-24 12:58:14.082 1718 1778 E KernelUidCpuTimeReader: Failed to read uid_cputime: /proc/uid_cputime/show_uid_stat (No such file or directory)
07-24 12:58:24.195 1718 1811 I PowerManagerService: Going to sleep due to screen timeout (uid 1000)...
07-24 12:58:24.199 2060 2282 D KeyguardViewMediator: onStartedGoingToSleep(3)
07-24 12:58:24.206 13530 13530 I GoogleInputMethod: onFinishInput() : Dummy InputConnection bound
07-24 12:58:24.209 2060 2282 D KeyguardViewMediator: setting alarm to turn off keyguard, seq = 5
07-24 12:58:24.211 13530 13530 I GoogleInputMethod: onStartInput() : Dummy InputConnection bound
07-24 12:58:24.212 2060 2282 D KeyguardViewMediator: notifyStartedGoingToSleep
07-24 12:58:24.213 2060 2060 V KeyguardUpdateMonitor: startListeningForFingerprint()
07-24 12:58:24.218 2060 2060 D KeyguardViewMediator: handleNotifyStartedGoingToSleep
07-24 12:58:24.754 2060 2282 D KeyguardViewMediator: notifyScreenTurnedOff
07-24 12:58:24.755 2060 2060 D KeyguardViewMediator: handleNotifyScreenTurnedOff
07-24 12:58:24.756 2060 2060 D CarrierText: updateCarrierText(): 0
07-24 12:58:24.756 2060 2060 I TelephonyManager: isMultiSimEnabled()- telephonyManager: uid= 10046
07-24 12:58:24.762 2364 2376 I TelephonyManager: getMultiSimConfiguration(): uid =10046
07-24 12:58:24.764 2060 2060 I TelephonyManager: getMultiSimConfiguration(): uid =10046
07-24 12:58:24.764 2060 2060 I TelephonyManager: getMultiSimConfiguration(): uid =10046
07-24 12:58:24.764 2060 2060 I TelephonyManager: isMultiSimEnabled()- telephonyManager: uid= 10046
07-24 12:58:24.765 2364 2435 I TelephonyManager: isMultiSimEnabled()- telephonyManager: uid= 10046
07-24 12:58:24.765 1718 1808 I DisplayManagerService: Display device changed state: "Built-in Screen", OFF
07-24 12:58:24.765 2364 2435 I TelephonyManager: isMultiSimEnabled()- telephonyManager: uid= 10046
07-24 12:58:24.765 2060 2060 I TelephonyManager: getMultiSimConfiguration(): uid =10046
07-24 12:58:24.765 702 702 D SurfaceFlinger: Set power mode=0, type=0 flinger=0x7f9be48000
07-24 12:58:24.765 702 702 I SDM : HWCDisplay::SetPowerMode: display = 0, mode = 0
07-24 12:58:24.765 702 702 I SDM : DisplayBase::SetDisplayState: Set state = 0, display 0
07-24 12:58:24.767 921 921 D FingerGoodix: FILE = ../native/GxFingerPrint/GxHardware_Wrap.c,LINE = 2120 :SIGIO: sem_value == 0
07-24 12:58:24.767 921 921 D FingerGoodix: FILE = ../native/GxFingerPrint/GxHardware_Wrap.c,LINE = 2122 :g_mode = 0x2(GF_SLEEP_MODE); g_state = 0x0(GF_HAL_IDLE)
07-24 12:58:24.768 921 1325 D FingerGoodix: FILE = ../native/GxFingerPrint/GxHardware_Wrap.c,LINE = 2144 :value == 0
07-24 12:58:24.768 921 1325 D FingerGoodix: FILE = ../native/FingerPrintService/FingerPrintService.cpp,LINE = 144 :notifyClient,type:8,msg:1,ext:0,clientID:0
07-24 12:58:24.768 921 1325 D FingerGoodix: FILE = ../native/FingerPrintService/FingerPrintService.cpp,LINE = 177 :Current screen status:SCREEN OFF,recognize retry times:10
07-24 12:58:24.768 921 1325 D FingerGoodix:
07-24 12:58:24.768 921 1325 D FingerGoodix: FILE = ../native/FingerPrintService/FingerPrintService.cpp,LINE = 3727 :MSG_TYPE_COMMON_SCREEN_STATUS_CHANGE, status=1
07-24 12:58:24.768 921 1325 D FingerGoodix: FILE = ../native/FingerPrintService/FingerPrintService.cpp,LINE = 932 :setDefaultMode(), modeflag = 0
07-24 12:58:24.768 921 1325 D FingerGoodix: FILE = ../native/FingerPrintService/FingerPrintService.cpp,LINE = 924 :setChipMode = 2
07-24 12:58:24.768 921 1325 D FingerGoodix: FILE = ../native/GxFingerPrint/GxHardware_Wrap.c,LINE = 75 :mutex_get_lock
07-24 12:58:24.768 921 1325 D FingerGoodix: FILE = ../native/GxFingerPrint/GxHardware_Wrap.c,LINE = 1999 : Set mode : 2
07-24 12:58:24.768 921 1325 D FingerGoodix:
07-24 12:58:24.774 2060 2060 D CarrierText: Getting plmn/spn sticky brdcst Emergency calls only/
07-24 12:58:24.775 2060 2060 D CarrierText: updateCarrierText(): 0
07-24 12:58:24.775 2060 2060 I TelephonyManager: isMultiSimEnabled()- telephonyManager: uid= 10046
07-24 12:58:24.776 921 1325 D FingerGoodix: FILE = ../native/GxFingerPrint/fnCaFp.c,LINE = 139 :setMode SUCCESS !!! 6
07-24 12:58:24.777 2364 2731 I TelephonyManager: getMultiSimConfiguration(): uid =10046
07-24 12:58:24.777 2060 2060 I TelephonyManager: getMultiSimConfiguration(): uid =10046
07-24 12:58:24.777 2060 2060 I TelephonyManager: getMultiSimConfiguration(): uid =10046
07-24 12:58:24.777 2060 2060 I TelephonyManager: isMultiSimEnabled()- telephonyManager: uid= 10046
07-24 12:58:24.778 2364 2436 I TelephonyManager: isMultiSimEnabled()- telephonyManager: uid= 10046
07-24 12:58:24.778 2364 2436 I TelephonyManager: isMultiSimEnabled()- telephonyManager: uid= 10046
07-24 12:58:24.779 2060 2060 I TelephonyManager: getMultiSimConfiguration(): uid =10046
07-24 12:58:24.781 2060 2060 D CarrierText: Getting plmn/spn sticky brdcst Emergency calls only/
07-24 12:58:24.781 2060 2060 D CarrierText: updateCarrierText(): 0
07-24 12:58:24.781 2060 2060 I TelephonyManager: isMultiSimEnabled()- telephonyManager: uid= 10046
07-24 12:58:24.783 2364 2471 I TelephonyManager: getMultiSimConfiguration(): uid =10046
07-24 12:58:24.783 2060 2060 I TelephonyManager: getMultiSimConfiguration(): uid =10046
07-24 12:58:24.783 2060 2060 I TelephonyManager: getMultiSimConfiguration(): uid =10046
07-24 12:58:24.783 2060 2060 I TelephonyManager: isMultiSimEnabled()- telephonyManager: uid= 10046
07-24 12:58:24.784 2364 2433 I TelephonyManager: isMultiSimEnabled()- telephonyManager: uid= 10046
07-24 12:58:24.784 2364 2433 I TelephonyManager: isMultiSimEnabled()- telephonyManager: uid= 10046
07-24 12:58:24.784 2060 2060 I TelephonyManager: getMultiSimConfiguration(): uid =10046
07-24 12:58:24.785 2060 2060 D CarrierText: Getting plmn/spn sticky brdcst Emergency calls only/
07-24 12:58:24.786 921 1325 D FingerGoodix: FILE = ../native/GxFingerPrint/fnCaFp.c,LINE = 139 :setMode SUCCESS !!! 6
07-24 12:58:24.801 921 1325 D FingerGoodix: FILE = ../native/GxFingerPrint/fnCaFp.c,LINE = 139 :setMode SUCCESS !!! 2
07-24 12:58:24.801 921 1325 D FingerGoodix: FILE = ../native/GxFingerPrint/GxHardware_Wrap.c,LINE = 81 :mutex_get_unlock
07-24 12:58:24.801 921 1325 D FingerGoodix: FILE = ../native/GxFingerPrint/GxHardware_Wrap.c,LINE = 2163 :g_sensor_status = 0
07-24 12:58:24.801 921 1325 D FingerGoodix: FILE = ../native/GxFingerPrint/GxHardware_Wrap.c,LINE = 2165 :sig_handler_loop::screenStatus=1(on:0, off:1), g_mode=2(GF_SLEEP_MODE),g_state=0(GF_HAL_IDLE)
07-24 12:58:24.801 921 1325 D FingerGoodix: FILE = ../native/GxFingerPrint/GxHardware_Wrap.c,LINE = 2168 :screen off : need image ,no finger down, to FF mode
07-24 12:58:24.801 921 1325 D FingerGoodix: FILE = ../native/GxFingerPrint/GxHardware_Wrap.c,LINE = 75 :mutex_get_lock
07-24 12:58:24.801 921 1325 D FingerGoodix: FILE = ../native/GxFingerPrint/GxHardware_Wrap.c,LINE = 81 :mutex_get_unlock
07-24 12:58:24.801 921 1325 D FingerGoodix: FILE = ../native/GxFingerPrint/GxHardware_Wrap.c,LINE = 2196 :#####################handler called.7 g_mode = 2(GF_SLEEP_MODE) g_state = 0(GF_HAL_IDLE)
07-24 12:58:24.801 921 1325 D FingerGoodix:
07-24 12:58:24.801 921 1325 D FingerGoodix: FILE = ../native/GxFingerPrint/GxHardware_Wrap.c,LINE = 75 :mutex_get_lock
07-24 12:58:24.801 921 1325 D FingerGoodix: FILE = ../native/GxFingerPrint/GxHardware_Wrap.c,LINE = 594 :Should not happen. Somthing wrong.
07-24 12:58:24.801 921 1325 D FingerGoodix:
07-24 12:58:24.801 921 1325 D FingerGoodix: FILE = ../native/GxFingerPrint/GxHardware_Wrap.c,LINE = 81 :mutex_get_unlock
07-24 12:58:24.928 711 838 E libnav : AbaSuspend skips CABL deactivate: state was 3
07-24 12:58:24.931 577 2606 E ANDR-PERF-MPCTL: Invalid profile no. 0, total profiles 0 only
07-24 12:58:24.933 1718 1811 I DreamManagerService: Entering dreamland.
07-24 12:58:24.934 1718 1811 I PowerManagerService: Dozing...
07-24 12:58:24.937 1718 1806 I DreamController: Starting dream: name=ComponentInfo{com.android.systemui/com.android.systemui.doze.DozeService}, isTest=false, canDoze=true, userId=0
07-24 12:58:25.007 2060 4778 D KeyguardViewMediator: onFinishedGoingToSleep(3)
07-24 12:58:25.007 2060 4778 D KeyguardViewMediator: notifyFinishedGoingToSleep
07-24 12:58:25.015 894 1352 D audio_hw_primary: adev_set_parameters: enter: screen_state=off
07-24 12:58:25.015 894 1352 V msm8916_platform: platform_set_parameters: enter: - screen_state=off
07-24 12:58:25.015 894 1352 V msm8916_platform: platform_set_parameters: exit with code(0)
07-24 12:58:25.015 894 1352 D audio_hw_extn: audio_extn_set_anc_parameters: anc_enabled:0
07-24 12:58:25.015 894 1352 D audio_hw_spkr_prot: audio_extn_fbsp_set_parameters: Speaker protection disabled
07-24 12:58:25.019 2060 2060 D KeyguardViewMediator: handleNotifyFinishedGoingToSleep
07-24 12:58:25.020 2060 2060 V KeyguardStatusView: Disable transport text marquee
07-24 12:58:25.022 2060 2060 V KeyguardUpdateMonitor: startListeningForFingerprint()
07-24 12:58:25.024 2338 2338 I chatty : uid=1010(wifi) /system/bin/wpa_supplicant expire 43 lines
07-24 12:58:25.039 2364 2364 I TelephonyManager: isMultiSimEnabled()- telephonyManager: uid= 1001
07-24 12:58:25.039 2364 2364 I TelephonyManager: isMultiSimEnabled()- telephonyManager: uid= 1001
07-24 12:58:25.041 2364 2364 I TelephonyManager: isMultiSimEnabled()- telephonyManager: uid= 1001
07-24 12:58:25.041 2364 2364 I TelephonyManager: isMultiSimEnabled()- telephonyManager: uid= 1001
07-24 12:58:25.043 2364 2364 I TelephonyManager: isMultiSimEnabled()- telephonyManager: uid= 1001
07-24 12:58:25.043 2364 2364 I TelephonyManager: isMultiSimEnabled()- telephonyManager: uid= 1001
07-24 12:58:25.046 2364 2364 I TelephonyManager: isMultiSimEnabled()- telephonyManager: uid= 1001
07-24 12:58:25.046 2364 2364 I TelephonyManager: isMultiSimEnabled()- telephonyManager: uid= 1001
07-24 12:58:25.048 2765 2765 I chatty : uid=1027(nfc) com.android.nfc expire 62 lines
07-24 12:58:25.049 2765 3156 I chatty : uid=1027(nfc) AsyncTask #1 expire 258 lines
07-24 12:58:25.050 2765 3187 I chatty : uid=1027(nfc) AsyncTask #1 expire 50 lines
07-24 12:58:25.061 2849 2849 E LibSecureUISvc: svc_sock_send_message(suisvc): Error sending data, -1 vs 4: Connection refused
07-24 12:58:25.062 2765 3186 I chatty : uid=1027(nfc) AsyncTask #1 expire 37 lines
07-24 12:58:25.072 2765 3189 I chatty : uid=1027(nfc) AsyncTask #1 expire 17 lines
07-24 12:58:25.085 13530 13530 I DeviceStatusMonitor: onReceive() : Action = android.intent.action.SCREEN_OFF
07-24 12:58:25.087 13530 13530 I GoogleInputMethod: onReceive() : Action = android.intent.action.SCREEN_OFF
07-24 12:58:25.122 16439 16439 I DeviceStatusMonitor: onReceive() : Action = android.intent.action.SCREEN_OFF
07-24 12:58:29.212 2060 2060 D KeyguardViewMediator: received DELAYED_KEYGUARD_ACTION with seq = 5, mDelayedShowingSequence = 5
07-24 12:58:29.215 2060 2060 D KeyguardViewMediator: doKeyguard: showing the lock screen
07-24 12:58:29.215 2060 2060 D KeyguardViewMediator: showLocked
07-24 12:58:29.220 2060 2060 D KeyguardViewMediator: handleShow
07-24 12:58:29.226 1718 2836 I ActivityManager: Setting hasTopUi=true for pid=2060
07-24 12:58:29.234 2060 2060 V KeyguardUpdateMonitor: *** register callback for com.android.keyguard.KeyguardHostView$1@b9dc50e
07-24 12:58:29.234 2060 2060 V KeyguardUpdateMonitor: *** unregister callback for null
07-24 12:58:29.238 2060 2060 V KeyguardSecurityView: showPrimarySecurityScreen(turningOff=false)
07-24 12:58:29.238 2060 2060 D KeyguardSecurityView: showSecurityScreen(None)
07-24 12:58:29.270 2060 2060 D PhoneStatusBar: disable: < expand ICONS* alerts SYSTEM_INFO* back home recent clock search quick_settings
> 07-24 12:58:29.273 2060 2060 D KeyguardViewBase: show()
07-24 12:58:29.274 2060 2060 V KeyguardSecurityView: showPrimarySecurityScreen(turningOff=false)
07-24 12:58:29.274 2060 2060 D KeyguardSecurityView: showSecurityScreen(None)
07-24 12:58:29.277 2060 2060 D KeyguardUpdateMonitor: onKeyguardVisibilityChanged(true)
07-24 12:58:29.277 2060 2060 V KeyguardStatusView: refresh statusview showing:true
07-24 12:58:29.280 2364 2471 I TelephonyManager: getMultiSimConfiguration(): uid =10046
07-24 12:58:29.285 2060 2060 V KeyguardUpdateMonitor: startListeningForFingerprint()
07-24 12:58:29.290 2060 2060 D KeyguardViewMediator: adjustStatusBarLocked: mShowing=true mOccluded=false isSecure=false --> flags=0x3200000
07-24 12:58:29.290 2364 2435 I TelephonyManager: getMultiSimConfiguration(): uid =10046
07-24 12:58:29.293 2060 2060 V KeyguardDisplayManager: show
07-24 12:58:29.295 2364 2436 I TelephonyManager: getMultiSimConfiguration(): uid =10046
07-24 12:58:29.299 2364 2376 I TelephonyManager: getMultiSimConfiguration(): uid =10046
07-24 12:58:29.348 2060 2060 W View : requestLayout() improperly called by com.android.systemui.statusbar.ExpandableNotificationRow{519ec86 VFE...C.. ......ID 0,0-1080,276} during layout: running second layout pass
07-24 12:58:29.348 2060 2060 W View : requestLayout() improperly called by com.android.systemui.statusbar.ExpandableNotificationRow{5aaf2dc VFE...C.. ......ID 0,0-1080,277} during layout: running second layout pass
07-24 12:58:29.356 2060 2060 D KeyguardUpdateMonitor: handleKeyguardReset
07-24 12:58:29.357 2060 2060 V KeyguardUpdateMonitor: startListeningForFingerprint()
07-24 12:58:29.362 2060 2060 D PhoneStatusBar: disable: < expand ICONS alerts SYSTEM_INFO back HOME* RECENT* clock SEARCH* quick_settings
> 07-24 12:58:39.444 2060 2060 D KeyguardUpdateMonitor: received broadcast android.intent.action.BATTERY_CHANGED
07-24 12:58:39.445 2815 2815 I tsdmc : BatteryMonitorService.checkFWUpdateWithBatteryEnough()
07-24 12:58:39.445 2364 2364 I TelephonyManager: isMultiSimEnabled()- telephonyManager: uid= 1001
07-24 12:58:39.445 2815 2815 V tsdmc : mbatteryLevel = 85; bBatteryLow= false
07-24 12:58:39.447 2060 2060 D KeyguardUpdateMonitor: handleBatteryUpdate
07-24 12:58:39.453 2364 2364 E QtiImsExtUtils: getConfigForPhoneId subId is invalid
07-24 12:58:39.453 2364 2364 E QtiImsExtUtils: isCarrierConfigEnabled bundle is null
07-24 12:58:39.457 1718 1778 E BatteryStatsService: no controller energy info supplied
07-24 12:58:39.462 1718 1772 E KernelUidCpuTimeReader: Failed to read uid_cputime: /proc/uid_cputime/show_uid_stat (No such file or directory)
07-24 12:58:39.486 1718 1778 E KernelUidCpuTimeReader: Failed to read uid_cputime: /proc/uid_cputime/show_uid_stat (No such file or directory)
07-24 13:00:43.183 2060 2060 D KeyguardUpdateMonitor: received broadcast android.intent.action.BATTERY_CHANGED
07-24 13:00:43.183 2060 2060 D KeyguardUpdateMonitor: handleBatteryUpdate
07-24 13:00:43.184 2364 2364 I TelephonyManager: isMultiSimEnabled()- telephonyManager: uid= 1001
07-24 13:00:43.188 2815 2815 I tsdmc : BatteryMonitorService.checkFWUpdateWithBatteryEnough()
07-24 13:00:43.188 2815 2815 V tsdmc : mbatteryLevel = 85; bBatteryLow= false
07-24 13:00:43.190 2364 2364 E QtiImsExtUtils: getConfigForPhoneId subId is invalid
07-24 13:00:43.190 2364 2364 E QtiImsExtUtils: isCarrierConfigEnabled bundle is null
07-24 13:01:01.319 2338 2338 I chatty : uid=1010(wifi) /system/bin/wpa_supplicant expire 160 lines
07-24 13:01:49.020 1718 1772 I ProcessStatsService: Prepared write state in 11ms
07-24 13:01:59.650 2060 2060 D KeyguardUpdateMonitor: received broadcast android.intent.action.BATTERY_CHANGED
07-24 13:01:59.652 2815 2815 I tsdmc : BatteryMonitorService.checkFWUpdateWithBatteryEnough()
07-24 13:01:59.652 2815 2815 V tsdmc : mbatteryLevel = 86; bBatteryLow= false
07-24 13:01:59.652 2060 2060 D KeyguardUpdateMonitor: handleBatteryUpdate
07-24 13:01:59.653 2364 2364 I TelephonyManager: isMultiSimEnabled()- telephonyManager: uid= 1001
07-24 13:01:59.660 1718 1778 E BatteryStatsService: no controller energy info supplied
07-24 13:01:59.661 2364 2364 E QtiImsExtUtils: getConfigForPhoneId subId is invalid
07-24 13:01:59.661 2364 2364 E QtiImsExtUtils: isCarrierConfigEnabled bundle is null
07-24 13:01:59.677 1718 1778 E KernelUidCpuTimeReader: Failed to read uid_cputime: /proc/uid_cputime/show_uid_stat (No such file or directory)
07-24 13:01:59.711 1718 1772 E KernelUidCpuTimeReader: Failed to read uid_cputime: /proc/uid_cputime/show_uid_stat (No such file or directory)
07-24 13:02:00.010 1718 1772 I ActivityManager: Killing 16652:com.google.android.googlequicksearchbox/u0a53 (adj 904): empty for 1800s
07-24 13:02:00.012 1718 1772 I ActivityManager: Killing 16593:com.google.android.apps.docs.editors.slides/u0a112 (adj 904): empty for 1800s
07-24 13:02:00.013 1718 1772 I ActivityManager: Killing 16538:com.google.android.apps.docs.editors.sheets/u0a85 (adj 906): empty for 1801s
07-24 13:02:00.014 1718 1772 I ActivityManager: Killing 16469:com.google.android.apps.docs.editors.docs/u0a81 (adj 906): empty for 1802s
