--------- beginning of system
07-24 11:42:09.709 561 575 D vold : e4crypt_unlock_user_key 0 serial=0 token_present=0
07-24 11:42:09.710 1718 1996 I chatty : uid=1000(system) CryptdConnector expire 1 line
07-24 11:42:09.711 1718 1994 I chatty : uid=1000(system) MountService expire 4 lines
07-24 11:42:09.712 1718 1772 I chatty : uid=1000(system) ActivityManager expire 1 line
07-24 11:42:09.712 1718 1995 I chatty : uid=1000(system) VoldConnector expire 11 lines
07-24 11:42:09.714 1718 1806 I chatty : uid=1000(system) android.fg expire 2 lines
07-24 11:42:09.715 1718 1807 I chatty : uid=1000(system) android.io expire 4 lines
07-24 11:42:09.715 1718 1718 I chatty : uid=1000 system_server expire 58 lines
07-24 11:42:09.718 1718 2017 I chatty : uid=1000(system) AudioService expire 1 line
07-24 11:42:09.718 561 574 V vold : Waiting for FUSE to spin up...
07-24 11:42:10.132 1718 1747 I chatty : uid=1000(system) Binder:1718_1 expire 1 line
07-24 11:42:10.132 561 575 D VoldCryptCmdListener: cryptfs getpw
07-24 11:42:10.132 1718 1996 D CryptdConnector: RCV <- {200 3 -1}
07-24 11:42:10.133 1718 1747 D CryptdConnector: SND -> {4 cryptfs clearpw}
07-24 11:42:10.134 561 575 D VoldCryptCmdListener: cryptfs clearpw
07-24 11:42:10.134 1718 1996 D CryptdConnector: RCV <- {200 4 0}
07-24 11:42:10.189 1718 1890 I StatusBarManagerService: registerStatusBar bar=com.android.internal.statusbar.IStatusBar$Stub$Proxy@58afd95
07-24 11:42:10.279 1718 1718 I SystemServiceManager: Starting phase 600
07-24 11:42:10.307 1718 1718 D GestureLauncherService: Gesture launcher mEmergencyNumber = 112 hits = 3
07-24 11:42:10.308 1718 1718 D SensorNotificationService: Cannot obtain dynamic meta sensor, not supported.
07-24 11:42:10.341 1718 1718 W LocationProviderProxy-network: Odd, no component found for service com.android.location.service.v3.NetworkLocationProvider
07-24 11:42:10.342 1718 1718 W LocationProviderProxy-fused: Odd, no component found for service com.android.location.service.FusedLocationProvider
07-24 11:42:10.344 1718 1718 W GeocoderProxy: Odd, no component found for service com.android.location.service.GeocodeProvider
07-24 11:42:10.361 1718 1718 W FusedProxy: Odd, no component found for service com.android.location.service.FusedProvider
07-24 11:42:10.365 1718 1718 W GeofenceProxy: Odd, no component found for service com.android.location.service.GeofenceProvider
07-24 11:42:10.373 1718 1718 W ActivityRecognitionProxy: Odd, no component found for service com.android.location.service.ActivityRecognitionProvider
07-24 11:42:10.390 1718 1718 I MmsServiceBroker: Delay connecting to MmsService until an API is called
07-24 11:42:10.403 1718 1772 I ActivityManager: Start proc 2339:com.android.settings/1000 for broadcast com.android.settings/.wifi.ManagerPasspointReceiver
07-24 11:42:10.426 1718 1718 I ActivityManager: Start proc 2350:.dataservices/1000 for added application .dataservices
07-24 11:42:10.439 1718 1718 I ActivityManager: Start proc 2364:com.android.phone/1001 for added application com.android.phone
07-24 11:42:10.441 1718 1718 I ActivityManager: START u0 {act=android.intent.action.MAIN cat=[android.intent.category.HOME] flg=0x10000100 cmp=com.android.settings/.FallbackHome} from uid 0 on display 0
07-24 11:42:10.452 1718 1718 I ActivityManager: Loaded persisted task ids for user 0
07-24 11:42:10.460 1718 1718 W ContextImpl: Calling a method in the system process without a qualified user: android.app.ContextImpl.bindService:1421 com.android.server.spcc.SPCCSystemService.bindToSPCCService:242 com.android.server.spcc.SPCCSystemService$BindServiceHandler.handleMessage:362 android.os.Handler.dispatchMessage:102 android.os.Looper.loop:154
07-24 11:42:10.466 1718 1718 W ActivityManager: Unable to start service Intent { cmp=com.sonimtech.spcc/com.sonimtech.spccservice.SPCCService } U=0: not found
07-24 11:42:10.466 1718 1718 W ContextImpl: Calling a method in the system process without a qualified user: android.app.ContextImpl.bindService:1421 com.android.server.spcc.SPCCSystemService.bindToCSMService:251 com.android.server.spcc.SPCCSystemService$BindServiceHandler.handleMessage:372 android.os.Handler.dispatchMessage:102 android.os.Looper.loop:154
07-24 11:42:10.466 1718 1718 W ActivityManager: Unable to start service Intent { cmp=com.sonimtech.spcc/com.sonimtech.spccservice.CSMService } U=0: not found
07-24 11:42:10.466 1718 1771 W LocationProviderProxy-network: Odd, no component found for service com.android.location.service.v3.NetworkLocationProvider
07-24 11:42:10.468 1718 1771 W LocationProviderProxy-fused: Odd, no component found for service com.android.location.service.FusedLocationProvider
07-24 11:42:10.468 1718 1771 W GeocoderProxy: Odd, no component found for service com.android.location.service.GeocodeProvider
07-24 11:42:10.469 1718 1771 W FusedProxy: Odd, no component found for service com.android.location.service.FusedProvider
07-24 11:42:10.469 1718 1771 W GeofenceProxy: Odd, no component found for service com.android.location.service.GeofenceProvider
07-24 11:42:10.469 1718 1771 W ActivityRecognitionProxy: Odd, no component found for service com.android.location.service.ActivityRecognitionProvider
07-24 11:42:10.483 1718 1718 D ConditionProviders.SCP: onConnected
07-24 11:42:10.501 1718 1718 D ConditionProviders: Subscribing to condition://android/schedule?days=1.2.3.4.5&start=22.0&end=7.0&exitAtAlarm=false with ComponentInfo{android/com.android.server.notification.ScheduleConditionProvider}
07-24 11:42:10.501 1718 1718 D ConditionProviders: Subscribing to condition://android/schedule?days=6.7&start=23.30&end=10.0&exitAtAlarm=false with ComponentInfo{android/com.android.server.notification.ScheduleConditionProvider}
07-24 11:42:10.501 1718 1718 D ConditionProviders: Subscribing to condition://android/event?userId=-10000&calendar=&reply=1 with ComponentInfo{android/com.android.server.notification.EventConditionProvider}
07-24 11:42:10.510 1718 1774 W WindowManager: Keyguard drawn timeout. Setting mKeyguardDrawComplete
07-24 11:42:10.591 1718 1747 D ConnectivityService: requestNetwork for uid/pid:1000/2350 NetworkRequest [ TRACK_DEFAULT id=7, [ Capabilities: INTERNET&NOT_RESTRICTED&TRUSTED&NOT_VPN] ]
07-24 11:42:10.591 1718 1807 D BluetoothManagerService: Message: 20
07-24 11:42:10.591 1718 1807 D BluetoothManagerService: Added callback: android.bluetooth.IBluetoothManagerCallback$Stub$Proxy@f5d7160:true
07-24 11:42:10.598 1718 1807 D BluetoothManagerService: Message: 30
07-24 11:42:10.602 1718 1807 D BluetoothManagerService: Message: 30
07-24 11:42:10.607 1718 1807 D BluetoothManagerService: Message: 30
07-24 11:42:10.611 1718 1718 D BluetoothManagerService: Trying to bind to profile: 1, while Bluetooth was disabled
07-24 11:42:10.611 1718 1807 D BluetoothManagerService: Message: 30
07-24 11:42:10.613 1718 1807 D BluetoothManagerService: Message: 30
07-24 11:42:10.615 1718 1807 D BluetoothManagerService: Message: 30
07-24 11:42:10.619 1718 1718 I Telecom : SystemStateProvider: Registering car mode receiver: android.content.IntentFilter@70bd47f: TS.init@AAA
07-24 11:42:10.631 1718 2404 I Telecom : Telecom: Non-call EVENT: AUDIO_ROUTE, Entering state QuiescentEarpieceRoute
07-24 11:42:10.640 1718 2406 I Telecom : CallAudioModeStateMachine: Message received: null.: TS.init->CAMSM.pM_1@AAA_0
07-24 11:42:10.646 1718 1718 I Telecom : ViceNotificationImpl: ViceNotificationImpl: TS.init@AAA
07-24 11:42:10.647 2060 2060 I StatusBar: isKeyguardShowing() called before startKeyguard(), returning true
07-24 11:42:10.649 2060 2060 W StatusBar: isKeyguardSecure() called before startKeyguard(), returning false
07-24 11:42:10.649 2060 2060 W StatusBar: java.lang.Throwable
07-24 11:42:10.649 2060 2060 W StatusBar: at com.android.systemui.statusbar.BaseStatusBar.isKeyguardSecure(BaseStatusBar.java:2647)
07-24 11:42:10.649 2060 2060 W StatusBar: at com.android.systemui.statusbar.BaseStatusBar.isCameraAllowedByAdmin(BaseStatusBar.java:2670)
07-24 11:42:10.649 2060 2060 W StatusBar: at com.android.systemui.statusbar.phone.KeyguardBottomAreaView.updateCameraVisibility(KeyguardBottomAreaView.java:315)
07-24 11:42:10.649 2060 2060 W StatusBar: at com.android.systemui.statusbar.phone.KeyguardBottomAreaView.setPhoneStatusBar(KeyguardBottomAreaView.java:278)
07-24 11:42:10.649 2060 2060 W StatusBar: at com.android.systemui.statusbar.phone.PhoneStatusBar.makeStatusBarView(PhoneStatusBar.java:956)
07-24 11:42:10.649 2060 2060 W StatusBar: at com.android.systemui.statusbar.phone.PhoneStatusBar.addStatusBarWindow(PhoneStatusBar.java:3516)
07-24 11:42:10.649 2060 2060 W StatusBar: at com.android.systemui.statusbar.phone.PhoneStatusBar.createAndAddWindows(PhoneStatusBar.java:3512)
07-24 11:42:10.649 2060 2060 W StatusBar: at com.android.systemui.statusbar.BaseStatusBar.start(BaseStatusBar.java:765)
07-24 11:42:10.649 2060 2060 W StatusBar: at com.android.systemui.statusbar.phone.PhoneStatusBar.start(PhoneStatusBar.java:707)
07-24 11:42:10.649 2060 2060 W StatusBar: at com.android.systemui.statusbar.SystemBars.createStatusBarFromConfig(SystemBars.java:106)
07-24 11:42:10.649 2060 2060 W StatusBar: at com.android.systemui.statusbar.SystemBars.onNoService(SystemBars.java:58)
07-24 11:42:10.649 2060 2060 W StatusBar: at com.android.systemui.statusbar.ServiceMonitor.startService(ServiceMonitor.java:230)
07-24 11:42:10.649 2060 2060 W StatusBar: at com.android.systemui.statusbar.ServiceMonitor.-wrap5(ServiceMonitor.java)
07-24 11:42:10.649 2060 2060 W StatusBar: at com.android.systemui.statusbar.ServiceMonitor$1.handleMessage(ServiceMonitor.java:73)
07-24 11:42:10.649 2060 2060 W StatusBar: at android.os.Handler.dispatchMessage(Handler.java:102)
07-24 11:42:10.649 2060 2060 W StatusBar: at android.os.Looper.loop(Looper.java:154)
07-24 11:42:10.649 2060 2060 W StatusBar: at android.app.ActivityThread.main(ActivityThread.java:6145)
07-24 11:42:10.649 2060 2060 W StatusBar: at java.lang.reflect.Method.invoke(Native Method)
07-24 11:42:10.649 2060 2060 W StatusBar: at com.android.internal.os.ZygoteInit$MethodAndArgsCaller.run(ZygoteInit.java:886)
07-24 11:42:10.649 2060 2060 W StatusBar: at com.android.internal.os.ZygoteInit.main(ZygoteInit.java:776)
07-24 11:42:10.650 1718 2409 E ActivityThread: Failed to find provider info for call_log
07-24 11:42:10.651 1718 1718 I Telecom : BluetoothPhoneService: Ignoring IBluetoothDsdaService class not found exception : TS.init@AAA
07-24 11:42:10.651 2060 2060 I StatusBar: isKeyguardShowing() called before startKeyguard(), returning true
07-24 11:42:10.652 2060 2060 W StatusBar: isKeyguardSecure() called before startKeyguard(), returning false
07-24 11:42:10.652 2060 2060 W StatusBar: java.lang.Throwable
07-24 11:42:10.652 2060 2060 W StatusBar: at com.android.systemui.statusbar.BaseStatusBar.isKeyguardSecure(BaseStatusBar.java:2647)
07-24 11:42:10.652 2060 2060 W StatusBar: at com.android.systemui.statusbar.BaseStatusBar.isCameraAllowedByAdmin(BaseStatusBar.java:2670)
07-24 11:42:10.652 2060 2060 W StatusBar: at com.android.systemui.statusbar.phone.KeyguardBottomAreaView.updateCameraVisibility(KeyguardBottomAreaView.java:315)
07-24 11:42:10.652 2060 2060 W StatusBar: at com.android.systemui.statusbar.phone.KeyguardBottomAreaView.setUserSetupComplete(KeyguardBottomAreaView.java:287)
07-24 11:42:10.652 2060 2060 W StatusBar: at com.android.systemui.statusbar.phone.PhoneStatusBar.makeStatusBarView(PhoneStatusBar.java:957)
07-24 11:42:10.652 2060 2060 W StatusBar: at com.android.systemui.statusbar.phone.PhoneStatusBar.addStatusBarWindow(PhoneStatusBar.java:3516)
07-24 11:42:10.652 2060 2060 W StatusBar: at com.android.systemui.statusbar.phone.PhoneStatusBar.createAndAddWindows(PhoneStatusBar.java:3512)
07-24 11:42:10.652 2060 2060 W StatusBar: at com.android.systemui.statusbar.BaseStatusBar.start(BaseStatusBar.java:765)
07-24 11:42:10.652 2060 2060 W StatusBar: at com.android.systemui.statusbar.phone.PhoneStatusBar.start(PhoneStatusBar.java:707)
07-24 11:42:10.652 2060 2060 W StatusBar: at com.android.systemui.statusbar.SystemBars.createStatusBarFromConfig(SystemBars.java:106)
07-24 11:42:10.652 2060 2060 W StatusBar: at com.android.systemui.statusbar.SystemBars.onNoService(SystemBars.java:58)
07-24 11:42:10.652 2060 2060 W StatusBar: at com.android.systemui.statusbar.ServiceMonitor.startService(ServiceMonitor.java:230)
07-24 11:42:10.652 2060 2060 W StatusBar: at com.android.systemui.statusbar.ServiceMonitor.-wrap5(ServiceMonitor.java)
07-24 11:42:10.652 2060 2060 W StatusBar: at com.android.systemui.statusbar.ServiceMonitor$1.handleMessage(ServiceMonitor.java:73)
07-24 11:42:10.652 2060 2060 W StatusBar: at android.os.Handler.dispatchMessage(Handler.java:102)
07-24 11:42:10.652 2060 2060 W StatusBar: at android.os.Looper.loop(Looper.java:154)
07-24 11:42:10.652 2060 2060 W StatusBar: at android.app.ActivityThread.main(ActivityThread.java:6145)
07-24 11:42:10.652 2060 2060 W StatusBar: at java.lang.reflect.Method.invoke(Native Method)
07-24 11:42:10.652 2060 2060 W StatusBar: at com.android.internal.os.ZygoteInit$MethodAndArgsCaller.run(ZygoteInit.java:886)
07-24 11:42:10.652 2060 2060 W StatusBar: at com.android.internal.os.ZygoteInit.main(ZygoteInit.java:776)
07-24 11:42:10.658 1718 1718 I Telecom : Class: TelecomSystem.INSTANCE being set
07-24 11:42:10.659 1718 1718 W ContextImpl: Calling a method in the system process without a qualified user: android.app.ContextImpl.startService:1357 android.content.ContextWrapper.startService:613 com.android.server.telecom.components.TelecomService.initializeTelecomSystem:186 com.android.server.telecom.components.TelecomService.onBind:63 android.app.ActivityThread.handleBindService:3222
07-24 11:42:10.662 1718 1718 W ContextImpl: Calling a method in the system process without a qualified user: android.app.ContextImpl.startService:1357 com.android.server.content.SyncManager$13.run:658 android.os.Handler.handleCallback:751 android.os.Handler.dispatchMessage:95 android.os.Looper.loop:154
07-24 11:42:10.680 1718 1778 E KernelUidCpuTimeReader: Failed to read uid_cputime: /proc/uid_cputime/show_uid_stat (No such file or directory)
07-24 11:42:10.698 1718 1718 E WiredAccessoryManager: bootCompleted: switchValues=0
07-24 11:42:10.698 1718 1718 V WiredAccessoryManager: notifyWiredAccessoryChanged: when=0 bits= mask=4054
07-24 11:42:10.698 1718 1718 V WiredAccessoryManager: newName=h2w newState=0 headsetState=0 prev headsetState=0
07-24 11:42:10.698 1718 1718 E WiredAccessoryManager: notifyWiredAccessoryChanged: mSwitchValues=0mask=16468
07-24 11:42:10.698 1718 1718 E WiredAccessoryManager: notifyWiredAccessoryChanged: 2PttHeadsetMode=removal
07-24 11:42:10.698 1718 1718 V WiredAccessoryManager: init()
07-24 11:42:10.703 1718 1778 E KernelUidCpuTimeReader: Failed to read uid_cputime: /proc/uid_cputime/show_uid_stat (No such file or directory)
07-24 11:42:10.717 1718 1718 D AccessibilityManagerService: Ignoring non-encryption-aware service ComponentInfo{com.aetherpal.attdh.sonim/com.aetherpal.core.accessibility.ScreenLayoutService}
07-24 11:42:10.718 1718 1718 D AccessibilityManagerService: Ignoring non-encryption-aware service ComponentInfo{com.aetherpal.sonim/com.aetherpal.core.accessibility.ScreenLayoutService}
07-24 11:42:10.728 2060 2060 I StatusBar: isKeyguardShowing() called before startKeyguard(), returning true
07-24 11:42:10.729 2060 2418 E ActivityThread: Failed to find provider info for com.android.contacts
07-24 11:42:10.729 2060 2060 W StatusBar: isKeyguardSecure() called before startKeyguard(), returning false
07-24 11:42:10.729 2060 2060 W StatusBar: java.lang.Throwable
07-24 11:42:10.729 2060 2060 W StatusBar: at com.android.systemui.statusbar.BaseStatusBar.isKeyguardSecure(BaseStatusBar.java:2647)
07-24 11:42:10.729 2060 2060 W StatusBar: at com.android.systemui.statusbar.BaseStatusBar.isCameraAllowedByAdmin(BaseStatusBar.java:2670)
07-24 11:42:10.729 2060 2060 W StatusBar: at com.android.systemui.statusbar.phone.KeyguardBottomAreaView.updateCameraVisibility(KeyguardBottomAreaView.java:315)
07-24 11:42:10.729 2060 2060 W StatusBar: at com.android.systemui.statusbar.phone.KeyguardBottomAreaView.setUserSetupComplete(KeyguardBottomAreaView.java:287)
07-24 11:42:10.729 2060 2060 W StatusBar: at com.android.systemui.statusbar.phone.PhoneStatusBar$1.onChange(PhoneStatusBar.java:455)
07-24 11:42:10.729 2060 2060 W StatusBar: at com.android.systemui.statusbar.phone.PhoneStatusBar.resetUserSetupObserver(PhoneStatusBar.java:3760)
07-24 11:42:10.729 2060 2060 W StatusBar: at com.android.systemui.statusbar.phone.PhoneStatusBar.makeStatusBarView(PhoneStatusBar.java:1062)
07-24 11:42:10.729 2060 2060 W StatusBar: at com.android.systemui.statusbar.phone.PhoneStatusBar.addStatusBarWindow(PhoneStatusBar.java:3516)
07-24 11:42:10.729 2060 2060 W StatusBar: at com.android.systemui.statusbar.phone.PhoneStatusBar.createAndAddWindows(PhoneStatusBar.java:3512)
07-24 11:42:10.729 2060 2060 W StatusBar: at com.android.systemui.statusbar.BaseStatusBar.start(BaseStatusBar.java:765)
07-24 11:42:10.729 2060 2060 W StatusBar: at com.android.systemui.statusbar.phone.PhoneStatusBar.start(PhoneStatusBar.java:707)
07-24 11:42:10.729 2060 2060 W StatusBar: at com.android.systemui.statusbar.SystemBars.createStatusBarFromConfig(SystemBars.java:106)
07-24 11:42:10.729 2060 2060 W StatusBar: at com.android.systemui.statusbar.SystemBars.onNoService(SystemBars.java:58)
07-24 11:42:10.729 2060 2060 W StatusBar: at com.android.systemui.statusbar.ServiceMonitor.startService(ServiceMonitor.java:230)
07-24 11:42:10.729 2060 2060 W StatusBar: at com.android.systemui.statusbar.ServiceMonitor.-wrap5(ServiceMonitor.java)
07-24 11:42:10.729 2060 2060 W StatusBar: at com.android.systemui.statusbar.ServiceMonitor$1.handleMessage(ServiceMonitor.java:73)
07-24 11:42:10.729 2060 2060 W StatusBar: at android.os.Handler.dispatchMessage(Handler.java:102)
07-24 11:42:10.729 2060 2060 W StatusBar: at android.os.Looper.loop(Looper.java:154)
07-24 11:42:10.729 2060 2060 W StatusBar: at android.app.ActivityThread.main(ActivityThread.java:6145)
07-24 11:42:10.729 2060 2060 W StatusBar: at java.lang.reflect.Method.invoke(Native Method)
07-24 11:42:10.729 2060 2060 W StatusBar: at com.android.internal.os.ZygoteInit$MethodAndArgsCaller.run(ZygoteInit.java:886)
07-24 11:42:10.729 2060 2060 W StatusBar: at com.android.internal.os.ZygoteInit.main(ZygoteInit.java:776)
07-24 11:42:10.759 1718 1718 D ConditionProviders.SCP: onSubscribe condition://android/schedule?days=1.2.3.4.5&start=22.0&end=7.0&exitAtAlarm=false
07-24 11:42:10.759 1718 1718 D ConditionProviders.SCP: setRegistered true
07-24 11:42:10.760 1718 1718 D ConditionProviders.SCP: notifyCondition condition://android/schedule?days=1.2.3.4.5&start=22.0&end=7.0&exitAtAlarm=false STATE_FALSE reason=!meetsSchedule
07-24 11:42:10.763 1718 1718 D ConditionProviders.SCP: Scheduling evaluate for Tue Jul 24 22:00:00 EDT 2018 (1532484000000), in +10h17m49s241ms, now=Tue Jul 24 11:42:10 EDT 2018 (1532446930759)
07-24 11:42:10.763 1718 1718 D ConditionProviders.SCP: onSubscribe condition://android/schedule?days=6.7&start=23.30&end=10.0&exitAtAlarm=false
07-24 11:42:10.764 1718 1718 D ConditionProviders.SCP: notifyCondition condition://android/schedule?days=6.7&start=23.30&end=10.0&exitAtAlarm=false STATE_FALSE reason=!meetsSchedule
07-24 11:42:10.764 1718 1718 D ConditionProviders.SCP: notifyCondition condition://android/schedule?days=1.2.3.4.5&start=22.0&end=7.0&exitAtAlarm=false STATE_FALSE reason=!meetsSchedule
07-24 11:42:10.765 1718 1718 D ConditionProviders.SCP: Scheduling evaluate for Tue Jul 24 22:00:00 EDT 2018 (1532484000000), in +10h17m49s236ms, now=Tue Jul 24 11:42:10 EDT 2018 (1532446930764)
07-24 11:42:10.767 1718 1718 I Telecom : WiredHeadsetManager: ACTION_HEADSET_PLUG event, plugged in: false, : WHC.oADA@AAE
07-24 11:42:10.774 1718 2016 E ActivityThread: Failed to find provider info for com.android.calendar
07-24 11:42:10.775 1718 2016 E ActivityThread: Failed to find provider info for com.android.calendar
07-24 11:42:10.775 1718 1718 I ActivityManager: user 0 is still locked. Cannot load recents
07-24 11:42:10.778 1718 1771 I SyncManager: Got SyncJobService instance.
07-24 11:42:10.791 1718 2284 I ActivityManager: Setting hasTopUi=true for pid=2060
07-24 11:42:10.811 1718 1772 I ActivityManager: Start proc 2437:com.android.cellbroadcastreceiver/u0a5 for broadcast com.android.cellbroadcastreceiver/.CellBroadcastReceiver
07-24 11:42:10.834 2060 2060 V KeyguardDisplayManager: show
07-24 11:42:10.884 1718 1890 I ActivityManager: Start proc 2453:com.qualcomm.qcrilmsgtunnel/1001 for service com.qualcomm.qcrilmsgtunnel/.QcrilMsgTunnelService
07-24 11:42:11.000 1718 2010 D ConnectivityService: Got NetworkFactory Messenger for PhoneSwitcherNetworkRequstListener
07-24 11:42:11.008 1718 2010 D ConnectivityService: Got NetworkFactory Messenger for TelephonyNetworkFactory[0]
07-24 11:42:11.008 1718 2010 D ConnectivityService: Got NetworkFactory Messenger for TelephonyNetworkFactory[1]
07-24 11:42:11.031 2364 2482 E ActivityThread: Failed to find provider info for com.android.contacts
07-24 11:42:11.066 1718 1807 D BluetoothManagerService: Message: 20
07-24 11:42:11.066 1718 1807 D BluetoothManagerService: Added callback: android.bluetooth.IBluetoothManagerCallback$Stub$Proxy@db076e6:true
07-24 11:42:11.068 1718 1807 D BluetoothManagerService: Message: 30
07-24 11:42:11.068 1718 1890 D BluetoothManagerService: Trying to bind to profile: 1, while Bluetooth was disabled
07-24 11:42:11.137 1718 1718 D WifiService: APN type - default, state - DISCONNECTED
07-24 11:42:11.146 1718 1718 D WifiService: APN type - mms, state - DISCONNECTED
07-24 11:42:11.149 1718 2002 D WifiService: New client listening to asynchronous messages
07-24 11:42:11.151 1718 1718 D WifiService: APN type - cbs, state - DISCONNECTED
07-24 11:42:11.156 1718 1718 D WifiService: APN type - fota, state - DISCONNECTED
07-24 11:42:11.166 1718 1718 D WifiService: APN type - supl, state - DISCONNECTED
07-24 11:42:11.169 1718 1718 D WifiService: APN type - emergency, state - DISCONNECTED
07-24 11:42:11.172 1718 1718 D WifiService: APN type - dun, state - DISCONNECTED
07-24 11:42:11.176 1718 1718 D WifiService: APN type - hipri, state - DISCONNECTED
07-24 11:42:11.185 1718 1718 D WifiService: APN type - ims, state - DISCONNECTED
07-24 11:42:11.191 1718 1718 D WifiService: APN type - default, state - DISCONNECTED
07-24 11:42:11.195 1718 1718 D WifiService: APN type - mms, state - DISCONNECTED
07-24 11:42:11.200 1718 1718 D WifiService: APN type - cbs, state - DISCONNECTED
07-24 11:42:11.204 1718 1718 D WifiService: APN type - fota, state - DISCONNECTED
07-24 11:42:11.207 1718 1718 D WifiService: APN type - supl, state - DISCONNECTED
07-24 11:42:11.211 1718 1718 D WifiService: APN type - emergency, state - DISCONNECTED
07-24 11:42:11.213 1718 1718 D WifiService: APN type - dun, state - DISCONNECTED
07-24 11:42:11.216 1718 1718 D WifiService: APN type - hipri, state - DISCONNECTED
07-24 11:42:11.222 1718 1718 D WifiService: APN type - ims, state - DISCONNECTED
07-24 11:42:11.228 1718 1718 D WifiService: APN type - default, state - DISCONNECTED
07-24 11:42:11.231 1718 1718 D WifiService: APN type - mms, state - DISCONNECTED
07-24 11:42:11.235 1718 1718 D WifiService: APN type - cbs, state - DISCONNECTED
07-24 11:42:11.238 1718 1718 D WifiService: APN type - fota, state - DISCONNECTED
07-24 11:42:11.242 1718 1718 D WifiService: APN type - supl, state - DISCONNECTED
07-24 11:42:11.243 1718 1890 I ActivityManager: user 0 is still locked. Cannot load recents
07-24 11:42:11.245 1718 1718 D WifiService: APN type - emergency, state - DISCONNECTED
07-24 11:42:11.249 1718 1718 D WifiService: APN type - dun, state - DISCONNECTED
07-24 11:42:11.252 1718 1718 D WifiService: APN type - hipri, state - DISCONNECTED
07-24 11:42:11.255 1718 1718 D WifiService: APN type - ims, state - DISCONNECTED
07-24 11:42:11.259 1718 1718 D WifiService: APN type - default, state - DISCONNECTED
07-24 11:42:11.264 1718 1718 D WifiService: APN type - mms, state - DISCONNECTED
07-24 11:42:11.268 1718 1718 D WifiService: APN type - cbs, state - DISCONNECTED
07-24 11:42:11.272 1718 1718 D WifiService: APN type - fota, state - DISCONNECTED
07-24 11:42:11.278 1718 1718 D WifiService: APN type - supl, state - DISCONNECTED
07-24 11:42:11.283 1718 1718 D WifiService: APN type - emergency, state - DISCONNECTED
07-24 11:42:11.285 1718 1718 D WifiService: APN type - dun, state - DISCONNECTED
07-24 11:42:11.288 1718 1718 D WifiService: APN type - hipri, state - DISCONNECTED
07-24 11:42:11.290 1718 1718 D WifiService: APN type - ims, state - DISCONNECTED
07-24 11:42:11.313 1718 1748 I ActivityManager: Start proc 2520:org.codeaurora.ims/1001 for broadcast org.codeaurora.ims/.ImsServiceAutoboot
07-24 11:42:11.317 1718 1718 D WifiService: APN type - default, state - DISCONNECTED
07-24 11:42:11.324 1718 1718 D WifiService: APN type - mms, state - DISCONNECTED
07-24 11:42:11.328 1718 1718 D WifiService: APN type - cbs, state - DISCONNECTED
07-24 11:42:11.333 1718 1718 D WifiService: APN type - fota, state - DISCONNECTED
07-24 11:42:11.337 1718 1718 D WifiService: APN type - supl, state - DISCONNECTED
07-24 11:42:11.340 1718 1718 D WifiService: APN type - emergency, state - DISCONNECTED
07-24 11:42:11.344 1718 1718 D WifiService: APN type - dun, state - DISCONNECTED
07-24 11:42:11.349 1718 1718 D WifiService: APN type - hipri, state - DISCONNECTED
07-24 11:42:11.353 1718 1718 D WifiService: APN type - ims, state - DISCONNECTED
07-24 11:42:11.358 1718 1718 D WifiService: APN type - default, state - DISCONNECTED
07-24 11:42:11.367 1718 1718 D WifiService: APN type - mms, state - DISCONNECTED
07-24 11:42:11.372 1718 1718 D WifiService: APN type - cbs, state - DISCONNECTED
07-24 11:42:11.377 1718 1718 D WifiService: APN type - fota, state - DISCONNECTED
07-24 11:42:11.382 1718 1718 D WifiService: APN type - supl, state - DISCONNECTED
07-24 11:42:11.397 1718 1718 D WifiService: APN type - emergency, state - DISCONNECTED
07-24 11:42:11.402 1718 1718 D WifiService: APN type - dun, state - DISCONNECTED
07-24 11:42:11.408 1718 1718 D WifiService: APN type - hipri, state - DISCONNECTED
07-24 11:42:11.413 1718 1718 D WifiService: APN type - ims, state - DISCONNECTED
07-24 11:42:11.425 1718 1718 D WifiService: APN type - default, state - DISCONNECTED
07-24 11:42:11.434 1718 1718 D WifiService: APN type - mms, state - DISCONNECTED
07-24 11:42:11.440 1718 1718 D WifiService: APN type - cbs, state - DISCONNECTED
07-24 11:42:11.447 1718 1718 D WifiService: APN type - fota, state - DISCONNECTED
07-24 11:42:11.450 1718 1718 D WifiService: APN type - supl, state - DISCONNECTED
07-24 11:42:11.453 1718 1718 D WifiService: APN type - emergency, state - DISCONNECTED
07-24 11:42:11.456 1718 1718 D WifiService: APN type - dun, state - DISCONNECTED
07-24 11:42:11.460 1718 1718 D WifiService: APN type - hipri, state - DISCONNECTED
07-24 11:42:11.463 1718 1718 D WifiService: APN type - ims, state - DISCONNECTED
07-24 11:42:11.468 1718 1718 D WifiService: APN type - default, state - DISCONNECTED
07-24 11:42:11.471 1718 1718 D WifiService: APN type - mms, state - DISCONNECTED
07-24 11:42:11.475 1718 1718 D WifiService: APN type - cbs, state - DISCONNECTED
07-24 11:42:11.477 1718 1718 D WifiService: APN type - fota, state - DISCONNECTED
07-24 11:42:11.480 1718 1718 D WifiService: APN type - supl, state - DISCONNECTED
07-24 11:42:11.483 1718 1718 D WifiService: APN type - emergency, state - DISCONNECTED
07-24 11:42:11.486 1718 1718 D WifiService: APN type - dun, state - DISCONNECTED
07-24 11:42:11.488 1718 1718 D WifiService: APN type - hipri, state - DISCONNECTED
07-24 11:42:11.490 1718 1718 D WifiService: APN type - ims, state - DISCONNECTED
07-24 11:42:11.535 1718 1808 I SystemServiceManager: Starting phase 1000
07-24 11:42:11.551 1718 1808 I ActivityManager: Start proc 2541:com.google.android.ext.services/u0a19 for on-hold
07-24 11:42:11.560 1718 1808 D ActivityManager: Finishing user boot 0
07-24 11:42:11.562 1718 1808 D CryptdConnector: SND -> {5 cryptfs prepare_user_storage ! 0 0 2}
07-24 11:42:11.562 561 575 D vold : e4crypt_prepare_user_storage for volume null, user 0, serial 0, flags 2
07-24 11:42:11.562 561 575 D vold : Preparing: /data/system_ce/0
07-24 11:42:11.563 561 575 D vold : Preparing: /data/misc_ce/0
07-24 11:42:11.563 561 575 D vold : Preparing: /data/media/0
07-24 11:42:11.563 561 575 D vold : Preparing: /data/data
07-24 11:42:11.563 1718 1996 D CryptdConnector: RCV <- {200 5 Command succeeded}
07-24 11:42:11.564 1718 1808 V UserManagerService: Found /data/user/0 with serial number 0
07-24 11:42:11.564 1718 1808 V UserManagerService: Found /data/system_ce/0 with serial number 0
07-24 11:42:11.564 1718 1808 V PackageManager: reconcileAppsData for null u0 0x2
07-24 11:42:12.069 1718 1808 V PackageManager: reconcileAppsData finished 214 packages
07-24 11:42:12.070 1718 1772 D BluetoothManagerService: User 0 unlocked
07-24 11:42:12.070 1718 1772 D MountService: onUnlockUser 0
07-24 11:42:12.071 1718 1772 D VoldConnector: SND -> {6 volume user_started 0}
07-24 11:42:12.071 1718 1807 D BluetoothManagerService: Message: 301
07-24 11:42:12.071 1718 1807 D BluetoothManagerService: MESSAGE_USER_UNLOCKED
07-24 11:42:12.076 561 574 D vold : Linking /storage/emulated/0 to /mnt/user/0/primary
07-24 11:42:12.077 1718 1995 D VoldConnector: RCV <- {200 6 Command succeeded}
07-24 11:42:12.078 1718 1994 D MountService: Volume emulated broadcasting mounted to UserHandle{0}
07-24 11:42:12.141 1718 1718 I ActivityManager: Start proc 2613:com.google.android.apps.photos/u0a117 for service com.google.android.apps.photos/.dbprocessor.impl.DatabaseProcessorJobService
07-24 11:42:12.157 1718 1718 I ActivityManager: Start proc 2625:com.google.android.apps.tachyon/u0a67 for service com.google.android.apps.tachyon/.jobs.NativeJobSchedulerJobService
07-24 11:42:12.177 1718 1718 I ActivityManager: Start proc 2639:com.google.android.googlequicksearchbox:search/u0a53 for service com.google.android.googlequicksearchbox/com.google.android.apps.gsa.tasks.BackgroundTasksJobService
07-24 11:42:12.183 1718 2010 D ConnectivityService: Got NetworkFactory Messenger for WIFI
07-24 11:42:12.183 1718 2010 D ConnectivityService: Got NetworkFactory Messenger for WIFI_UT
07-24 11:42:12.194 1718 1718 I ActivityManager: Start proc 2652:com.google.android.marvin.talkback/u0a114 for broadcast com.google.android.marvin.talkback/com.google.android.accessibility.talkback.BootReceiver
07-24 11:42:12.266 1718 2518 I Telecom : PhoneAccountRegistrar: [ComponentInfo{com.android.phone/com.android.services.telephony.TelephonyConnectionService}, [e0184adedf913b076626646d3f52c3b49c39ad6d], UserHandle{0}(icon: Icon(typ=BITMAP size=57x72) -> Icon(typ=BITMAP size=57x72))]: TSI.rPA@AAg
07-24 11:42:12.271 1718 2518 I Telecom : : Sending phone-account registered intent as user: TSI.rPA@AAg
07-24 11:42:12.308 1718 1748 I Telecom : PhoneAccountRegistrar: [ComponentInfo{com.android.phone/com.android.services.telephony.TelephonyConnectionService}, [e0184adedf913b076626646d3f52c3b49c39ad6d], UserHandle{0}(icon: Icon(typ=BITMAP size=57x72) -> Icon(typ=BITMAP size=57x72))]: TSI.rPA@AAs
07-24 11:42:12.311 1718 1748 I Telecom : : Sending phone-account registered intent as user: TSI.rPA@AAs
07-24 11:42:12.399 1718 1748 I ActivityManager: Start proc 2670:com.google.process.gapps/u0a20 for content provider com.google.android.gsf/.gservices.GservicesProvider
07-24 11:42:12.413 1718 1747 I ActivityManager: Start proc 2683:com.google.android.gms.persistent/u0a20 for service com.google.android.gms/.clearcut.service.ClearcutLoggerService
07-24 11:42:12.440 1718 2285 I ActivityManager: Start proc 2693:com.google.android.deskclock/u0a65 for broadcast com.google.android.deskclock/com.android.deskclock.AlarmInitReceiver
07-24 11:42:12.466 1718 1772 V BackupManagerService: Starting with transport com.google.android.gms/.backup.BackupTransportService
07-24 11:42:12.466 1718 1772 V BackupManagerService: Found transports: 2
07-24 11:42:12.470 1718 1808 W WindowManager: App freeze timeout expired.
07-24 11:42:12.473 1718 2285 I Telecom : PhoneAccountRegistrar: [ComponentInfo{com.android.phone/com.android.services.telephony.TelephonyConnectionService}, [e0184adedf913b076626646d3f52c3b49c39ad6d], UserHandle{0}(icon: Icon(typ=BITMAP size=57x72) -> Icon(typ=BITMAP size=57x72))]: TSI.rPA@ABI
07-24 11:42:12.476 1718 1772 I BackupManagerService: Backup enabled => true
07-24 11:42:12.476 1718 2285 I Telecom : : Sending phone-account registered intent as user: TSI.rPA@ABI
07-24 11:42:12.477 1718 1718 V BackupManagerService: Connected to transport ComponentInfo{android/com.android.internal.backup.LocalTransportService}
07-24 11:42:12.477 1718 1718 V BackupManagerService: Registering transport android/com.android.internal.backup.LocalTransportService::android/com.android.internal.backup.LocalTransport = android.app.backup.BackupTransport$TransportImpl@6701cc1
07-24 11:42:12.494 1718 2518 I Telecom : PhoneAccountRegistrar: [ComponentInfo{com.android.phone/com.android.services.telephony.TelephonyConnectionService}, [e0184adedf913b076626646d3f52c3b49c39ad6d], UserHandle{0}(icon: Icon(typ=BITMAP size=57x72) -> Icon(typ=BITMAP size=57x72))]: TSI.rPA@ABM
07-24 11:42:12.496 1718 2518 I Telecom : : Sending phone-account registered intent as user: TSI.rPA@ABM
07-24 11:42:12.525 1718 2518 I Telecom : PhoneAccountRegistrar: [ComponentInfo{com.android.phone/com.android.services.telephony.TelephonyConnectionService}, [e0184adedf913b076626646d3f52c3b49c39ad6d], UserHandle{0}(icon: Icon(typ=BITMAP size=57x72) -> Icon(typ=BITMAP size=57x72))]: TSI.rPA@ABY
07-24 11:42:12.528 1718 2518 I Telecom : : Sending phone-account registered intent as user: TSI.rPA@ABY
07-24 11:42:12.595 1718 2690 I Telecom : PhoneAccountRegistrar: [ComponentInfo{com.android.phone/com.android.services.telephony.TelephonyConnectionService}, [e0184adedf913b076626646d3f52c3b49c39ad6d], UserHandle{0}(icon: Icon(typ=BITMAP size=57x72) -> Icon(typ=BITMAP size=57x72))]: TSI.rPA@ABk
07-24 11:42:12.598 1718 2690 I Telecom : : Sending phone-account registered intent as user: TSI.rPA@ABk
07-24 11:42:12.636 2364 2364 D MccTable: updateMccMncConfiguration mccmnc='' fromServiceState=false
07-24 11:42:12.636 1718 2611 V KeyValueBackupJob: Scheduling k/v pass in 240 minutes
07-24 11:42:12.683 1718 2690 I Telecom : PhoneAccountRegistrar: [ComponentInfo{com.android.phone/com.android.services.telephony.TelephonyConnectionService}, [e0184adedf913b076626646d3f52c3b49c39ad6d], UserHandle{0}(icon: Icon(typ=BITMAP size=57x72) -> Icon(typ=BITMAP size=57x72))]: TSI.rPA@ABo
07-24 11:42:12.685 1718 2690 I Telecom : : Sending phone-account registered intent as user: TSI.rPA@ABo
07-24 11:42:12.876 1718 1747 I Telecom : PhoneAccountRegistrar: [ComponentInfo{com.android.phone/com.android.services.telephony.TelephonyConnectionService}, [e0184adedf913b076626646d3f52c3b49c39ad6d], UserHandle{0}(icon: Icon(typ=BITMAP size=57x72) -> Icon(typ=BITMAP size=57x72))]: TSI.rPA@AB0
07-24 11:42:12.884 1718 1747 I Telecom : : Sending phone-account registered intent as user: TSI.rPA@AB0
07-24 11:42:12.889 1718 1772 I ActivityManager: Start proc 2751:com.google.android.googlequicksearchbox:interactor/u0a53 for service com.google.android.googlequicksearchbox/com.google.android.voiceinteraction.GsaVoiceInteractionService
07-24 11:42:12.892 1718 1772 I ActivityManager: Loading recents for user 0 into memory.
07-24 11:42:12.928 1718 1772 I ActivityManager: Start proc 2765:com.android.nfc/1027 for added application com.android.nfc
07-24 11:42:12.936 1718 1747 I Telecom : PhoneAccountRegistrar: [ComponentInfo{com.android.phone/com.android.services.telephony.TelephonyConnectionService}, [e0184adedf913b076626646d3f52c3b49c39ad6d], UserHandle{0}(icon: Icon(typ=BITMAP size=57x72) -> Icon(typ=BITMAP size=57x72))]: TSI.rPA@ACA
07-24 11:42:12.938 1718 1747 I Telecom : : Sending phone-account registered intent as user: TSI.rPA@ACA
07-24 11:42:12.950 1718 1772 I ActivityManager: Start proc 2778:com.android.ims.rcsservice/1001 for added application com.android.ims.rcsservice
07-24 11:42:12.968 1718 1772 I ActivityManager: Start proc 2791:com.qualcomm.qti.loadcarrier/1001 for added application com.qualcomm.qti.loadcarrier
07-24 11:42:12.980 1718 1772 I ActivityManager: Start proc 2806:com.quicinc.wbcserviceapp/1000 for added application com.quicinc.wbcserviceapp
07-24 11:42:12.993 1718 1772 I ActivityManager: Start proc 2815:com.thundersoft.zdm/1000 for added application com.thundersoft.zdm
07-24 11:42:13.008 1718 1772 I ActivityManager: Start proc 2837:com.oma.drm.server/u0a91 for added application com.oma.drm.server
07-24 11:42:13.020 1718 1772 I ActivityManager: Start proc 2849:com.qualcomm.qti.services.secureui:sui_service/1000 for added application com.qualcomm.qti.services.secureui:sui_service
07-24 11:42:13.033 1718 2611 I BackupManagerService: Found stale backup journal, scheduling
07-24 11:42:13.050 1718 1772 D ActivityManager: Sending BOOT_COMPLETE user #0
07-24 11:42:13.069 1718 1718 I Telecom : ViceNotificationImpl: mImsIntentReceiver: action com.android.ims.IMS_SERVICE_UP
07-24 11:42:13.073 1718 1747 I Telecom : PhoneAccountRegistrar: [ComponentInfo{com.android.phone/com.android.services.telephony.TelephonyConnectionService}, [e0184adedf913b076626646d3f52c3b49c39ad6d], UserHandle{0}(icon: Icon(typ=BITMAP size=57x72) -> Icon(typ=BITMAP size=57x72))]: TSI.rPA@ACM
07-24 11:42:13.081 1718 1747 I Telecom : : Sending phone-account registered intent as user: TSI.rPA@ACM
07-24 11:42:13.126 1718 1771 I ActivityManager: Start proc 2873:com.android.printspooler/u0a97 for service com.android.printspooler/.model.PrintSpoolerService
07-24 11:42:13.154 1718 2413 I ActivityManager: Start proc 2893:com.android.keychain/1000 for service com.android.keychain/.KeyChainService
07-24 11:42:13.178 1718 2284 I ActivityManager: Start proc 2903:com.android.smspush/u0a105 for service com.android.smspush/.WapPushManager
07-24 11:42:13.182 1718 2690 I ActivityManager: START u0 {act=android.intent.action.MAIN cat=[android.intent.category.HOME] flg=0x10000100 cmp=com.android.launcher3/.Launcher} from uid 0 on display 0
07-24 11:42:13.205 1718 2748 I ActivityManager: Start proc 2930:com.android.launcher3/u0a26 for activity com.android.launcher3/.Launcher
07-24 11:42:13.227 1718 2518 D CryptdConnector: SND -> {6 cryptfs getpwtype}
07-24 11:42:13.227 561 575 D VoldCryptCmdListener: cryptfs getpwtype
07-24 11:42:13.228 1718 1996 D CryptdConnector: RCV <- {213 6 default}
07-24 11:42:13.231 1718 1807 D BluetoothManagerService: Message: 20
07-24 11:42:13.231 1718 1807 D BluetoothManagerService: Added callback: android.bluetooth.IBluetoothManagerCallback$Stub$Proxy@c3803b1:true
07-24 11:42:13.232 1718 2749 I Telecom : PhoneAccountRegistrar: [ComponentInfo{com.android.phone/com.android.services.telephony.TelephonyConnectionService}, [e0184adedf913b076626646d3f52c3b49c39ad6d], UserHandle{0}(icon: Icon(typ=BITMAP size=57x72) -> Icon(typ=BITMAP size=57x72))]: TSI.rPA@ACc
07-24 11:42:13.234 1718 2749 I Telecom : : Sending phone-account registered intent as user: TSI.rPA@ACc
07-24 11:42:13.370 1718 1807 D BluetoothManagerService: Message: 20
07-24 11:42:13.371 1718 1807 D BluetoothManagerService: Added callback: android.bluetooth.IBluetoothManagerCallback$Stub$Proxy@ed8c88a:true
07-24 11:42:13.420 1718 1718 I ActivityManager: Start proc 2980:com.qualcomm.location.XT/1000 for service com.qualcomm.location.XT/.XTSrv
07-24 11:42:13.477 1718 2835 I ActivityManager: Start proc 3010:com.google.android.gms/u0a20 for service com.google.android.gms/.chimera.GmsBoundBrokerService
07-24 11:42:13.494 1718 1890 I ActivityManager: Start proc 3025:com.google.android.partnersetup/u0a25 for content provider com.google.android.partnersetup/.RlzAppProvider
07-24 11:42:13.529 1718 1718 W ContextImpl: Calling a method in the system process without a qualified user: android.app.ContextImpl.bindService:1421 com.android.server.spcc.SPCCSystemService.bindToSPCCService:242 com.android.server.spcc.SPCCSystemService$BindServiceHandler.handleMessage:362 android.os.Handler.dispatchMessage:102 android.os.Looper.loop:154
07-24 11:42:13.547 1718 1718 I ActivityManager: Start proc 3049:com.sonimtech.spcc/1000 for service com.sonimtech.spcc/com.sonimtech.spccservice.SPCCService
07-24 11:42:13.548 1718 1718 W ContextImpl: Calling a method in the system process without a qualified user: android.app.ContextImpl.bindService:1421 com.android.server.spcc.SPCCSystemService.bindToCSMService:251 com.android.server.spcc.SPCCSystemService$BindServiceHandler.handleMessage:372 android.os.Handler.dispatchMessage:102 android.os.Looper.loop:154
07-24 11:42:13.683 2751 2751 W KeyphraseEnrollmentInfo: No Enrollment application supports the given keyphrase/locale
07-24 11:42:13.698 1718 2797 I ActivityManager: Start proc 3083:com.qti.launcherunreadservice/1000 for service com.qti.launcherunreadservice/.LauncherUnreadService
07-24 11:42:13.725 1718 2835 I ActivityManager: Start proc 3095:com.google.android.inputmethod.latin:train/u0a86 for service com.google.android.inputmethod.latin/com.google.android.apps.inputmethod.libs.dvrnn.trainingservice.DvrnnTrainingRpcService
07-24 11:42:13.734 1718 1772 W ActivityManager: Activity pause timeout for ActivityRecord{f3ed4b u0 com.android.launcher3/.Launcher t51}
07-24 11:42:13.805 1718 1718 W ContextImpl: Calling a method in the system process without a qualified user: android.app.ContextImpl.sendBroadcast:877 com.android.server.spcc.SPCCSystemService.broadcastConnectionState:224 com.android.server.spcc.SPCCSystemService.-wrap0:-1 com.android.server.spcc.SPCCSystemService$1.onServiceConnected:156 android.app.LoadedApk$ServiceDispatcher.doConnected:1453
07-24 11:42:13.815 1718 1718 W ContextImpl: Calling a method in the system process without a qualified user: android.app.ContextImpl.sendBroadcast:877 com.android.server.spcc.SPCCSystemService.broadcastConnectionState:224 com.android.server.spcc.SPCCSystemService.-wrap0:-1 com.android.server.spcc.SPCCSystemService$2.onServiceConnected:197 android.app.LoadedApk$ServiceDispatcher.doConnected:1453
07-24 11:42:13.861 1718 2518 I ActivityManager: Start proc 3125:android.process.acore/u0a0 for content provider com.android.providers.contacts/.CallLogProvider
07-24 11:42:14.077 3083 3101 E ActivityThread: Failed to find provider info for com.android.email.provider
07-24 11:42:14.103 1718 1718 V BackupManagerService: Connected to transport ComponentInfo{com.google.android.gms/com.google.android.gms.backup.BackupTransportService}
07-24 11:42:14.104 1718 1718 V BackupManagerService: Registering transport com.google.android.gms/.backup.BackupTransportService::com.google.android.gms/.backup.BackupTransportService = com.android.internal.backup.IBackupTransport$Stub$Proxy@5f09dfb
07-24 11:42:14.419 1718 2795 I ActivityManager: Start proc 3217:com.sonim.torch/u0a18 for broadcast com.sonim.torch/.BootBroadcastReceiver
07-24 11:42:14.518 1718 2902 I ActivityManager: Start proc 3248:android.process.media/u0a12 for broadcast com.android.providers.downloads/.DownloadReceiver
07-24 11:42:14.733 1718 1807 D BluetoothManagerService: Message: 20
07-24 11:42:14.733 1718 1807 D BluetoothManagerService: Added callback: android.bluetooth.IBluetoothManagerCallback$Stub$Proxy@7452ef2:true
07-24 11:42:14.837 1718 2826 I ActivityManager: Start proc 3293:com.android.mms/u0a32 for broadcast com.android.mms/.transaction.MmsSystemEventReceiver
07-24 11:42:14.957 1718 2795 D CountryDetector: The first listener is added
07-24 11:42:15.028 1718 2928 W ActivityManager: Unable to start service Intent { cmp=com.suntek.mway.rcs.app.service/.impl.ServiceApiBinder } U=0: not found
07-24 11:42:15.031 1718 2835 W ActivityManager: Unable to start service Intent { cmp=com.suntek.mway.rcs.app.service/.impl.plugin.PluginApiBinder } U=0: not found
07-24 11:42:15.092 1718 2836 I ActivityManager: Start proc 3331:com.android.vending/u0a51 for broadcast com.android.vending/com.google.android.finsky.simhandler.SimStateReceiver
07-24 11:42:15.944 1718 2836 I ActivityManager: Start proc 3415:com.qualcomm.telephony/1000 for broadcast com.qualcomm.simcontacts/.SimStateReceiver
07-24 11:42:16.010 3415 3415 W ContextImpl: Calling a method in the system process without a qualified user: android.app.ContextImpl.startService:1357 android.content.ContextWrapper.startService:613 android.content.ContextWrapper.startService:613 com.qualcomm.simcontacts.SimStateReceiver.sendSimState:83 com.qualcomm.simcontacts.SimStateReceiver.onReceive:53
07-24 11:42:16.031 1718 2748 I ActivityManager: Start proc 3441:com.sonimtech.warrantyregapp.xp8/1000 for broadcast com.sonimtech.warrantyregapp.xp8/com.sonimtech.warrantyregapp.SimStateChangeReceive
07-24 11:42:16.162 1718 2797 I ActivityManager: Start proc 3468:org.simalliance.openmobileapi.service/1000 for broadcast org.simalliance.openmobileapi.service/.SmartcardServiceBootCompletedBroadcastReceiver
07-24 11:42:16.323 3415 3415 W ContextImpl: Calling a method in the system process without a qualified user: android.app.ContextImpl.startService:1357 android.content.ContextWrapper.startService:613 android.content.ContextWrapper.startService:613 com.qualcomm.simcontacts.SimStateReceiver.sendSimState:83 com.qualcomm.simcontacts.SimStateReceiver.onReceive:53
07-24 11:42:16.391 1718 2797 I ActivityManager: Start proc 3485:com.google.android.gms.unstable/u0a20 for service com.google.android.gms/.droidguard.DroidGuardService
07-24 11:42:16.585 1718 1890 I ActivityManager: Start proc 3502:com.aetherpal.attdh.sonim/u0a23 for broadcast com.aetherpal.attdh.sonim/com.aetherpal.smartcare.events.BootReceiver
07-24 11:42:16.842 1718 1747 I ActivityManager: Start proc 3534:com.aetherpal.sonim/u0a30 for broadcast com.aetherpal.sonim/com.aetherpal.device.events.SonimBootReceiver
07-24 11:42:17.000 2849 2849 W ContextImpl: Calling a method in the system process without a qualified user: android.app.ContextImpl.startService:1357 android.content.ContextWrapper.startService:613 android.content.ContextWrapper.startService:613 com.qualcomm.qti.services.secureui.BootReceiver.onReceive:30 android.app.ActivityThread.handleReceiver:3044
07-24 11:42:17.021 1718 3563 I BootReceiver: Copying audit failures to DropBox
07-24 11:42:17.021 1718 3563 I BootReceiver: Checking for fsck errors
07-24 11:42:17.027 2350 2350 W ContextImpl: Calling a method in the system process without a qualified user: android.app.ContextImpl.startService:1357 android.content.ContextWrapper.startService:613 android.content.ContextWrapper.startService:613 com.qualcomm.qti.tetherservice.TetherReceiver.onReceive:32 android.app.ActivityThread.handleReceiver:3044
07-24 11:42:17.040 1718 2836 I ActivityManager: Start proc 3569:net.aetherpal.device/u0a35 for broadcast net.aetherpal.device/com.aetherpal.android.receivers.ApBootReceiver
07-24 11:42:17.108 1718 1772 W BroadcastQueue: Permission Denial: broadcasting Intent { act=android.net.conn.TETHER_STATE_CHANGED flg=0x24000010 (has extras) } from null (pid=-1, uid=-1) requires android.permission.CONNECTIVITY_INTERNAL due to registered receiver BroadcastFilter{997c7f9 u0 ReceiverList{adc1ec0 2350 .dataservices/1000/u0 remote:e4a0843}}
07-24 11:42:17.137 1718 2749 I ActivityManager: Start proc 3604:com.qualcomm.display/1000 for broadcast com.qualcomm.cabl/.CABLReceiver
07-24 11:42:17.180 3604 3604 W ContextImpl: Calling a method in the system process without a qualified user: android.app.ContextImpl.startService:1357 android.content.ContextWrapper.startService:613 android.content.ContextWrapper.startService:613 com.qualcomm.cabl.CABLReceiver.onReceive:33 android.app.ActivityThread.handleReceiver:3044
07-24 11:42:17.264 3604 3604 W ContextImpl: Calling a method in the system process without a qualified user: android.app.ContextImpl.startService:1357 android.content.ContextWrapper.startService:613 android.content.ContextWrapper.startService:613 com.qualcomm.svi.SVIReceiver.onReceive:33 android.app.ActivityThread.handleReceiver:3044
07-24 11:42:17.288 1718 2836 I ActivityManager: Start proc 3626:com.android.dialer/u0a11 for broadcast com.android.dialer/.calllog.CallLogReceiver
07-24 11:42:17.549 1718 1747 I ActivityManager: Start proc 3682:com.android.carrierconfig/u0a4 for service com.android.carrierconfig/.DefaultCarrierConfigService
07-24 11:42:17.570 1718 2927 I ActivityManager: Start proc 3696:com.qualcomm.qti.qs/1000 for broadcast com.qualcomm.qti.qs/.QSBroadcastReceiver
07-24 11:42:17.621 1718 2795 I ActivityManager: Start proc 3716:com.android.vending:instant_app_installer/u0a51 for service com.android.vending/com.google.android.finsky.instantapps.statussync.StatusSyncService
07-24 11:42:17.626 3696 3696 W ContextImpl: Calling a method in the system process without a qualified user: android.app.ContextImpl.startService:1357 android.content.ContextWrapper.startService:613 android.content.ContextWrapper.startService:613 com.qualcomm.qti.qs.QSBroadcastReceiver.onReceive:22 android.app.ActivityThread.handleReceiver:3044
07-24 11:42:17.634 1718 1890 I BroadcastQueue: Delay finish: com.qualcomm.qti.qs/.QSBroadcastReceiver
07-24 11:42:17.654 1718 2285 I BroadcastQueue: Resuming delayed broadcast
07-24 11:42:17.661 1718 1718 I Telecom : PhoneAccountRegistrar: SimCallManager queried, returning: null: TSI.gSCMFU@ADQ
07-24 11:42:17.671 1718 2285 I ActivityManager: Start proc 3735:com.android.managedprovisioning/u0a27 for broadcast com.android.managedprovisioning/.BootReminder
07-24 11:42:17.681 1718 1718 I Telecom : PhoneAccountRegistrar: SimCallManager queried, returning: null: TSI.gSCMFU@ADU
