07-24 13:11:25.477 20284 20284 I WCNSS_FILTER: get_vs_hci_event: Download Packet successfully!
07-24 13:11:25.477 20284 20284 I WCNSS_FILTER: hci_send_vs_cmd: Received HCI-Vendor Specific Event from SOC
07-24 13:11:25.477 20284 20284 I WCNSS_FILTER: tlv_dnld_segment: Successfully downloaded patch segment: 17
07-24 13:11:25.477 20284 20284 I WCNSS_FILTER: tlv_dnld_segment: Downloading TLV Patch segment no.18, size:243
07-24 13:11:25.477 20284 20284 D WCNSS_FILTER: frame_hci_cmd_pkt: Sending EDL_PATCH_TLV_REQ_CMD
07-24 13:11:25.477 20284 20284 D WCNSS_FILTER: HCI-CMD 18: 0x1 0x0 0xfc 0xf5 0x1e 0xf3
07-24 13:11:25.479 20284 20284 I WCNSS_FILTER: get_vs_hci_event: Received HCI-Vendor Specific event
07-24 13:11:25.479 20284 20284 I WCNSS_FILTER: get_vs_hci_event: Parameter Length: 0x3
07-24 13:11:25.479 20284 20284 I WCNSS_FILTER: get_vs_hci_event: Command response: 0x0
07-24 13:11:25.479 20284 20284 I WCNSS_FILTER: get_vs_hci_event: Response type : 0x4
07-24 13:11:25.479 20284 20284 I WCNSS_FILTER: get_vs_hci_event: Command Request Response
07-24 13:11:25.479 20284 20284 I WCNSS_FILTER: get_vs_hci_event: Download Packet successfully!
07-24 13:11:25.479 20284 20284 I WCNSS_FILTER: hci_send_vs_cmd: Received HCI-Vendor Specific Event from SOC
07-24 13:11:25.479 20284 20284 I WCNSS_FILTER: tlv_dnld_segment: Successfully downloaded patch segment: 18
07-24 13:11:25.479 20284 20284 I WCNSS_FILTER: tlv_dnld_segment: Downloading TLV Patch segment no.19, size:4
07-24 13:11:25.479 20284 20284 D WCNSS_FILTER: frame_hci_cmd_pkt: Sending EDL_PATCH_TLV_REQ_CMD
07-24 13:11:25.479 20284 20284 D WCNSS_FILTER: HCI-CMD 19: 0x1 0x0 0xfc 0x6 0x1e 0x4
07-24 13:11:25.480 20284 20284 I WCNSS_FILTER: get_vs_hci_event: Received HCI-Vendor Specific event
07-24 13:11:25.480 20284 20284 I WCNSS_FILTER: get_vs_hci_event: Parameter Length: 0x3
07-24 13:11:25.480 20284 20284 I WCNSS_FILTER: get_vs_hci_event: Command response: 0x0
07-24 13:11:25.480 20284 20284 I WCNSS_FILTER: get_vs_hci_event: Response type : 0x4
07-24 13:11:25.480 20284 20284 I WCNSS_FILTER: get_vs_hci_event: Command Request Response
07-24 13:11:25.480 20284 20284 I WCNSS_FILTER: get_vs_hci_event: Download Packet successfully!
07-24 13:11:25.480 20284 20284 I WCNSS_FILTER: hci_send_vs_cmd: Received HCI-Vendor Specific Event from SOC
07-24 13:11:25.480 20284 20284 I WCNSS_FILTER: tlv_dnld_segment: Successfully downloaded patch segment: 19
07-24 13:11:25.480 20284 20284 I WCNSS_FILTER: soc_init: Download TLV file successfully
07-24 13:11:25.480 20284 20284 D WCNSS_FILTER: frame_hci_cmd_pkt: Sending EDL_GET_BUILD_INFO
07-24 13:11:25.480 20284 20284 D WCNSS_FILTER: HCI-CMD -1: 0x1 0x0 0xfc 0x1 0x20
07-24 13:11:25.481 20284 20284 I WCNSS_FILTER: get_vs_hci_event: Received HCI-Vendor Specific event
07-24 13:11:25.481 20284 20284 I WCNSS_FILTER: get_vs_hci_event: Parameter Length: 0x26
07-24 13:11:25.481 20284 20284 I WCNSS_FILTER: get_vs_hci_event: Command response: 0x0
07-24 13:11:25.481 20284 20284 I WCNSS_FILTER: get_vs_hci_event: Response type : 0x5
07-24 13:11:25.481 20284 20284 I WCNSS_FILTER: get_vs_hci_event: Command Request Response
07-24 13:11:25.481 20284 20284 I WCNSS_FILTER: BT SoC FW SU Build info: BTFM.CHE.2.1.1.c2-00084-QCACHROMZ-1, 35
07-24 13:11:25.481 20284 20284 I WCNSS_FILTER: hci_send_vs_cmd: Received HCI-Vendor Specific Event from SOC
07-24 13:11:25.481 20284 20284 D WCNSS_FILTER: addon_feature_req: Sending HCI_VS_GET_ADDON_FEATURES_SUPPORT
07-24 13:11:25.481 20284 20284 D WCNSS_FILTER: HCI-CMD: 0x1 0x1d 0xfc 0x0
07-24 13:11:25.482 20284 20284 I WCNSS_FILTER: get_vs_hci_event: Received HCI-Vendor Specific event
07-24 13:11:25.482 20284 20284 I WCNSS_FILTER: get_vs_hci_event: Parameter Length: 0x3
07-24 13:11:25.482 20284 20284 I WCNSS_FILTER: get_vs_hci_event: Command response: 0x1b
07-24 13:11:25.482 20284 20284 I WCNSS_FILTER: get_vs_hci_event: Response type : 0x1
07-24 13:11:25.482 20284 20284 D WCNSS_FILTER: get_vs_hci_event: WiPower feature supported!!
07-24 13:11:25.487 20284 20284 I WCNSS_FILTER: hci_send_vs_cmd: Received HCI-Vendor Specific Event from SOC
07-24 13:11:25.487 20284 20284 I WCNSS_FILTER: enable_controller_log: 0
07-24 13:11:25.488 20284 20284 I WCNSS_FILTER: get_vs_hci_event: Received HCI-Vendor Specific event
07-24 13:11:25.488 20284 20284 I WCNSS_FILTER: get_vs_hci_event: Parameter Length: 0x1
07-24 13:11:25.488 20284 20284 I WCNSS_FILTER: get_vs_hci_event: Command response: 0x0
07-24 13:11:25.488 20284 20284 I WCNSS_FILTER: get_vs_hci_event: Response type : 0x0
07-24 13:11:25.488 20284 20284 I WCNSS_FILTER: get_vs_hci_event: Command Request Response
07-24 13:11:25.488 20284 20284 I WCNSS_FILTER: get_vs_hci_event: Download Packet successfully!
07-24 13:11:25.488 20284 20284 I WCNSS_FILTER: hci_send_vs_cmd: Received HCI-Vendor Specific Event from SOC
07-24 13:11:25.488 20284 20284 I WCNSS_FILTER: hci_reset: HCI RESET
07-24 13:11:25.495 20284 20284 I WCNSS_FILTER: HCI Reset is done
07-24 13:11:25.496 20284 20284 D WCNSS_FILTER: userial clock off
07-24 13:11:25.496 20284 20284 D WCNSS_FILTER: wcnss_release_wakelock
07-24 13:11:25.496 20284 20284 D WCNSS_FILTER: wcnss_ibs_init
07-24 13:11:25.496 20284 20284 D WCNSS_FILTER: wcnss_ibs_init: tty_fd = 6
07-24 13:11:25.496 20284 20284 I WCNSS_FILTER: main: waiting on wait_for_server_socks_ready
07-24 13:11:25.497 20284 20284 I WCNSS_FILTER: wait_for_server_socks_ready: All listening sockets are UP now
07-24 13:11:25.497 20284 20284 I WCNSS_FILTER: main: UNBLOCKED wait_for_server_socks_ready
07-24 13:11:25.536 20284 20284 I WCNSS_FILTER: ibs_recv_ibs_cmd: Received IBS_SLEEP_IND: 0xFE
07-24 13:11:25.584 20225 20280 I bt_vendor: start_hci_filter: hci_filter has been started already
07-24 13:11:25.585 20225 20280 I bt_vendor: op: connect to bt channel
07-24 13:11:25.585 20225 20280 E bt_vendor: connect_to_local_socket: ACCEPT
07-24 13:11:25.585 20225 20280 E bt_vendor: connect_to_local_socket: Connection succeeded
07-24 13:11:25.586 20225 20280 I bt_vendor: Bluetooth FW and transport layer are initialized
07-24 13:11:25.586 20225 20280 I bt_vendor: firmware callback
07-24 13:11:25.586 20225 20280 I bt_hci : firmware_config_callback
07-24 13:11:25.586 20225 20258 I bt_core_module: module_start_up Started module "hci_module"
07-24 13:11:25.586 20225 20322 W bt_osi_thread: run_thread: thread id 20322, thread name bt_workqueue started
07-24 13:11:25.586 20225 20322 I bt_btu : btu_task pending for preload complete event
07-24 13:11:25.587 20225 20322 I bt_btu_task: Bluetooth chip preload is complete
07-24 13:11:25.587 20225 20322 I bt_btu : btu_task received preload complete event
07-24 13:11:25.587 20225 20322 W bt_l2cap: L2CAP - L2CA_Register() called for PSM: 0x0001
07-24 13:11:25.587 20225 20322 W bt_l2cap: L2CAP - L2CA_Register() called for PSM: 0x001f
07-24 13:11:25.587 20225 20322 W bt_l2cap: L2CAP - L2CA_Register() called for PSM: 0x0003
07-24 13:11:25.587 20225 20322 I bt_core_module: module_init Initializing module "bte_logmsg_module"
07-24 13:11:25.587 20225 20322 I bt_bte : BTE_InitTraceLevels -- TRC_HCI
07-24 13:11:25.587 20225 20322 I bt_bte : BTE_InitTraceLevels -- TRC_L2CAP
07-24 13:11:25.587 20225 20322 I bt_bte : BTE_InitTraceLevels -- TRC_RFCOMM
07-24 13:11:25.587 20225 20322 I bt_bte : BTE_InitTraceLevels -- TRC_AVDT
07-24 13:11:25.587 20225 20322 I bt_bte : BTE_InitTraceLevels -- TRC_AVRC
07-24 13:11:25.587 20225 20322 I bt_bte : BTE_InitTraceLevels -- TRC_A2D
07-24 13:11:25.587 20225 20322 I bt_bte : BTE_InitTraceLevels -- TRC_BNEP
07-24 13:11:25.587 20225 20322 I bt_bte : BTE_InitTraceLevels -- TRC_BTM
07-24 13:11:25.587 20225 20322 I bt_bte : BTE_InitTraceLevels -- TRC_GAP
07-24 13:11:25.587 20225 20322 I bt_bte : BTE_InitTraceLevels -- TRC_PAN
07-24 13:11:25.587 20225 20322 I bt_bte : BTE_InitTraceLevels -- TRC_SDP
07-24 13:11:25.587 20225 20322 I bt_bte : BTE_InitTraceLevels -- TRC_GATT
07-24 13:11:25.587 20225 20322 I bt_bte : BTE_InitTraceLevels -- TRC_SMP
07-24 13:11:25.587 20225 20322 I bt_bte : BTE_InitTraceLevels -- TRC_LATENCY_AUDIO
07-24 13:11:25.587 20225 20322 I bt_bte : BTE_InitTraceLevels -- TRC_BTAPP
07-24 13:11:25.587 20225 20322 I bt_bte : BTE_InitTraceLevels -- TRC_BTIF
07-24 13:11:25.587 20225 20322 I bt_core_module: module_init Initialized module "bte_logmsg_module"
07-24 13:11:25.588 20225 20323 W bt_osi_thread: run_thread: thread id 20323, thread name module_wrapper started
07-24 13:11:25.588 20225 20323 I bt_core_module: module_start_up Starting module "controller_module"
07-24 13:11:25.589 20284 20319 I WCNSS_FILTER: ibs_msm_serial_clock_vote: vote UART CLK ON using UART driver's ioctl()
07-24 13:11:25.589 20284 20319 D WCNSS_FILTER: wcnss_acquire_wakelock
07-24 13:11:25.589 20284 20319 I WCNSS_FILTER: ibs_bt_device_wakeup: Writing IBS_WAKE_IND
07-24 13:11:25.589 20284 20319 I WCNSS_FILTER: do_write: IBS write: fd
07-24 13:11:25.589 20284 20284 I WCNSS_FILTER: ibs_recv_ibs_cmd: Received IBS_WAKE_ACK: 0xFC
07-24 13:11:25.606 20284 20284 I WCNSS_FILTER: ibs_recv_ibs_cmd: Received IBS_WAKE_IND: 0xFD
07-24 13:11:25.606 20284 20284 I WCNSS_FILTER: ibs_recv_ibs_cmd: Writing IBS_WAKE_ACK
07-24 13:11:25.606 20284 20284 I WCNSS_FILTER: do_write: IBS write: fc
07-24 13:11:25.622 20225 20323 I bt_core_module: module_start_up Started module "controller_module"
07-24 13:11:25.622 20225 20323 W bt_osi_thread: run_thread: thread id 20323, thread name module_wrapper exited
07-24 13:11:25.623 20225 20322 I bt_btm_sec: BTM_SecRegister p_cb_info->p_le_callback == 0x0xf0bc7d0d
07-24 13:11:25.623 20225 20322 I bt_btm_sec: BTM_SecRegister btm_cb.api.p_le_callback = 0x0xf0bc7d0d
07-24 13:11:25.623 20225 20322 D bt_osi_wakelock: wakelock_initialize_native opening wake locks
07-24 13:11:25.630 20225 20322 E bt_btm : btm_ble_multi_adv_init: max adv instances: 16
07-24 13:11:25.630 20225 20264 D BluetoothAdapterProperties: BT_PROPERTY_LOCAL_LE_FEATURES: update from BT controller mNumOfAdvertisementInstancesSupported = 16 mRpaOffloadSupported = true mNumOfOffloadedIrkSupported = 32 mNumOfOffloadedScanFilterSupported = 16 mOffloadedScanResultStorageBytes= 10240 mIsActivityAndEnergyReporting = true mVersSupported = 96 mTotNumOfTrackableAdv = 32 mIsExtendedScanSupported = true mIsDebugLogSupported = false
07-24 13:11:25.632 20225 20264 I bt_btif_storage: btif_storage_get_adapter_property service_mask:0x20000000
07-24 13:11:25.633 20225 20264 D BluetoothAdapterProperties: Address is:00:24:A3:79:2A:7B
07-24 13:11:25.635 1718 1718 D BluetoothManagerService: Bluetooth Adapter name changed to XP8800
07-24 13:11:25.635 1718 1718 D BluetoothManagerService: Stored Bluetooth name: XP8800
07-24 13:11:25.637 20225 20264 D BluetoothAdapterProperties: Name is: XP8800
07-24 13:11:25.640 20225 20264 D BluetoothAdapterProperties: Scan Mode:20
07-24 13:11:25.640 20225 20264 D BluetoothAdapterProperties: Discoverable Timeout:120
07-24 13:11:25.640 20225 20264 E bt_utils: Can't copy it from Base file /etc/bluetooth/iot_devlist.conf
07-24 13:11:25.640 20225 20264 D bt_hci : do_postload posting postload work item
07-24 13:11:25.640 20225 20280 I bt_hci : event_postload
07-24 13:11:25.640 20225 20280 I bt_vendor: sco_config_cb
07-24 13:11:25.640 20225 20280 I bt_hci : sco_config_callback postload finished.
07-24 13:11:25.640 20225 20280 I bt_vendor: op: property_get: persist.service.bdroid.lpmcfg: all
07-24 13:11:25.640 20225 20280 I bt_vendor: low_power_mode_cb
07-24 13:11:25.641 20225 20327 W bt_osi_thread: run_thread: thread id 20327, thread name btif_sock started
07-24 13:11:25.642 20225 20264 D bt_bte_conf: Device ID record 1 : primary
07-24 13:11:25.642 20225 20264 D bt_bte_conf: vendorId = 001d
07-24 13:11:25.642 20225 20264 D bt_bte_conf: vendorIdSource = 0001
07-24 13:11:25.642 20225 20264 D bt_bte_conf: product = 1200
07-24 13:11:25.642 20225 20264 D bt_bte_conf: version = 1436
07-24 13:11:25.642 20225 20264 D bt_bte_conf: clientExecutableURL =
07-24 13:11:25.642 20225 20264 D bt_bte_conf: serviceDescription =
07-24 13:11:25.642 20225 20264 D bt_bte_conf: documentationURL =
07-24 13:11:25.642 20225 20264 D bt_bte_conf: bte_load_did_conf no section named DID2.
07-24 13:11:25.642 20225 20258 I bt_stack_manager: event_start_up_stack finished
07-24 13:11:25.642 20225 20256 D BluetoothAdapterState: Current state: PENDING_COMMAND, message: 3
07-24 13:11:25.642 20225 20256 D BluetoothAdapterProperties: Setting state to 15
07-24 13:11:25.642 20225 20256 I BluetoothAdapterState: Bluetooth adapter state changed: 14-> 15
07-24 13:11:25.642 20225 20256 D BluetoothAdapterService: updateAdapterState() - Broadcasting state to 1 receivers.
07-24 13:11:25.643 1718 1807 D BluetoothManagerService: Message: 60
07-24 13:11:25.643 20225 20256 I BluetoothAdapterState: Entering BleOnState
07-24 13:11:25.643 1718 1807 D BluetoothManagerService: MESSAGE_BLUETOOTH_STATE_CHANGE: prevState = 14, newState =15
07-24 13:11:25.643 1718 1807 D BluetoothManagerService: bluetoothStateChangeHandler: 14 -> 15
07-24 13:11:25.643 1718 1807 D BluetoothManagerService: Bluetooth is in LE only mode
07-24 13:11:25.643 1718 1807 D BluetoothManagerService: Binding Bluetooth GATT service
07-24 13:11:25.644 1718 1807 D BluetoothManagerService: BLE State Change Intent: 14 -> 15
07-24 13:11:25.647 1718 1718 D BluetoothManagerService: BluetoothServiceConnection: com.android.bluetooth.gatt.GattService
07-24 13:11:25.647 1718 1807 D BluetoothManagerService: Message: 40
07-24 13:11:25.647 1718 1807 D BluetoothManagerService: MESSAGE_BLUETOOTH_SERVICE_CONNECTED: 2
07-24 13:11:25.647 1718 1807 D BluetoothManagerService: BluetoothGatt Service is Up
07-24 13:11:25.648 20225 20225 W Settings: Setting airplane_mode_on has moved from android.provider.Settings.System to android.provider.Settings.Global, returning read-only value.
07-24 13:11:25.648 20225 20225 D BTEventHandler-A4WP: no pad detected
07-24 13:11:25.658 13336 13336 I BeaconBle: Resetting - new scanner available: true
07-24 13:11:25.664 2338 2338 D wpa_supplicant: wlan0: Control interface command 'SCAN TYPE=ONLY'
07-24 13:11:25.664 13336 13336 I BeaconBle: 'L' hardware scan: scan stopped, no clients
07-24 13:11:25.664 2338 2338 D wpa_supplicant: wlan0: Setting scan request: 0.000000 sec
07-24 13:11:25.664 2338 2338 D wpa_supplicant: CTRL-DEBUG: global_ctrl_sock-sendto: sock=8 sndbuf=212992 outq=0 send_len=3
07-24 13:11:25.664 2338 2338 D wpa_supplicant: wlan0: Starting AP scan for wildcard SSID
07-24 13:11:25.664 2338 2338 D wpa_supplicant: wlan0: Add radio work 'scan'@0x7fa202e360
07-24 13:11:25.664 2338 2338 D wpa_supplicant: wlan0: First radio work item in the queue - schedule start immediately
07-24 13:11:25.664 2338 2338 D wpa_supplicant: wlan0: Starting radio work 'scan'@0x7fa202e360 after 0.000029 second wait
07-24 13:11:25.664 2338 2338 D wpa_supplicant: wlan0: nl80211: vendor scan request
07-24 13:11:25.664 2338 2338 D wpa_supplicant: nl80211: Scan SSID - hexdump(len=0): [NULL]
07-24 13:11:25.664 2338 2338 D wpa_supplicant: nl80211: Scan extra IEs - hexdump(len=18): 7f 06 00 00 0a 82 01 40 6b 01 0f dd 05 50 6f 9a 10 10
07-24 13:11:25.665 2338 2338 D wpa_supplicant: nl80211: Vendor scan requested (ret=0) - scan timeout 30 seconds, scan cookie:0xffffffce8eb46800
07-24 13:11:25.665 2338 2338 D wpa_supplicant: nl80211: Event message available
07-24 13:11:25.665 2338 2338 D wpa_supplicant: nl80211: Drv Event 103 (NL80211_CMD_VENDOR) received for wlan0
07-24 13:11:25.665 2338 2338 D wpa_supplicant: nl80211: Vendor event: wiphy=0 vendor_id=0x1374 subcmd=106
07-24 13:11:25.665 2338 2338 D wpa_supplicant: nl80211: Vendor data - hexdump(len=12): 0c 00 07 00 00 68 b4 8e ce ff ff ff
07-24 13:11:25.665 1718 2334 I chatty : uid=1000(system) Thread-5 expire 1 line
07-24 13:11:25.666 13336 13336 D BluetoothAdapter: STATE_BLE_ON
07-24 13:11:25.666 1718 2898 D BluetoothManagerService: Unregistered for death Notification
07-24 13:11:25.666 1718 2898 D BluetoothManagerService: Updated BleAppCount0
07-24 13:11:25.668 1718 2898 D BluetoothManagerService: Reseting the mEnable flag for clean disable
07-24 13:11:25.668 20225 20256 D BluetoothAdapterState: Current state: BLE ON, message: 20
07-24 13:11:25.668 20225 20256 D BluetoothAdapterProperties: Setting state to 16
07-24 13:11:25.668 20225 20256 I BluetoothAdapterState: Bluetooth adapter state changed: 15-> 16
07-24 13:11:25.669 20225 20256 D BluetoothAdapterService: updateAdapterState() - Broadcasting state to 1 receivers.
07-24 13:11:25.669 1718 1807 D BluetoothManagerService: Message: 60
07-24 13:11:25.669 1718 1807 D BluetoothManagerService: MESSAGE_BLUETOOTH_STATE_CHANGE: prevState = 15, newState =16
07-24 13:11:25.669 1718 1807 D BluetoothManagerService: bluetoothStateChangeHandler: 15 -> 16
07-24 13:11:25.669 1718 1807 D BluetoothManagerService: BLE State Change Intent: 15 -> 16
07-24 13:11:25.669 20225 20256 D BluetoothAdapterProperties: onBleDisable
07-24 13:11:25.670 20225 20256 I BluetoothAdapterState: Entering PendingCommandState
07-24 13:11:25.670 20225 20258 I bt_stack_manager: event_shut_down_stack is bringing down the stack
07-24 13:11:25.670 20225 20327 W bt_osi_thread: run_thread: thread id 20327, thread name btif_sock exited
07-24 13:11:25.671 20225 20322 W bt_btif : bta_dm_disable BTA_DISABLE_DELAY set to 200 ms
07-24 13:11:25.671 20225 20258 I bt_core_module: module_shut_down Shutting down module "btif_config_module"
07-24 13:11:25.673 20225 20264 D BluetoothAdapterProperties: Scan Mode:20
07-24 13:11:25.674 20225 20225 W Settings: Setting airplane_mode_on has moved from android.provider.Settings.System to android.provider.Settings.Global, returning read-only value.
07-24 13:11:25.674 20225 20225 D BTEventHandler-A4WP: no pad detected
07-24 13:11:25.675 2338 2338 D wpa_supplicant: wlan0: Event SCAN_STARTED (47) received
07-24 13:11:25.675 2338 2338 D wpa_supplicant: wlan0: Own scan request started a scan in 0.010533 seconds
07-24 13:11:25.675 2338 2338 D wpa_supplicant: CTRL-DEBUG: ctrl_sock-sendmsg: sock=8 sndbuf=212992 outq=0 send_len=24
07-24 13:11:25.675 2338 2338 D wpa_supplicant: CTRL_IFACE monitor sent successfully to /data/misc/wifi/sockets/wpa_ctrl_882-12\x00
07-24 13:11:25.675 2338 2338 D wpa_supplicant: CTRL-DEBUG: ctrl_sock-sendmsg: sock=8 sndbuf=212992 outq=768 send_len=24
07-24 13:11:25.676 2338 2338 D wpa_supplicant: CTRL_IFACE monitor sent successfully to /data/misc/wifi/sockets/wpa_ctrl_1718-2\x00
07-24 13:11:25.684 20225 20258 I bt_core_module: module_shut_down Shutdown of module "btif_config_module" completed
07-24 13:11:25.688 20225 20322 W bt_l2cap: L2CAP - holding ACL for unknown handle:3804 ls:0 cid:1 opcode:10 cur count:0
07-24 13:11:25.738 20284 20284 I WCNSS_FILTER: ibs_recv_ibs_cmd: Received IBS_SLEEP_IND: 0xFE
07-24 13:11:25.871 20225 20264 I bt_core_module: module_shut_down Shutting down module "hci_module"
07-24 13:11:25.871 20225 20280 I bt_vendor: op: property_get: persist.service.bdroid.lpmcfg: all
07-24 13:11:25.871 20225 20280 I bt_vendor: low_power_mode_cb
07-24 13:11:25.871 20225 20264 I bt_hci : shut_down
07-24 13:11:25.871 20225 20280 I bt_vendor: bt-vendor : is_soc_initialized
07-24 13:11:25.871 20225 20280 I bt_vendor: wc_transport.soc_initialized set to 0
07-24 13:11:25.871 20225 20280 I bt_vendor: epilog_cb
07-24 13:11:25.871 20225 20280 I bt_hci : epilog_finished_callback
07-24 13:11:25.871 20225 20280 W bt_osi_thread: run_thread: thread id 20280, thread name hci_thread exited
07-24 13:11:25.871 20225 20264 I bt_hci_h4: hal_close
07-24 13:11:25.871 20225 20264 I bt_vendor: bt-vendor : BT_VND_OP_USERIAL_CLOSE soc_type: 3
07-24 13:11:25.872 20225 20264 I bt_vendor: device fd = 0 close
07-24 13:11:25.872 20225 20264 I bt_vendor: bt-vendor : BT_VND_OP_POWER_CTRL: Off
07-24 13:11:25.872 20225 20264 I bt_vendor: bt_powerup: 0
07-24 13:11:25.872 20225 20264 E bt_vendor: can_perform_action: BT turn off twice before BT On(ref_count=0)
07-24 13:11:25.872 20284 20319 E WCNSS_FILTER: handle_command_writes: This indicates the close of other end
07-24 13:11:25.872 20284 20319 I WCNSS_FILTER: bt_thread: Bluetooth turned off
07-24 13:11:25.872 20284 20319 E WCNSS_FILTER: wcnss_filter client is terminated
07-24 13:11:25.872 20284 20319 E WCNSS_FILTER: clean Value = 1
07-24 13:11:25.872 20284 20319 E WCNSS_FILTER: only one userial client left
07-24 13:11:25.872 20284 20319 D WCNSS_FILTER: handle_cleanup
07-24 13:11:25.873 20225 20264 E bt_vendor: open(/sys/class/rfkill/rfkill-1/device/extldo) failed: No such file or directory (2)
07-24 13:11:25.873 20225 20264 E bt_vendor: Stopping HCI filter as part of CTRL:OFF
07-24 13:11:25.873 20225 20264 E bt_vendor: connect_to_local_socket: ACCEPT
07-24 13:11:25.873 20225 20264 E bt_vendor: connect_to_local_socket: Connection succeeded
07-24 13:11:25.873 20284 20290 D WCNSS_FILTER: cleanup_and_suicide
07-24 13:11:25.873 20284 20319 D WCNSS_FILTER: wcnss_acquire_wakelock
07-24 13:11:25.873 20284 20319 I WCNSS_FILTER: cherokee_pre_shutdown_vs_cmd
07-24 13:11:25.873 20284 20290 I WCNSS_FILTER: cleanup_and_suicide: wcnss_filter has been stopped already
07-24 13:11:25.874 20284 20284 I WCNSS_FILTER: ibs_recv_ibs_cmd: Received IBS_WAKE_IND: 0xFD
07-24 13:11:25.874 20284 20284 I WCNSS_FILTER: ibs_recv_ibs_cmd: Writing IBS_WAKE_ACK
07-24 13:11:25.874 20284 20284 I WCNSS_FILTER: do_write: IBS write: fc
07-24 13:11:25.874 20284 20284 E WCNSS_FILTER: copy_bt_data_to_channel: No valid BT client connection
07-24 13:11:25.874 20284 20284 I WCNSS_FILTER: cherokee_pre_shutdown_vs_cmd Event Received
07-24 13:11:25.874 20284 20319 I WCNSS_FILTER: cherokee_pre_shutdown_vs_cmd: Continue shutdown process(delayed by 858 us )
07-24 13:11:25.874 20284 20319 I WCNSS_FILTER/uart_utils.c: deinit_uart_transport: Transport is being closed!
07-24 13:11:25.884 20284 20319 I WCNSS_FILTER/uart_utils.c: init_uart_transport: opening /dev/ttyHS0
07-24 13:11:25.885 20284 20319 I WCNSS_FILTER/uart_utils.c: userial_vendor_get_baud: Current Baudrate = 2400 bps
07-24 13:11:25.885 20284 20319 I WCNSS_FILTER/uart_utils.c: init_uart_transport: device fd = 6 open @2400 bps
07-24 13:11:25.923 20284 20319 I WCNSS_FILTER: deinit_hci_transport:send out shutdown signal
07-24 13:11:25.923 20284 20319 I WCNSS_FILTER/uart_utils.c: deinit_uart_transport: Transport is being closed!
07-24 13:11:26.023 20284 20319 D WCNSS_FILTER: wcnss_release_wakelock
07-24 13:11:26.025 20225 20264 I bt_vendor: stop_hci_filter: WCNSS_FILTER stopped
07-24 13:11:26.036 20225 20264 I bt_vendor: open bt power devnode,send ioctl power op :0
07-24 13:11:26.036 20225 20264 I bt_vendor: cleanup
07-24 13:11:26.037 20225 20264 I bt_core_module: module_shut_down Shutdown of module "hci_module" completed
07-24 13:11:26.037 20225 20264 I bt_core_module: module_shut_down Shutting down module "btsnoop_module"
07-24 13:11:26.037 20225 20264 I bt_core_module: module_shut_down Shutdown of module "btsnoop_module" completed
07-24 13:11:26.037 20225 20264 I bt_core_module: module_clean_up Cleaning up module "bte_logmsg_module"
07-24 13:11:26.037 20225 20264 I bt_core_module: module_clean_up Cleanup of module "bte_logmsg_module" completed
07-24 13:11:26.037 20225 20322 W bt_osi_thread: run_thread: thread id 20322, thread name bt_workqueue exited
07-24 13:11:26.038 20225 20258 I bt_core_module: module_shut_down Shutting down module "controller_module"
07-24 13:11:26.038 20225 20258 I bt_core_module: module_shut_down Shutdown of module "controller_module" completed
07-24 13:11:26.038 20225 20258 I bt_stack_manager: event_shut_down_stack finished
07-24 13:11:26.038 20225 20256 D BluetoothAdapterState: Current state: PENDING_COMMAND, message: 24
07-24 13:11:26.038 20225 20256 D BluetoothAdapterService: stopGattProfileService()
07-24 13:11:26.038 20225 20256 D BluetoothAdapterService: setProfileServiceState() - Stopping service com.android.bluetooth.gatt.GattService
07-24 13:11:26.040 20225 20256 D BluetoothAdapterState: Stopping Gatt profile services that were post enabled
07-24 13:11:26.040 20225 20225 D BtGatt.DebugUtils: handleDebugAction() action=null
07-24 13:11:26.040 20225 20225 D BluetoothAdapterService: getAdapterService() - returning com.android.bluetooth.btservice.AdapterService@4d83b
07-24 13:11:26.041 20225 20225 D BtGatt.GattService: Received stop request...Stopping profile...
07-24 13:11:26.041 20225 20225 D BtGatt.GattService: stop()
07-24 13:11:26.041 20225 20225 D BtGatt.AdvertiseManager: advertise clients cleared
07-24 13:11:26.042 20225 20225 D BtGatt.GattService: profile stopped successfully
07-24 13:11:26.043 20225 20225 D BluetoothAdapterService: getAdapterService() - returning com.android.bluetooth.btservice.AdapterService@4d83b
07-24 13:11:26.043 20225 20225 D BluetoothAdapterService: handleMessage() - Message: 1
07-24 13:11:26.043 20225 20225 D BluetoothAdapterService: handleMessage() - MESSAGE_PROFILE_SERVICE_STATE_CHANGED
07-24 13:11:26.043 20225 20225 W BluetoothAdapterService: onProfileServiceStateChange() serviceName=com.android.bluetooth.gatt.GattService, state=10, doUpdate=true
07-24 13:11:26.043 20225 20225 V BluetoothAdapterState: isTurningOff()=false
07-24 13:11:26.043 20225 20225 V BluetoothAdapterState: isTurningOn()=false
07-24 13:11:26.043 20225 20225 V BluetoothAdapterState: isBleTurningOn()=false
07-24 13:11:26.043 20225 20225 V BluetoothAdapterState: isBleTurningOff()=true
07-24 13:11:26.043 20225 20225 D BluetoothAdapterService: processProfileServiceStateChanged() - serviceName=com.android.bluetooth.gatt.GattService isTurningOn=false isTurningOff=false isBleTurningOn=false isBleTurningOff=true
07-24 13:11:26.043 20225 20225 D BluetoothAdapterService: GattService stopped
07-24 13:11:26.043 20225 20256 D BluetoothAdapterState: Current state: PENDING_COMMAND, message: 25
07-24 13:11:26.043 20225 20256 D BluetoothAdapterProperties: Setting state to 10
07-24 13:11:26.043 20225 20256 I BluetoothAdapterState: Bluetooth adapter state changed: 16-> 10
07-24 13:11:26.043 20225 20256 D BluetoothAdapterService: updateAdapterState() - Broadcasting state to 1 receivers.
07-24 13:11:26.043 20225 20256 I BluetoothAdapterState: Entering OffState
07-24 13:11:26.044 1718 1807 D BluetoothManagerService: Message: 60
07-24 13:11:26.044 1718 1807 D BluetoothManagerService: MESSAGE_BLUETOOTH_STATE_CHANGE: prevState = 16, newState =10
07-24 13:11:26.044 1718 1807 D BluetoothManagerService: bluetoothStateChangeHandler: 16 -> 10
07-24 13:11:26.044 1718 1807 D BluetoothManagerService: Bluetooth is complete turn off
07-24 13:11:26.044 1718 1807 D BluetoothManagerService: Calling onBluetoothServiceDown callbacks
07-24 13:11:26.044 1718 1807 D BluetoothManagerService: Broadcasting onBluetoothServiceDown() to 10 receivers.
07-24 13:11:26.044 2364 2376 D BluetoothAdapter: onBluetoothServiceDown: android.bluetooth.IBluetooth$Stub$Proxy@4b7b30c
07-24 13:11:26.044 2364 2376 D BluetoothAdapter: onBluetoothServiceDown: Sending callbacks to 0 clients
07-24 13:11:26.044 2364 2376 D BluetoothAdapter: onBluetoothServiceDown: Finished sending callbacks to registered clients
07-24 13:11:26.044 2765 2776 D BluetoothAdapter: onBluetoothServiceDown: android.bluetooth.IBluetooth$Stub$Proxy@bbef91
07-24 13:11:26.044 2765 2776 D BluetoothAdapter: onBluetoothServiceDown: Sending callbacks to 0 clients
07-24 13:11:26.044 2765 2776 D BluetoothAdapter: onBluetoothServiceDown: Finished sending callbacks to registered clients
07-24 13:11:26.044 1718 1807 D BluetoothManagerService: unbindAndFinish(): android.bluetooth.IBluetooth$Stub$Proxy@4f07e50 mBinding = false
07-24 13:11:26.044 16054 16115 D BluetoothAdapter: onBluetoothServiceDown: android.bluetooth.IBluetooth$Stub$Proxy@f697fb3
07-24 13:11:26.044 16054 16115 D BluetoothAdapter: onBluetoothServiceDown: Sending callbacks to 0 clients
07-24 13:11:26.044 16054 16115 D BluetoothAdapter: onBluetoothServiceDown: Finished sending callbacks to registered clients
07-24 13:11:26.044 5941 5952 D BluetoothAdapter: onBluetoothServiceDown: android.bluetooth.IBluetooth$Stub$Proxy@d211f79
07-24 13:11:26.044 5941 5952 D BluetoothAdapter: onBluetoothServiceDown: Sending callbacks to 0 clients
07-24 13:11:26.044 5941 5952 D BluetoothAdapter: onBluetoothServiceDown: Finished sending callbacks to registered clients
07-24 13:11:26.045 13336 13349 D BluetoothAdapter: onBluetoothServiceDown: android.bluetooth.IBluetooth$Stub$Proxy@5164202
07-24 13:11:26.045 13336 13349 D BluetoothAdapter: onBluetoothServiceDown: Sending callbacks to 0 clients
07-24 13:11:26.045 13336 13349 D BluetoothAdapter: onBluetoothServiceDown: Finished sending callbacks to registered clients
07-24 13:11:26.045 5963 5975 D BluetoothAdapter: onBluetoothServiceDown: android.bluetooth.IBluetooth$Stub$Proxy@7401583
07-24 13:11:26.045 5963 5975 D BluetoothAdapter: onBluetoothServiceDown: Sending callbacks to 0 clients
07-24 13:11:26.045 5963 5975 D BluetoothAdapter: onBluetoothServiceDown: Finished sending callbacks to registered clients
07-24 13:11:26.045 20225 20237 D BluetoothAdapter: onBluetoothServiceDown: com.android.bluetooth.btservice.AdapterService$AdapterServiceBinder@60813b3
07-24 13:11:26.045 2060 4778 D BluetoothAdapter: onBluetoothServiceDown: android.bluetooth.IBluetooth$Stub$Proxy@ebf9dfe
07-24 13:11:26.045 20225 20237 D BluetoothAdapter: onBluetoothServiceDown: Sending callbacks to 0 clients
07-24 13:11:26.045 20225 20237 D BluetoothAdapter: onBluetoothServiceDown: Finished sending callbacks to registered clients
07-24 13:11:26.045 2060 4778 D BluetoothAdapter: onBluetoothServiceDown: Sending callbacks to 0 clients
07-24 13:11:26.045 2060 4778 D BluetoothAdapter: onBluetoothServiceDown: Finished sending callbacks to registered clients
07-24 13:11:26.046 1718 1807 D BluetoothManagerService: Sending unbind request.
07-24 13:11:26.046 2806 2827 D BluetoothAdapter: onBluetoothServiceDown: android.bluetooth.IBluetooth$Stub$Proxy@c979372
07-24 13:11:26.046 2806 2827 D BluetoothAdapter: onBluetoothServiceDown: Sending callbacks to 0 clients
07-24 13:11:26.046 2806 2827 D BluetoothAdapter: onBluetoothServiceDown: Finished sending callbacks to registered clients
07-24 13:11:26.047 20225 20225 W BluetoothAdapterService: onUnbind, calling cleanup
07-24 13:11:26.047 20225 20225 D BluetoothAdapterService: cleanup()
07-24 13:11:26.051 1718 1807 D BluetoothManagerService: BLE State Change Intent: 16 -> 10
07-24 13:11:26.055 20225 20225 W BluetoothSdpJni: Cleaning up Bluetooth SDP Interface...
07-24 13:11:26.055 20225 20225 W BluetoothSdpJni: Cleaning up Bluetooth SDP object
07-24 13:11:26.055 20225 20225 D BluetoothAdapterService: cleanup() - Cleaning up adapter native
07-24 13:11:26.055 20225 20258 I bt_stack_manager: event_clean_up_stack is cleaning up the stack
07-24 13:11:26.055 20225 20258 E BluetoothServiceJni: Callback env check fail: env: 0x0, callback: 0xea585620
07-24 13:11:26.055 20225 20258 E BluetoothServiceJni: Callback: 'callback_thread_event' is not called on the correct thread
07-24 13:11:26.055 20225 20264 W bt_osi_thread: run_thread: thread id 20264, thread name bt_jni_workqueue exited
07-24 13:11:26.056 20225 20258 I bt_core_module: module_clean_up Cleaning up module "stack_config_module"
07-24 13:11:26.056 20225 20258 I bt_core_module: module_clean_up Cleanup of module "stack_config_module" completed
07-24 13:11:26.056 20225 20258 I bt_core_module: module_clean_up Cleaning up module "interop_module"
07-24 13:11:26.061 20225 20258 I bt_core_module: module_clean_up Cleanup of module "interop_module" completed
07-24 13:11:26.062 20225 20258 I bt_core_module: module_clean_up Cleaning up module "btif_config_module"
07-24 13:11:26.081 2338 2338 D wpa_supplicant: wlan0: Control interface command 'SIGNAL_POLL'
07-24 13:11:26.084 20225 20258 I bt_core_module: module_clean_up Cleanup of module "btif_config_module" completed
07-24 13:11:26.085 20225 20258 I bt_core_module: module_clean_up Cleaning up module "bt_utils_module"
07-24 13:11:26.085 20225 20258 I bt_core_module: module_clean_up Cleanup of module "bt_utils_module" completed
07-24 13:11:26.085 20225 20258 I bt_core_module: module_clean_up Cleaning up module "osi_module"
07-24 13:11:26.085 20225 20263 D bt_osi_alarm: callback_dispatch Callback thread exited
07-24 13:11:26.085 2338 2338 D wpa_supplicant: CTRL-DEBUG: global_ctrl_sock-sendto: sock=8 sndbuf=212992 outq=0 send_len=62
07-24 13:11:26.085 20225 20263 W bt_osi_thread: run_thread: thread id 20263, thread name alarm_dispatcher exited
07-24 13:11:26.086 20225 20262 W bt_osi_thread: run_thread: thread id 20262, thread name alarm_default_ca exited
07-24 13:11:26.087 20225 20258 I bt_core_module: module_clean_up Cleanup of module "osi_module" completed
07-24 13:11:26.087 20225 20258 I bt_stack_manager: event_clean_up_stack finished
07-24 13:11:26.087 20225 20225 I BluetoothServiceJni: cleanupNative: return from cleanup
07-24 13:11:26.087 20225 20225 W BluetoothVendorJni: Cleaning up Bluetooth Vendor Interface...
07-24 13:11:26.087 20225 20225 I bt_btif_vendor: cleanup
07-24 13:11:26.087 20225 20225 W BluetoothVendorJni: Cleaning up Bluetooth Vendor callback object
07-24 13:11:26.088 20225 20225 I art : System.exit called, status: 0
07-24 13:11:26.088 20225 20225 I AndroidRuntime: VM exiting with result code 0, cleanup skipped.
07-24 13:11:26.108 1718 2902 I ActivityManager: Process com.android.bluetooth (pid 20225) has died
07-24 13:11:26.108 1718 2902 D ActivityManager: cleanUpApplicationRecord -- 20225
07-24 13:11:26.118 2791 2791 D TriggerApplication: onTrimMemory
07-24 13:11:26.119 13368 13368 I Finsky : [1] com.google.android.finsky.ce.a.onTrimMemory(7): Memory trim requested to level 60
07-24 13:11:26.237 20210 20313 I TTS : Done initializing en-us-x-sfg-lstm-embedded
07-24 13:11:26.506 1718 8944 I ActivityManager: START u0 {act=android.intent.action.MAIN cat=[android.intent.category.HOME] flg=0x10200000 cmp=com.android.launcher3/.Launcher} from uid 10046 on display 0
07-24 13:11:26.601 1718 2518 W InputMethodManagerService: Focus gain on non-focused client com.android.internal.view.IInputMethodClient$Stub$Proxy@e29f986 (uid=10046 pid=2060)
07-24 13:11:26.634 2930 3090 I Adreno : QUALCOMM build : 74bd0df, Ida1be052e0
07-24 13:11:26.634 2930 3090 I Adreno : Build Date : 12/13/17
07-24 13:11:26.634 2930 3090 I Adreno : OpenGL ES Shader Compiler Version: XE031.14.00.04
07-24 13:11:26.634 2930 3090 I Adreno : Local Branch :
07-24 13:11:26.634 2930 3090 I Adreno : Remote Branch : quic/gfx-adreno.lnx.1.0.r9-rel
07-24 13:11:26.634 2930 3090 I Adreno : Remote Branch : NONE
07-24 13:11:26.634 2930 3090 I Adreno : Reconstruct Branch : NOTHING
07-24 13:11:26.641 13530 13530 I GoogleInputMethod: onFinishInput() : Dummy InputConnection bound
07-24 13:11:26.642 13530 13530 I GoogleInputMethod: onStartInput() : Dummy InputConnection bound
07-24 13:11:26.643 2930 3090 I Adreno : PFP: 0x005ff087, ME: 0x005ff063
07-24 13:11:26.648 2930 3090 I OpenGLRenderer: Initialized EGL, version 1.4
07-24 13:11:26.649 2930 3090 D OpenGLRenderer: Swap behavior 1
07-24 13:11:26.799 2364 2435 I TelephonyManager: getMultiSimConfiguration(): uid =10046
07-24 13:11:26.960 711 838 E libnav : CablComputeBacklightLevel(): UpdateType = DifferentSceneUpdate
07-24 13:11:27.163 2930 3090 W OpenGLRenderer: Incorrectly called buildLayer on View: ShortcutAndWidgetContainer, destroying layer...
07-24 13:11:27.799 2364 2376 I TelephonyManager: getMultiSimConfiguration(): uid =10046
07-24 13:11:28.475 16054 20119 I EventLogSendingHelper: Sending log events.
07-24 13:11:28.801 2364 2433 I TelephonyManager: getMultiSimConfiguration(): uid =10046
07-24 13:11:29.094 2338 2338 D wpa_supplicant: wlan0: Control interface command 'SIGNAL_POLL'
07-24 13:11:29.097 2338 2338 D wpa_supplicant: CTRL-DEBUG: global_ctrl_sock-sendto: sock=8 sndbuf=212992 outq=0 send_len=62
07-24 13:11:29.650 13336 13336 I BeaconBle: 'L' hardware scan: scan stopped, no clients
07-24 13:11:29.805 2364 2731 I TelephonyManager: getMultiSimConfiguration(): uid =10046
07-24 13:11:29.910 1718 1987 D WindowManager: passKeyEventSOSApp title = com.android.launcher3/com.android.launcher3.Launcher
07-24 13:11:29.961 1718 1987 D WindowManager: passKeyEventSOSApp title = com.android.launcher3/com.android.launcher3.Launcher
07-24 13:11:30.012 1718 1987 D WindowManager: passKeyEventSOSApp title = com.android.launcher3/com.android.launcher3.Launcher
07-24 13:11:30.063 1718 1987 D WindowManager: passKeyEventSOSApp title = com.android.launcher3/com.android.launcher3.Launcher
07-24 13:11:30.085 1718 1987 D WindowManager: passKeyEventSOSApp title = com.android.launcher3/com.android.launcher3.Launcher
07-24 13:11:30.087 1718 1987 I WindowManager: Intent SON_GREEN_KEY_UP
07-24 13:11:30.087 1718 1987 D WindowManager: postDelayed the runnable
07-24 13:11:30.239 1718 1774 D WindowManager: In the runnable mAppSwitchDoubleTapTimeoutRunnable -> toggleRecentApps
07-24 13:11:30.256 1718 8141 I ActivityManager: START u0 {flg=0x10804000 cmp=com.android.systemui/.recents.RecentsActivity} from uid 10046 on display 0
07-24 13:11:30.263 1718 8141 D ActivityTrigger: activityResumeTrigger: The activity in ApplicationInfo{3f48de0 com.android.systemui} is now in focus and seems to be in full-screen mode
07-24 13:11:30.263 1718 8141 E ActivityTrigger: activityResumeTrigger: not whiteListedcom.android.systemui/com.android.systemui.recents.RecentsActivity/25
07-24 13:11:30.263 1718 8141 D ActivityTrigger: ActivityTrigger activityPauseTrigger
07-24 13:11:30.275 1718 1772 D ActivityTrigger: ActivityTrigger activityStopTrigger
07-24 13:11:30.322 13530 13530 I GoogleInputMethod: onFinishInput() : Dummy InputConnection bound
07-24 13:11:30.323 13530 13530 I GoogleInputMethod: onStartInput() : Dummy InputConnection bound
07-24 13:11:30.553 2338 2338 D wpa_supplicant: nl80211: Event message available
07-24 13:11:30.554 2338 2338 D wpa_supplicant: nl80211: Drv Event 103 (NL80211_CMD_VENDOR) received for wlan0
07-24 13:11:30.554 2338 2338 D wpa_supplicant: nl80211: Vendor event: wiphy=0 vendor_id=0x1374 subcmd=107
07-24 13:11:30.554 2338 2338 D wpa_supplicant: nl80211: Vendor data - hexdump(len=420): 04 00 03 00 74 01 02 00 08 00 00 00 6c 09 00 00 08 00 01 00 71 09 00 00 08 00 02 00 76 09 00 00 ...
07-24 13:11:30.556 1718 2334 I WifiHAL : event received NL80211_CMD_VENDOR, vendor_id = 0x1374, subcmd = 0x6b
07-24 13:11:30.557 2338 2338 D wpa_supplicant: nl80211: Scan included frequencies: 2412 2417 2422 2427 2432 2437 2442 2447 2452 2457 2462 5180 5200 5220 5240 5260 5280 5300 5320 5500 5520 5540 5560 5580 5600 5620 5640 5660 5680 5700 5720 5745 5765 5785 5805 5825 5852 5860 5870 5875 5880 5890 5900 5905 5910 5920
07-24 13:11:30.558 2338 2338 D wpa_supplicant: wlan0: Event SCAN_RESULTS (3) received
07-24 13:11:30.558 2338 2338 D wpa_supplicant: wlan0: Scan completed in 4.882364 seconds
07-24 13:11:30.558 2338 2338 D wpa_supplicant: nl80211: Associated on 5500 MHz
07-24 13:11:30.558 2338 2338 D wpa_supplicant: nl80211: Associated with cc:d5:39:bb:d6:de
07-24 13:11:30.558 2338 2338 D wpa_supplicant: nl80211: Received scan results (41 BSSes)
07-24 13:11:30.559 2338 2338 D wpa_supplicant: nl80211: Scan results indicate BSS status with cc:d5:39:bb:d6:de as associated
07-24 13:11:30.559 2338 2338 D wpa_supplicant: wlan0: BSS: Start scan result update 56
07-24 13:11:30.559 2338 2338 D wpa_supplicant: wlan0: BSS: Add new id 501 BSSID 88:75:56:c7:d9:23 SSID '\x00' freq 2412
07-24 13:11:30.559 2338 2338 D wpa_supplicant: CTRL-DEBUG: ctrl_sock-sendmsg: sock=8 sndbuf=212992 outq=0 send_len=42
07-24 13:11:30.559 2338 2338 D wpa_supplicant: CTRL_IFACE monitor sent successfully to /data/misc/wifi/sockets/wpa_ctrl_882-12\x00
07-24 13:11:30.559 2338 2338 D wpa_supplicant: CTRL-DEBUG: ctrl_sock-sendmsg: sock=8 sndbuf=212992 outq=768 send_len=42
07-24 13:11:30.560 2338 2338 D wpa_supplicant: CTRL_IFACE monitor sent successfully to /data/misc/wifi/sockets/wpa_ctrl_1718-2\x00
07-24 13:11:30.560 2338 2338 D wpa_supplicant: wlan0: BSS: Add new id 502 BSSID 88:75:56:c7:d9:25 SSID '\x00' freq 2412
07-24 13:11:30.560 2338 2338 D wpa_supplicant: CTRL-DEBUG: ctrl_sock-sendmsg: sock=8 sndbuf=212992 outq=768 send_len=42
07-24 13:11:30.560 2338 2338 D wpa_supplicant: CTRL_IFACE monitor sent successfully to /data/misc/wifi/sockets/wpa_ctrl_882-12\x00
07-24 13:11:30.560 2338 2338 D wpa_supplicant: CTRL-DEBUG: ctrl_sock-sendmsg: sock=8 sndbuf=212992 outq=1536 send_len=42
07-24 13:11:30.560 2338 2338 D wpa_supplicant: CTRL_IFACE monitor sent successfully to /data/misc/wifi/sockets/wpa_ctrl_1718-2\x00
07-24 13:11:30.560 2338 2338 D wpa_supplicant: wlan0: BSS: Add new id 503 BSSID 20:3a:07:9f:ec:9c SSID '\x00' freq 5660
07-24 13:11:30.560 2338 2338 D wpa_supplicant: CTRL-DEBUG: ctrl_sock-sendmsg: sock=8 sndbuf=212992 outq=1536 send_len=42
07-24 13:11:30.560 2338 2338 D wpa_supplicant: CTRL_IFACE monitor sent successfully to /data/misc/wifi/sockets/wpa_ctrl_882-12\x00
07-24 13:11:30.560 2338 2338 D wpa_supplicant: CTRL-DEBUG: ctrl_sock-sendmsg: sock=8 sndbuf=212992 outq=2304 send_len=42
07-24 13:11:30.560 2338 2338 D wpa_supplicant: CTRL_IFACE monitor sent successfully to /data/misc/wifi/sockets/wpa_ctrl_1718-2\x00
07-24 13:11:30.560 2338 2338 D wpa_supplicant: wlan0: BSS: Add new id 504 BSSID 20:3a:07:9f:ec:9a SSID '\x00' freq 5660
07-24 13:11:30.560 2338 2338 D wpa_supplicant: CTRL-DEBUG: ctrl_sock-sendmsg: sock=8 sndbuf=212992 outq=2304 send_len=42
07-24 13:11:30.560 2338 2338 D wpa_supplicant: CTRL_IFACE monitor sent successfully to /data/misc/wifi/sockets/wpa_ctrl_882-12\x00
07-24 13:11:30.560 2338 2338 D wpa_supplicant: CTRL-DEBUG: ctrl_sock-sendmsg: sock=8 sndbuf=212992 outq=3072 send_len=42
07-24 13:11:30.560 2338 2338 D wpa_supplicant: CTRL_IFACE monitor sent successfully to /data/misc/wifi/sockets/wpa_ctrl_1718-2\x00
07-24 13:11:30.560 2338 2338 D wpa_supplicant: wlan0: BSS: Add new id 505 BSSID 20:3a:07:9e:16:30 SSID 'NISTNet' freq 2437
07-24 13:11:30.561 2338 2338 D wpa_supplicant: CTRL-DEBUG: ctrl_sock-sendmsg: sock=8 sndbuf=212992 outq=3072 send_len=42
07-24 13:11:30.561 2338 2338 D wpa_supplicant: CTRL_IFACE monitor sent successfully to /data/misc/wifi/sockets/wpa_ctrl_882-12\x00
07-24 13:11:30.561 2338 2338 D wpa_supplicant: CTRL-DEBUG: ctrl_sock-sendmsg: sock=8 sndbuf=212992 outq=3072 send_len=42
07-24 13:11:30.561 2338 2338 D wpa_supplicant: CTRL_IFACE monitor sent successfully to /data/misc/wifi/sockets/wpa_ctrl_1718-2\x00
07-24 13:11:30.561 2338 2338 D wpa_supplicant: wlan0: BSS: Add new id 506 BSSID 20:3a:07:9f:ff:0d SSID '\x00' freq 5500
07-24 13:11:30.561 2338 2338 D wpa_supplicant: CTRL-DEBUG: ctrl_sock-sendmsg: sock=8 sndbuf=212992 outq=2304 send_len=42
07-24 13:11:30.561 2338 2338 D wpa_supplicant: CTRL_IFACE monitor sent successfully to /data/misc/wifi/sockets/wpa_ctrl_882-12\x00
07-24 13:11:30.561 2338 2338 D wpa_supplicant: CTRL-DEBUG: ctrl_sock-sendmsg: sock=8 sndbuf=212992 outq=768 send_len=42
07-24 13:11:30.561 2338 2338 D wpa_supplicant: CTRL_IFACE monitor sent successfully to /data/misc/wifi/sockets/wpa_ctrl_1718-2\x00
07-24 13:11:30.561 2338 2338 D wpa_supplicant: wlan0: BSS: Add new id 507 BSSID 20:3a:07:9f:ec:92 SSID '\x00' freq 2412
07-24 13:11:30.561 2338 2338 D wpa_supplicant: CTRL-DEBUG: ctrl_sock-sendmsg: sock=8 sndbuf=212992 outq=1536 send_len=42
07-24 13:11:30.561 2338 2338 D wpa_supplicant: CTRL_IFACE monitor sent successfully to /data/misc/wifi/sockets/wpa_ctrl_882-12\x00
07-24 13:11:30.561 2338 2338 D wpa_supplicant: CTRL-DEBUG: ctrl_sock-sendmsg: sock=8 sndbuf=212992 outq=1536 send_len=42
07-24 13:11:30.561 2338 2338 D wpa_supplicant: CTRL_IFACE monitor sent successfully to /data/misc/wifi/sockets/wpa_ctrl_1718-2\x00
07-24 13:11:30.561 2338 2338 D wpa_supplicant: wlan0: BSS: Add new id 508 BSSID 20:3a:07:9f:e7:90 SSID 'NISTNet' freq 2437
07-24 13:11:30.562 2338 2338 D wpa_supplicant: CTRL-DEBUG: ctrl_sock-sendmsg: sock=8 sndbuf=212992 outq=0 send_len=42
07-24 13:11:30.562 2338 2338 D wpa_supplicant: CTRL_IFACE monitor sent successfully to /data/misc/wifi/sockets/wpa_ctrl_882-12\x00
07-24 13:11:30.562 2338 2338 D wpa_supplicant: CTRL-DEBUG: ctrl_sock-sendmsg: sock=8 sndbuf=212992 outq=768 send_len=42
07-24 13:11:30.562 2338 2338 D wpa_supplicant: CTRL_IFACE monitor sent successfully to /data/misc/wifi/sockets/wpa_ctrl_1718-2\x00
07-24 13:11:30.562 2338 2338 D wpa_supplicant: wlan0: BSS: Add new id 509 BSSID 34:a8:4e:3a:9c:e5 SSID '\x00' freq 2412
07-24 13:11:30.562 980 2329 I LOWI-8.1.1.0.h: [LOWI-Scan] lowi_close_record:Scan completed in 5357413ms and Recieved 41 APs scan results
07-24 13:11:30.562 2338 2338 D wpa_supplicant: CTRL-DEBUG: ctrl_sock-sendmsg: sock=8 sndbuf=212992 outq=0 send_len=42
07-24 13:11:30.562 2338 2338 D wpa_supplicant: CTRL_IFACE monitor sent successfully to /data/misc/wifi/sockets/wpa_ctrl_882-12\x00
07-24 13:11:30.562 2338 2338 D wpa_supplicant: CTRL-DEBUG: ctrl_sock-sendmsg: sock=8 sndbuf=212992 outq=768 send_len=42
07-24 13:11:30.562 2338 2338 D wpa_supplicant: CTRL_IFACE monitor sent successfully to /data/misc/wifi/sockets/wpa_ctrl_1718-2\x00
07-24 13:11:30.562 2338 2338 D wpa_supplicant: wlan0: BSS: Add new id 510 BSSID 34:a8:4e:3a:9c:e3 SSID '\x00' freq 2412
07-24 13:11:30.562 2338 2338 D wpa_supplicant: CTRL-DEBUG: ctrl_sock-sendmsg: sock=8 sndbuf=212992 outq=768 send_len=42
07-24 13:11:30.562 2338 2338 D wpa_supplicant: CTRL_IFACE monitor sent successfully to /data/misc/wifi/sockets/wpa_ctrl_882-12\x00
07-24 13:11:30.562 2338 2338 D wpa_supplicant: CTRL-DEBUG: ctrl_sock-sendmsg: sock=8 sndbuf=212992 outq=1536 send_len=42
07-24 13:11:30.562 2338 2338 D wpa_supplicant: CTRL_IFACE monitor sent successfully to /data/misc/wifi/sockets/wpa_ctrl_1718-2\x00
07-24 13:11:30.562 2338 2338 D wpa_supplicant: wlan0: BSS: Add new id 511 BSSID 20:3a:07:9e:16:31 SSID 'NIST-Guest' freq 2437
07-24 13:11:30.563 2338 2338 D wpa_supplicant: CTRL-DEBUG: ctrl_sock-sendmsg: sock=8 sndbuf=212992 outq=1536 send_len=42
07-24 13:11:30.563 2338 2338 D wpa_supplicant: CTRL_IFACE monitor sent successfully to /data/misc/wifi/sockets/wpa_ctrl_882-12\x00
07-24 13:11:30.563 2338 2338 D wpa_supplicant: CTRL-DEBUG: ctrl_sock-sendmsg: sock=8 sndbuf=212992 outq=1536 send_len=42
07-24 13:11:30.563 2338 2338 D wpa_supplicant: CTRL_IFACE monitor sent successfully to /data/misc/wifi/sockets/wpa_ctrl_1718-2\x00
07-24 13:11:30.563 2338 2338 D wpa_supplicant: wlan0: BSS: Add new id 512 BSSID 20:3a:07:9f:ff:01 SSID 'NIST-Guest' freq 2462
07-24 13:11:30.563 2338 2338 D wpa_supplicant: CTRL-DEBUG: ctrl_sock-sendmsg: sock=8 sndbuf=212992 outq=2304 send_len=42
07-24 13:11:30.563 2338 2338 D wpa_supplicant: CTRL_IFACE monitor sent successfully to /data/misc/wifi/sockets/wpa_ctrl_882-12\x00
07-24 13:11:30.563 2338 2338 D wpa_supplicant: CTRL-DEBUG: ctrl_sock-sendmsg: sock=8 sndbuf=212992 outq=2304 send_len=42
07-24 13:11:30.563 2338 2338 D wpa_supplicant: CTRL_IFACE monitor sent successfully to /data/misc/wifi/sockets/wpa_ctrl_1718-2\x00
07-24 13:11:30.563 2338 2338 D wpa_supplicant: BSS: last_scan_res_used=41/128
07-24 13:11:30.563 2338 2338 D wpa_supplicant: wlan0: Scan-only results received
07-24 13:11:30.563 2338 2338 D wpa_supplicant: CTRL-DEBUG: ctrl_sock-sendmsg: sock=8 sndbuf=212992 outq=3072 send_len=24
07-24 13:11:30.564 2338 2338 D wpa_supplicant: CTRL_IFACE monitor sent successfully to /data/misc/wifi/sockets/wpa_ctrl_882-12\x00
07-24 13:11:30.564 2338 2338 D wpa_supplicant: CTRL-DEBUG: ctrl_sock-sendmsg: sock=8 sndbuf=212992 outq=3072 send_len=24
07-24 13:11:30.564 2338 2338 D wpa_supplicant: CTRL_IFACE monitor sent successfully to /data/misc/wifi/sockets/wpa_ctrl_1718-2\x00
07-24 13:11:30.564 2338 2338 D wpa_supplicant: wlan0: Radio work 'scan'@0x7fa202e360 done in 4.899590 seconds
07-24 13:11:30.564 2338 2338 D wpa_supplicant: wlan0: radio_work_free('scan'@0x7fa202e360: num_active_works --> 0
07-24 13:11:30.564 2338 2338 D wpa_supplicant: wlan0: Control interface command 'SCAN_RESULTS'
07-24 13:11:30.565 2338 2338 D wpa_supplicant: CTRL-DEBUG: global_ctrl_sock-sendto: sock=8 sndbuf=212992 outq=3840 send_len=2659
07-24 13:11:30.565 2338 2338 D wpa_supplicant: wlan0: Control interface command 'SCAN_RESULTS'
07-24 13:11:30.566 980 1090 I LOWI-8.1.1.0.h: [LOWIUtils] responseToOutPostcard - TO: FreeWifiScanObserver, FROM: LOWI-SERVER, RESP: LOWI_ASYNC_DISCOVERY_SCAN_RESULTS
07-24 13:11:30.567 980 1090 I LOWI-8.1.1.0.h: [LOWIUtils] responseToOutPostcard - TO: GTP-FDAL, FROM: LOWI-SERVER, RESP: LOWI_ASYNC_DISCOVERY_SCAN_RESULTS
07-24 13:11:30.568 2338 2338 D wpa_supplicant: CTRL-DEBUG: global_ctrl_sock-sendto: sock=8 sndbuf=212992 outq=0 send_len=2659
07-24 13:11:30.575 2338 2338 D wpa_supplicant: CTRL-DEBUG: global_ctrl_sock-sendto: sock=8 sndbuf=212992 outq=0 send_len=3575
07-24 13:11:30.575 1718 2322 W IzatSvc_Wiper: Num of elements returned by LOWI 41
07-24 13:11:30.579 2338 2338 D wpa_supplicant: CTRL-DEBUG: global_ctrl_sock-sendto: sock=8 sndbuf=212992 outq=0 send_len=3575
07-24 13:11:30.583 2338 2338 D wpa_supplicant: CTRL-DEBUG: global_ctrl_sock-sendto: sock=8 sndbuf=212992 outq=0 send_len=3608
07-24 13:11:30.583 711 838 E libnav : CablComputeBacklightLevel(): UpdateType = DifferentSceneUpdate
07-24 13:11:30.586 2338 2338 D wpa_supplicant: CTRL-DEBUG: global_ctrl_sock-sendto: sock=8 sndbuf=212992 outq=0 send_len=3608
07-24 13:11:30.590 2338 2338 D wpa_supplicant: CTRL-DEBUG: global_ctrl_sock-sendto: sock=8 sndbuf=212992 outq=0 send_len=3453
07-24 13:11:30.593 2338 2338 D wpa_supplicant: CTRL-DEBUG: global_ctrl_sock-sendto: sock=8 sndbuf=212992 outq=0 send_len=3453
07-24 13:11:30.597 2338 2338 D wpa_supplicant: CTRL-DEBUG: global_ctrl_sock-sendto: sock=8 sndbuf=212992 outq=0 send_len=4007
07-24 13:11:30.604 2338 2338 D wpa_supplicant: CTRL-DEBUG: global_ctrl_sock-sendto: sock=8 sndbuf=212992 outq=0 send_len=3603
07-24 13:11:30.607 2338 2338 D wpa_supplicant: CTRL-DEBUG: global_ctrl_sock-sendto: sock=8 sndbuf=212992 outq=0 send_len=4007
07-24 13:11:30.610 2338 2338 D wpa_supplicant: CTRL-DEBUG: global_ctrl_sock-sendto: sock=8 sndbuf=212992 outq=0 send_len=3900
07-24 13:11:30.612 2338 2338 D wpa_supplicant: CTRL-DEBUG: global_ctrl_sock-sendto: sock=8 sndbuf=212992 outq=0 send_len=3603
