07-24 11:42:17.740 3696 3696 W ContextImpl: Calling a method in the system process without a qualified user: android.app.ContextImpl.sendBroadcast:877 android.content.ContextWrapper.sendBroadcast:421 com.qualcomm.qti.qs.tiles.AudioProfileTile.handleUpdateState:82 com.qualcomm.qti.qs.tiles.AudioProfileTile.:37 com.qualcomm.qti.qs.QSService.createTile:60
07-24 11:42:17.782 3696 3696 W ContextImpl: Calling a method in the system process without a qualified user: android.app.ContextImpl.sendBroadcast:877 android.content.ContextWrapper.sendBroadcast:421 com.qualcomm.qti.qs.tiles.ApnTile.handleUpdateState:94 com.qualcomm.qti.qs.QSService.onStartCommand:108 android.app.ActivityThread.handleServiceArgs:3330
07-24 11:42:17.791 1718 2285 I BroadcastQueue: Delay finish: com.android.mms/.transaction.MmsSystemEventReceiver
07-24 11:42:17.811 3696 3696 W ContextImpl: Calling a method in the system process without a qualified user: android.app.ContextImpl.sendBroadcast:877 android.content.ContextWrapper.sendBroadcast:421 com.qualcomm.qti.qs.tiles.DataTile.handleUpdateState:77 com.qualcomm.qti.qs.QSService.onStartCommand:108 android.app.ActivityThread.handleServiceArgs:3330
07-24 11:42:17.823 3696 3696 W ContextImpl: Calling a method in the system process without a qualified user: android.app.ContextImpl.sendBroadcast:877 android.content.ContextWrapper.sendBroadcast:421 com.qualcomm.qti.qs.tiles.DdsTile.handleUpdateState:102 com.qualcomm.qti.qs.QSService.onStartCommand:108 android.app.ActivityThread.handleServiceArgs:3330
07-24 11:42:17.831 3696 3696 W ContextImpl: Calling a method in the system process without a qualified user: android.app.ContextImpl.sendBroadcast:877 android.content.ContextWrapper.sendBroadcast:421 com.qualcomm.qti.qs.tiles.RoamingTile.handleUpdateState:75 com.qualcomm.qti.qs.QSService.onStartCommand:108 android.app.ActivityThread.handleServiceArgs:3330
07-24 11:42:17.840 3696 3696 W ContextImpl: Calling a method in the system process without a qualified user: android.app.ContextImpl.sendBroadcast:877 android.content.ContextWrapper.sendBroadcast:421 com.qualcomm.qti.qs.tiles.AudioProfileTile.handleUpdateState:82 com.qualcomm.qti.qs.QSService.onStartCommand:108 android.app.ActivityThread.handleServiceArgs:3330
07-24 11:42:17.856 3696 3696 W ContextImpl: Calling a method in the system process without a qualified user: android.app.ContextImpl.sendBroadcast:877 android.content.ContextWrapper.sendBroadcast:421 com.qualcomm.qti.qs.tiles.AudioProfileTile.handleUpdateState:82 com.qualcomm.qti.qs.tiles.AudioProfileTile$1.onReceive:30 android.app.LoadedApk$ReceiverDispatcher$Args.run:1122
07-24 11:42:18.210 2060 2060 V KeyguardDisplayManager: hide
07-24 11:42:18.347 1718 2003 D ConnectivityService: registerNetworkAgent NetworkAgentInfo{ ni{[type: WIFI[], state: CONNECTING/CONNECTING, reason: (unspecified), extra: "ndniot0", failover: false, available: true, roaming: false, metered: false]} network{100} nethandle{429513165534} lp{{LinkAddresses: [] Routes: [] DnsAddresses: [] Domains: null MTU: 0}} nc{[ Transports: WIFI Capabilities: NOT_METERED&INTERNET&NOT_RESTRICTED&TRUSTED&NOT_VPN LinkUpBandwidth>=1048576Kbps LinkDnBandwidth>=1048576Kbps]} Score{20} everValidated{false} lastValidated{false} created{false} lingering{false} explicitlySelected{false} acceptUnvalidated{false} everCaptivePortalDetected{false} lastCaptivePortalDetected{false} }
07-24 11:42:18.348 1718 2010 D ConnectivityService: NetworkAgentInfo [WIFI () - 100] EVENT_NETWORK_INFO_CHANGED, going from null to CONNECTING
07-24 11:42:18.408 1718 2836 I BroadcastQueue: Resuming delayed broadcast
07-24 11:42:18.463 1718 2797 I ActivityManager: Start proc 3885:com.android.providers.calendar/u0a1 for broadcast com.android.providers.calendar/.CalendarReceiver
07-24 11:42:18.563 1718 2797 I BroadcastQueue: Delay finish: com.android.providers.downloads/.DownloadReceiver
07-24 11:42:18.676 1718 2928 I ActivityManager: Setting hasTopUi=false for pid=2060
07-24 11:42:19.568 1718 1747 I BroadcastQueue: Resuming delayed broadcast
07-24 11:42:19.581 1718 2902 I BroadcastQueue: Delay finish: com.android.providers.media/.MediaScannerReceiver
07-24 11:42:20.175 1718 2284 I BroadcastQueue: Resuming delayed broadcast
07-24 11:42:20.232 1718 2518 I ActivityManager: Start proc 4028:com.android.timerswitch/1000 for broadcast com.android.timerswitch/.TimerSwitchInitReceiver
07-24 11:42:20.394 1718 2898 I ActivityManager: Start proc 4051:com.att.eptt/u0a29 for broadcast com.att.eptt/.receivers.AppAutostartMgr
07-24 11:42:20.854 1718 2898 D ConnectivityService: requestNetwork for uid/pid:10029/4051 NetworkRequest [ REQUEST id=11, [ Transports: CELLULAR Capabilities: INTERNET&NOT_RESTRICTED&TRUSTED&NOT_VPN] ]
07-24 11:42:20.873 1718 2284 I ActivityManager: Start proc 4117:com.att.mobile.android.vvm/u0a52 for broadcast com.att.mobile.android.vvm/.control.receivers.BootReceiver
07-24 11:42:21.132 1718 2690 W ActivityManager: Unable to start service Intent { cmp=com.att.android.mobile.attmessages/com.att.mobile.android.vvm.control.ATTM.RemoteVvmService } U=0: not found
07-24 11:42:21.142 1718 2826 I BroadcastQueue: Delay finish: com.att.mobile.android.vvm/.control.receivers.BootReceiver
07-24 11:42:21.158 1718 2797 I BroadcastQueue: Resuming delayed broadcast
07-24 11:42:21.176 1718 1718 W ContextImpl: Calling a method in the system process without a qualified user: android.app.ContextImpl.startService:1357 android.content.ContextWrapper.startService:613 android.content.ContextWrapper.startService:613 com.dsi.ant.server.AntService.startService:129 com.dsi.ant.server.startup.BootCompletedReceiver.onReceive:41
07-24 11:42:21.198 1718 1718 I ActivityManager: Start proc 4163:com.dti.att/u0a10 for broadcast com.dti.att/com.LogiaGroup.LogiaDeck.Receivers.LogiaDeckImplReceiver
07-24 11:42:21.397 1718 2749 I BroadcastQueue: Delay finish: com.dti.att/com.LogiaGroup.LogiaDeck.Receivers.LogiaDeckImplReceiver
07-24 11:42:25.713 1718 2284 I ActivityManager: Delaying start of: ServiceRecord{b0cf41b u0 com.android.vending/com.google.android.finsky.wear.WearSupportService}
07-24 11:42:25.758 1718 2795 I ActivityManager: Delaying start of: ServiceRecord{ec659b8 u0 com.android.vending/com.google.android.finsky.verifier.impl.PackageVerificationService}
07-24 11:42:29.273 1718 2899 I ActivityManager: START u0 {act=android.intent.action.DELETE dat=package:net.named_data.nfd flg=0x10800000 cmp=com.google.android.packageinstaller/com.android.packageinstaller.UninstallerActivity (has extras)} from uid 10026 on display 0
07-24 11:42:29.324 1718 2748 I ActivityManager: Start proc 4464:com.google.android.packageinstaller/u0a24 for activity com.google.android.packageinstaller/com.android.packageinstaller.UninstallerActivity
07-24 11:42:29.493 1718 1772 I ActivityManager: Waited long enough for: ServiceRecord{f228424 u0 com.sonim.torch/.ShakeService}
07-24 11:42:29.545 1718 2928 I BroadcastQueue: Resuming delayed broadcast
07-24 11:42:29.556 1718 2928 I ActivityManager: Start proc 4493:com.example.field_test/1000 for broadcast com.example.field_test/.service.DataUpdateReceiver
07-24 11:42:29.596 1718 2927 W BroadcastQueue: Permission Denial: receiving Intent { act=android.intent.action.BOOT_COMPLETED flg=0x9000010 (has extras) } to com.google.android.apps.docs/.notification.common.NotificationChannelReceiver requires android.permission.RECEIVE_BOOT_COMPLETED due to sender null (uid 1000)
07-24 11:42:29.598 1718 1772 W BroadcastQueue: Permission Denial: receiving Intent { act=android.intent.action.BOOT_COMPLETED flg=0x9000010 (has extras) } to com.google.android.apps.docs.editors.docs/com.google.android.apps.docs.notification.common.NotificationChannelReceiver requires android.permission.RECEIVE_BOOT_COMPLETED due to sender null (uid 1000)
07-24 11:42:29.599 1718 1772 W BroadcastQueue: Permission Denial: receiving Intent { act=android.intent.action.BOOT_COMPLETED flg=0x9000010 (has extras) } to com.google.android.apps.docs.editors.sheets/com.google.android.apps.docs.notification.common.NotificationChannelReceiver requires android.permission.RECEIVE_BOOT_COMPLETED due to sender null (uid 1000)
07-24 11:42:29.599 1718 1772 W BroadcastQueue: Permission Denial: receiving Intent { act=android.intent.action.BOOT_COMPLETED flg=0x9000010 (has extras) } to com.google.android.apps.docs.editors.slides/com.google.android.apps.docs.notification.common.NotificationChannelReceiver requires android.permission.RECEIVE_BOOT_COMPLETED due to sender null (uid 1000)
07-24 11:42:29.610 1718 1772 I ActivityManager: Start proc 4510:com.google.android.apps.inputmethod.hindi/u0a74 for broadcast com.google.android.apps.inputmethod.hindi/com.google.android.apps.inputmethod.libs.framework.core.LauncherIconVisibilityInitializer
07-24 11:42:29.726 1718 2748 I ActivityManager: Start proc 4536:com.google.android.apps.maps/u0a116 for broadcast com.google.android.apps.maps/com.google.android.apps.gmm.navigation.service.detection.StartDetectionReceiver
07-24 11:42:30.226 1718 2898 I BroadcastQueue: Delay finish: com.google.android.apps.photos/com.google.android.libraries.social.notifications.impl.BootCompletedReceiver
07-24 11:42:30.234 1718 2795 I BroadcastQueue: Resuming delayed broadcast
07-24 11:42:30.260 1718 1890 I ActivityManager: Start proc 4615:com.google.android.apps.walletnfcrel/u0a73 for broadcast com.google.android.apps.walletnfcrel/com.google.android.libraries.notifications.entrypoints.bootcompleted.BootCompletedReceiver
07-24 11:42:30.565 1718 2826 I BroadcastQueue: Delay finish: com.google.android.apps.walletnfcrel/com.google.commerce.tapandpay.android.acceptedhere.beacons.BeaconReceiver
07-24 11:42:30.584 1718 2928 I BroadcastQueue: Resuming delayed broadcast
07-24 11:42:30.640 1718 2690 I ActivityManager: Start proc 4677:com.google.android.calendar/u0a66 for broadcast com.google.android.calendar/.alerts.HabitsIntentReceiver
07-24 11:42:30.641 1718 2285 I ActivityManager: START u0 {act=android.intent.action.VIEW cmp=com.google.android.packageinstaller/com.android.packageinstaller.UninstallAppProgress (has extras)} from uid 10024 on display 0
07-24 11:42:30.697 1718 1772 I ActivityManager: Force stopping net.named_data.nfd appid=10121 user=0: deletePackageX
07-24 11:42:30.959 1718 1837 I ActivityManager: Start proc 4716:com.android.defcontainer/u0a9 for service com.android.defcontainer/.DefaultContainerService
07-24 11:42:30.969 1718 1837 I ActivityManager: Force stopping net.named_data.nfd appid=10121 user=0: pkg removed
07-24 11:42:31.047 1718 1837 E KernelUidCpuTimeReader: failed to remove uid from uid_cputime module
07-24 11:42:31.047 1718 1837 E KernelUidCpuTimeReader: java.io.FileNotFoundException: /proc/uid_cputime/remove_uid_range (No such file or directory)
07-24 11:42:31.047 1718 1837 E KernelUidCpuTimeReader: at java.io.FileOutputStream.open(Native Method)
07-24 11:42:31.047 1718 1837 E KernelUidCpuTimeReader: at java.io.FileOutputStream.(FileOutputStream.java:221)
07-24 11:42:31.047 1718 1837 E KernelUidCpuTimeReader: at java.io.FileOutputStream.(FileOutputStream.java:108)
07-24 11:42:31.047 1718 1837 E KernelUidCpuTimeReader: at java.io.FileWriter.(FileWriter.java:63)
07-24 11:42:31.047 1718 1837 E KernelUidCpuTimeReader: at com.android.internal.os.KernelUidCpuTimeReader.removeUid(KernelUidCpuTimeReader.java:158)
07-24 11:42:31.047 1718 1837 E KernelUidCpuTimeReader: at com.android.internal.os.BatteryStatsImpl.removeUidStatsLocked(BatteryStatsImpl.java:10169)
07-24 11:42:31.047 1718 1837 E KernelUidCpuTimeReader: at com.android.server.am.BatteryStatsService.removeUid(BatteryStatsService.java:291)
07-24 11:42:31.047 1718 1837 E KernelUidCpuTimeReader: at com.android.server.am.ActivityManagerService.broadcastIntentLocked(ActivityManagerService.java:18386)
07-24 11:42:31.047 1718 1837 E KernelUidCpuTimeReader: at com.android.server.am.ActivityManagerService.broadcastIntent(ActivityManagerService.java:18884)
07-24 11:42:31.047 1718 1837 E KernelUidCpuTimeReader: at com.android.server.pm.PackageManagerService$9.run(PackageManagerService.java:11628)
07-24 11:42:31.047 1718 1837 E KernelUidCpuTimeReader: at android.os.Handler.handleCallback(Handler.java:751)
07-24 11:42:31.047 1718 1837 E KernelUidCpuTimeReader: at android.os.Handler.dispatchMessage(Handler.java:95)
07-24 11:42:31.047 1718 1837 E KernelUidCpuTimeReader: at android.os.Looper.loop(Looper.java:154)
07-24 11:42:31.047 1718 1837 E KernelUidCpuTimeReader: at android.os.HandlerThread.run(HandlerThread.java:61)
07-24 11:42:31.047 1718 1837 E KernelUidCpuTimeReader: at com.android.server.ServiceThread.run(ServiceThread.java:46)
07-24 11:42:31.100 1718 1772 I ActivityManager: Waited long enough for: ServiceRecord{b5c9415 u0 com.qualcomm.simcontacts/.SimContactsService}
07-24 11:42:31.102 1718 1748 D WindowManager: relayoutVisibleWindow: Window{465b579 u0 com.android.launcher3/com.android.launcher3.Launcher EXITING} mAnimatingExit=true, mRemoveOnExit=false, mDestroying=false
07-24 11:42:31.235 1718 2836 I ActivityManager: Start proc 4775:com.google.android.configupdater/u0a6 for broadcast com.google.android.configupdater/.CertPin.CertPinUpdateRequestReceiver
07-24 11:42:31.439 1718 1747 I ActivityManager: Start proc 4804:com.google.android.gm/u0a72 for broadcast com.google.android.gm/.GoogleMailDeviceStartupReceiver
07-24 11:42:31.719 4804 4804 D ActivityThread: Loading provider com.google.android.gm.sapi: com.google.android.gm.sapi.SapiUiProvider
07-24 11:42:31.831 1718 1772 I ActivityManager: Waited long enough for: ServiceRecord{b049bbf u0 com.aetherpal.attdh.sonim/com.aetherpal.smartcare.sandra.SandraService}
07-24 11:42:31.934 1718 1772 I ActivityManager: Waited long enough for: ServiceRecord{14443b7 u0 com.aetherpal.sonim/com.aetherpal.device.sandra.SandraService}
07-24 11:42:31.944 1718 2518 W ActivityManager: Unable to start service Intent { cmp=com.google.android.gm/com.android.email.service.AttachmentService } U=0: not found
07-24 11:42:32.134 1718 1747 I ActivityManager: Start proc 4869:com.android.chrome/u0a76 for service com.android.chrome/org.chromium.chrome.browser.customtabs.CustomTabsConnectionService
07-24 11:42:32.136 1718 1772 I ActivityManager: Waited long enough for: ServiceRecord{824333e u0 net.aetherpal.device/com.aetherpal.android.receivers.BootService}
07-24 11:42:32.182 1718 2797 I ActivityManager: Start proc 4890:com.google.android.inputmethod.japanese/u0a82 for broadcast com.google.android.inputmethod.japanese/com.google.android.apps.inputmethod.libs.framework.core.LauncherIconVisibilityInitializer
07-24 11:42:32.353 1718 2835 I ActivityManager: START u0 {act=android.intent.action.MAIN cat=[android.intent.category.LAUNCHER] flg=0x10200000 pkg=com.android.chrome cmp=com.android.chrome/com.google.android.apps.chrome.Main bnds=[840,1688][1035,1928] (has extras)} from uid 10026 on display 0
07-24 11:42:32.421 1718 1807 D BluetoothManagerService: Message: 20
07-24 11:42:32.421 1718 1807 D BluetoothManagerService: Added callback: android.bluetooth.IBluetoothManagerCallback$Stub$Proxy@4279f65:true
07-24 11:42:32.587 1718 2928 D CryptdConnector: SND -> {7 cryptfs getpwtype}
07-24 11:42:32.588 561 575 D VoldCryptCmdListener: cryptfs getpwtype
07-24 11:42:32.589 1718 1996 D CryptdConnector: RCV <- {213 7 default}
07-24 11:42:32.629 1718 1772 I ActivityManager: Waited long enough for: ServiceRecord{a70f9b4 u0 com.qualcomm.qti.qs/.QSService}
07-24 11:42:32.785 1718 1772 I ActivityManager: Waited long enough for: ServiceRecord{917744d u0 com.android.mms/.transaction.DeleteOldMessagesService}
07-24 11:42:32.936 1718 2898 I ActivityManager: Start proc 4992:com.android.partnerbrowsercustomizations/u0a60 for content provider com.android.partnerbrowsercustomizations/.SonimBrowserCustomizations
07-24 11:42:32.950 1718 2927 I ActivityManager: Start proc 5006:com.google.android.inputmethod.korean/u0a88 for broadcast com.google.android.inputmethod.korean/com.google.android.apps.inputmethod.libs.framework.core.LauncherIconVisibilityInitializer
07-24 11:42:32.959 1718 2518 I ActivityManager: Killing 2893:com.android.keychain/1000 (adj 906): empty #31
07-24 11:42:32.995 1718 2518 D ActivityManager: cleanUpApplicationRecord -- 2893
07-24 11:42:33.017 1718 2898 I ActivityManager: Start proc 5025:com.android.chrome:sandboxed_process0/u0i0 for service com.android.chrome/org.chromium.content.app.SandboxedProcessService0
07-24 11:42:33.194 1718 2835 I ActivityManager: Killing 2980:com.qualcomm.location.XT/1000 (adj 906): empty #31
07-24 11:42:33.217 1718 2518 I ActivityManager: Start proc 5081:com.google.android.inputmethod.pinyin/u0a80 for broadcast com.google.android.inputmethod.pinyin/com.google.android.apps.inputmethod.libs.framework.core.LauncherIconVisibilityInitializer
07-24 11:42:33.238 1718 2835 I ActivityManager: Start proc 5098:com.android.chrome:privileged_process0/u0a76 for service com.android.chrome/org.chromium.content.app.PrivilegedProcessService0
07-24 11:42:33.245 1718 1747 D ActivityManager: cleanUpApplicationRecord -- 2980
07-24 11:42:33.657 1718 2518 I ActivityManager: Start proc 5165:com.google.android.keep/u0a87 for broadcast com.google.android.keep/.notification.ReminderNotificationReceiver
07-24 11:42:33.668 1718 1807 D BluetoothManagerService: Message: 20
07-24 11:42:33.668 1718 1807 D BluetoothManagerService: Added callback: android.bluetooth.IBluetoothManagerCallback$Stub$Proxy@d54ee21:true
07-24 11:42:33.735 1718 2797 I ActivityManager: Start proc 5203:com.google.android.gms.ui/u0a20 for service com.google.android.gms/.chimera.UiIntentOperationService
07-24 11:42:33.793 1718 2928 I ActivityManager: Start proc 5221:com.android.chrome:sandboxed_process1/u0i1 for service com.android.chrome/org.chromium.content.app.SandboxedProcessService1
07-24 11:42:34.211 1718 2518 I ActivityManager: Setting hasTopUi=true for pid=2060
07-24 11:42:34.263 1718 1747 I ActivityManager: Killing 3095:com.google.android.inputmethod.latin:train/u0a86 (adj 906): empty #31
07-24 11:42:34.359 1718 2690 I ActivityManager: Start proc 5322:com.google.android.onetimeinitializer/u0a22 for broadcast com.google.android.onetimeinitializer/.OneTimeInitializerReceiver
07-24 11:42:34.412 1718 2285 D ActivityManager: cleanUpApplicationRecord -- 3095
07-24 11:42:34.465 1718 1718 W WindowManager: Attempted to remove non-existing token: android.os.Binder@8189ab
07-24 11:42:34.475 1718 1718 I ActivityManager: Killing 3025:com.google.android.partnersetup/u0a25 (adj 906): empty #31
07-24 11:42:34.510 1718 2285 D ActivityManager: cleanUpApplicationRecord -- 3025
07-24 11:42:34.578 1718 2902 I ActivityManager: Start proc 5365:com.google.android.partnersetup/u0a25 for broadcast com.google.android.partnersetup/.GooglePartnerSetup
07-24 11:42:34.645 1718 2902 I ActivityManager: Killing 3441:com.sonimtech.warrantyregapp.xp8/1000 (adj 906): empty #31
07-24 11:42:34.707 1718 2899 I ActivityManager: Killing 2520:org.codeaurora.ims/1001 (adj 906): empty #31
07-24 11:42:34.716 1718 2836 D ActivityManager: cleanUpApplicationRecord -- 3441
07-24 11:42:34.783 1718 2690 D ActivityManager: cleanUpApplicationRecord -- 2520
07-24 11:42:34.821 2683 2683 E ActivityThread: Failed to find provider info for com.google.android.gms.common.phenotype
07-24 11:42:34.885 1718 2927 I ActivityManager: Start proc 5426:com.google.android.inputmethod.latin:train/u0a86 for service com.google.android.inputmethod.latin/com.google.android.apps.inputmethod.libs.dvrnn.trainingservice.DvrnnTrainingRpcService
07-24 11:42:34.900 1718 2690 I ActivityManager: Start proc 5439:com.google.process.gapps/u0a70 for broadcast com.google.android.syncadapters.contacts/.ContactsSyncAdapterBroadcastReceiver
07-24 11:42:35.131 1718 2690 I ActivityManager: Start proc 5498:com.google.android.videos/u0a115 for broadcast com.google.android.videos/com.google.android.apps.play.movies.common.FlushLogsTaskService$Initializer
07-24 11:42:35.189 1718 2797 I ActivityManager: Killing 3468:org.simalliance.openmobileapi.service/1000 (adj 906): empty #31
07-24 11:42:35.222 1718 2836 D ActivityManager: cleanUpApplicationRecord -- 3468
07-24 11:42:35.255 1718 2518 I ActivityManager: Killing 2437:com.android.cellbroadcastreceiver/u0a5 (adj 906): empty #31
07-24 11:42:35.273 1718 2836 I ActivityManager: Killing 3604:com.qualcomm.display/1000 (adj 906): empty #31
07-24 11:42:35.281 1718 2284 D ActivityManager: cleanUpApplicationRecord -- 2437
07-24 11:42:35.294 1718 2285 D ActivityManager: cleanUpApplicationRecord -- 3604
07-24 11:42:35.836 1718 2826 I ActivityManager: Start proc 5577:com.google.android.youtube/u0a118 for broadcast com.google.android.youtube/com.google.android.libraries.youtube.mdx.background.MdxBackgroundScanBootReceiver
07-24 11:42:35.849 1718 2898 I ActivityManager: Killing 3626:com.android.dialer/u0a11 (adj 906): empty #31
07-24 11:42:35.902 1718 2836 D ActivityManager: cleanUpApplicationRecord -- 3626
07-24 11:42:36.269 1718 2518 I ActivityManager: Killing 2652:com.google.android.marvin.talkback/u0a114 (adj 906): empty #31
07-24 11:42:36.288 1718 2835 D ActivityManager: cleanUpApplicationRecord -- 2652
07-24 11:42:36.368 1718 1772 I ActivityManager: Waited long enough for: ServiceRecord{eb1d259 u0 com.dti.att/com.digitalturbine.ignite.IgniteService}
07-24 11:42:36.797 1718 2797 I ActivityManager: Start proc 5713:com.matchboxmobile.wisp/u0a50 for broadcast com.matchboxmobile.wisp/.WispBootReceiver
07-24 11:42:36.801 1718 2797 I ActivityManager: Killing 3682:com.android.carrierconfig/u0a4 (adj 906): empty #31
07-24 11:42:36.831 1718 2899 D ActivityManager: cleanUpApplicationRecord -- 3682
07-24 11:42:36.930 2350 2350 W ContextImpl: Calling a method in the system process without a qualified user: android.app.ContextImpl.startService:1357 android.content.ContextWrapper.startService:613 android.content.ContextWrapper.startService:613 com.qti.dpmserviceapp.DpmServiceAppReceiver.onReceive:33 android.app.ActivityThread.handleReceiver:3044
07-24 11:42:36.963 1718 2285 I ActivityManager: Start proc 5740:com.qti.smq.qualcommFeedback/1000 for broadcast com.qti.smq.qualcommFeedback/com.qti.smq.receiver.lifecycle.BootReceiver
07-24 11:42:37.021 5740 5740 W ContextImpl: Calling a method in the system process without a qualified user: android.app.ContextImpl.startService:1357 android.content.ContextWrapper.startService:613 android.content.ContextWrapper.startService:613 com.qti.smq.receiver.lifecycle.BootReceiver.onReceive:21 android.app.ActivityThread.handleReceiver:3044
07-24 11:42:37.059 3415 3415 W ContextImpl: Calling a method in the system process without a qualified user: android.app.ContextImpl.startService:1357 android.content.ContextWrapper.startService:613 android.content.ContextWrapper.startService:613 com.qualcomm.atfwd.AtFwdAutoboot.onReceive:24 android.app.ActivityThread.handleReceiver:3044
07-24 11:42:37.080 1718 2284 I ActivityManager: Start proc 5760:com.qualcomm.embms/u0a110 for broadcast com.qualcomm.embms/.EmbmsBootReceiver
07-24 11:42:37.081 3415 3415 E ActivityThread: Failed to find provider info for com.android.XMLAtSettingProvider
07-24 11:42:37.083 3415 3415 E ActivityThread: Failed to find provider info for com.android.XMLAtSettingProvider
07-24 11:42:37.147 1718 2797 I ActivityManager: Start proc 5778:com.qualcomm.embms:remote/u0a110 for service com.qualcomm.embms/.EmbmsService
07-24 11:42:37.153 1718 2902 I ActivityManager: Killing 3735:com.android.managedprovisioning/u0a27 (adj 906): empty #31
07-24 11:42:37.167 1718 1718 I ActivityManager: Start proc 5789:com.qualcomm.location.XT/1000 for broadcast com.qualcomm.location.XT/.XTBroadcastReceiver
07-24 11:42:37.171 1718 2898 D ActivityManager: cleanUpApplicationRecord -- 3735
07-24 11:42:37.234 1718 2797 I ActivityManager: Start proc 5809:com.qualcomm.qti.RIDL/1000 for broadcast com.qualcomm.qti.RIDL/.cBroadcastReceiver
07-24 11:42:37.263 1718 2835 I ActivityManager: Killing 3716:com.android.vending:instant_app_installer/u0a51 (adj 906): empty #31
07-24 11:42:37.288 1718 2749 I ActivityManager: Killing 2339:com.android.settings/1000 (adj 906): empty #31
07-24 11:42:37.290 1718 2899 D ActivityManager: cleanUpApplicationRecord -- 3716
07-24 11:42:37.312 1718 1747 I ActivityManager: Start proc 5830:com.qualcomm.qti.StatsPollManager/u0a103 for broadcast com.qualcomm.qti.StatsPollManager/.StatsPollManagerReceiver
07-24 11:42:37.320 1718 1747 I ActivityManager: Killing 4028:com.android.timerswitch/1000 (adj 906): empty #31
07-24 11:42:37.323 1718 1747 I ActivityManager: Killing 4051:com.att.eptt/u0a29 (adj 906): empty #31
07-24 11:42:37.328 1718 2284 D ActivityManager: cleanUpApplicationRecord -- 2339
07-24 11:42:37.333 1718 2797 D ActivityManager: cleanUpApplicationRecord -- 4028
07-24 11:42:37.343 1718 2899 D ConnectivityService: ConnectivityService NetworkRequestInfo binderDied(NetworkRequest [ REQUEST id=11, [ Transports: CELLULAR Capabilities: INTERNET&NOT_RESTRICTED&TRUSTED&NOT_VPN] ], android.os.BinderProxy@176c6ab)
07-24 11:42:37.343 1718 2748 D ActivityManager: cleanUpApplicationRecord -- 4051
07-24 11:42:37.344 1718 2010 D ConnectivityService: releasing NetworkRequest [ REQUEST id=11, [ Transports: CELLULAR Capabilities: INTERNET&NOT_RESTRICTED&TRUSTED&NOT_VPN] ]
07-24 11:42:37.345 1718 2010 E ConnectivityService: RemoteException caught trying to send a callback msg for NetworkRequest [ REQUEST id=11, [ Transports: CELLULAR Capabilities: INTERNET&NOT_RESTRICTED&TRUSTED&NOT_VPN] ]
07-24 11:42:37.383 1718 2899 I ActivityManager: Start proc 5845:com.qualcomm.qti.appnetaccess/1000 for broadcast com.qualcomm.qti.appnetaccess/.AppNetAccessReceiver
07-24 11:42:37.437 5845 5845 W ContextImpl: Calling a method in the system process without a qualified user: android.app.ContextImpl.startService:1357 android.content.ContextWrapper.startService:613 android.content.ContextWrapper.startService:613 com.qualcomm.qti.appnetaccess.AppNetAccessReceiver.onReceive:24 android.app.ActivityThread.handleReceiver:3044
07-24 11:42:37.455 1718 2797 I ActivityManager: Start proc 5859:com.qualcomm.qti.gsma.services.nfc/u0a119 for broadcast com.qualcomm.qti.gsma.services.nfc/.StartGsmaService
07-24 11:42:37.516 1718 1748 I ActivityManager: Start proc 5872:com.qualcomm.qti.gsma.services.nfc:remote/u0a119 for service com.qualcomm.qti.gsma.services.nfc/.GsmaService
07-24 11:42:37.531 1718 2284 I ActivityManager: Start proc 5884:com.qualcomm.qti.modemtestmode/1000 for broadcast com.qualcomm.qti.modemtestmode/.DefaultReceiver
07-24 11:42:37.536 1718 2284 I ActivityManager: Killing 4117:com.att.mobile.android.vvm/u0a52 (adj 906): empty #31
07-24 11:42:37.558 1718 2518 D ActivityManager: cleanUpApplicationRecord -- 4117
07-24 11:42:37.588 5884 5884 W ContextImpl: Calling a method in the system process without a qualified user: android.app.ContextImpl.startService:1357 android.content.ContextWrapper.startService:613 com.qualcomm.qcrilhook.QcRilHook.:102 com.qualcomm.qti.modemtestmode.MbnAppGlobals.onCreate:32 android.app.Instrumentation.callApplicationOnCreate:1025
07-24 11:42:37.591 5884 5884 W ContextImpl: Calling a method in the system process without a qualified user: android.app.ContextImpl.bindService:1421 android.content.ContextWrapper.bindService:636 com.qualcomm.qcrilhook.QcRilHook.:104 com.qualcomm.qti.modemtestmode.MbnAppGlobals.onCreate:32 android.app.Instrumentation.callApplicationOnCreate:1025
07-24 11:42:37.602 5884 5884 W ContextImpl: Calling a method in the system process without a qualified user: android.app.ContextImpl.startService:1357 android.content.ContextWrapper.startService:613 android.content.ContextWrapper.startService:613 com.qualcomm.qti.modemtestmode.DefaultReceiver.onReceive:36 android.app.ActivityThread.handleReceiver:3044
07-24 11:42:37.609 5884 5884 W ContextImpl: Calling a method in the system process without a qualified user: android.app.ContextImpl.bindService:1421 android.content.ContextWrapper.bindService:636 com.qualcomm.qti.modemtestmode.MbnSystemService.onCreate:101 android.app.ActivityThread.handleCreateService:3195 android.app.ActivityThread.-wrap5:-1
07-24 11:42:37.625 1718 2927 I ActivityManager: Start proc 5902:com.qualcomm.qti.qdma/1000 for broadcast com.qualcomm.qti.qdma/.app.BootReceiver
07-24 11:42:37.771 5902 5902 W ContextImpl: Calling a method in the system process without a qualified user: android.app.ContextImpl.startService:1357 android.content.ContextWrapper.startService:613 android.content.ContextWrapper.startService:613 com.qualcomm.qti.qdma.app.BootReceiver.onBootReceived:59 com.qualcomm.qti.innodme.InnoBootReceiver.onReceive:22
07-24 11:42:37.795 1718 2285 I ActivityManager: Start proc 5921:com.qualcomm.qti.smcinvokepkgmgr/1000 for broadcast com.qualcomm.qti.smcinvokepkgmgr/.SmcInvokeBroadcastReceiver
07-24 11:42:37.823 1718 2284 I ActivityManager: Killing 4493:com.example.field_test/1000 (adj 906): empty #31
07-24 11:42:37.839 1718 2836 D ActivityManager: cleanUpApplicationRecord -- 4493
07-24 11:42:37.860 5921 5921 W ContextImpl: Calling a method in the system process without a qualified user: android.app.ContextImpl.startService:1357 android.content.ContextWrapper.startService:613 android.content.ContextWrapper.startService:613 com.qualcomm.qti.smcinvokepkgmgr.SmcInvokeBroadcastReceiver.onReceive:22 android.app.ActivityThread.handleReceiver:3044
07-24 11:42:37.869 3415 3415 W ContextImpl: Calling a method in the system process without a qualified user: android.app.ContextImpl.startService:1357 android.content.ContextWrapper.startService:613 android.content.ContextWrapper.startService:613 com.qualcomm.simcontacts.SimStateReceiver.sendPhoneBoot:74 com.qualcomm.simcontacts.SimStateReceiver.onReceive:55
07-24 11:42:37.888 1718 2826 I ActivityManager: Start proc 5941:com.sonim.ble.connect.xp8/u0a39 for broadcast com.sonim.ble.connect.xp8/com.sonim.ble.connect.BootCompleteReceiver
07-24 11:42:37.953 1718 2690 I BroadcastQueue: Delay finish: com.sonim.ble.connect.xp8/com.sonim.ble.connect.BootCompleteReceiver
07-24 11:42:37.961 1718 1807 D BluetoothManagerService: Message: 20
07-24 11:42:37.961 1718 1807 D BluetoothManagerService: Added callback: android.bluetooth.IBluetoothManagerCallback$Stub$Proxy@68a7067:true
07-24 11:42:38.545 1718 2285 I ActivityManager: START u0 {act=android.settings.WIFI_SETTINGS flg=0x14000000 cmp=com.android.settings/.Settings$WifiSettingsActivity} from uid 10046 on display 0
07-24 11:42:38.554 1718 2518 W InputMethodManagerService: Window already focused, ignoring focus gain of: com.android.internal.view.IInputMethodClient$Stub$Proxy@a7a7075 attribute=null, token = android.os.BinderProxy@bbdb925
07-24 11:42:38.612 1718 2899 E ActivityManager: applyOptionsLocked: Unknown animationType=0
07-24 11:42:38.624 1718 2899 I ActivityManager: Start proc 5963:com.android.settings/1000 for activity com.android.settings/.Settings$WifiSettingsActivity
07-24 11:42:38.830 1718 2284 I ActivityManager: Killing 4510:com.google.android.apps.inputmethod.hindi/u0a74 (adj 906): empty #31
07-24 11:42:38.855 1718 2902 D ActivityManager: cleanUpApplicationRecord -- 4510
07-24 11:42:39.095 1718 2797 I ActivityManager: Setting hasTopUi=false for pid=2060
07-24 11:42:39.169 1718 2902 I ActivityManager: Process com.android.chrome:sandboxed_process1 (pid 5221) has died
07-24 11:42:39.169 1718 2902 D ActivityManager: cleanUpApplicationRecord -- 5221
07-24 11:42:39.170 1718 2902 W ActivityManager: Scheduling restart of crashed service com.android.chrome/org.chromium.content.app.SandboxedProcessService1 in 1000ms
07-24 11:42:39.172 1718 1778 E KernelUidCpuTimeReader: Failed to read uid_cputime: /proc/uid_cputime/show_uid_stat (No such file or directory)
07-24 11:42:39.179 1718 1778 E KernelUidCpuTimeReader: failed to remove uid from uid_cputime module
07-24 11:42:39.179 1718 1778 E KernelUidCpuTimeReader: java.io.FileNotFoundException: /proc/uid_cputime/remove_uid_range (No such file or directory)
07-24 11:42:39.179 1718 1778 E KernelUidCpuTimeReader: at java.io.FileOutputStream.open(Native Method)
07-24 11:42:39.179 1718 1778 E KernelUidCpuTimeReader: at java.io.FileOutputStream.(FileOutputStream.java:221)
07-24 11:42:39.179 1718 1778 E KernelUidCpuTimeReader: at java.io.FileOutputStream.(FileOutputStream.java:108)
07-24 11:42:39.179 1718 1778 E KernelUidCpuTimeReader: at java.io.FileWriter.(FileWriter.java:63)
07-24 11:42:39.179 1718 1778 E KernelUidCpuTimeReader: at com.android.internal.os.KernelUidCpuTimeReader.removeUid(KernelUidCpuTimeReader.java:158)
07-24 11:42:39.179 1718 1778 E KernelUidCpuTimeReader: at com.android.internal.os.BatteryStatsImpl.removeIsolatedUidLocked(BatteryStatsImpl.java:3143)
07-24 11:42:39.179 1718 1778 E KernelUidCpuTimeReader: at com.android.server.am.BatteryStatsService$BatteryStatsHandler.handleMessage(BatteryStatsService.java:141)
07-24 11:42:39.179 1718 1778 E KernelUidCpuTimeReader: at android.os.Handler.dispatchMessage(Handler.java:102)
07-24 11:42:39.179 1718 1778 E KernelUidCpuTimeReader: at android.os.Looper.loop(Looper.java:154)
07-24 11:42:39.179 1718 1778 E KernelUidCpuTimeReader: at android.os.HandlerThread.run(HandlerThread.java:61)
07-24 11:42:39.179 1718 1778 E KernelUidCpuTimeReader: at com.android.server.ServiceThread.run(ServiceThread.java:46)
07-24 11:42:42.925 1718 2002 D WifiService: New client listening to asynchronous messages
07-24 11:42:42.946 1718 2835 W InputMethodManagerService: Window already focused, ignoring focus gain of: com.android.internal.view.IInputMethodClient$Stub$Proxy@f4de96e attribute=null, token = android.os.BinderProxy@1da5c27
07-24 11:42:42.981 1718 2010 D ConnectivityService: NetworkAgentInfo [WIFI () - 100] EVENT_NETWORK_INFO_CHANGED, going from CONNECTING to DISCONNECTED
07-24 11:42:42.981 1718 2010 D ConnectivityService: NetworkAgentInfo [WIFI () - 100] got DISCONNECTED, was satisfying 0
07-24 11:42:45.129 1718 2003 D ConnectivityService: registerNetworkAgent NetworkAgentInfo{ ni{[type: WIFI[], state: CONNECTING/CONNECTING, reason: (unspecified), extra: "PSCR-NDN-1", failover: false, available: true, roaming: false, metered: false]} network{101} nethandle{433808132830} lp{{LinkAddresses: [] Routes: [] DnsAddresses: [] Domains: null MTU: 0}} nc{[ Transports: WIFI Capabilities: NOT_METERED&INTERNET&NOT_RESTRICTED&TRUSTED&NOT_VPN LinkUpBandwidth>=1048576Kbps LinkDnBandwidth>=1048576Kbps]} Score{20} everValidated{false} lastValidated{false} created{false} lingering{false} explicitlySelected{false} acceptUnvalidated{false} everCaptivePortalDetected{false} lastCaptivePortalDetected{false} }
07-24 11:42:45.129 1718 2010 D ConnectivityService: NetworkAgentInfo [WIFI () - 101] EVENT_NETWORK_INFO_CHANGED, going from null to CONNECTING
07-24 11:42:45.136 1718 1718 W ContextImpl: Calling a method in the system process without a qualified user: android.app.ContextImpl.bindService:1421 com.android.server.spcc.SPCCSystemService.bindToSPCCService:242 com.android.server.spcc.SPCCSystemService$4.onReceive:325 android.app.LoadedApk$ReceiverDispatcher$Args.run:1122 android.os.Handler.handleCallback:751
07-24 11:42:45.138 1718 1718 W ContextImpl: Calling a method in the system process without a qualified user: android.app.ContextImpl.bindService:1421 com.android.server.spcc.SPCCSystemService.bindToCSMService:251 com.android.server.spcc.SPCCSystemService$4.onReceive:327 android.app.LoadedApk$ReceiverDispatcher$Args.run:1122 android.os.Handler.handleCallback:751
07-24 11:42:45.227 1718 2010 D ConnectivityService: NetworkAgentInfo [WIFI () - 101] EVENT_NETWORK_INFO_CHANGED, going from CONNECTING to CONNECTED
07-24 11:42:45.231 1718 2010 D ConnectivityService: Adding iface wlan0 to network 101
07-24 11:42:45.270 1718 2010 D ConnectivityService: Setting DNS servers for network 101 to []
07-24 11:42:45.317 1718 2010 D ConnectivityService: Switching to new default network: NetworkAgentInfo{ ni{[type: WIFI[], state: CONNECTED/CONNECTED, reason: (unspecified), extra: "PSCR-NDN-1", failover: false, available: true, roaming: false, metered: false]} network{101} nethandle{433808132830} lp{{InterfaceName: wlan0 LinkAddresses: [fe80::224:a3ff:fe79:7859/64,192.168.8.100/24,] Routes: [fe80::/64 -> :: wlan0,192.168.8.0/24 -> 0.0.0.0 wlan0,0.0.0.0/0 -> 192.168.8.8 wlan0,] DnsAddresses: [] Domains: null MTU: 0 TcpBufferSizes: 524288,1048576,2097152,262144,524288,1048576}} nc{[ Transports: WIFI Capabilities: NOT_METERED&INTERNET&NOT_RESTRICTED&TRUSTED&NOT_VPN&FOREGROUND LinkUpBandwidth>=1048576Kbps LinkDnBandwidth>=1048576Kbps SignalStrength: -35]} Score{20} everValidated{false} lastValidated{false} created{true} lingering{false} explicitlySelected{false} acceptUnvalidated{false} everCaptivePortalDetected{false} lastCaptivePortalDetected{false} }
07-24 11:42:45.397 1718 1778 E KernelUidCpuTimeReader: Failed to read uid_cputime: /proc/uid_cputime/show_uid_stat (No such file or directory)
07-24 11:42:45.404 1718 2010 D ConnectivityService: Sending CONNECTED broadcast for type 1 NetworkAgentInfo [WIFI () - 101] isDefaultNetwork=true
07-24 11:42:45.430 1718 2928 V BackupManagerService: Scheduling immediate backup pass
07-24 11:42:45.430 1718 2010 D ConnectivityService: NetworkAgentInfo [WIFI () - 101] validation failed
07-24 11:42:45.439 1718 1718 V BackupManagerService: Running a backup pass
07-24 11:42:45.439 1718 2611 V BackupManagerService: clearing pending backups
07-24 11:42:45.473 1718 2611 V PerformBackupTask: Beginning backup of 34 targets
07-24 11:42:45.489 1718 2611 D PerformBackupTask: invokeAgentForBackup on @pm@
07-24 11:42:45.516 1718 2611 I BackupRestoreController: Getting widget state for user: 0
07-24 11:42:45.934 1718 2611 V KeyValueBackupJob: Scheduling k/v pass in 9 minutes
07-24 11:42:46.006 1718 2899 I ActivityManager: Process com.aetherpal.attdh.sonim (pid 3502) has died
07-24 11:42:46.006 1718 2899 D ActivityManager: cleanUpApplicationRecord -- 3502
07-24 11:42:46.077 1718 1718 I ActivityManager: Start proc 6232:com.att.eptt/u0a29 for service com.att.eptt/.receivers.NetworkJobScheduler
07-24 11:42:46.276 1718 2611 I BackupManagerService: K/V backup pass finished.
07-24 11:42:46.347 1718 2010 D ConnectivityService: NetworkAgentInfo [WIFI () - 101] validation failed
07-24 11:42:46.469 1718 2285 I ActivityManager: Delaying start of: ServiceRecord{4a15613 u0 com.android.vending/com.google.android.finsky.instantapps.statussync.StatusSyncService}
07-24 11:42:47.083 1718 2835 I ActivityManager: Start proc 6308:com.google.android.play.games.ui/u0a20 for content provider com.google.android.gms/.games.provider.NotificationStubContentProvider
07-24 11:42:47.613 1718 2002 D WiFiServiceImpl : CONNECT nid=-1 uid=1000 name=android.uid.system:1000
07-24 11:42:47.613 1718 2002 D WifiService: Connect with config* ID: -1 SSID: "NIST-Guest" PROVIDER-NAME: null BSSID: null FQDN: null PRIO: 0 HIDDEN: false
07-24 11:42:47.613 1718 2002 D WifiService: NetworkSelectionStatus NETWORK_SELECTION_ENABLED
07-24 11:42:47.613 1718 2002 D WifiService: hasEverConnected: false
07-24 11:42:47.613 1718 2002 D WifiService: KeyMgmt: NONE Protocols:
07-24 11:42:47.613 1718 2002 D WifiService: AuthAlgorithms:
07-24 11:42:47.613 1718 2002 D WifiService: PairwiseCiphers:
07-24 11:42:47.613 1718 2002 D WifiService: GroupCiphers:
07-24 11:42:47.613 1718 2002 D WifiService: PSK:
07-24 11:42:47.613 1718 2002 D WifiService: sim_num
07-24 11:42:47.613 1718 2002 D WifiService: Enterprise config:
07-24 11:42:47.613 1718 2002 D WifiService: IP config:
07-24 11:42:47.613 1718 2002 D WifiService: IP assignment: UNASSIGNED
07-24 11:42:47.613 1718 2002 D WifiService: Proxy settings: UNASSIGNED
07-24 11:42:47.613 1718 2002 D WifiService: cuid=-1 luid=-1 lcuid=0 userApproved=USER_UNSPECIFIED noInternetAccessExpected=false roamingFailureBlackListTimeMilli: 1000
07-24 11:42:47.613 1718 2002 D WifiService: triggeredLow: 0 triggeredBad: 0 triggeredNotHigh: 0
07-24 11:42:47.613 1718 2002 D WifiService: ticksLow: 0 ticksBad: 0 ticksNotHigh: 0
07-24 11:42:47.613 1718 2002 D WifiService: triggeredJoin: 0
07-24 11:42:47.759 1718 2010 D ConnectivityService: NetworkAgentInfo [WIFI () - 101] EVENT_NETWORK_INFO_CHANGED, going from CONNECTED to DISCONNECTED
07-24 11:42:47.759 1718 2010 D ConnectivityService: NetworkAgentInfo [WIFI () - 101] got DISCONNECTED, was satisfying 16
07-24 11:42:47.837 1718 2010 D ConnectivityService: Sending DISCONNECTED broadcast for type 1 NetworkAgentInfo [WIFI () - 101] isDefaultNetwork=true
07-24 11:42:47.901 1718 2003 D ConnectivityService: registerNetworkAgent NetworkAgentInfo{ ni{[type: WIFI[], state: CONNECTING/CONNECTING, reason: (unspecified), extra: "NIST-Guest", failover: false, available: true, roaming: false, metered: false]} network{102} nethandle{438103100126} lp{{LinkAddresses: [] Routes: [] DnsAddresses: [] Domains: null MTU: 0}} nc{[ Transports: WIFI Capabilities: NOT_METERED&INTERNET&NOT_RESTRICTED&TRUSTED&NOT_VPN LinkUpBandwidth>=1048576Kbps LinkDnBandwidth>=1048576Kbps]} Score{20} everValidated{false} lastValidated{false} created{false} lingering{false} explicitlySelected{false} acceptUnvalidated{false} everCaptivePortalDetected{false} lastCaptivePortalDetected{false} }
07-24 11:42:47.918 1718 2010 D NetworkNotificationManager: clearNotification id=101
07-24 11:42:47.918 1718 2010 D ConnectivityService: NetworkAgentInfo [WIFI () - 102] EVENT_NETWORK_INFO_CHANGED, going from null to CONNECTING
07-24 11:42:47.970 1718 1778 E KernelUidCpuTimeReader: Failed to read uid_cputime: /proc/uid_cputime/show_uid_stat (No such file or directory)
07-24 11:42:48.015 1718 2748 I ActivityManager: Killing 4536:com.google.android.apps.maps/u0a116 (adj 906): empty #31
07-24 11:42:48.053 1718 2285 D ConnectivityService: ConnectivityService NetworkRequestInfo binderDied(NetworkRequest [ LISTEN id=12, [ Capabilities: INTERNET&NOT_RESTRICTED&TRUSTED&FOREGROUND] ], android.os.BinderProxy@635c942)
07-24 11:42:48.053 1718 2690 D ActivityManager: cleanUpApplicationRecord -- 4536
07-24 11:42:48.054 1718 2010 E ConnectivityService: RemoteException caught trying to send a callback msg for NetworkRequest [ LISTEN id=12, [ Capabilities: INTERNET&NOT_RESTRICTED&TRUSTED&FOREGROUND] ]
07-24 11:42:50.262 1718 2518 I ActivityManager: Killing 4615:com.google.android.apps.walletnfcrel/u0a73 (adj 906): empty #31
07-24 11:42:50.285 1718 1748 D ActivityManager: cleanUpApplicationRecord -- 4615
07-24 11:42:51.900 1718 1772 I ActivityManager: Waited long enough for: ServiceRecord{f92b68e u0 com.matchboxmobile.wisp/.WispService}
07-24 11:42:51.926 1718 1772 I ActivityManager: Start proc 6407:com.android.vending:instant_app_installer/u0a51 for service com.android.vending/com.google.android.finsky.instantapps.statussync.StatusSyncService
07-24 11:42:52.063 1718 1772 I ActivityManager: Waited long enough for: ServiceRecord{b8551d8 u0 com.qualcomm.atfwd/.AtFwdService}
07-24 11:42:52.063 1718 1772 I BroadcastQueue: Resuming delayed broadcast
07-24 11:42:52.074 1718 1772 I ActivityManager: Start proc 6421:com.sonim.safeguard/1000 for broadcast com.sonim.safeguard/.receiver.SGReceiver
07-24 11:42:52.142 1718 2284 I ActivityManager: Start proc 6444:com.sonim.scout/1000 for broadcast com.sonim.scout/.receivers.BootCompletedReceiver
07-24 11:42:52.147 1718 2284 I ActivityManager: Killing 4716:com.android.defcontainer/u0a9 (adj 906): empty #31
07-24 11:42:52.175 1718 2285 D ActivityManager: cleanUpApplicationRecord -- 4716
07-24 11:42:52.263 6444 6444 W ContextImpl: Calling a method in the system process without a qualified user: android.app.ContextImpl.startService:1357 android.content.ContextWrapper.startService:613 android.content.ContextWrapper.startService:613 com.sonim.scout.receivers.BootCompletedReceiver.onReceive:28 android.app.ActivityThread.handleReceiver:3044
07-24 11:42:52.281 1718 2898 I BroadcastQueue: Delay finish: com.sonim.scout/.receivers.BootCompletedReceiver
07-24 11:42:52.320 1718 2836 I ActivityManager: Killing 4464:com.google.android.packageinstaller/u0a24 (adj 906): empty #31
07-24 11:42:52.323 1718 2898 I BroadcastQueue: Resuming delayed broadcast
07-24 11:42:52.336 1718 2898 I ActivityManager: Start proc 6474:com.sonim.sonimcustomercare/u0a40 for broadcast com.sonim.sonimcustomercare/.powerstation.BootCompleteReciver
07-24 11:42:52.341 1718 1748 I ActivityManager: Killing 4775:com.google.android.configupdater/u0a6 (adj 906): empty #31
07-24 11:42:52.342 6444 6444 W ContextImpl: Calling a method in the system process without a qualified user: android.app.ContextImpl.startService:1357 android.content.ContextWrapper.startService:613 com.sonim.scout.service.ScoutService.startIntentService:226 com.sonim.scout.service.ScoutService.executeOnStartCmndOrSysEventsListener:460 com.sonim.scout.service.ScoutService.onNetworkConnectionChanged:160
07-24 11:42:52.358 1718 2826 D ActivityManager: cleanUpApplicationRecord -- 4775
07-24 11:42:52.371 1718 1772 I ActivityManager: Waited long enough for: ServiceRecord{35ce108 u0 com.qualcomm.qti.StatsPollManager/.StatsPollManagerService}
07-24 11:42:52.377 1718 1748 D ActivityManager: cleanUpApplicationRecord -- 4464
07-24 11:42:52.431 1718 2690 I ActivityManager: Killing 2693:com.google.android.deskclock/u0a65 (adj 906): empty #31
07-24 11:42:52.449 1718 2690 I ActivityManager: Start proc 6497:com.sonimtech.cit.verifier/1000 for broadcast com.sonimtech.cit.verifier/.BootCompleteReceiver
07-24 11:42:52.451 1718 1772 I ActivityManager: Waited long enough for: ServiceRecord{b6332c6 u0 com.qualcomm.qti.appnetaccess/.AppNetAccessService}
07-24 11:42:52.456 1718 1890 D ActivityManager: cleanUpApplicationRecord -- 2693
07-24 11:42:52.517 1718 1772 I ActivityManager: Waited long enough for: ServiceRecord{dd92287 u0 com.qualcomm.qti.gsma.services.nfc/.GsmaService}
07-24 11:42:52.530 6497 6497 W ContextImpl: Calling a method in the system process without a qualified user: android.app.ContextImpl.startService:1357 android.content.ContextWrapper.startService:613 android.content.ContextWrapper.startService:613 com.sonimtech.cit.verifier.BootCompleteReceiver.onReceive:12 android.app.ActivityThread.handleReceiver:3044
07-24 11:42:52.537 6497 6497 W ContextImpl: Calling a method in the system process without a qualified user: android.app.ContextImpl.startService:1357 android.content.ContextWrapper.startService:613 com.qualcomm.qcrilhook.QcRilHook.:102 com.example.field_test.OemModemManager.:52 com.sonimtech.cit.verifier.StoreFactoryData1.onCreate:43
07-24 11:42:52.539 3049 3049 W ContextImpl: Calling a method in the system process without a qualified user: android.app.ContextImpl.sendBroadcast:877 android.content.ContextWrapper.sendBroadcast:421 android.content.ContextWrapper.sendBroadcast:421 com.sonimtech.spccservice.receivers.BootCompleteReceiver.sendStartIntent:33 com.sonimtech.spccservice.receivers.BootCompleteReceiver.onReceive:24
07-24 11:42:52.541 6497 6497 W ContextImpl: Calling a method in the system process without a qualified user: android.app.ContextImpl.bindService:1421 android.content.ContextWrapper.bindService:636 com.qualcomm.qcrilhook.QcRilHook.:104 com.example.field_test.OemModemManager.:52 com.sonimtech.cit.verifier.StoreFactoryData1.onCreate:43
07-24 11:42:52.565 1718 2928 I ActivityManager: Start proc 6511:com.sonimtech.warrantyregapp.xp8/1000 for broadcast com.sonimtech.warrantyregapp.xp8/com.sonimtech.warrantyregapp.BootupHandler
07-24 11:42:52.607 1718 1772 I ActivityManager: Waited long enough for: ServiceRecord{d0fd49e u0 com.qualcomm.qti.modemtestmode/.MbnSystemService}
07-24 11:42:52.648 1718 2284 I ActivityManager: Killing 4890:com.google.android.inputmethod.japanese/u0a82 (adj 906): empty #31
07-24 11:42:52.651 2815 2815 W ContextImpl: Calling a method in the system process without a qualified user: android.app.ContextImpl.startService:1357 android.content.ContextWrapper.startService:613 android.content.ContextWrapper.startService:613 com.thundersoft.dmc.tsoft.BootReceiver.a:-1 com.thundersoft.dmc.tsoft.BootReceiver.onReceive:-1
07-24 11:42:52.666 1718 2690 I ActivityManager: Start proc 6529:org.codeaurora.ims/1001 for broadcast org.codeaurora.ims/.ImsServiceAutoboot
07-24 11:42:52.670 1718 2928 D ActivityManager: cleanUpApplicationRecord -- 4890
07-24 11:42:52.710 2815 2815 W ContextImpl: Calling a method in the system process without a qualified user: android.app.ContextImpl.startService:1357 android.content.ContextWrapper.startService:613 com.abupdate.ABUpdateService.c:-1 com.thundersoft.dmc.tsoft.DMService.onStart:-1 android.app.Service.onStartCommand:509
07-24 11:42:52.730 1718 1772 W BroadcastQueue: Permission Denial: receiving Intent { act=android.intent.action.BOOT_COMPLETED flg=0x9000010 (has extras) } to org.codeaurora.snapcam/com.android.camera.DisableCameraReceiver requires android.permission.RECEIVE_BOOT_COMPLETED due to sender null (uid 1000)
07-24 11:42:52.741 1718 1772 I ActivityManager: Start proc 6544:org.simalliance.openmobileapi.service/1000 for broadcast org.simalliance.openmobileapi.service/.SmartcardServiceBootCompletedBroadcastReceiver
07-24 11:42:52.745 1718 1747 I ActivityManager: Killing 5006:com.google.android.inputmethod.korean/u0a88 (adj 906): empty #31
07-24 11:42:52.765 1718 2899 D ActivityManager: cleanUpApplicationRecord -- 5006
07-24 11:42:52.793 1718 2797 I ActivityManager: Start proc 6560:org.simalliance.openmobileapi.service:remote/1000 for service org.simalliance.openmobileapi.service/.SmartcardService
07-24 11:42:52.814 1718 1890 I ActivityManager: Start proc 6573:com.google.android.instantapps.supervisor/u0a123 for broadcast com.google.android.instantapps.supervisor/.BootReceiver
07-24 11:42:52.823 1718 2835 I ActivityManager: Killing 5081:com.google.android.inputmethod.pinyin/u0a80 (adj 906): empty #31
07-24 11:42:52.845 1718 2928 D ActivityManager: cleanUpApplicationRecord -- 5081
07-24 11:42:52.864 1718 1772 I ActivityManager: Waited long enough for: ServiceRecord{efd8368 u0 com.qualcomm.qti.smcinvokepkgmgr/.SmcInvokeService}
