07-24 12:27:12.499 1718 2902 W InputMethodManagerService: Window already focused, ignoring focus gain of: com.android.internal.view.IInputMethodClient$Stub$Proxy@7b89768 attribute=null, token = android.os.BinderProxy@d828083
07-24 12:27:12.519 1718 2927 I ActivityManager: Setting hasTopUi=false for pid=2060
07-24 12:27:21.067 1718 8141 I ActivityManager: Start proc 15396:com.google.android.videos/u0a115 for service com.google.android.videos/com.google.android.apps.play.movies.common.service.player.logging.QoePingService
07-24 12:27:21.154 1718 8944 I ActivityManager: Start proc 15412:com.google.android.youtube/u0a118 for service com.google.android.youtube/com.google.android.libraries.youtube.common.gcore.gcoreclient.gcm.impl.GcmTaskServiceDelegator
07-24 12:27:21.342 1718 13283 D ConnectivityService: Returning unblocked NetworkInfo to uid=10118
07-24 12:27:21.573 1718 2749 I ActivityManager: Start proc 15511:com.google.android.apps.maps/u0a116 for service com.google.android.apps.maps/com.google.android.apps.gmm.context.appindexing.AppIndexingTtlTaskService
07-24 12:27:21.786 1718 2284 D ConnectivityService: Returning unblocked NetworkInfo to uid=10116
07-24 12:27:22.521 1718 2836 I ActivityManager: Killing 8443:com.google.android.packageinstaller/u0a24 (adj 906): empty #31
07-24 12:27:22.569 1718 2690 D ActivityManager: cleanUpApplicationRecord -- 8443
07-24 12:27:36.507 1718 2836 I ActivityManager: Killing 6844:com.google.android.keep/u0a87 (adj 906): empty #31
07-24 12:27:36.544 1718 1747 D ActivityManager: cleanUpApplicationRecord -- 6844
07-24 12:27:52.345 1718 2284 I ActivityManager: Killing 9665:com.qualcomm.timeservice/1000 (adj 906): empty #31
07-24 12:27:52.359 1718 2928 I ActivityManager: Killing 9687:com.sonimtech.warrantyregapp.xp8/1000 (adj 906): empty #31
07-24 12:27:52.370 1718 2902 D ActivityManager: cleanUpApplicationRecord -- 9665
07-24 12:27:52.373 1718 2795 D ActivityManager: cleanUpApplicationRecord -- 9687
07-24 12:28:14.058 1718 1778 E BatteryStatsService: no controller energy info supplied
07-24 12:28:14.064 1718 1778 E KernelUidCpuTimeReader: Failed to read uid_cputime: /proc/uid_cputime/show_uid_stat (No such file or directory)
07-24 12:29:00.038 1718 1772 I ProcessStatsService: Prepared write state in 17ms
07-24 12:29:00.157 1718 1771 I ProcessStatsService: Pruning old procstats: /data/system/procstats/state-2018-06-22-17-37-20.bin
07-24 12:29:12.213 1718 1811 I PowerManagerService: Going to sleep due to screen timeout (uid 1000)...
07-24 12:29:12.785 1718 1808 I DisplayManagerService: Display device changed state: "Built-in Screen", OFF
07-24 12:29:12.958 1718 1811 I DreamManagerService: Entering dreamland.
07-24 12:29:12.959 1718 1811 I PowerManagerService: Dozing...
07-24 12:29:12.962 1718 1806 I DreamController: Starting dream: name=ComponentInfo{com.android.systemui/com.android.systemui.doze.DozeService}, isTest=false, canDoze=true, userId=0
07-24 12:29:17.250 1718 8142 I ActivityManager: Setting hasTopUi=true for pid=2060
07-24 12:29:17.298 2060 2060 V KeyguardStatusView: refresh statusview showing:true
07-24 12:29:17.311 2060 2060 V KeyguardDisplayManager: show
07-24 12:29:22.281 1718 2518 D ConnectivityService: Returning unblocked NetworkInfo to uid=10086
07-24 12:29:52.199 1718 1778 E BatteryStatsService: no controller energy info supplied
07-24 12:29:52.206 1718 1772 E KernelUidCpuTimeReader: Failed to read uid_cputime: /proc/uid_cputime/show_uid_stat (No such file or directory)
07-24 12:29:52.222 1718 1718 I ActivityManager: Start proc 15719:com.google.android.apps.tachyon/u0a67 for service com.google.android.apps.tachyon/.jobs.NativeJobSchedulerJobService
07-24 12:29:52.227 1718 1778 E KernelUidCpuTimeReader: Failed to read uid_cputime: /proc/uid_cputime/show_uid_stat (No such file or directory)
07-24 12:29:52.670 1718 1747 D ConnectivityService: Returning unblocked NetworkInfo to uid=10067
07-24 12:30:29.904 1718 1772 I ActivityManager: Start proc 15822:com.qualcomm.qti.seemp.service:seemp_service/1000 for broadcast com.qualcomm.qti.seemp.service/.SeempBroadcastReceiver
07-24 12:30:40.992 1718 1772 I ActivityManager: Force stopping com.google.android.apps.maps appid=10116 user=-1: installPackageLI
07-24 12:30:40.993 1718 1772 I ActivityManager: Killing 15511:com.google.android.apps.maps/u0a116 (adj 900): stop com.google.android.apps.maps
07-24 12:30:40.993 1718 1772 D ActivityManager: cleanUpApplicationRecord -- 15511
07-24 12:30:41.009 1718 1837 W PackageManager: Trying to update system app code path from /data/app/com.google.android.apps.maps-2 to /data/app/com.google.android.apps.maps-1
07-24 12:30:41.010 1718 1837 W PackageManager: Code path for com.google.android.apps.maps changing from /data/app/com.google.android.apps.maps-2 to /data/app/com.google.android.apps.maps-1
07-24 12:30:41.010 1718 1837 W PackageManager: Resource path for com.google.android.apps.maps changing from /data/app/com.google.android.apps.maps-2 to /data/app/com.google.android.apps.maps-1
07-24 12:30:41.013 1718 8945 D ConnectivityService: ConnectivityService NetworkRequestInfo binderDied(NetworkRequest [ LISTEN id=37, [ Capabilities: INTERNET&NOT_RESTRICTED&TRUSTED&FOREGROUND] ], android.os.BinderProxy@d7fbdf3)
07-24 12:30:41.014 1718 2010 E ConnectivityService: RemoteException caught trying to send a callback msg for NetworkRequest [ LISTEN id=37, [ Capabilities: INTERNET&NOT_RESTRICTED&TRUSTED&FOREGROUND] ]
07-24 12:30:41.168 1718 1837 W PackageManager: Unknown permission android.permission.FOREGROUND_SERVICE in package com.google.android.apps.maps
07-24 12:30:41.492 1718 1837 I ActivityManager: Force stopping com.google.android.apps.maps appid=10116 user=0: pkg removed
07-24 12:30:41.529 13321 13321 W ContextImpl: Calling a method in the system process without a qualified user: android.app.ContextImpl.startService:1357 android.content.ContextWrapper.startService:613 android.content.ContextWrapper.startService:613 com.android.keychain.KeyChainBroadcastReceiver.onReceive:12 android.app.ActivityThread.handleReceiver:3044
07-24 12:30:41.767 5845 5845 W ContextImpl: Calling a method in the system process without a qualified user: android.app.ContextImpl.startService:1357 android.content.ContextWrapper.startService:613 android.content.ContextWrapper.startService:613 com.qualcomm.qti.appnetaccess.AppNetAccessReceiver.onReceive:24 android.app.ActivityThread.handleReceiver:3044
07-24 12:30:41.778 15822 15822 W ContextImpl: Calling a method in the system process without a qualified user: android.app.ContextImpl.startService:1357 android.content.ContextWrapper.startService:613 android.content.ContextWrapper.startService:613 com.qualcomm.qti.seemp.service.SeempBroadcastReceiver.onReceive:61 android.app.ActivityThread.handleReceiver:3044
07-24 12:30:41.827 1718 2690 I ActivityManager: Process com.qualcomm.qti.seemp.service:seemp_service (pid 15822) has died
07-24 12:30:41.827 1718 2690 D ActivityManager: cleanUpApplicationRecord -- 15822
07-24 12:30:41.961 1718 2795 I ActivityManager: Start proc 15872:com.qualcomm.qti.seemp.service:seemp_service/1000 for broadcast com.qualcomm.qti.seemp.service/.SeempBroadcastReceiver
07-24 12:30:42.004 1718 1718 W ContextImpl: Calling a method in the system process without a qualified user: android.app.ContextImpl.bindService:1421 com.android.server.spcc.SPCCSystemService.bindToSPCCService:242 com.android.server.spcc.SPCCSystemService$4.onReceive:325 android.app.LoadedApk$ReceiverDispatcher$Args.run:1122 android.os.Handler.handleCallback:751
07-24 12:30:42.013 1718 1718 W ContextImpl: Calling a method in the system process without a qualified user: android.app.ContextImpl.bindService:1421 com.android.server.spcc.SPCCSystemService.bindToCSMService:251 com.android.server.spcc.SPCCSystemService$4.onReceive:327 android.app.LoadedApk$ReceiverDispatcher$Args.run:1122 android.os.Handler.handleCallback:751
07-24 12:30:42.029 15872 15872 W ContextImpl: Calling a method in the system process without a qualified user: android.app.ContextImpl.startService:1357 android.content.ContextWrapper.startService:613 android.content.ContextWrapper.startService:613 com.qualcomm.qti.seemp.service.SeempBroadcastReceiver.onReceive:74 android.app.ActivityThread.handleReceiver:3044
07-24 12:30:42.103 1718 2898 I ActivityManager: Process com.qualcomm.qti.seemp.service:seemp_service (pid 15872) has died
07-24 12:30:42.104 1718 2898 D ActivityManager: cleanUpApplicationRecord -- 15872
07-24 12:30:42.213 6444 6444 W ContextImpl: Calling a method in the system process without a qualified user: android.app.ContextImpl.startService:1357 android.content.ContextWrapper.startService:613 com.sonim.scout.service.ScoutService.startIntentService:226 com.sonim.scout.service.ScoutService.executealarmTimeChangedAndPkgListenerRequest:482 com.sonim.scout.service.ScoutService.executeOnPkgUpdated:472
07-24 12:30:42.252 1718 8142 I ActivityManager: Start proc 15896:com.google.android.apps.maps/u0a116 for broadcast com.google.android.apps.maps/com.google.android.apps.gmm.navigation.service.detection.StartDetectionReceiver
07-24 12:30:43.297 6444 15894 W ContextImpl: Calling a method in the system process without a qualified user: android.app.ContextImpl.sendBroadcast:877 android.content.ContextWrapper.sendBroadcast:421 com.sonim.scout.utils.ScoutJsonParser.parseRespose:81 com.sonim.scout.service.ScoutIntentService.onHandleIntent:58 android.app.IntentService$ServiceHandler.handleMessage:68
07-24 12:30:43.310 6444 15894 W ContextImpl: Calling a method in the system process without a qualified user: android.app.ContextImpl.sendBroadcast:877 android.content.ContextWrapper.sendBroadcast:421 com.sonim.scout.utils.ScoutJsonParser.parseWarrantyData:556 com.sonim.scout.utils.ScoutJsonParser.parseRespose:101 com.sonim.scout.service.ScoutIntentService.onHandleIntent:58
07-24 12:30:43.320 6444 15894 W ContextImpl: Calling a method in the system process without a qualified user: android.app.ContextImpl.sendBroadcast:877 android.content.ContextWrapper.sendBroadcast:421 com.sonim.scout.utils.ScoutJsonParser.parseRespose:125 com.sonim.scout.service.ScoutIntentService.onHandleIntent:58 android.app.IntentService$ServiceHandler.handleMessage:68
07-24 12:30:56.735 1718 1718 I ActivityManager: Killing 9623:com.google.android.deskclock/u0a65 (adj 906): empty for 1802s
07-24 12:30:56.753 1718 2902 D ActivityManager: cleanUpApplicationRecord -- 9623
07-24 12:31:11.835 1718 2898 I ActivityManager: Killing 3885:com.android.providers.calendar/u0a1 (adj 906): empty for 1813s
07-24 12:31:11.846 1718 2518 D ActivityManager: cleanUpApplicationRecord -- 3885
07-24 12:31:27.621 1718 1772 I ActivityManager: Start proc 16008:com.qualcomm.qti.seemp.service:seemp_service/1000 for broadcast com.qualcomm.qti.seemp.service/.SeempBroadcastReceiver
07-24 12:31:27.648 1718 1837 W PackageParser: No actions in intent filter at /data/app/vmdl348874835.tmp/base.apk Binary XML file line #3056
07-24 12:31:27.649 1718 1837 W PackageManager: Package com.google.android.googlequicksearchbox attempting to redeclare system permission com.android.launcher.permission.INSTALL_SHORTCUT; ignoring new declaration
07-24 12:31:27.737 1718 1837 W PackageManager: Package com.google.android.googlequicksearchbox desires unavailable shared library com.google.android.chromeos; ignoring!
07-24 12:31:41.170 1718 1772 I ActivityManager: Force stopping com.google.android.googlequicksearchbox appid=10053 user=-1: installPackageLI
07-24 12:31:41.171 1718 1772 I ActivityManager: Killing 13652:com.google.android.googlequicksearchbox:search/u0a53 (adj 500): stop com.google.android.googlequicksearchbox
07-24 12:31:41.171 1718 1772 D ActivityManager: cleanUpApplicationRecord -- 13652
07-24 12:31:41.172 1718 1772 W ActivityManager: Scheduling restart of crashed service com.google.android.googlequicksearchbox/com.google.android.apps.gsa.search.core.service.SearchService in 1000ms
07-24 12:31:41.172 1718 1772 I ActivityManager: Killing 2751:com.google.android.googlequicksearchbox:interactor/u0a53 (adj 100): stop com.google.android.googlequicksearchbox
07-24 12:31:41.172 1718 1772 D ActivityManager: cleanUpApplicationRecord -- 2751
07-24 12:31:41.173 1718 1772 W ActivityManager: Scheduling restart of crashed service com.google.android.googlequicksearchbox/com.google.android.voiceinteraction.GsaVoiceInteractionService in 11000ms
07-24 12:31:41.178 1718 1772 I ActivityManager: Force finishing activity ActivityRecord{a02b797 u0 com.google.android.googlequicksearchbox/com.google.android.apps.gsa.searchnow.SearchNowActivity t61}
07-24 12:31:41.179 1718 1772 I ActivityManager: Force stopping service ServiceRecord{866b277 u0 com.google.android.googlequicksearchbox/com.google.android.voiceinteraction.GsaVoiceInteractionService}
07-24 12:31:41.179 1718 1772 I ActivityManager: Force stopping service ServiceRecord{ad62705 u0 com.google.android.googlequicksearchbox/com.google.android.apps.gsa.search.core.service.SearchService}
07-24 12:31:41.196 1718 2797 D ConnectivityService: ConnectivityService NetworkRequestInfo binderDied(NetworkRequest [ LISTEN id=38, [ Capabilities: INTERNET&NOT_RESTRICTED&TRUSTED] ], android.os.BinderProxy@924a6a6)
07-24 12:31:41.197 1718 2010 E ConnectivityService: RemoteException caught trying to send a callback msg for NetworkRequest [ LISTEN id=38, [ Capabilities: INTERNET&NOT_RESTRICTED&TRUSTED] ]
07-24 12:31:41.201 1718 1837 W PackageManager: Trying to update system app code path from /data/app/com.google.android.googlequicksearchbox-1 to /data/app/com.google.android.googlequicksearchbox-2
07-24 12:31:41.202 1718 1837 W PackageManager: Package com.google.android.googlequicksearchbox desires unavailable shared library com.google.android.chromeos; ignoring!
07-24 12:31:41.202 1718 1837 W PackageManager: Code path for com.google.android.googlequicksearchbox changing from /data/app/com.google.android.googlequicksearchbox-1 to /data/app/com.google.android.googlequicksearchbox-2
07-24 12:31:41.202 1718 1837 W PackageManager: Resource path for com.google.android.googlequicksearchbox changing from /data/app/com.google.android.googlequicksearchbox-1 to /data/app/com.google.android.googlequicksearchbox-2
07-24 12:31:41.205 1718 1837 W PackageManager: Permission com.google.android.launcher.permission.READ_SETTINGS from package com.google.android.googlequicksearchbox in an unknown group android.permission-group.SYSTEM_TOOLS
07-24 12:31:41.205 1718 1837 W PackageManager: Permission com.google.android.launcher.permission.WRITE_SETTINGS from package com.google.android.googlequicksearchbox in an unknown group android.permission-group.SYSTEM_TOOLS
07-24 12:31:41.395 1718 1837 W PackageManager: Unknown permission com.google.android.launcher.permission.CONTENT_REDIRECT in package com.google.android.googlequicksearchbox
07-24 12:31:41.395 1718 1837 W PackageManager: Unknown permission com.google.android.voicesearch.SHORTCUTS_ACCESS in package com.google.android.googlequicksearchbox
07-24 12:31:41.395 1718 1837 W PackageManager: Unknown permission com.google.android.voicesearch.ACCESS_SETTINGS in package com.google.android.googlequicksearchbox
07-24 12:31:41.395 1718 1837 W PackageManager: Unknown permission com.android.browser.permission.PRELOAD in package com.google.android.googlequicksearchbox
07-24 12:31:41.395 1718 1837 W PackageManager: Unknown permission com.google.android.ears.permission.WRITE in package com.google.android.googlequicksearchbox
07-24 12:31:41.395 1718 1837 W PackageManager: Unknown permission android.permission.FOREGROUND_SERVICE in package com.google.android.googlequicksearchbox
07-24 12:31:41.396 1718 1837 W PackageManager: Unknown permission com.google.googlenav.friend.permission.OPT_IN in package com.google.android.googlequicksearchbox
07-24 12:31:41.396 1718 1837 W PackageManager: Unknown permission com.google.android.apps.googlevoice.permission.AUTO_SEND in package com.google.android.googlequicksearchbox
07-24 12:31:41.396 1718 1837 W PackageManager: Unknown permission com.google.android.hangouts.START_HANGOUT in package com.google.android.googlequicksearchbox
07-24 12:31:41.396 1718 1837 W PackageManager: Unknown permission com.android.chrome.PRERENDER_URL in package com.google.android.googlequicksearchbox
07-24 12:31:41.396 1718 1837 W PackageManager: Unknown permission android.permission.SET_MEDIA_KEY_LISTENER in package com.google.android.googlequicksearchbox
07-24 12:31:41.397 1718 1837 W PackageManager: Unknown permission android.permission.SET_VOLUME_KEY_LONG_PRESS_LISTENER in package com.google.android.googlequicksearchbox
07-24 12:31:41.734 1718 1837 I ActivityManager: Force stopping com.google.android.googlequicksearchbox appid=10053 user=0: pkg removed
07-24 12:31:41.767 13321 13321 W ContextImpl: Calling a method in the system process without a qualified user: android.app.ContextImpl.startService:1357 android.content.ContextWrapper.startService:613 android.content.ContextWrapper.startService:613 com.android.keychain.KeyChainBroadcastReceiver.onReceive:12 android.app.ActivityThread.handleReceiver:3044
07-24 12:31:42.021 1718 13283 I ActivityManager: Start proc 16054:com.google.android.googlequicksearchbox:search/u0a53 for broadcast com.google.android.googlequicksearchbox/com.google.android.apps.gsa.googlequicksearchbox.GelStubAppWatcher
07-24 12:31:42.074 1718 1771 I ActivityManager: Start proc 16070:com.google.android.googlequicksearchbox:interactor/u0a53 for service com.google.android.googlequicksearchbox/com.google.android.voiceinteraction.GsaVoiceInteractionService
07-24 12:31:42.153 5845 5845 W ContextImpl: Calling a method in the system process without a qualified user: android.app.ContextImpl.startService:1357 android.content.ContextWrapper.startService:613 android.content.ContextWrapper.startService:613 com.qualcomm.qti.appnetaccess.AppNetAccessReceiver.onReceive:24 android.app.ActivityThread.handleReceiver:3044
07-24 12:31:42.170 16008 16008 W ContextImpl: Calling a method in the system process without a qualified user: android.app.ContextImpl.startService:1357 android.content.ContextWrapper.startService:613 android.content.ContextWrapper.startService:613 com.qualcomm.qti.seemp.service.SeempBroadcastReceiver.onReceive:61 android.app.ActivityThread.handleReceiver:3044
07-24 12:31:42.222 1718 1747 I ActivityManager: Process com.qualcomm.qti.seemp.service:seemp_service (pid 16008) has died
07-24 12:31:42.222 1718 1747 D ActivityManager: cleanUpApplicationRecord -- 16008
07-24 12:31:42.424 1718 2797 I ActivityManager: Start proc 16093:com.qualcomm.qti.seemp.service:seemp_service/1000 for broadcast com.qualcomm.qti.seemp.service/.SeempBroadcastReceiver
07-24 12:31:42.506 16093 16093 W ContextImpl: Calling a method in the system process without a qualified user: android.app.ContextImpl.startService:1357 android.content.ContextWrapper.startService:613 android.content.ContextWrapper.startService:613 com.qualcomm.qti.seemp.service.SeempBroadcastReceiver.onReceive:74 android.app.ActivityThread.handleReceiver:3044
07-24 12:31:42.539 1718 8141 I ActivityManager: Process com.qualcomm.qti.seemp.service:seemp_service (pid 16093) has died
07-24 12:31:42.539 1718 8141 D ActivityManager: cleanUpApplicationRecord -- 16093
07-24 12:31:42.696 16070 16070 W KeyphraseEnrollmentInfo: No Enrollment application supports the given keyphrase/locale
07-24 12:31:42.909 6444 6444 W ContextImpl: Calling a method in the system process without a qualified user: android.app.ContextImpl.startService:1357 android.content.ContextWrapper.startService:613 com.sonim.scout.service.ScoutService.startIntentService:226 com.sonim.scout.service.ScoutService.executealarmTimeChangedAndPkgListenerRequest:482 com.sonim.scout.service.ScoutService.executeOnPkgUpdated:472
07-24 12:31:43.266 1718 2826 I ActivityManager: Start proc 16144:com.android.providers.calendar/u0a1 for content provider com.android.providers.calendar/.CalendarProvider2
07-24 12:31:43.751 1718 1807 D BluetoothManagerService: Message: 20
07-24 12:31:43.751 1718 1807 D BluetoothManagerService: Added callback: android.bluetooth.IBluetoothManagerCallback$Stub$Proxy@4c2b9e6:true
07-24 12:31:44.212 6444 16132 W ContextImpl: Calling a method in the system process without a qualified user: android.app.ContextImpl.sendBroadcast:877 android.content.ContextWrapper.sendBroadcast:421 com.sonim.scout.utils.ScoutJsonParser.parseRespose:81 com.sonim.scout.service.ScoutIntentService.onHandleIntent:58 android.app.IntentService$ServiceHandler.handleMessage:68
07-24 12:31:44.235 6444 16132 W ContextImpl: Calling a method in the system process without a qualified user: android.app.ContextImpl.sendBroadcast:877 android.content.ContextWrapper.sendBroadcast:421 com.sonim.scout.utils.ScoutJsonParser.parseWarrantyData:556 com.sonim.scout.utils.ScoutJsonParser.parseRespose:101 com.sonim.scout.service.ScoutIntentService.onHandleIntent:58
07-24 12:31:44.254 6444 16132 W ContextImpl: Calling a method in the system process without a qualified user: android.app.ContextImpl.sendBroadcast:877 android.content.ContextWrapper.sendBroadcast:421 com.sonim.scout.utils.ScoutJsonParser.parseRespose:125 com.sonim.scout.service.ScoutIntentService.onHandleIntent:58 android.app.IntentService$ServiceHandler.handleMessage:68
07-24 12:31:44.500 1718 2749 I ActivityManager: Start proc 16204:com.android.chrome:webview_service/u0a76 for service com.android.chrome/org.chromium.android_webview.services.VariationsSeedServer
07-24 12:31:46.222 1718 2899 I ActivityManager: Start proc 16221:com.google.android.calendar/u0a66 for broadcast com.google.android.calendar/.alerts.AlertReceiver
07-24 12:31:50.010 1718 2010 D ConnectivityService: NetworkAgentInfo [WIFI () - 104] EVENT_NETWORK_INFO_CHANGED, going from CONNECTED to DISCONNECTED
07-24 12:31:50.010 1718 2010 D ConnectivityService: NetworkAgentInfo [WIFI () - 104] got DISCONNECTED, was satisfying 12
07-24 12:31:50.097 1718 2010 D ConnectivityService: Sending DISCONNECTED broadcast for type 1 NetworkAgentInfo [WIFI () - 104] isDefaultNetwork=true
07-24 12:31:52.215 1718 2003 D ConnectivityService: registerNetworkAgent NetworkAgentInfo{ ni{[type: WIFI[], state: CONNECTING/CONNECTING, reason: (unspecified), extra: "NIST-Guest", failover: false, available: true, roaming: false, metered: false]} network{105} nethandle{450988002014} lp{{LinkAddresses: [] Routes: [] DnsAddresses: [] Domains: null MTU: 0}} nc{[ Transports: WIFI Capabilities: NOT_METERED&INTERNET&NOT_RESTRICTED&TRUSTED&NOT_VPN LinkUpBandwidth>=1048576Kbps LinkDnBandwidth>=1048576Kbps]} Score{20} everValidated{false} lastValidated{false} created{false} lingering{false} explicitlySelected{false} acceptUnvalidated{false} everCaptivePortalDetected{false} lastCaptivePortalDetected{false} }
07-24 12:31:52.215 1718 2010 D ConnectivityService: NetworkAgentInfo [WIFI () - 105] EVENT_NETWORK_INFO_CHANGED, going from null to CONNECTING
07-24 12:31:53.514 1718 2010 D ConnectivityService: NetworkAgentInfo [WIFI () - 105] EVENT_NETWORK_INFO_CHANGED, going from CONNECTING to CONNECTED
07-24 12:31:53.516 1718 2010 D ConnectivityService: Adding iface wlan0 to network 105
07-24 12:31:53.569 1718 2010 D ConnectivityService: Setting DNS servers for network 105 to [/129.6.13.2, /132.163.4.9]
07-24 12:31:53.594 1718 2010 D ConnectivityService: Switching to new default network: NetworkAgentInfo{ ni{[type: WIFI[], state: CONNECTED/CONNECTED, reason: (unspecified), extra: "NIST-Guest", failover: false, available: true, roaming: false, metered: false]} network{105} nethandle{450988002014} lp{{InterfaceName: wlan0 LinkAddresses: [fe80::224:a3ff:fe79:7859/64,172.22.41.87/17,] Routes: [fe80::/64 -> :: wlan0,172.22.0.0/17 -> 0.0.0.0 wlan0,0.0.0.0/0 -> 172.22.127.254 wlan0,] DnsAddresses: [129.6.13.2,132.163.4.9,] Domains: null MTU: 0 TcpBufferSizes: 524288,1048576,2097152,262144,524288,1048576}} nc{[ Transports: WIFI Capabilities: NOT_METERED&INTERNET&NOT_RESTRICTED&TRUSTED&NOT_VPN&FOREGROUND LinkUpBandwidth>=1048576Kbps LinkDnBandwidth>=1048576Kbps]} Score{20} everValidated{false} lastValidated{false} created{true} lingering{false} explicitlySelected{true} acceptUnvalidated{false} everCaptivePortalDetected{false} lastCaptivePortalDetected{false} }
07-24 12:31:53.657 1718 2010 D ConnectivityService: Sending CONNECTED broadcast for type 1 NetworkAgentInfo [WIFI () - 105] isDefaultNetwork=true
07-24 12:31:53.675 1718 2898 D ConnectivityService: Returning unblocked NetworkInfo to uid=10117
07-24 12:31:53.677 1718 2749 V BackupManagerService: Scheduling immediate backup pass
07-24 12:31:53.708 1718 1718 V BackupManagerService: Running a backup pass
07-24 12:31:53.709 1718 2611 V BackupManagerService: clearing pending backups
07-24 12:31:53.710 1718 2611 V PerformBackupTask: Beginning backup of 34 targets
07-24 12:31:53.733 1718 2611 D PerformBackupTask: invokeAgentForBackup on @pm@
07-24 12:31:53.750 1718 2611 I BackupRestoreController: Getting widget state for user: 0
07-24 12:31:54.221 1718 1747 D ConnectivityService: reportNetworkConnectivity(105, true) by 10020
07-24 12:31:54.226 1718 1890 D ConnectivityService: reportNetworkConnectivity(105, true) by 10020
07-24 12:31:54.231 1718 2836 D ConnectivityService: reportNetworkConnectivity(105, true) by 10020
07-24 12:31:54.233 1718 2748 D ConnectivityService: reportNetworkConnectivity(105, true) by 10020
07-24 12:31:54.235 1718 2749 D ConnectivityService: reportNetworkConnectivity(105, true) by 10020
07-24 12:31:54.236 1718 2010 D NetworkNotificationManager: clearNotification id=105
07-24 12:31:54.236 1718 2010 D ConnectivityService: NetworkAgentInfo [WIFI () - 105] validation passed
07-24 12:31:54.270 1718 2010 D NetworkNotificationManager: clearNotification id=105
07-24 12:31:54.270 1718 2010 D ConnectivityService: NetworkAgentInfo [WIFI () - 105] validation passed
07-24 12:31:54.691 1718 2611 D PerformBackupTask: starting key/value backup of BackupRequest{pkg=com.google.android.videos}
07-24 12:31:54.697 1718 2611 D BackupManagerService: awaiting agent for ApplicationInfo{8f74a40 com.google.android.videos}
07-24 12:31:54.701 1718 8142 D BackupManagerService: agentConnected pkg=com.google.android.videos agent=android.os.BinderProxy@76a4d79
07-24 12:31:54.701 1718 2611 I BackupManagerService: got agent android.app.IBackupAgent$Stub$Proxy@740abe
07-24 12:31:54.702 1718 2611 D PerformBackupTask: invokeAgentForBackup on com.google.android.videos
07-24 12:31:54.724 1718 2611 I BackupRestoreController: Getting widget state for user: 0
07-24 12:31:54.988 1718 2611 D PerformBackupTask: starting key/value backup of BackupRequest{pkg=com.android.providers.settings}
07-24 12:31:54.989 1718 2611 D BackupManagerService: awaiting agent for ApplicationInfo{aa748ed com.android.providers.settings}
07-24 12:31:54.992 1718 1718 D BackupManagerService: agentConnected pkg=com.android.providers.settings agent=android.app.backup.BackupAgent$BackupServiceBinder@5c07322
07-24 12:31:54.992 1718 2611 I BackupManagerService: got agent android.app.backup.BackupAgent$BackupServiceBinder@5c07322
07-24 12:31:54.993 1718 2611 D PerformBackupTask: invokeAgentForBackup on com.android.providers.settings
07-24 12:31:55.016 1718 2611 I BackupRestoreController: Getting widget state for user: 0
07-24 12:31:55.277 1718 2611 D PerformBackupTask: starting key/value backup of BackupRequest{pkg=com.android.cellbroadcastreceiver}
07-24 12:31:55.281 1718 2611 D BackupManagerService: awaiting agent for ApplicationInfo{8df2e46 com.android.cellbroadcastreceiver}
07-24 12:31:55.290 1718 2285 D BackupManagerService: agentConnected pkg=com.android.cellbroadcastreceiver agent=android.os.BinderProxy@7443807
07-24 12:31:55.290 1718 2611 I BackupManagerService: got agent android.app.IBackupAgent$Stub$Proxy@d882d34
07-24 12:31:55.290 1718 2611 D PerformBackupTask: invokeAgentForBackup on com.android.cellbroadcastreceiver
07-24 12:31:55.297 1718 2611 I BackupRestoreController: Getting widget state for user: 0
07-24 12:31:55.298 1718 2611 D PerformBackupTask: starting key/value backup of BackupRequest{pkg=com.android.dialer}
07-24 12:31:55.311 1718 2611 I ActivityManager: Start proc 16346:com.android.dialer/u0a11 for backup com.android.dialer/.DialerBackupAgent
07-24 12:31:55.312 1718 2611 D BackupManagerService: awaiting agent for ApplicationInfo{af9475d com.android.dialer}
07-24 12:31:55.375 1718 2284 D BackupManagerService: agentConnected pkg=com.android.dialer agent=android.os.BinderProxy@ecfe8d2
07-24 12:31:55.375 1718 2611 I BackupManagerService: got agent android.app.IBackupAgent$Stub$Proxy@be24da3
07-24 12:31:55.375 1718 2611 D PerformBackupTask: invokeAgentForBackup on com.android.dialer
07-24 12:31:55.381 1718 2611 I BackupRestoreController: Getting widget state for user: 0
07-24 12:31:55.382 1718 2611 D PerformBackupTask: starting key/value backup of BackupRequest{pkg=com.google.android.apps.photos}
07-24 12:31:55.386 1718 2611 D BackupManagerService: awaiting agent for ApplicationInfo{214e8a0 com.google.android.apps.photos}
07-24 12:31:55.390 1718 2899 D BackupManagerService: agentConnected pkg=com.google.android.apps.photos agent=android.os.BinderProxy@d87fc59
07-24 12:31:55.390 1718 2611 I BackupManagerService: got agent android.app.IBackupAgent$Stub$Proxy@79fc01e
07-24 12:31:55.390 1718 2611 D PerformBackupTask: invokeAgentForBackup on com.google.android.apps.photos
07-24 12:31:55.397 1718 2611 I BackupRestoreController: Getting widget state for user: 0
07-24 12:31:55.398 1718 2611 D PerformBackupTask: starting key/value backup of BackupRequest{pkg=com.google.android.youtube}
07-24 12:31:55.402 1718 2611 D BackupManagerService: awaiting agent for ApplicationInfo{c220ff com.google.android.youtube}
07-24 12:31:55.408 1718 2928 D BackupManagerService: agentConnected pkg=com.google.android.youtube agent=android.os.BinderProxy@cefeecc
07-24 12:31:55.408 1718 2611 I BackupManagerService: got agent android.app.IBackupAgent$Stub$Proxy@ab30515
07-24 12:31:55.408 1718 2611 D PerformBackupTask: invokeAgentForBackup on com.google.android.youtube
07-24 12:31:55.430 1718 2611 I BackupRestoreController: Getting widget state for user: 0
07-24 12:31:55.671 1718 2611 D PerformBackupTask: starting key/value backup of BackupRequest{pkg=com.google.android.music}
07-24 12:31:55.683 1718 2611 I ActivityManager: Start proc 16362:com.google.android.music:main/u0a102 for backup com.google.android.music/.preferences.MusicPreferencesBackupAgent
07-24 12:31:55.684 1718 2611 D BackupManagerService: awaiting agent for ApplicationInfo{303b9d0 com.google.android.music}
07-24 12:31:56.547 1718 2748 D BackupManagerService: agentConnected pkg=com.google.android.music agent=android.os.BinderProxy@717478c
07-24 12:31:56.548 1718 2611 I BackupManagerService: got agent android.app.IBackupAgent$Stub$Proxy@efe4ed5
07-24 12:31:56.548 1718 2611 D PerformBackupTask: invokeAgentForBackup on com.google.android.music
07-24 12:31:56.585 1718 2611 V KeyValueBackupJob: Scheduling k/v pass in 241 minutes
07-24 12:31:56.646 1718 2611 I BackupRestoreController: Getting widget state for user: 0
07-24 12:31:56.943 1718 2611 D PerformBackupTask: starting key/value backup of BackupRequest{pkg=com.google.android.apps.maps}
07-24 12:31:56.947 1718 2611 D BackupManagerService: awaiting agent for ApplicationInfo{3c1abbc com.google.android.apps.maps}
07-24 12:31:56.952 1718 2749 D BackupManagerService: agentConnected pkg=com.google.android.apps.maps agent=android.os.BinderProxy@b319745
07-24 12:31:56.953 1718 2611 I BackupManagerService: got agent android.app.IBackupAgent$Stub$Proxy@4929e9a
07-24 12:31:56.953 1718 2611 D PerformBackupTask: invokeAgentForBackup on com.google.android.apps.maps
07-24 12:31:56.972 1718 2611 I BackupRestoreController: Getting widget state for user: 0
07-24 12:31:57.245 1718 2611 D PerformBackupTask: starting key/value backup of BackupRequest{pkg=com.android.providers.userdictionary}
07-24 12:31:57.250 1718 2611 D BackupManagerService: awaiting agent for ApplicationInfo{799bcf0 com.android.providers.userdictionary}
07-24 12:31:57.255 1718 2284 D BackupManagerService: agentConnected pkg=com.android.providers.userdictionary agent=android.os.BinderProxy@5a6c269
07-24 12:31:57.255 1718 2611 I BackupManagerService: got agent android.app.IBackupAgent$Stub$Proxy@d72f4ee
07-24 12:31:57.255 1718 2611 D PerformBackupTask: invokeAgentForBackup on com.android.providers.userdictionary
07-24 12:31:57.265 1718 2611 I BackupRestoreController: Getting widget state for user: 0
07-24 12:31:57.267 1718 2611 D PerformBackupTask: starting key/value backup of BackupRequest{pkg=com.android.calllogbackup}
07-24 12:31:57.279 1718 2611 I ActivityManager: Start proc 16402:com.android.calllogbackup/u0a0 for backup com.android.calllogbackup/.CallLogBackupAgent
07-24 12:31:57.280 1718 2611 D BackupManagerService: awaiting agent for ApplicationInfo{ea6fd8f com.android.calllogbackup}
07-24 12:31:57.319 1718 2749 D BackupManagerService: agentConnected pkg=com.android.calllogbackup agent=android.os.BinderProxy@9f5b81c
07-24 12:31:57.319 1718 2611 I BackupManagerService: got agent android.app.IBackupAgent$Stub$Proxy@d601c25
07-24 12:31:57.319 1718 2611 D PerformBackupTask: invokeAgentForBackup on com.android.calllogbackup
07-24 12:31:57.345 1718 2611 I BackupRestoreController: Getting widget state for user: 0
07-24 12:31:57.346 1718 2611 D PerformBackupTask: starting key/value backup of BackupRequest{pkg=com.google.android.keep}
07-24 12:31:57.362 1718 2611 I ActivityManager: Start proc 16415:com.google.android.keep/u0a87 for backup com.google.android.keep/.backup.KeepBackupAgent
07-24 12:31:57.363 1718 2611 D BackupManagerService: awaiting agent for ApplicationInfo{41d71fa com.google.android.keep}
07-24 12:31:57.527 1718 2899 D BackupManagerService: agentConnected pkg=com.google.android.keep agent=android.os.BinderProxy@5f6aadd
07-24 12:31:57.527 1718 2611 I BackupManagerService: got agent android.app.IBackupAgent$Stub$Proxy@6044652
07-24 12:31:57.527 1718 2611 D PerformBackupTask: invokeAgentForBackup on com.google.android.keep
07-24 12:31:57.539 1718 2611 I BackupRestoreController: Getting widget state for user: 0
07-24 12:31:57.543 1718 2611 D PerformBackupTask: starting key/value backup of BackupRequest{pkg=com.google.android.inputmethod.japanese}
07-24 12:31:57.544 1718 2518 I ActivityManager: Killing 6573:com.google.android.instantapps.supervisor/u0a123 (adj 906): empty #31
07-24 12:31:57.555 1718 2611 I ActivityManager: Start proc 16439:com.google.android.inputmethod.japanese/u0a82 for backup com.google.android.inputmethod.japanese/com.google.android.apps.inputmethod.libs.framework.core.BackupAgent
07-24 12:31:57.557 1718 2611 D BackupManagerService: awaiting agent for ApplicationInfo{2ab1d23 com.google.android.inputmethod.japanese}
07-24 12:31:57.559 1718 2902 D ActivityManager: cleanUpApplicationRecord -- 6573
07-24 12:31:57.716 1718 2898 D CryptdConnector: SND -> {12 cryptfs getpwtype}
07-24 12:31:57.716 561 575 D VoldCryptCmdListener: cryptfs getpwtype
07-24 12:31:57.717 1718 1996 D CryptdConnector: RCV <- {213 12 default}
07-24 12:31:57.808 1718 2899 D BackupManagerService: agentConnected pkg=com.google.android.inputmethod.japanese agent=android.os.BinderProxy@9ee3538
07-24 12:31:57.808 1718 2611 I BackupManagerService: got agent android.app.IBackupAgent$Stub$Proxy@ff3e911
07-24 12:31:57.809 1718 2611 D PerformBackupTask: invokeAgentForBackup on com.google.android.inputmethod.japanese
07-24 12:31:57.819 1718 2611 I BackupRestoreController: Getting widget state for user: 0
07-24 12:31:57.824 1718 2611 D PerformBackupTask: starting key/value backup of BackupRequest{pkg=com.google.android.apps.docs.editors.docs}
07-24 12:31:57.835 1718 2611 I ActivityManager: Start proc 16469:com.google.android.apps.docs.editors.docs/u0a81 for backup com.google.android.apps.docs.editors.docs/com.google.android.apps.docs.editors.kix.backup.KixBackupAgent
07-24 12:31:57.836 1718 2611 D BackupManagerService: awaiting agent for ApplicationInfo{a9d054d com.google.android.apps.docs.editors.docs}
07-24 12:31:57.936 1718 2518 I ActivityManager: Killing 8211:com.android.vending:instant_app_installer/u0a51 (adj 906): empty #31
07-24 12:31:57.951 1718 2285 D ActivityManager: cleanUpApplicationRecord -- 8211
07-24 12:31:58.371 1718 1772 I ActivityManager: Start proc 16499:com.qualcomm.qti.seemp.service:seemp_service/1000 for broadcast com.qualcomm.qti.seemp.service/.SeempBroadcastReceiver
07-24 12:31:58.377 1718 1837 W PackageParser: No actions in intent filter at /data/app/vmdl1128360597.tmp/base.apk Binary XML file line #705
07-24 12:31:58.377 1718 1837 W PackageParser: No actions in intent filter at /data/app/vmdl1128360597.tmp/base.apk Binary XML file line #770
07-24 12:31:58.503 1718 2690 D BackupManagerService: agentConnected pkg=com.google.android.apps.docs.editors.docs agent=android.os.BinderProxy@bf00b61
07-24 12:31:58.504 1718 2611 I BackupManagerService: got agent android.app.IBackupAgent$Stub$Proxy@6b29686
07-24 12:31:58.504 1718 2611 D PerformBackupTask: invokeAgentForBackup on com.google.android.apps.docs.editors.docs
07-24 12:31:58.535 1718 2611 I BackupRestoreController: Getting widget state for user: 0
07-24 12:31:58.536 1718 2611 D PerformBackupTask: starting key/value backup of BackupRequest{pkg=com.google.android.apps.docs.editors.sheets}
07-24 12:31:58.555 1718 2611 I ActivityManager: Start proc 16538:com.google.android.apps.docs.editors.sheets/u0a85 for backup com.google.android.apps.docs.editors.sheets/com.google.android.apps.docs.editors.ritz.app.backup.RitzBackupAgent
07-24 12:31:58.556 1718 2611 D BackupManagerService: awaiting agent for ApplicationInfo{cd424e3 com.google.android.apps.docs.editors.sheets}
07-24 12:31:58.561 1718 2927 I ActivityManager: Killing 13592:com.google.android.inputmethod.latin:train/u0a86 (adj 906): empty #31
07-24 12:31:58.585 1718 1748 D ActivityManager: cleanUpApplicationRecord -- 13592
07-24 12:31:59.168 1718 8944 D BackupManagerService: agentConnected pkg=com.google.android.apps.docs.editors.sheets agent=android.os.BinderProxy@ca72d0e
07-24 12:31:59.169 1718 2611 I BackupManagerService: got agent android.app.IBackupAgent$Stub$Proxy@9bca32f
07-24 12:31:59.169 1718 2611 D PerformBackupTask: invokeAgentForBackup on com.google.android.apps.docs.editors.sheets
07-24 12:31:59.227 1718 2611 I BackupRestoreController: Getting widget state for user: 0
07-24 12:31:59.230 1718 2611 D PerformBackupTask: starting key/value backup of BackupRequest{pkg=com.google.android.apps.docs.editors.slides}
07-24 12:31:59.248 1718 2611 I ActivityManager: Start proc 16593:com.google.android.apps.docs.editors.slides/u0a112 for backup com.google.android.apps.docs.editors.slides/com.google.android.apps.docs.editors.punch.app.backup.PunchBackupAgent
07-24 12:31:59.253 1718 2611 D BackupManagerService: awaiting agent for ApplicationInfo{311b128 com.google.android.apps.docs.editors.slides}
07-24 12:31:59.274 1718 1890 I ActivityManager: Killing 8854:com.google.android.configupdater/u0a6 (adj 906): empty #31
07-24 12:31:59.288 1718 2797 D ActivityManager: cleanUpApplicationRecord -- 8854
07-24 12:31:59.669 1718 1778 E BatteryStatsService: no controller energy info supplied
07-24 12:31:59.675 1718 1778 E KernelUidCpuTimeReader: Failed to read uid_cputime: /proc/uid_cputime/show_uid_stat (No such file or directory)
07-24 12:31:59.684 1718 1772 E KernelUidCpuTimeReader: Failed to read uid_cputime: /proc/uid_cputime/show_uid_stat (No such file or directory)
07-24 12:31:59.828 1718 2749 D BackupManagerService: agentConnected pkg=com.google.android.apps.docs.editors.slides agent=android.os.BinderProxy@2ff4a17
07-24 12:31:59.828 1718 2611 I BackupManagerService: got agent android.app.IBackupAgent$Stub$Proxy@40fbe04
07-24 12:31:59.828 1718 2611 D PerformBackupTask: invokeAgentForBackup on com.google.android.apps.docs.editors.slides
07-24 12:31:59.879 1718 2611 I BackupRestoreController: Getting widget state for user: 0
07-24 12:31:59.881 1718 2611 D PerformBackupTask: starting key/value backup of BackupRequest{pkg=com.google.android.apps.walletnfcrel}
07-24 12:31:59.886 1718 13283 I ActivityManager: Killing 14445:com.google.android.gms.ui/u0a20 (adj 906): empty #31
07-24 12:31:59.899 1718 2611 D BackupManagerService: awaiting agent for ApplicationInfo{f5ffde9 com.google.android.apps.walletnfcrel}
07-24 12:31:59.903 1718 2748 D BackupManagerService: agentConnected pkg=com.google.android.apps.walletnfcrel agent=android.os.BinderProxy@6724a6e
07-24 12:31:59.904 1718 2611 I BackupManagerService: got agent android.app.IBackupAgent$Stub$Proxy@6b650f
07-24 12:31:59.904 1718 2611 D PerformBackupTask: invokeAgentForBackup on com.google.android.apps.walletnfcrel
07-24 12:31:59.907 1718 2611 I BackupRestoreController: Getting widget state for user: 0
07-24 12:31:59.909 1718 2611 D PerformBackupTask: starting key/value backup of BackupRequest{pkg=com.google.android.googlequicksearchbox}
07-24 12:31:59.921 1718 2611 I ActivityManager: Start proc 16652:com.google.android.googlequicksearchbox/u0a53 for backup com.google.android.googlequicksearchbox/com.google.android.apps.gsa.staticplugins.backup.AgsaBackupAgentHelper
07-24 12:31:59.922 1718 2611 D BackupManagerService: awaiting agent for ApplicationInfo{f1ec99c com.google.android.googlequicksearchbox}
07-24 12:31:59.922 1718 2928 D ActivityManager: cleanUpApplicationRecord -- 14445
07-24 12:32:00.038 1718 2285 D BackupManagerService: agentConnected pkg=com.google.android.googlequicksearchbox agent=android.os.BinderProxy@c318fa5
07-24 12:32:00.039 1718 2611 I BackupManagerService: got agent android.app.IBackupAgent$Stub$Proxy@97c9f7a
07-24 12:32:00.039 1718 2611 D PerformBackupTask: invokeAgentForBackup on com.google.android.googlequicksearchbox
07-24 12:32:00.151 1718 2611 I BackupRestoreController: Getting widget state for user: 0
07-24 12:32:00.399 1718 2611 D PerformBackupTask: starting key/value backup of BackupRequest{pkg=com.google.android.apps.docs}
07-24 12:32:00.412 1718 2611 I ActivityManager: Start proc 16670:com.google.android.apps.docs/u0a69 for backup com.google.android.apps.docs/.drive.app.backup.DriveBackupAgent
07-24 12:32:00.419 1718 2611 D BackupManagerService: awaiting agent for ApplicationInfo{f7ad2a6 com.google.android.apps.docs}
07-24 12:32:00.804 1718 1890 D BackupManagerService: agentConnected pkg=com.google.android.apps.docs agent=android.os.BinderProxy@2af31ad
07-24 12:32:00.804 1718 2611 I BackupManagerService: got agent android.app.IBackupAgent$Stub$Proxy@e890ce2
07-24 12:32:00.804 1718 2611 D PerformBackupTask: invokeAgentForBackup on com.google.android.apps.docs
07-24 12:32:00.811 1718 2518 D ConnectivityService: Returning unblocked NetworkInfo to uid=10069
07-24 12:32:00.854 1718 2611 I BackupRestoreController: Getting widget state for user: 0
07-24 12:32:00.855 1718 2611 D PerformBackupTask: starting key/value backup of BackupRequest{pkg=com.android.sharedstoragebackup}
07-24 12:32:00.855 1718 2611 I PerformBackupTask: Package com.android.sharedstoragebackup no longer supports backup; skipping
07-24 12:32:00.855 1718 2611 D PerformBackupTask: starting key/value backup of BackupRequest{pkg=com.google.android.deskclock}
07-24 12:32:00.868 1718 2611 I ActivityManager: Start proc 16710:com.google.android.deskclock/u0a65 for backup com.google.android.deskclock/com.android.deskclock.data.ClockBackupAgent
07-24 12:32:00.869 1718 2611 D BackupManagerService: awaiting agent for ApplicationInfo{1438cf com.google.android.deskclock}
07-24 12:32:00.883 1718 2690 I ActivityManager: Killing 8045:com.att.eptt/u0a29 (adj 906): empty #31
07-24 12:32:00.908 1718 2927 D ActivityManager: cleanUpApplicationRecord -- 8045
07-24 12:32:00.959 1718 8945 D BackupManagerService: agentConnected pkg=com.google.android.deskclock agent=android.os.BinderProxy@5589c06
07-24 12:32:00.959 1718 2611 I BackupManagerService: got agent android.app.IBackupAgent$Stub$Proxy@8e872c7
07-24 12:32:00.959 1718 2611 D PerformBackupTask: invokeAgentForBackup on com.google.android.deskclock
07-24 12:32:01.094 1718 2611 I BackupRestoreController: Getting widget state for user: 0
07-24 12:32:01.112 1718 2611 I ActivityManager: Killing 14691:com.android.cellbroadcastreceiver/u0a5 (adj 906): empty #31
07-24 12:32:01.132 1718 2749 D ActivityManager: cleanUpApplicationRecord -- 14691
07-24 12:32:01.468 1718 2611 D PerformBackupTask: starting key/value backup of BackupRequest{pkg=com.android.chrome}
07-24 12:32:01.472 1718 2611 D BackupManagerService: awaiting agent for ApplicationInfo{143a571 com.android.chrome}
07-24 12:32:01.476 1718 2690 D BackupManagerService: agentConnected pkg=com.android.chrome agent=android.os.BinderProxy@c38eb3e
07-24 12:32:01.481 1718 2611 I BackupManagerService: got agent android.app.IBackupAgent$Stub$Proxy@bdd3d9f
07-24 12:32:01.481 1718 2611 D PerformBackupTask: invokeAgentForBackup on com.android.chrome
07-24 12:32:01.751 1718 2611 I BackupRestoreController: Getting widget state for user: 0
07-24 12:32:01.753 1718 2611 D PerformBackupTask: starting key/value backup of BackupRequest{pkg=com.google.android.gm}
07-24 12:32:01.765 1718 2611 I ActivityManager: Start proc 16769:com.google.android.gm/u0a72 for backup com.google.android.gm/.persistence.GmailBackupAgent
07-24 12:32:01.766 1718 2611 D BackupManagerService: awaiting agent for ApplicationInfo{7420325 com.google.android.gm}
07-24 12:32:01.953 16769 16769 D ActivityThread: Loading provider com.google.android.gm.sapi: com.google.android.gm.sapi.SapiUiProvider
07-24 12:32:02.094 1718 1890 D BackupManagerService: agentConnected pkg=com.google.android.gm agent=android.os.BinderProxy@cd5be6f
07-24 12:32:02.095 1718 2611 I BackupManagerService: got agent android.app.IBackupAgent$Stub$Proxy@fe2177c
07-24 12:32:02.095 1718 2611 D PerformBackupTask: invokeAgentForBackup on com.google.android.gm
07-24 12:32:02.191 1718 8945 W ActivityManager: Unable to start service Intent { cmp=com.google.android.gm/com.android.email.service.AttachmentService } U=0: not found
07-24 12:32:02.862 1718 2611 I BackupRestoreController: Getting widget state for user: 0
07-24 12:32:02.888 1718 2611 I ActivityManager: Killing 15174:com.qualcomm.qti.qdma/1000 (adj 906): empty #31
07-24 12:32:02.888 1718 2611 I ActivityManager: Killing 9598:com.android.timerswitch/1000 (adj 906): empty #32
07-24 12:32:02.905 1718 2795 D ActivityManager: cleanUpApplicationRecord -- 9598
07-24 12:32:02.906 1718 8944 D ActivityManager: cleanUpApplicationRecord -- 15174
07-24 12:32:03.134 1718 2611 D PerformBackupTask: starting key/value backup of BackupRequest{pkg=com.google.android.inputmethod.pinyin}
07-24 12:32:03.145 1718 2611 I ActivityManager: Start proc 16845:com.google.android.inputmethod.pinyin/u0a80 for backup com.google.android.inputmethod.pinyin/com.google.android.apps.inputmethod.libs.framework.core.BackupAgent
07-24 12:32:03.146 1718 2611 D BackupManagerService: awaiting agent for ApplicationInfo{1b11c0c com.google.android.inputmethod.pinyin}
07-24 12:32:03.430 1718 1772 I ActivityManager: Force stopping com.google.android.gm appid=10072 user=-1: installPackageLI
07-24 12:32:03.430 1718 1772 I ActivityManager: Killing 16769:com.google.android.gm/u0a72 (adj 900): stop com.google.android.gm
07-24 12:32:03.431 1718 1772 D ActivityManager: cleanUpApplicationRecord -- 16769
07-24 12:32:03.438 1718 1837 W PackageManager: Trying to update system app code path from /data/app/com.google.android.gm-2 to /data/app/com.google.android.gm-1
07-24 12:32:03.438 1718 1837 W PackageManager: Code path for com.google.android.gm changing from /data/app/com.google.android.gm-2 to /data/app/com.google.android.gm-1
07-24 12:32:03.438 1718 1837 W PackageManager: Resource path for com.google.android.gm changing from /data/app/com.google.android.gm-2 to /data/app/com.google.android.gm-1
07-24 12:32:03.440 1718 1837 W PackageManager: Permission com.google.android.gm.email.permission.READ_ATTACHMENT from package com.google.android.gm in an unknown group android.permission-group.MESSAGES
07-24 12:32:03.440 1718 1837 W PackageManager: Permission com.google.android.gm.permission.READ_GMAIL from package com.google.android.gm in an unknown group android.permission-group.MESSAGES
07-24 12:32:03.440 1718 1837 W PackageManager: Permission com.google.android.gm.permission.WRITE_GMAIL from package com.google.android.gm in an unknown group android.permission-group.MESSAGES
07-24 12:32:03.440 1718 1837 W PackageManager: Permission com.google.android.gm.permission.AUTO_SEND from package com.google.android.gm in an unknown group android.permission-group.MESSAGES
07-24 12:32:03.440 1718 1837 W PackageManager: Permission com.google.android.gm.permission.READ_CONTENT_PROVIDER from package com.google.android.gm in an unknown group android.permission-group.MESSAGES
07-24 12:32:03.633 1718 1837 W PackageManager: Unknown permission android.permission.FOREGROUND_SERVICE in package com.google.android.gm
07-24 12:32:03.634 1718 1837 W PackageManager: Unknown permission com.google.android.email.permission.ACCESS_PROVIDER in package com.google.android.gm
07-24 12:32:03.634 1718 1837 W PackageManager: Unknown permission com.google.android.gm.exchange.BIND in package com.google.android.gm
07-24 12:32:03.634 1718 1837 W PackageManager: Unknown permission com.android.email.partnerprovider.PARTNER_PROVIDER in package com.google.android.gm
07-24 12:32:03.799 1718 1747 D BackupManagerService: agentConnected pkg=com.google.android.inputmethod.pinyin agent=android.os.BinderProxy@1438ad
07-24 12:32:03.799 1718 2611 I BackupManagerService: got agent android.app.IBackupAgent$Stub$Proxy@4af07e2
07-24 12:32:03.799 1718 2611 D PerformBackupTask: invokeAgentForBackup on com.google.android.inputmethod.pinyin
07-24 12:32:03.808 1718 2611 I BackupRestoreController: Getting widget state for user: 0
07-24 12:32:03.809 1718 2611 D PerformBackupTask: starting key/value backup of BackupRequest{pkg=com.android.nfc}
