07-24 13:17:40.534 1718 2795 I ActivityManager: Killing 22924:net.named_data.nfd.service.NfdService/u0a125 (adj 900): remove task
07-24 13:17:40.535 1718 2795 I ActivityManager: Killing 22707:net.named_data.nfd/u0a125 (adj 900): remove task
07-24 13:17:40.574 1718 2797 D ActivityManager: cleanUpApplicationRecord -- 22924
07-24 13:17:40.586 1718 2690 I WindowManager: WIN DEATH: Window{8fb6505 u0 net.named_data.nfd/net.named_data.nfd.MainActivity}
07-24 13:17:40.586 1718 1748 D ActivityManager: cleanUpApplicationRecord -- 22707
07-24 13:17:41.368 1718 2285 I ActivityManager: START u0 {act=android.intent.action.MAIN cat=[android.intent.category.HOME] flg=0x10200000 cmp=com.android.launcher3/.Launcher} from uid 10046 on display 0
07-24 13:17:41.698 1718 2928 I ActivityManager: START u0 {act=android.intent.action.MAIN cat=[android.intent.category.HOME] flg=0x10200000 cmp=com.android.launcher3/.Launcher} from uid 10046 on display 0
07-24 13:17:42.192 1718 8945 I ActivityManager: START u0 {act=android.intent.action.MAIN cat=[android.intent.category.LAUNCHER] flg=0x10200000 cmp=net.named_data.nfd/.MainActivity bnds=[24,474][282,840] (has extras)} from uid 10026 on display 0
07-24 13:17:42.232 1718 1747 I ActivityManager: Start proc 23382:net.named_data.nfd/u0a125 for activity net.named_data.nfd/.MainActivity
07-24 13:17:44.252 1718 2902 I ActivityManager: Start proc 23419:net.named_data.nfd.service.NfdService/u0a125 for service net.named_data.nfd/.service.NfdService
07-24 13:17:45.551 23419 23442 F libc : Fatal signal 11 (SIGSEGV), code 1, fault addr 0xc00f04e in tid 23442 (vice.NfdService)
07-24 13:17:45.643 23443 23443 F DEBUG : *** *** *** *** *** *** *** *** *** *** *** *** *** *** *** ***
07-24 13:17:45.643 23443 23443 F DEBUG : Build fingerprint: 'Sonim/XP8812/XP8800:7.1.1/8A.0.0-02-7.1.1-10.01.60/157:user/release-keys'
07-24 13:17:45.643 23443 23443 F DEBUG : Revision: '0'
07-24 13:17:45.643 23443 23443 F DEBUG : ABI: 'arm'
07-24 13:17:45.644 23443 23443 F DEBUG : pid: 23419, tid: 23442, name: vice.NfdService >>> net.named_data.nfd.service.NfdService <<<
07-24 13:17:45.644 23443 23443 F DEBUG : signal 11 (SIGSEGV), code 1 (SEGV_MAPERR), fault addr 0xc00f04e
07-24 13:17:45.644 23443 23443 F DEBUG : r0 ea6143a0 r1 0c00f04f r2 d88d75b4 r3 d84abb08
07-24 13:17:45.644 23443 23443 F DEBUG : r4 d88d75b4 r5 00000002 r6 00000000 r7 d88d76f8
07-24 13:17:45.644 23443 23443 F DEBUG : r8 00000001 r9 ea59f1e8 sl ea59f1e8 fp d88d7628
07-24 13:17:45.644 23443 23443 F DEBUG : ip ea616148 sp d88d75a0 lr d84abb34 pc 0c00f04e cpsr a00f0030
07-24 13:17:45.650 23443 23443 F DEBUG :
07-24 13:17:45.650 23443 23443 F DEBUG : backtrace:
07-24 13:17:45.650 23443 23443 F DEBUG : #00 pc 0c00f04e
07-24 13:17:45.650 23443 23443 F DEBUG : #01 pc 001f3b30 /data/app/net.named_data.nfd-1/lib/arm/libndn-cxx.so (_ZN5boost15throw_exceptionINS_16exception_detail19error_info_injectorIN3ndn8security3pib3Pib5ErrorEEEEEvRKT_+240)
07-24 13:17:45.650 23443 23443 F DEBUG : #02 pc 001f378c /data/app/net.named_data.nfd-1/lib/arm/libndn-cxx.so (_ZN5boost16exception_detail16throw_exception_IN3ndn8security3pib3Pib5ErrorEEEvRKT_PKcSB_i+80)
07-24 13:17:45.650 23443 23443 F DEBUG : #03 pc 001fed44 /data/app/net.named_data.nfd-1/lib/arm/libndn-cxx.so (_ZNK3ndn8security3pib3Pib13getTpmLocatorEv+196)
07-24 13:17:45.650 23443 23443 F DEBUG : #04 pc 0022f8b4 /data/app/net.named_data.nfd-1/lib/arm/libndn-cxx.so (_ZN3ndn8security2v28KeyChainC1ERKNSt6__ndk112basic_stringIcNS3_11char_traitsIcEENS3_9allocatorIcEEEESB_b+400)
07-24 13:17:45.650 23443 23443 F DEBUG : #05 pc 0001a8c3 /data/app/net.named_data.nfd-1/lib/arm/libnfd-wrapper.so (_ZN3nfd6RunnerC2Ev+34)
07-24 13:17:45.651 23443 23443 F DEBUG : #06 pc 0001978d /data/app/net.named_data.nfd-1/lib/arm/libnfd-wrapper.so
07-24 13:17:45.651 23443 23443 F DEBUG : #07 pc 0000fb68 /data/app/net.named_data.nfd-1/lib/arm/libboost_thread.so
07-24 13:17:45.651 23443 23443 F DEBUG : #08 pc 000477a3 /system/lib/libc.so (_ZL15__pthread_startPv+22)
07-24 13:17:45.651 23443 23443 F DEBUG : #09 pc 00019eb1 /system/lib/libc.so (__start_thread+6)
07-24 13:17:46.233 1718 1803 I BootReceiver: Copying /data/tombstones/tombstone_09 to DropBox (SYSTEM_TOMBSTONE)
07-24 13:17:46.252 1718 2285 I ActivityManager: Process net.named_data.nfd.service.NfdService (pid 23419) has died
07-24 13:17:46.252 1718 2285 D ActivityManager: cleanUpApplicationRecord -- 23419
07-24 13:17:46.252 1718 2285 W ActivityManager: Scheduling restart of crashed service net.named_data.nfd/.service.NfdService in 1000ms
07-24 13:17:47.287 1718 1772 I ActivityManager: Start proc 23474:net.named_data.nfd.service.NfdService/u0a125 for service net.named_data.nfd/.service.NfdService
07-24 13:17:47.332 1718 23446 W ActivityManager: Ignoring remove of inactive process: ProcessRecord{96d136a 0:net.named_data.nfd.service.NfdService/u0a125}
07-24 13:17:47.346 1718 8141 W InputMethodManagerService: Window already focused, ignoring focus gain of: com.android.internal.view.IInputMethodClient$Stub$Proxy@626b9d1 attribute=null, token = android.os.BinderProxy@360b14e
07-24 13:17:47.542 1718 1808 W AppOps : Finishing op nesting under-run: uid 1000 pkg android code 24 time=0 duration=0 nesting=0
07-24 13:17:47.546 23474 23498 F libc : Fatal signal 11 (SIGSEGV), code 1, fault addr 0xc00f04e in tid 23498 (vice.NfdService)
07-24 13:17:47.615 23499 23499 F DEBUG : *** *** *** *** *** *** *** *** *** *** *** *** *** *** *** ***
07-24 13:17:47.615 23499 23499 F DEBUG : Build fingerprint: 'Sonim/XP8812/XP8800:7.1.1/8A.0.0-02-7.1.1-10.01.60/157:user/release-keys'
07-24 13:17:47.615 23499 23499 F DEBUG : Revision: '0'
07-24 13:17:47.615 23499 23499 F DEBUG : ABI: 'arm'
07-24 13:17:47.615 23499 23499 F DEBUG : pid: 23474, tid: 23498, name: vice.NfdService >>> net.named_data.nfd.service.NfdService <<<
07-24 13:17:47.615 23499 23499 F DEBUG : signal 11 (SIGSEGV), code 1 (SEGV_MAPERR), fault addr 0xc00f04e
07-24 13:17:47.615 23499 23499 F DEBUG : r0 f0a903a0 r1 0c00f04f r2 d88d75b4 r3 d84abb08
07-24 13:17:47.615 23499 23499 F DEBUG : r4 d88d75b4 r5 00000002 r6 00000000 r7 d88d76f8
07-24 13:17:47.616 23499 23499 F DEBUG : r8 00000001 r9 ea59f1e8 sl ea59f1e8 fp d88d7628
07-24 13:17:47.616 23499 23499 F DEBUG : ip f0a92148 sp d88d75a0 lr d84abb34 pc 0c00f04e cpsr a00f0030
07-24 13:17:47.621 23499 23499 F DEBUG :
07-24 13:17:47.621 23499 23499 F DEBUG : backtrace:
07-24 13:17:47.621 23499 23499 F DEBUG : #00 pc 0c00f04e
07-24 13:17:47.621 23499 23499 F DEBUG : #01 pc 001f3b30 /data/app/net.named_data.nfd-1/lib/arm/libndn-cxx.so (_ZN5boost15throw_exceptionINS_16exception_detail19error_info_injectorIN3ndn8security3pib3Pib5ErrorEEEEEvRKT_+240)
07-24 13:17:47.621 23499 23499 F DEBUG : #02 pc 001f378c /data/app/net.named_data.nfd-1/lib/arm/libndn-cxx.so (_ZN5boost16exception_detail16throw_exception_IN3ndn8security3pib3Pib5ErrorEEEvRKT_PKcSB_i+80)
07-24 13:17:47.621 23499 23499 F DEBUG : #03 pc 001fed44 /data/app/net.named_data.nfd-1/lib/arm/libndn-cxx.so (_ZNK3ndn8security3pib3Pib13getTpmLocatorEv+196)
07-24 13:17:47.621 23499 23499 F DEBUG : #04 pc 0022f8b4 /data/app/net.named_data.nfd-1/lib/arm/libndn-cxx.so (_ZN3ndn8security2v28KeyChainC1ERKNSt6__ndk112basic_stringIcNS3_11char_traitsIcEENS3_9allocatorIcEEEESB_b+400)
07-24 13:17:47.622 23499 23499 F DEBUG : #05 pc 0001a8c3 /data/app/net.named_data.nfd-1/lib/arm/libnfd-wrapper.so (_ZN3nfd6RunnerC2Ev+34)
07-24 13:17:47.622 23499 23499 F DEBUG : #06 pc 0001978d /data/app/net.named_data.nfd-1/lib/arm/libnfd-wrapper.so
07-24 13:17:47.622 23499 23499 F DEBUG : #07 pc 0000fb68 /data/app/net.named_data.nfd-1/lib/arm/libboost_thread.so
07-24 13:17:47.622 23499 23499 F DEBUG : #08 pc 000477a3 /system/lib/libc.so (_ZL15__pthread_startPv+22)
07-24 13:17:47.622 23499 23499 F DEBUG : #09 pc 00019eb1 /system/lib/libc.so (__start_thread+6)
07-24 13:17:48.018 1718 1987 I ActivityManager: START u0 {act=android.intent.action.MAIN cat=[android.intent.category.HOME] flg=0x10200000 cmp=com.android.launcher3/.Launcher (has extras)} from uid 1000 on display 0
07-24 13:17:48.220 1718 23513 W ActivityManager: Process net.named_data.nfd has crashed too many times: killing!
07-24 13:17:48.220 1718 23513 I ActivityManager: Killing 23474:net.named_data.nfd.service.NfdService/u0a125 (adj 0): crash
07-24 13:17:48.220 1718 23513 D ActivityManager: cleanUpApplicationRecord -- 23474
07-24 13:17:48.230 1718 1803 I BootReceiver: Copying /data/tombstones/tombstone_00 to DropBox (SYSTEM_TOMBSTONE)
07-24 13:17:50.980 1718 2795 I ActivityManager: START u0 {act=android.settings.APPLICATION_DETAILS_SETTINGS dat=package:net.named_data.nfd flg=0x10008000 cmp=com.android.settings/.applications.InstalledAppDetails} from uid 1000 on display 0
07-24 13:17:51.156 5963 5963 W ContextImpl: Calling a method in the system process without a qualified user: android.app.ContextImpl.bindService:1421 android.content.ContextWrapper.bindService:636 android.content.pm.permission.RuntimePermissionPresenter$RemoteService.processMessage:186 android.content.pm.permission.RuntimePermissionPresenter.getAppPermissions:127 com.android.settings.applications.PermissionsSummaryHelper.getPermissionSummary:34
07-24 13:17:51.168 1718 2690 I ActivityManager: Start proc 23572:com.google.android.packageinstaller/u0a24 for service com.google.android.packageinstaller/com.android.packageinstaller.permission.service.RuntimePermissionPresenterServiceImpl
07-24 13:17:51.200 1718 1747 E BatteryStatsService: no controller energy info supplied
07-24 13:17:51.206 1718 1747 E KernelUidCpuTimeReader: Failed to read uid_cputime: /proc/uid_cputime/show_uid_stat (No such file or directory)
07-24 13:17:52.564 1718 2749 E UserRestrictionsUtils: Unknown restriction: net.named_data.nfd
07-24 13:17:52.566 1718 2795 I ActivityManager: START u0 {act=android.intent.action.UNINSTALL_PACKAGE dat=package:net.named_data.nfd cmp=com.google.android.packageinstaller/com.android.packageinstaller.UninstallerActivity (has extras)} from uid 1000 on display 0
07-24 13:17:54.688 1718 8945 I ActivityManager: Force stopping net.named_data.nfd appid=10125 user=0: from pid 5963
07-24 13:17:54.689 1718 8945 I ActivityManager: Killing 23382:net.named_data.nfd/u0a125 (adj 700): stop net.named_data.nfd
07-24 13:17:54.689 1718 8945 D ActivityManager: cleanUpApplicationRecord -- 23382
07-24 13:17:54.703 1718 8945 I ActivityManager: Force finishing activity ActivityRecord{2f93023 u0 net.named_data.nfd/.MainActivity t72}
07-24 13:17:54.776 1718 8142 W InputMethodManagerService: Window already focused, ignoring focus gain of: com.android.internal.view.IInputMethodClient$Stub$Proxy@c0ea90d attribute=null, token = android.os.BinderProxy@4f0fe59
07-24 13:17:56.469 1718 1987 I ActivityManager: START u0 {act=android.intent.action.MAIN cat=[android.intent.category.HOME] flg=0x10200000 cmp=com.android.launcher3/.Launcher (has extras)} from uid 1000 on display 0
07-24 13:17:57.326 1718 2518 I ActivityManager: START u0 {act=android.intent.action.MAIN cat=[android.intent.category.LAUNCHER] flg=0x10200000 cmp=net.named_data.nfd/.MainActivity bnds=[24,474][282,840] (has extras)} from uid 10026 on display 0
07-24 13:17:57.370 1718 2898 I ActivityManager: Start proc 23736:net.named_data.nfd/u0a125 for activity net.named_data.nfd/.MainActivity
07-24 13:18:01.069 1718 8945 I ActivityManager: Start proc 23773:net.named_data.nfd.service.NfdService/u0a125 for service net.named_data.nfd/.service.NfdService
07-24 13:18:04.045 23773 23793 F libc : Fatal signal 11 (SIGSEGV), code 1, fault addr 0xc00f04e in tid 23793 (vice.NfdService)
07-24 13:18:04.131 23794 23794 F DEBUG : *** *** *** *** *** *** *** *** *** *** *** *** *** *** *** ***
07-24 13:18:04.131 23794 23794 F DEBUG : Build fingerprint: 'Sonim/XP8812/XP8800:7.1.1/8A.0.0-02-7.1.1-10.01.60/157:user/release-keys'
07-24 13:18:04.131 23794 23794 F DEBUG : Revision: '0'
07-24 13:18:04.131 23794 23794 F DEBUG : ABI: 'arm'
07-24 13:18:04.131 23794 23794 F DEBUG : pid: 23773, tid: 23793, name: vice.NfdService >>> net.named_data.nfd.service.NfdService <<<
07-24 13:18:04.131 23794 23794 F DEBUG : signal 11 (SIGSEGV), code 1 (SEGV_MAPERR), fault addr 0xc00f04e
07-24 13:18:04.131 23794 23794 F DEBUG : r0 f0a983a0 r1 0c00f04f r2 d88d75b4 r3 d7c25b08
07-24 13:18:04.131 23794 23794 F DEBUG : r4 d88d75b4 r5 00000002 r6 00000000 r7 d88d76f8
07-24 13:18:04.131 23794 23794 F DEBUG : r8 00000001 r9 ea59f1e8 sl ea59f1e8 fp d88d7628
07-24 13:18:04.131 23794 23794 F DEBUG : ip f0a9a148 sp d88d75a0 lr d7c25b34 pc 0c00f04e cpsr a00f0030
07-24 13:18:04.137 23794 23794 F DEBUG :
07-24 13:18:04.137 23794 23794 F DEBUG : backtrace:
07-24 13:18:04.137 23794 23794 F DEBUG : #00 pc 0c00f04e
07-24 13:18:04.137 23794 23794 F DEBUG : #01 pc 001f3b30 /data/app/net.named_data.nfd-1/lib/arm/libndn-cxx.so (_ZN5boost15throw_exceptionINS_16exception_detail19error_info_injectorIN3ndn8security3pib3Pib5ErrorEEEEEvRKT_+240)
07-24 13:18:04.137 23794 23794 F DEBUG : #02 pc 001f378c /data/app/net.named_data.nfd-1/lib/arm/libndn-cxx.so (_ZN5boost16exception_detail16throw_exception_IN3ndn8security3pib3Pib5ErrorEEEvRKT_PKcSB_i+80)
07-24 13:18:04.137 23794 23794 F DEBUG : #03 pc 001fed44 /data/app/net.named_data.nfd-1/lib/arm/libndn-cxx.so (_ZNK3ndn8security3pib3Pib13getTpmLocatorEv+196)
07-24 13:18:04.137 23794 23794 F DEBUG : #04 pc 0022f8b4 /data/app/net.named_data.nfd-1/lib/arm/libndn-cxx.so (_ZN3ndn8security2v28KeyChainC1ERKNSt6__ndk112basic_stringIcNS3_11char_traitsIcEENS3_9allocatorIcEEEESB_b+400)
07-24 13:18:04.137 23794 23794 F DEBUG : #05 pc 0001a8c3 /data/app/net.named_data.nfd-1/lib/arm/libnfd-wrapper.so (_ZN3nfd6RunnerC2Ev+34)
07-24 13:18:04.137 23794 23794 F DEBUG : #06 pc 0001978d /data/app/net.named_data.nfd-1/lib/arm/libnfd-wrapper.so
07-24 13:18:04.137 23794 23794 F DEBUG : #07 pc 0000fb68 /data/app/net.named_data.nfd-1/lib/arm/libboost_thread.so
07-24 13:18:04.137 23794 23794 F DEBUG : #08 pc 000477a3 /system/lib/libc.so (_ZL15__pthread_startPv+22)
07-24 13:18:04.137 23794 23794 F DEBUG : #09 pc 00019eb1 /system/lib/libc.so (__start_thread+6)
07-24 13:18:04.720 1718 1803 I BootReceiver: Copying /data/tombstones/tombstone_01 to DropBox (SYSTEM_TOMBSTONE)
07-24 13:18:04.723 1718 2927 I ActivityManager: Process net.named_data.nfd.service.NfdService (pid 23773) has died
07-24 13:18:04.724 1718 2927 D ActivityManager: cleanUpApplicationRecord -- 23773
07-24 13:18:04.724 1718 2927 W ActivityManager: Scheduling restart of crashed service net.named_data.nfd/.service.NfdService in 1000ms
07-24 13:18:05.186 1718 1778 E BatteryStatsService: no controller energy info supplied
07-24 13:18:05.201 1718 1778 E KernelUidCpuTimeReader: Failed to read uid_cputime: /proc/uid_cputime/show_uid_stat (No such file or directory)
07-24 13:18:05.225 1718 1772 E KernelUidCpuTimeReader: Failed to read uid_cputime: /proc/uid_cputime/show_uid_stat (No such file or directory)
07-24 13:18:05.747 1718 1772 I ActivityManager: Start proc 23826:net.named_data.nfd.service.NfdService/u0a125 for service net.named_data.nfd/.service.NfdService
07-24 13:18:05.784 1718 23797 W ActivityManager: Ignoring remove of inactive process: ProcessRecord{e1044ae 0:net.named_data.nfd.service.NfdService/u0a125}
07-24 13:18:05.799 1718 2836 W InputMethodManagerService: Window already focused, ignoring focus gain of: com.android.internal.view.IInputMethodClient$Stub$Proxy@3ea7ee5 attribute=null, token = android.os.BinderProxy@aa158c6
07-24 13:18:05.981 1718 1808 W AppOps : Finishing op nesting under-run: uid 1000 pkg android code 24 time=0 duration=0 nesting=0
07-24 13:18:06.000 23826 23851 F libc : Fatal signal 11 (SIGSEGV), code 1, fault addr 0xc00f04e in tid 23851 (vice.NfdService)
07-24 13:18:06.018 23852 23852 F DEBUG : *** *** *** *** *** *** *** *** *** *** *** *** *** *** *** ***
07-24 13:18:06.018 23852 23852 F DEBUG : Build fingerprint: 'Sonim/XP8812/XP8800:7.1.1/8A.0.0-02-7.1.1-10.01.60/157:user/release-keys'
07-24 13:18:06.018 23852 23852 F DEBUG : Revision: '0'
07-24 13:18:06.018 23852 23852 F DEBUG : ABI: 'arm'
07-24 13:18:06.018 23852 23852 F DEBUG : pid: 23826, tid: 23851, name: vice.NfdService >>> net.named_data.nfd.service.NfdService <<<
07-24 13:18:06.018 23852 23852 F DEBUG : signal 11 (SIGSEGV), code 1 (SEGV_MAPERR), fault addr 0xc00f04e
07-24 13:18:06.018 23852 23852 F DEBUG : r0 f0a7c3a0 r1 0c00f04f r2 d88d75b4 r3 d7bedb08
07-24 13:18:06.018 23852 23852 F DEBUG : r4 d88d75b4 r5 00000002 r6 00000000 r7 d88d76f8
07-24 13:18:06.018 23852 23852 F DEBUG : r8 00000001 r9 ea59f1e8 sl ea59f1e8 fp d88d7628
07-24 13:18:06.018 23852 23852 F DEBUG : ip f0a7e148 sp d88d75a0 lr d7bedb34 pc 0c00f04e cpsr a00f0030
07-24 13:18:06.020 23852 23852 F DEBUG :
07-24 13:18:06.020 23852 23852 F DEBUG : backtrace:
07-24 13:18:06.021 23852 23852 F DEBUG : #00 pc 0c00f04e
07-24 13:18:06.021 23852 23852 F DEBUG : #01 pc 001f3b30 /data/app/net.named_data.nfd-1/lib/arm/libndn-cxx.so (_ZN5boost15throw_exceptionINS_16exception_detail19error_info_injectorIN3ndn8security3pib3Pib5ErrorEEEEEvRKT_+240)
07-24 13:18:06.021 23852 23852 F DEBUG : #02 pc 001f378c /data/app/net.named_data.nfd-1/lib/arm/libndn-cxx.so (_ZN5boost16exception_detail16throw_exception_IN3ndn8security3pib3Pib5ErrorEEEvRKT_PKcSB_i+80)
07-24 13:18:06.021 23852 23852 F DEBUG : #03 pc 001fed44 /data/app/net.named_data.nfd-1/lib/arm/libndn-cxx.so (_ZNK3ndn8security3pib3Pib13getTpmLocatorEv+196)
07-24 13:18:06.021 23852 23852 F DEBUG : #04 pc 0022f8b4 /data/app/net.named_data.nfd-1/lib/arm/libndn-cxx.so (_ZN3ndn8security2v28KeyChainC1ERKNSt6__ndk112basic_stringIcNS3_11char_traitsIcEENS3_9allocatorIcEEEESB_b+400)
07-24 13:18:06.021 23852 23852 F DEBUG : #05 pc 0001a8c3 /data/app/net.named_data.nfd-1/lib/arm/libnfd-wrapper.so (_ZN3nfd6RunnerC2Ev+34)
07-24 13:18:06.021 23852 23852 F DEBUG : #06 pc 0001978d /data/app/net.named_data.nfd-1/lib/arm/libnfd-wrapper.so
07-24 13:18:06.021 23852 23852 F DEBUG : #07 pc 0000fb68 /data/app/net.named_data.nfd-1/lib/arm/libboost_thread.so
07-24 13:18:06.021 23852 23852 F DEBUG : #08 pc 000477a3 /system/lib/libc.so (_ZL15__pthread_startPv+22)
07-24 13:18:06.021 23852 23852 F DEBUG : #09 pc 00019eb1 /system/lib/libc.so (__start_thread+6)
07-24 13:18:06.436 1718 1987 I ActivityManager: START u0 {act=android.intent.action.MAIN cat=[android.intent.category.HOME] flg=0x10200000 cmp=com.android.launcher3/.Launcher (has extras)} from uid 1000 on display 0
07-24 13:18:06.604 1718 23866 W ActivityManager: Process net.named_data.nfd has crashed too many times: killing!
07-24 13:18:06.605 1718 23866 I ActivityManager: Killing 23826:net.named_data.nfd.service.NfdService/u0a125 (adj 0): crash
07-24 13:18:06.605 1718 23866 D ActivityManager: cleanUpApplicationRecord -- 23826
07-24 13:18:06.610 1718 1803 I BootReceiver: Copying /data/tombstones/tombstone_02 to DropBox (SYSTEM_TOMBSTONE)
07-24 13:18:44.058 1718 1747 I ActivityManager: Setting hasTopUi=true for pid=2060
07-24 13:18:45.108 1718 8142 I ActivityManager: START u0 {act=android.settings.SETTINGS flg=0x14000000 cmp=com.android.settings/.Settings} from uid 10046 on display 0
07-24 13:18:45.126 1718 2902 W InputMethodManagerService: Window already focused, ignoring focus gain of: com.android.internal.view.IInputMethodClient$Stub$Proxy@950be5b attribute=null, token = android.os.BinderProxy@89f5240
07-24 13:18:45.194 1718 2836 E ActivityManager: applyOptionsLocked: Unknown animationType=0
07-24 13:18:45.373 1718 8142 E BatteryStatsService: no controller energy info supplied
07-24 13:18:45.378 1718 8142 E KernelUidCpuTimeReader: Failed to read uid_cputime: /proc/uid_cputime/show_uid_stat (No such file or directory)
07-24 13:18:45.666 1718 2836 I ActivityManager: Setting hasTopUi=false for pid=2060
07-24 13:18:47.346 1718 2826 I ActivityManager: START u0 {flg=0x8000 cmp=com.android.settings/.Settings$DeviceInfoSettingsActivity (has extras)} from uid 1000 on display 0
07-24 13:19:36.925 1718 1772 I ActivityManager: Start proc 24026:com.qualcomm.qti.seemp.service:seemp_service/1000 for broadcast com.qualcomm.qti.seemp.service/.SeempBroadcastReceiver
07-24 13:19:38.398 1718 1772 I ActivityManager: Force stopping net.named_data.nfd appid=10125 user=-1: installPackageLI
07-24 13:19:38.398 1718 1837 W PackageManager: Attempt to re-install net.named_data.nfd without first uninstalling.
07-24 13:19:38.398 1718 1772 I ActivityManager: Killing 23736:net.named_data.nfd/u0a125 (adj 700): stop net.named_data.nfd
07-24 13:19:38.399 1718 1772 D ActivityManager: cleanUpApplicationRecord -- 23736
07-24 13:19:38.404 1718 1772 I ActivityManager: Force finishing activity ActivityRecord{9b86d78 u0 net.named_data.nfd/.MainActivity t74}
07-24 13:19:38.433 1718 1747 D PackageInstaller: Ignoring abandon after commit relinquished control
07-24 13:19:43.140 1718 1987 I ActivityManager: START u0 {act=android.intent.action.MAIN cat=[android.intent.category.HOME] flg=0x10200000 cmp=com.android.launcher3/.Launcher (has extras)} from uid 1000 on display 0
07-24 13:19:48.581 1718 1890 I ActivityManager: START u0 {act=android.intent.action.DELETE dat=package:net.named_data.nfd flg=0x10800000 cmp=com.google.android.packageinstaller/com.android.packageinstaller.UninstallerActivity (has extras)} from uid 10026 on display 0
07-24 13:19:49.512 1718 2285 I ActivityManager: START u0 {act=android.intent.action.VIEW cmp=com.google.android.packageinstaller/com.android.packageinstaller.UninstallAppProgress (has extras)} from uid 10024 on display 0
07-24 13:19:49.543 1718 1772 I ActivityManager: Force stopping net.named_data.nfd appid=10125 user=0: deletePackageX
07-24 13:19:49.794 1718 1837 I ActivityManager: Force stopping net.named_data.nfd appid=10125 user=0: pkg removed
07-24 13:19:49.846 1718 1772 I ActivityManager: Start proc 24214:com.android.keychain/1000 for broadcast com.android.keychain/.KeyChainBroadcastReceiver
07-24 13:19:49.896 1718 1837 E KernelUidCpuTimeReader: failed to remove uid from uid_cputime module
07-24 13:19:49.896 1718 1837 E KernelUidCpuTimeReader: java.io.FileNotFoundException: /proc/uid_cputime/remove_uid_range (No such file or directory)
07-24 13:19:49.896 1718 1837 E KernelUidCpuTimeReader: at java.io.FileOutputStream.open(Native Method)
07-24 13:19:49.896 1718 1837 E KernelUidCpuTimeReader: at java.io.FileOutputStream.(FileOutputStream.java:221)
07-24 13:19:49.896 1718 1837 E KernelUidCpuTimeReader: at java.io.FileOutputStream.(FileOutputStream.java:108)
07-24 13:19:49.896 1718 1837 E KernelUidCpuTimeReader: at java.io.FileWriter.(FileWriter.java:63)
07-24 13:19:49.896 1718 1837 E KernelUidCpuTimeReader: at com.android.internal.os.KernelUidCpuTimeReader.removeUid(KernelUidCpuTimeReader.java:158)
07-24 13:19:49.896 1718 1837 E KernelUidCpuTimeReader: at com.android.internal.os.BatteryStatsImpl.removeUidStatsLocked(BatteryStatsImpl.java:10169)
07-24 13:19:49.896 1718 1837 E KernelUidCpuTimeReader: at com.android.server.am.BatteryStatsService.removeUid(BatteryStatsService.java:291)
07-24 13:19:49.896 1718 1837 E KernelUidCpuTimeReader: at com.android.server.am.ActivityManagerService.broadcastIntentLocked(ActivityManagerService.java:18386)
07-24 13:19:49.896 1718 1837 E KernelUidCpuTimeReader: at com.android.server.am.ActivityManagerService.broadcastIntent(ActivityManagerService.java:18884)
07-24 13:19:49.896 1718 1837 E KernelUidCpuTimeReader: at com.android.server.pm.PackageManagerService$9.run(PackageManagerService.java:11628)
07-24 13:19:49.896 1718 1837 E KernelUidCpuTimeReader: at android.os.Handler.handleCallback(Handler.java:751)
07-24 13:19:49.896 1718 1837 E KernelUidCpuTimeReader: at android.os.Handler.dispatchMessage(Handler.java:95)
07-24 13:19:49.896 1718 1837 E KernelUidCpuTimeReader: at android.os.Looper.loop(Looper.java:154)
07-24 13:19:49.896 1718 1837 E KernelUidCpuTimeReader: at android.os.HandlerThread.run(HandlerThread.java:61)
07-24 13:19:49.896 1718 1837 E KernelUidCpuTimeReader: at com.android.server.ServiceThread.run(ServiceThread.java:46)
07-24 13:19:49.938 24214 24214 W ContextImpl: Calling a method in the system process without a qualified user: android.app.ContextImpl.startService:1357 android.content.ContextWrapper.startService:613 android.content.ContextWrapper.startService:613 com.android.keychain.KeyChainBroadcastReceiver.onReceive:12 android.app.ActivityThread.handleReceiver:3044
07-24 13:19:49.951 1718 8142 D WindowManager: relayoutVisibleWindow: Window{465b579 u0 com.android.launcher3/com.android.launcher3.Launcher EXITING} mAnimatingExit=true, mRemoveOnExit=false, mDestroying=false
07-24 13:19:50.090 5845 5845 W ContextImpl: Calling a method in the system process without a qualified user: android.app.ContextImpl.startService:1357 android.content.ContextWrapper.startService:613 android.content.ContextWrapper.startService:613 com.qualcomm.qti.appnetaccess.AppNetAccessReceiver.onReceive:24 android.app.ActivityThread.handleReceiver:3044
07-24 13:19:50.119 24026 24026 W ContextImpl: Calling a method in the system process without a qualified user: android.app.ContextImpl.startService:1357 android.content.ContextWrapper.startService:613 android.content.ContextWrapper.startService:613 com.qualcomm.qti.seemp.service.SeempBroadcastReceiver.onReceive:61 android.app.ActivityThread.handleReceiver:3044
07-24 13:19:50.165 6444 6444 W ContextImpl: Calling a method in the system process without a qualified user: android.app.ContextImpl.startService:1357 android.content.ContextWrapper.startService:613 com.sonim.scout.service.ScoutService.startIntentService:226 com.sonim.scout.service.ScoutService.executealarmTimeChangedAndPkgListenerRequest:482 com.sonim.scout.service.ScoutService.executeOnPkgUnInstalled:476
07-24 13:19:50.169 1718 8944 I ActivityManager: Process com.qualcomm.qti.seemp.service:seemp_service (pid 24026) has died
07-24 13:19:50.169 1718 8944 D ActivityManager: cleanUpApplicationRecord -- 24026
07-24 13:19:50.196 1718 2902 I ActivityManager: Start proc 24288:com.android.documentsui/u0a13 for broadcast com.android.documentsui/.PackageReceiver
07-24 13:19:50.320 1718 13283 I ActivityManager: Start proc 24307:com.google.android.apps.docs/u0a69 for content provider com.google.android.apps.docs/.storagebackend.StorageBackendContentProvider
07-24 13:19:51.398 6444 24284 W ContextImpl: Calling a method in the system process without a qualified user: android.app.ContextImpl.sendBroadcast:877 android.content.ContextWrapper.sendBroadcast:421 com.sonim.scout.utils.ScoutJsonParser.parseRespose:81 com.sonim.scout.service.ScoutIntentService.onHandleIntent:58 android.app.IntentService$ServiceHandler.handleMessage:68
07-24 13:19:51.421 6444 24284 W ContextImpl: Calling a method in the system process without a qualified user: android.app.ContextImpl.sendBroadcast:877 android.content.ContextWrapper.sendBroadcast:421 com.sonim.scout.utils.ScoutJsonParser.parseWarrantyData:556 com.sonim.scout.utils.ScoutJsonParser.parseRespose:101 com.sonim.scout.service.ScoutIntentService.onHandleIntent:58
07-24 13:19:51.443 6444 24284 W ContextImpl: Calling a method in the system process without a qualified user: android.app.ContextImpl.sendBroadcast:877 android.content.ContextWrapper.sendBroadcast:421 com.sonim.scout.utils.ScoutJsonParser.parseRespose:125 com.sonim.scout.service.ScoutIntentService.onHandleIntent:58 android.app.IntentService$ServiceHandler.handleMessage:68
07-24 13:19:53.305 1718 1718 W WindowManager: Attempted to remove non-existing token: android.os.Binder@b780745
07-24 13:19:55.146 1718 1772 I ActivityManager: Start proc 24366:com.qualcomm.qti.seemp.service:seemp_service/1000 for broadcast com.qualcomm.qti.seemp.service/.SeempBroadcastReceiver
07-24 13:19:57.026 1718 1837 V BackupManagerService: restoreAtInstall pkg=net.named_data.nfd token=7 restoreSet=0
07-24 13:19:57.027 1718 1837 V BackupManagerService: Finishing install immediately
07-24 13:19:57.389 24366 24366 W ContextImpl: Calling a method in the system process without a qualified user: android.app.ContextImpl.startService:1357 android.content.ContextWrapper.startService:613 android.content.ContextWrapper.startService:613 com.qualcomm.qti.seemp.service.SeempBroadcastReceiver.onReceive:74 android.app.ActivityThread.handleReceiver:3044
07-24 13:19:57.433 1718 2836 I ActivityManager: Process com.qualcomm.qti.seemp.service:seemp_service (pid 24366) has died
07-24 13:19:57.433 1718 2836 D ActivityManager: cleanUpApplicationRecord -- 24366
07-24 13:19:57.446 6444 6444 W ContextImpl: Calling a method in the system process without a qualified user: android.app.ContextImpl.startService:1357 android.content.ContextWrapper.startService:613 com.sonim.scout.service.ScoutService.startIntentService:226 com.sonim.scout.service.ScoutService.executealarmTimeChangedAndPkgListenerRequest:482 com.sonim.scout.service.ScoutService.executeOnPkgInstalled:468
07-24 13:19:59.335 6444 24410 W ContextImpl: Calling a method in the system process without a qualified user: android.app.ContextImpl.sendBroadcast:877 android.content.ContextWrapper.sendBroadcast:421 com.sonim.scout.utils.ScoutJsonParser.parseRespose:81 com.sonim.scout.service.ScoutIntentService.onHandleIntent:58 android.app.IntentService$ServiceHandler.handleMessage:68
07-24 13:19:59.354 6444 24410 W ContextImpl: Calling a method in the system process without a qualified user: android.app.ContextImpl.sendBroadcast:877 android.content.ContextWrapper.sendBroadcast:421 com.sonim.scout.utils.ScoutJsonParser.parseWarrantyData:556 com.sonim.scout.utils.ScoutJsonParser.parseRespose:101 com.sonim.scout.service.ScoutIntentService.onHandleIntent:58
07-24 13:19:59.377 6444 24410 W ContextImpl: Calling a method in the system process without a qualified user: android.app.ContextImpl.sendBroadcast:877 android.content.ContextWrapper.sendBroadcast:421 com.sonim.scout.utils.ScoutJsonParser.parseRespose:125 com.sonim.scout.service.ScoutIntentService.onHandleIntent:58 android.app.IntentService$ServiceHandler.handleMessage:68
07-24 13:20:01.069 1718 2902 I ActivityManager: START u0 {act=android.intent.action.MAIN cat=[android.intent.category.LAUNCHER] flg=0x10200000 cmp=net.named_data.nfd/.MainActivity bnds=[796,1303][1053,1669] (has extras)} from uid 10026 on display 0
07-24 13:20:01.120 1718 1890 I ActivityManager: Start proc 24459:net.named_data.nfd/u0a126 for activity net.named_data.nfd/.MainActivity
07-24 13:20:01.794 1718 1747 I ActivityManager: Start proc 24478:net.named_data.nfd.service.NfdService/u0a126 for service net.named_data.nfd/.service.NfdService --------- beginning of main
07-24 13:21:14.734 1718 1718 I RPS : Battery Level in percentage:93.0Level:93Scale100
07-24 13:21:14.734 1718 1718 I RPS : checkCallbacks
07-24 13:21:14.735 2060 2060 D KeyguardUpdateMonitor: received broadcast android.intent.action.BATTERY_CHANGED
07-24 13:21:14.735 1718 1811 E PowerManagerService: BatteryReceiver onReceive() status: 2 plugType:1
07-24 13:21:14.735 2364 2364 I TelephonyManager: isMultiSimEnabled()- telephonyManager: uid= 1001
07-24 13:21:14.735 2815 2815 I tsdmc : BatteryMonitorService.checkFWUpdateWithBatteryEnough()
07-24 13:21:14.735 2815 2815 V tsdmc : mbatteryLevel = 93; bBatteryLow= false
07-24 13:21:14.738 1718 1778 E BatteryStatsService: no controller energy info supplied
07-24 13:21:14.738 2364 2364 E QtiImsExtUtils: getConfigForPhoneId subId is invalid
07-24 13:21:14.738 2364 2364 E QtiImsExtUtils: isCarrierConfigEnabled bundle is null
07-24 13:21:14.738 2060 2060 D KeyguardUpdateMonitor: handleBatteryUpdate
07-24 13:21:14.742 1718 1778 E BatteryStatsService: power: Missing API
07-24 13:21:14.743 1718 1778 E KernelUidCpuTimeReader: Failed to read uid_cputime: /proc/uid_cputime/show_uid_stat (No such file or directory)
07-24 13:21:14.753 1718 1772 E KernelUidCpuTimeReader: Failed to read uid_cputime: /proc/uid_cputime/show_uid_stat (No such file or directory)
07-24 13:21:14.845 13530 13530 W VoiceImeTranscriptor: UIME feature enabled: true
07-24 13:21:14.847 13530 13584 I SuperDelight: SuperDelightBundledMetadataParser#parse(): manifest parsed with 1 packs
07-24 13:21:14.849 13530 13584 I Superpacks: Syncing bundled_emoji, version: 3
07-24 13:21:14.854 13530 13584 I EmojiSlicingStrategy: matchEnabledLocalesWithPackLocales() : User enabled 1 locales; returning 1 slices
07-24 13:21:14.855 13530 13584 I Superpacks: Requesting packs for bundled_emoji with slices: [{bundled_emoji:442dd7424a2b73ebe817b5223ec48db9, *:*, *}]
07-24 13:21:14.859 13530 24913 I SuperDelight: SuperDelightManager#registerSuperpacks(bundled_delight): current 20180525, required 20180525
07-24 13:21:14.886 13530 13530 I PopupSearchCandidate: Cannot set candidate widths at this time: keyboardWidth is 0
07-24 13:21:14.889 13530 13530 I LatinMotionHandler: consumeEvent() : GestureTypingEnabled = true
07-24 13:21:14.894 13530 13530 I GifEntryExtension: onActivate()
07-24 13:21:14.894 13530 13530 I DevFeatureConfig: Gif candidate disabled by Phenotype
07-24 13:21:14.894 13530 13530 I Conv2QueryExtension: isEnabled() : true
07-24 13:21:14.894 13530 13530 I Conv2QueryExtension: Current locale: en_US, config allows these locales: de,en,fr,it,es,pt
07-24 13:21:14.895 13530 13559 I PrimesMetrics: Ignore memory metric of com.google.android.apps.inputmethod.libs.search.gif.GifEntryPointCandidateExtension.
07-24 13:21:14.895 13530 13530 I Conv2QueryExtension: Conv2Query not enabled due to current app [net.named_data.nfd] not in whitelist
07-24 13:21:14.895 13530 13530 W Conv2QueryExtension: onActivate() : Disabled by unsupported host app
07-24 13:21:14.896 13530 13559 I PrimesMetrics: Ignore memory metric of com.google.android.apps.inputmethod.libs.pill.PillExtension.
07-24 13:21:14.897 13530 13530 I FeatureCardNotice: Feature card notice not shown: no cards to display
07-24 13:21:14.897 13530 13530 I EmojiDataExtension: onActivate() : Locale = en_US
07-24 13:21:14.897 13530 13530 I EmojiSuperpacksFeature: Emoji superpacks enabled
07-24 13:21:14.897 13530 13559 I PrimesMetrics: Ignore memory metric of com.google.android.apps.inputmethod.libs.search.nativecard.FeatureCardNoticeExtension.
07-24 13:21:14.898 13530 13530 I Delight5Facilitator: Cancelling personalized data flush runnable
07-24 13:21:14.902 13530 13530 I FirebaseJobDispatcher: Cancel task: LstmDownloadManager_init. Success.
07-24 13:21:14.904 1718 1772 D CompatibilityInfo: mCompatibilityFlags - 0
07-24 13:21:14.904 1718 1772 D CompatibilityInfo: applicationDensity - 480
07-24 13:21:14.904 1718 1772 D CompatibilityInfo: applicationScale - 1.0
07-24 13:21:14.906 13530 13530 I FirebaseJobDispatcher: Cancel task: LstmDownloadManager. Success.
07-24 13:21:14.906 13530 13530 I LstmTrainingCache: getCacheConfig()
07-24 13:21:14.907 1718 2795 D CompatibilityInfo: mCompatibilityFlags - 0
07-24 13:21:14.907 1718 2795 D CompatibilityInfo: applicationDensity - 480
07-24 13:21:14.907 1718 2795 D CompatibilityInfo: applicationScale - 1.0
07-24 13:21:14.917 13530 13584 I Superpacks: Registering manifest lstm.9 with URL https://www.gstatic.com/android/keyboard/modelpack/dvrnn/superpacks_manifest.json, constraints: *:* and flags: *. Version: 9
07-24 13:21:14.918 13530 13584 I Superpacks: Manifest lstm is already the current sync version
07-24 13:21:14.918 13530 24916 I SuperDelight: SuperDelightManager#syncBundledLanguageModels(): Syncing for version 20180525
07-24 13:21:14.922 1718 2928 I ActivityManager: Start proc 24917:com.google.android.inputmethod.latin:train/u0a86 for service com.google.android.inputmethod.latin/com.google.android.apps.inputmethod.libs.dvrnn.trainingservice.DvrnnTrainingRpcService
07-24 13:21:14.924 13530 13530 I LstmTrainingCache: getCacheConfig()
07-24 13:21:14.931 13530 13530 W VoiceImeTranscriptor: UIME feature enabled: true
07-24 13:21:14.931 13530 13530 I VoiceImeExtension: Voice Extension onStartInputView() Mic status = [MicIconAvailable]
07-24 13:21:14.931 13530 13604 I Delight5Decoder: addPredictionEngine() : Duplicate engine dfk@9dcb1dd
07-24 13:21:14.941 13530 13584 I Superpacks: Sync for 'bundled_emoji' succeeded, result: {old=[bundled_emoji:442dd7424a2b73ebe817b5223ec48db9], new=[bundled_emoji:442dd7424a2b73ebe817b5223ec48db9], last batch=true}
07-24 13:21:14.943 13530 13584 I Superpacks: Syncing bundled_delight, version: 20180525
07-24 13:21:14.944 1718 8141 D CompatibilityInfo: mCompatibilityFlags - 0
07-24 13:21:14.944 1718 8141 D CompatibilityInfo: applicationDensity - 480
07-24 13:21:14.944 1718 8141 D CompatibilityInfo: applicationScale - 1.0
07-24 13:21:14.944 13530 13584 I SuperDelight: BundledSlicing#getSlices() : Locale = [en_US]
07-24 13:21:14.945 13530 13584 I SuperDelight: BundledSlicing#getSlices(): result {slices=[{bundled_delight:main_en_us_20180524_2, *:*, *}], last batch=true}
07-24 13:21:14.945 13530 13584 I Superpacks: Requesting packs for bundled_delight with slices: [{bundled_delight:main_en_us_20180524_2, *:*, *}]
07-24 13:21:14.946 1718 8141 D CompatibilityInfo: mCompatibilityFlags - 0
07-24 13:21:14.946 1718 8141 D CompatibilityInfo: applicationDensity - 480
07-24 13:21:14.946 1718 8141 D CompatibilityInfo: applicationScale - 1.0
07-24 13:21:14.967 13530 13530 I FeaturePermissions: onSharedPreferenceChanged() : Key = latest_activation_time : Feature = null
07-24 13:21:15.004 13530 13584 I Superpacks: Returning 1 packs for bundled_emoji, version: 3
07-24 13:21:15.005 13530 24933 I EmojiSuperpacksManager: processPackSet() : isBundled = true
07-24 13:21:15.022 13530 13584 I Superpacks: Sync for 'bundled_delight' succeeded, result: {old=[], new=[bundled_delight:main_en_us_20180524_2], last batch=true}
07-24 13:21:15.028 24917 24917 I AndroidIME: bsw: Not running in main process, skipping further initialization.
07-24 13:21:15.064 13530 13584 I Superpacks: Returning 1 packs for bundled_delight, version: 20180525
07-24 13:21:15.069 13530 13584 I Superpacks: Returning 1 packs for delight, version: 20180525
07-24 13:21:15.072 24917 24917 W native : commandlineflags.cc:1512 Ignoring RegisterValidateFunction() for flag pointer 0x7f6112f6f8: no flag found at that address
07-24 13:21:15.074 13530 24909 I SuperDelight: initializeDelightSuperpacks() : Bundled = false
07-24 13:21:15.074 13530 24909 I SuperDelight: getDelightMetadataUriAndVersion(): Phenotype : 20180525 : https://www.gstatic.com/android/keyboard/dictionarypack/Piano-normal/metadata.json
07-24 13:21:15.075 13530 13604 I Delight5Decoder: loadLanguageModel() : MAIN, version [20180524]
07-24 13:21:15.075 13530 13604 I native : language-utils-delegator.cc:73 Adding en to delegate.
07-24 13:21:15.075 13530 13604 I native : language-utils-delegator.cc:77 language en not found, so added it.
07-24 13:21:15.076 13530 24940 I SuperDelight: SuperDelightManager#registerSuperpacks(delight): current 20180525, required 20180525
07-24 13:21:15.080 13530 24911 I SuperDelight: SuperDelightManager#syncDownloadableLanguageModels(delight): [OnDevice] Syncing for version 20180525
07-24 13:21:15.084 13530 13584 I Superpacks: Syncing delight, version: 20180525
07-24 13:21:15.085 13530 13584 I SuperDelight: DownloadSlicing#getSlices() : Locale = [en_US]
07-24 13:21:15.085 24917 24917 E art : The String#value field is not present on Android versions >= 6.0
07-24 13:21:15.102 13530 13584 I SuperDelight: DownloadSlicing#getSlices(): result {slices=[{delight:main_en_us_20180523_1, *:*, *}], last batch=true}
07-24 13:21:15.102 13530 13584 I Superpacks: Requesting packs for delight with slices: [{delight:main_en_us_20180523_1, *:*, *}]
07-24 13:21:15.123 13530 13604 I native : proto-store.cc:45 File not found: '/data/user/0/com.google.android.inputmethod.latin/files/personal/adapt_state.en.dat'.
07-24 13:21:15.123 13530 13604 I native : (This might be OK for example when a language is being loaded for the first time.)
07-24 13:21:15.126 13530 13604 I Delight5Decoder: Loaded main LM /data/user/0/com.google.android.inputmethod.latin/files/superpacks/bundled_delight/main_en_us_20180524_2
07-24 13:21:15.153 13530 24929 I Adreno : QUALCOMM build : 74bd0df, Ida1be052e0
07-24 13:21:15.153 13530 24929 I Adreno : Build Date : 12/13/17
07-24 13:21:15.153 13530 24929 I Adreno : OpenGL ES Shader Compiler Version: XE031.14.00.04
07-24 13:21:15.153 13530 24929 I Adreno : Local Branch :
07-24 13:21:15.153 13530 24929 I Adreno : Remote Branch : quic/gfx-adreno.lnx.1.0.r9-rel
07-24 13:21:15.153 13530 24929 I Adreno : Remote Branch : NONE
07-24 13:21:15.153 13530 24929 I Adreno : Reconstruct Branch : NOTHING
07-24 13:21:15.155 13530 24929 I Adreno : PFP: 0x005ff087, ME: 0x005ff063
07-24 13:21:15.159 13530 24929 I OpenGLRenderer: Initialized EGL, version 1.4
07-24 13:21:15.159 13530 24929 D OpenGLRenderer: Swap behavior 1
07-24 13:21:15.202 13530 13584 I SuperDelight: SuperDelightMergingStrategy#merge(): selected[[main_en_us_20180523_1]] synced[[main_en_us_20180523_1]]
07-24 13:21:15.204 13530 13584 I Superpacks: Sync for 'delight' succeeded, result: {old=[delight:main_en_us_20180523_1], new=[delight:main_en_us_20180523_1], last batch=true}
07-24 13:21:15.275 13530 13530 I LstmTrainer: Training configuration succeeded for LstmTrainingClientFederation
07-24 13:21:15.277 13530 13530 I LstmTrainer: Training cancelled successfully for LstmTrainingClientPersonalization
07-24 13:21:15.451 2338 2338 D wpa_supplicant: wlan0: Control interface command 'SIGNAL_POLL'
07-24 13:21:15.467 2338 2338 D wpa_supplicant: CTRL-DEBUG: global_ctrl_sock-sendto: sock=8 sndbuf=212992 outq=0 send_len=62
07-24 13:21:15.570 24917 24922 I art : Do partial code cache collection, code=26KB, data=25KB
07-24 13:21:15.570 24917 24922 I art : After code cache collection, code=26KB, data=25KB
07-24 13:21:15.570 24917 24922 I art : Increasing code cache capacity to 128KB
07-24 13:21:15.573 24917 24922 I art : Do partial code cache collection, code=26KB, data=46KB
07-24 13:21:15.573 24917 24922 I art : After code cache collection, code=26KB, data=46KB
07-24 13:21:15.573 24917 24922 I art : Increasing code cache capacity to 256KB
07-24 13:21:15.573 24917 24922 I art : Compiler allocated 14MB to compile int juz.b(java.lang.Object)
07-24 13:21:15.619 24917 24922 I art : Compiler allocated 4MB to compile void juz.b(java.lang.Object, jwy)
07-24 13:21:15.741 711 838 E libnav : CablComputeBacklightLevel(): UpdateType = DifferentSceneUpdate
07-24 13:21:15.875 13530 14303 I Delight5Facilitator: Read en_US emoji shortcuts successfully.
07-24 13:21:15.875 13530 14303 I Delight5Facilitator: 1 emoji shortcut maps loaded.
07-24 13:21:15.881 13530 14303 I Delight5Facilitator: Finished loading emoji shortcuts
07-24 13:21:15.881 13530 14303 I Delight5Facilitator: Running email language model loader
07-24 13:21:15.881 13530 13604 I Delight5Decoder: loadEmojiShortcutMap() : 1 shortcuts
07-24 13:21:15.881 13530 14303 I EmojiSuperpacksFeature: Emoji superpacks enabled
07-24 13:21:15.884 13530 14303 I Delight5Facilitator: Reading en_US emoji shortcuts
07-24 13:21:15.890 13530 13604 I Delight5Decoder: loadLanguageModel() : EMAIL, version [n/a]
07-24 13:21:15.893 13530 13604 I Delight5Decoder: Loaded dynamic LM /data/user/0/com.google.android.inputmethod.latin/files/personal/Email.dict
07-24 13:21:15.902 13530 14303 I Delight5Facilitator: Read en_US emoji shortcuts successfully.
07-24 13:21:15.902 13530 14303 I Delight5Facilitator: 1 emoji shortcut maps loaded.
07-24 13:21:15.908 13530 14303 I Delight5Facilitator: Finished loading emoji shortcuts
07-24 13:21:15.908 13530 13604 I Delight5Decoder: loadEmojiShortcutMap() : 1 shortcuts
07-24 13:21:15.915 13530 13604 W native : neural_spatial_model.cc:382 Output symbol table doesn't contain symbol: @
07-24 13:21:15.915 13530 13604 W native : neural_spatial_model.cc:382 Output symbol table doesn't contain symbol: &
07-24 13:21:15.916 13530 13604 I native : dynamic-oov-words.cc:212 AddPendingWords: 1 -> 0 0 ms
07-24 13:21:16.470 13530 13530 W VoiceImeTranscriptor: UIME feature enabled: true
07-24 13:21:16.476 13530 13530 I PopupSearchCandidate: Cannot set candidate widths at this time: keyboardWidth is 0
07-24 13:21:17.088 1718 2284 D CompatibilityInfo: mCompatibilityFlags - 0
07-24 13:21:17.088 1718 2284 D CompatibilityInfo: applicationDensity - 480
07-24 13:21:17.088 1718 2284 D CompatibilityInfo: applicationScale - 1.0
07-24 13:21:17.312 13530 13530 W VoiceImeTranscriptor: UIME feature enabled: true
07-24 13:21:17.327 13530 13530 I LatinMotionHandler: consumeEvent() : GestureTypingEnabled = true
07-24 13:21:17.419 13530 13535 I art : Do full code cache collection, code=243KB, data=240KB
07-24 13:21:17.420 13530 13535 I art : Starting a blocking GC JitCodeCache
07-24 13:21:17.420 13530 13535 I art : After code cache collection, code=211KB, data=196KB
07-24 13:21:18.482 2338 2338 D wpa_supplicant: wlan0: Control interface command 'SIGNAL_POLL'
07-24 13:21:18.493 2338 2338 D wpa_supplicant: CTRL-DEBUG: global_ctrl_sock-sendto: sock=8 sndbuf=212992 outq=0 send_len=62
07-24 13:21:18.834 13530 13604 W native : unicodetext.cc:253 UTF-8 buffer is not interchange-valid.
07-24 13:21:19.028 13530 13530 W VoiceImeTranscriptor: UIME feature enabled: true
07-24 13:21:19.084 24478 24499 I chatty : uid=10126 net.named_data.nfd.service.NfdService expire 553 lines
07-24 13:21:19.771 13530 13530 W VoiceImeTranscriptor: UIME feature enabled: true
07-24 13:21:19.786 13530 13530 I LatinMotionHandler: consumeEvent() : GestureTypingEnabled = true
07-24 13:21:20.397 13530 13535 I art : Do partial code cache collection, code=226KB, data=212KB
07-24 13:21:20.398 13530 13535 I art : After code cache collection, code=226KB, data=212KB
07-24 13:21:20.398 13530 13535 I art : Increasing code cache capacity to 1024KB
07-24 13:21:20.400 13530 13535 I art : Compiler allocated 7MB to compile boolean bjs.b(jfm, int, jfz, long)
07-24 13:21:20.997 13530 13530 W VoiceImeTranscriptor: UIME feature enabled: true
07-24 13:21:21.511 2338 2338 D wpa_supplicant: wlan0: Control interface command 'SIGNAL_POLL'
07-24 13:21:21.523 2338 2338 D wpa_supplicant: CTRL-DEBUG: global_ctrl_sock-sendto: sock=8 sndbuf=212992 outq=0 send_len=62
07-24 13:21:21.835 13530 13530 W VoiceImeTranscriptor: UIME feature enabled: true
07-24 13:21:21.847 13530 13530 I LatinMotionHandler: consumeEvent() : GestureTypingEnabled = true
07-24 13:21:24.140 13530 13530 I GoogleInputMethodImpl: hideSoftInput() : flags = 0
07-24 13:21:24.147 24459 24998 I chatty : uid=10126(net.named_data.nfd) expire 2 lines
07-24 13:21:24.148 13530 13530 I PhenotypeExpConfig: refreshConfiguration() : Force = false : UpdateAvailable = false : Age = 57 minutes : MaxAge = 720 minutes
07-24 13:21:24.153 13530 13530 I LatinIme: abortComposing()
07-24 13:21:24.176 13530 13530 I Delight5Decoder: abortComposing() : input state id = 28
07-24 13:21:24.177 13530 13530 I LatinIme: onDeactivate()
07-24 13:21:24.539 2338 2338 D wpa_supplicant: wlan0: Control interface command 'SIGNAL_POLL'
07-24 13:21:24.546 711 838 E libnav : CablComputeBacklightLevel(): UpdateType = DifferentSceneUpdate
07-24 13:21:24.568 2338 2338 D wpa_supplicant: CTRL-DEBUG: global_ctrl_sock-sendto: sock=8 sndbuf=212992 outq=0 send_len=62
07-24 13:21:27.165 1718 1811 E PowerManagerService: BatteryReceiver onReceive() status: 2 plugType:1
07-24 13:21:27.166 2060 2060 D KeyguardUpdateMonitor: received broadcast android.intent.action.BATTERY_CHANGED
07-24 13:21:27.166 1718 1718 I RPS : onReceive IntentIntent { act=android.intent.action.BATTERY_CHANGED flg=0x60000010 (has extras) }
07-24 13:21:27.166 1718 1718 I RPS : Battery Level in percentage:93.0Level:93Scale100
07-24 13:21:27.167 1718 1718 I RPS : checkCallbacks
07-24 13:21:27.168 2364 2364 I TelephonyManager: isMultiSimEnabled()- telephonyManager: uid= 1001
07-24 13:21:27.169 2815 2815 I tsdmc : BatteryMonitorService.checkFWUpdateWithBatteryEnough()
07-24 13:21:27.170 2815 2815 V tsdmc : mbatteryLevel = 93; bBatteryLow= false
07-24 13:21:27.171 2060 2060 D KeyguardUpdateMonitor: handleBatteryUpdate
07-24 13:21:27.171 2364 2364 E QtiImsExtUtils: getConfigForPhoneId subId is invalid
07-24 13:21:27.171 2364 2364 E QtiImsExtUtils: isCarrierConfigEnabled bundle is null
07-24 13:21:27.289 711 838 E libnav : CablComputeBacklightLevel(): UpdateType = DifferentSceneUpdate
07-24 13:21:27.584 2338 2338 D wpa_supplicant: wlan0: Control interface command 'SIGNAL_POLL'
07-24 13:21:27.590 2338 2338 D wpa_supplicant: CTRL-DEBUG: global_ctrl_sock-sendto: sock=8 sndbuf=212992 outq=0 send_len=62
07-24 13:21:28.060 13530 13530 I GoogleInputMethod: onStartInput() : Dummy InputConnection bound
07-24 13:21:28.395 13530 13530 I GoogleInputMethod: onFinishInput() : Dummy InputConnection bound
07-24 13:21:28.397 13530 13530 I GoogleInputMethod: onStartInput() : Dummy InputConnection bound
07-24 13:21:28.552 711 838 E libnav : CablComputeBacklightLevel(): UpdateType = DifferentSceneUpdate
07-24 13:21:29.948 711 838 E libnav : CablComputeBacklightLevel(): UpdateType = DifferentSceneUpdate
07-24 13:21:30.174 13530 13530 I GoogleInputMethod: onFinishInput() : Dummy InputConnection bound
07-24 13:21:30.175 24478 24478 I chatty : uid=10126 net.named_data.nfd.service.NfdService expire 4 lines
07-24 13:21:30.175 13530 13530 I GoogleInputMethod: onStartInput() : Dummy InputConnection bound
07-24 13:21:30.494 13530 13530 I GoogleInputMethod: onFinishInput() : Dummy InputConnection bound
07-24 13:21:30.496 13530 13530 I GoogleInputMethod: onStartInput() : Dummy InputConnection bound
07-24 13:21:30.529 711 838 E libnav : CablComputeBacklightLevel(): UpdateType = DifferentSceneUpdate
07-24 13:21:30.604 2338 2338 D wpa_supplicant: wlan0: Control interface command 'SIGNAL_POLL'
07-24 13:21:30.612 2338 2338 D wpa_supplicant: CTRL-DEBUG: global_ctrl_sock-sendto: sock=8 sndbuf=212992 outq=0 send_len=62
07-24 13:21:30.697 24499 24499 I chatty : uid=10126 net.named_data.nfd.service.NfdService expire 29 lines
07-24 13:21:30.794 24478 24499 I chatty : uid=10126 net.named_data.nfd.service.NfdService expire 1069 lines
07-24 13:21:33.632 2338 2338 D wpa_supplicant: wlan0: Control interface command 'SIGNAL_POLL'
07-24 13:21:33.642 2338 2338 D wpa_supplicant: CTRL-DEBUG: global_ctrl_sock-sendto: sock=8 sndbuf=212992 outq=0 send_len=62
