07-24 13:23:02.200 2765 2765 D AidRoutingManager: #######Routing AID A000000025011001 to route 0 with power 65
07-24 13:23:02.200 2765 2765 D AidRoutingManager: #######Routing AID A00000002502 to route 0 with power 65
07-24 13:23:02.200 2765 2765 D AidRoutingManager: #######Routing AID A00000F21100 to route 0 with power 65
07-24 13:23:02.200 2765 2765 D AidRoutingManager: #######Routing AID A000000476D0000101 to route 0 with power 65
07-24 13:23:02.200 2765 2765 D AidRoutingManager: #######Routing AID A00000039656434103F1216000000000 to route 0 with power 65
07-24 13:23:02.200 2765 2765 D AidRoutingManager: #######Routing AID A0000000042203 to route 0 with power 65
07-24 13:23:02.200 2765 2765 D AidRoutingManager: #######Routing AID A00000002501 to route 0 with power 65
07-24 13:23:02.200 2765 2765 D AidRoutingManager: #######Routing AID A0000000032010 to route 0 with power 65
07-24 13:23:02.200 2765 2765 D AidRoutingManager: Routing table unchanged, but commit the routing
07-24 13:23:02.201 2765 2765 D NQApduServiceInfo: updateServiceCommitStatus:Description:Google Pay:InternalState:1:commitStatus:true
07-24 13:23:02.201 2765 2765 D NQApduServiceInfo: updateServiceCommitStatus:Description:Google Pay:InternalState:1:commitStatus:true
07-24 13:23:02.201 2765 2765 E RegisteredServicesCache: 3updateStatusOfServices:WriteServiceStateToFile
07-24 13:23:02.202 2765 2765 E RegisteredServicesCache: Writing service state Data Always
07-24 13:23:02.205 2765 2765 E RegisteredServicesCache: component namecom.google.android.apps.walletnfcrel/com.google.commerce.tapandpay.android.transit.tap.service.TransitHceService
07-24 13:23:02.205 2765 2765 E RegisteredServicesCache: component namecom.google.android.apps.walletnfcrel/com.google.commerce.tapandpay.android.hce.service.ValuableApduService
07-24 13:23:02.205 5963 5963 D AppUtils: Have 0 number of activities in preferred list
07-24 13:23:02.211 2765 2765 D RegisteredServicesCache: ApduService: ComponentInfo{com.google.android.apps.walletnfcrel/com.google.commerce.tapandpay.android.hce.service.ValuableApduService}, description: Google Pay, Static AID Groups: Category: other, AIDs:4F53452E5641532E3031, A000000476D0000101, A000000476D0000111, , Dynamic AID Groups:
07-24 13:23:02.211 2765 2765 D RegisteredServicesCache: ApduService: ComponentInfo{com.google.android.apps.walletnfcrel/com.google.commerce.tapandpay.android.transit.tap.service.TransitHceService}, description: Google Pay, Static AID Groups: Category: other, AIDs:A00000039656434103F1216000000000, A00000F21100, A0000002164954534F2D31, , Dynamic AID Groups:
07-24 13:23:02.211 2765 2765 D RegisteredServicesCache: ApduService: ComponentInfo{com.google.android.gms/com.google.android.gms.tapandpay.hce.service.TpHceService}, description: Google Pay, Static AID Groups: Category: payment, AIDs:325041592E5359532E4444463031, A0000000041010, A0000000042203, A0000000043060, A0000000049100, A000000004, A0000000031010, A0000000980840, A0000000032010, A0000000032020, A000000003, A00000000307010001, A0000003241010, A0000001523010, A0000001524010, A00000002501, A000000025011001, A00000002502, A000000025021001, A000000025010801, A000000025, A0000000250000, A0000002771010, A00000038410, A00000038420, , Dynamic AID Groups:
07-24 13:23:02.212 1718 2835 W InputMethodManagerService: Window already focused, ignoring focus gain of: com.android.internal.view.IInputMethodClient$Stub$Proxy@1c0c256 attribute=null, token = android.os.BinderProxy@17d765e
07-24 13:23:02.217 2765 2765 D RegisteredNfcFServicesCache: Service unchanged, not updating
07-24 13:23:02.218 2765 2765 E NfcService: applyRouting -9
07-24 13:23:02.218 2765 2765 D NfcService: applyRouting - enter force = false mScreenState = 3
07-24 13:23:02.218 2765 2765 D NxpExtns: const CNxpNfcParam *CNxpNfcConfig::find(const char *) const found DEFAULT_DESFIRE_ROUTE=(0x2)
07-24 13:23:02.218 2765 2765 D BrcmNfcJni: nfcManager_getDefaultDesfireRoute: enter; NAME_DEFAULT_DESFIRE_ROUTE = 02
07-24 13:23:02.218 2765 2765 D NxpExtns: const CNxpNfcParam *CNxpNfcConfig::find(const char *) const found DEFAULT_DESFIRE_PWR_STATE=(0x1b)
07-24 13:23:02.218 2765 2765 D NfcService: defaultMifareDesfireRoute : 91
07-24 13:23:02.218 2765 2765 D NxpExtns: const CNxpNfcParam *CNxpNfcConfig::find(const char *) const found DEFAULT_AID_ROUTE=(0x0)
07-24 13:23:02.218 2765 2765 D NxpExtns: const CNxpNfcParam *CNxpNfcConfig::find(const char *) const found DEFAULT_AID_PWR_STATE=(0x19)
07-24 13:23:02.218 2765 2765 D NfcService: defaultAidRoute : 9
07-24 13:23:02.218 2765 2765 D NxpExtns: const CNxpNfcParam *CNxpNfcConfig::find(const char *) const found DEFAULT_MIFARE_CLT_ROUTE=(0x2)
07-24 13:23:02.218 2765 2765 D NxpExtns: const CNxpNfcParam *CNxpNfcConfig::find(const char *) const found DEFAULT_MIFARE_CLT_PWR_STATE=(0x1b)
07-24 13:23:02.218 2765 2765 D NfcService: defaultMifateCLTRoute : 219
07-24 13:23:02.218 2765 2765 D NfcService: Set default Route Entry
07-24 13:23:02.218 2765 2765 D BrcmNfcJni: nfcManager_setDefaultRoute : enter
07-24 13:23:02.218 2765 2765 D BrcmNfcJni: update_transaction_stat: Enter. Requested by : setDefaultRoute Requested state : SET
07-24 13:23:02.218 2765 2765 D BrcmNfcJni: update_transaction_stat: Exit. Requested by : setDefaultRoute Requested state : SET status : SUCCESS
07-24 13:23:02.218 2765 2765 D BrcmNfcJni: startRfDiscovery: is start=0
07-24 13:23:02.218 2765 2765 I BrcmNfcNfa: NFA_StopRfDiscovery ()
07-24 13:23:02.218 2765 3156 I BrcmNfcNfa: NFA got event 0x010F
07-24 13:23:02.218 2765 3156 I BrcmNfcNfa: nfa_dm_evt_hdlr event: NFA_DM_API_STOP_RF_DISCOVERY_EVT (0x0f)
07-24 13:23:02.218 2765 3156 I BrcmNfcNfa: nfa_dm_act_stop_rf_discovery ()
07-24 13:23:02.218 2765 3156 I BrcmNfcNfa: nfa_dm_rf_deactivate () deactivate_type:0x0
07-24 13:23:02.218 2765 3156 I BrcmNfcNfa: nfa_dm_disc_sm_execute (): state: DISCOVERY (1), event: DEACTIVATE_CMD(6) disc_flags: 0x2
07-24 13:23:02.218 2765 3156 I BrcmNfcNfa: NFC_Deactivate 4 (IDLE) deactivate_type:0
07-24 13:23:02.218 2765 3156 I BrcmNfcNfa: nfc_ncif_send_cmd()
07-24 13:23:02.218 2765 3156 I BrcmNfcNfa: nfc_ncif_check_cmd_queue : Writing to HAL...
07-24 13:23:02.218 2765 3156 I BrcmNfcNfa: nfc_ncif_check_cmd_queue : cmd_size:1
07-24 13:23:02.218 2765 3156 D NfcAdaptation: NfcAdaptation::HalWrite
07-24 13:23:02.218 2765 3156 D NxpExtns: const nxp::CNfcParam *nxp::CNfcConfig::find(const char *) const found MIFARE_READER_ENABLE=(0x1)
07-24 13:23:02.219 2765 3187 D NxpTml : PN54X - Write requested.....
07-24 13:23:02.219 2765 3187 D NxpTml : PN54X - Invoking I2C Write.....
07-24 13:23:02.219 2765 3187 E NxpTml : _i2c_write() errno : 5
07-24 13:23:02.219 2765 3187 E NxpTml : PN54X - Error in I2C Write.....
07-24 13:23:02.219 2765 3187 D NxpTml : PN54X - Posting Fresh Write message.....
07-24 13:23:02.219 2765 3187 D NxpTml : PN54X - Tml Writer Thread Running................
07-24 13:23:02.219 2765 3189 E NxpHal : write error status = 0x1ff
07-24 13:23:02.219 2765 3156 E NxpHal : write_unlocked failed - PN54X Maybe in Standby Mode - Retry
07-24 13:23:02.224 2765 3187 D NxpTml : PN54X - Write requested.....
07-24 13:23:02.225 2765 3187 D NxpTml : PN54X - Invoking I2C Write.....
07-24 13:23:02.227 2765 3187 D NxpNciX : len = 4 => 21060100
07-24 13:23:02.228 2765 3187 D NxpTml : PN54X - I2C Write successful.....
07-24 13:23:02.228 2765 3187 D NxpTml : PN54X - Posting Fresh Write message.....
07-24 13:23:02.228 2765 3187 D NxpTml : PN54X - Tml Writer Thread Running................
07-24 13:23:02.228 2765 3189 D NxpHal : write successful status = 0x0
07-24 13:23:02.228 2765 3156 I BrcmNfcNfa: nfa_dm_disc_sm_execute (): new state: DISCOVERY (1), disc_flags: 0x22
07-24 13:23:02.228 2765 3156 I BrcmNfcNfa: nfa_sys_ptim_stop_timer 7afadc58
07-24 13:23:02.228 2765 3156 I BrcmNfcNfa: ptim timer stop
07-24 13:23:02.228 2765 3156 I BrcmNfcNfa: Stopped presence check timer (if started)
07-24 13:23:02.228 2765 3186 D NxpTml : PN54X - I2C Read successful.....len = 4
07-24 13:23:02.228 2765 3186 D NxpTml : PN54X - Posting read message.....
07-24 13:23:02.228 2765 3186 D NxpNciR : len = 4 <= 41060100
07-24 13:23:02.230 2765 3189 D NxpHal : read successful status = 0x0
07-24 13:23:02.230 2765 3189 D NfcAdaptation: NfcAdaptation::HalDeviceContextDataCallback: len=4
07-24 13:23:02.230 2765 3186 D NxpTml : PN54X - Read requested.....
07-24 13:23:02.230 2765 3186 D NxpTml : PN54X - Invoking I2C Read.....
07-24 13:23:02.230 2765 3156 I BrcmNfcNfa: NFC received rsp gid:1
07-24 13:23:02.230 2765 3156 I BrcmNfcNfa: P2P_Prio_Logic
07-24 13:23:02.230 2765 3156 I BrcmNfcNfa: nfa_dm_p2p_prio_logic event_type = 0x1
07-24 13:23:02.230 2765 3156 I BrcmNfcNfa: returning TRUE
07-24 13:23:02.233 2765 3156 I BrcmNfcNfa: nfc_set_state 4 (IDLE)->4 (IDLE)
07-24 13:23:02.233 2765 3156 I BrcmNfcNfa: nfa_dm_disc_data_cback ()
07-24 13:23:02.233 2765 3156 I BrcmNfcNfa: nfa_dm_disc_discovery_cback (): event:0x4005
07-24 13:23:02.233 2765 3156 I BrcmNfcNfa: nfa_dm_disc_sm_execute (): state: DISCOVERY (1), event: DEACTIVATE_RSP(7) disc_flags: 0x22
07-24 13:23:02.233 2765 3156 I BrcmNfcNfa: nfa_dm_disc_new_state (): old_state: DISCOVERY (1), new_state: IDLE (0) disc_flags: 0x2
07-24 13:23:02.233 2765 3156 D BrcmNfcJni: nfaConnectionCallback: Connection Event = 31
07-24 13:23:02.233 2765 3156 D BrcmNfcJni: nfaConnectionCallback: NFA_RF_DISCOVERY_STOPPED_EVT: status = 0x0
07-24 13:23:02.233 2765 3156 D BrcmNfcJni: notifyPollingEventwhileNfcOff: sDiscCmdwhleNfcOff=0
07-24 13:23:02.233 2765 3156 D BrcmNfcJni: getReconnectState = 0x0
07-24 13:23:02.233 2765 3156 I BrcmNfcNfa: nfa_dm_start_rf_discover (): enter
07-24 13:23:02.233 2765 3156 I BrcmNfcNfa: nfa_dm_start_rf_discover (): return
07-24 13:23:02.233 2765 3156 I BrcmNfcNfa: nfa_dm_disc_sm_execute (): new state: IDLE (0), disc_flags: 0x0
07-24 13:23:02.234 2765 2765 D BrcmNfcJni: startRfDiscovery: is exit=0
07-24 13:23:02.234 2765 2765 D BrcmNfcJni: RoutingManager::setDefaultRoute: enter; defaultRoute:0x 9 protoRoute:0x5B TechRoute:0xDB HostListenMask:0x7
07-24 13:23:02.234 2765 2765 D BrcmNfcJni: RoutingManager::extractRouteLocationAndPowerStates:mDefaultIso7816SeID:0x400 mDefaultIso7816Powerstate:0x9
07-24 13:23:02.234 2765 2765 D BrcmNfcJni: getUiccRoute: Enter slot num = 1
07-24 13:23:02.234 2765 2765 D BrcmNfcJni: RoutingManager::extractRouteLocationAndPowerStates:mDefaultIsoDepSeID:0x402 mDefaultIsoDepPowerstate:0x1B
07-24 13:23:02.234 2765 2765 D BrcmNfcJni: getUiccRoute: Enter slot num = 1
07-24 13:23:02.234 2765 2765 D BrcmNfcJni: RoutingManager::extractRouteLocationAndPowerStates:mDefaultTechASeID:0x402 mDefaultTechAPowerstate:0x1B
07-24 13:23:02.234 2765 2765 I BrcmNfcNfa: NFA_CeSetIsoDepListenTech (): 0x3
07-24 13:23:02.234 2765 2765 I BrcmNfcNfa: NFA_CeRegisterAidOnDH ()
07-24 13:23:02.234 2765 2765 D BrcmNfcJni: RoutingManager::checkProtoSeID: enter
07-24 13:23:02.234 2765 3156 I BrcmNfcNfa: NFA got event 0x0703
07-24 13:23:02.234 2765 2765 D NxpExtns: const CNxpNfcParam *CNxpNfcConfig::find(const char *) const found NXP_CHECK_DEFAULT_PROTO_SE_ID=(0x1)
07-24 13:23:02.234 2765 3156 I BrcmNfcNfa: nfa_ce_handle_event event: NFA_CE_API_CFG_ISODEP_TECH_EVT (0x703), flags: 00000000
07-24 13:23:02.234 2765 2765 D BrcmNfcJni: RoutingManager::checkProtoSeID: CHECK_DEFAULT_PROTO_SE_ID - 0x 1
07-24 13:23:02.234 2765 3156 I BrcmNfcNfa: NFA got event 0x0701
07-24 13:23:02.234 2765 2765 D BrcmNfcJni: SecureElement::getEeHandleList: 0 = 0x401
07-24 13:23:02.234 2765 3156 I BrcmNfcNfa: nfa_ce_handle_event event: NFA_CE_API_REG_LISTEN_EVT (0x701), flags: 00000000
07-24 13:23:02.234 2765 3156 I BrcmNfcNfa: nfa_ce_api_reg_listen ():Registering UICC/ESE/Felica/Type-4 tag listener. Type=1
07-24 13:23:02.234 2765 2765 D BrcmNfcJni: SecureElement::getEeHandleList: 0 = 0x401
07-24 13:23:02.235 2765 3156 I BrcmNfcNfa: nfa_ce_api_reg_listen ():found free entry listen_info_idx = 4
07-24 13:23:02.235 2765 3156 I BrcmNfcNfa: NFA_CE: adding listen_info entry 4
07-24 13:23:02.235 2765 2765 D BrcmNfcJni: 0x401: 0x1 0x1 0x0
07-24 13:23:02.235 2765 3156 I BrcmNfcNfa: CE_T4tRegisterAID (): registering callback for wildcard AID
07-24 13:23:02.235 2765 2765 D BrcmNfcJni: SecureElement::getEeHandleList: 1 = 0x4C0
07-24 13:23:02.235 2765 3156 E BrcmNfcNfa: CE_T4tRegisterAID (): only one wildcard AID can be registered at time.
07-24 13:23:02.235 2765 3156 E BrcmNfcNfa: Unable to register AID
07-24 13:23:02.235 2765 2765 D BrcmNfcJni: SecureElement::getEeHandleList: Handle 1 = 0xC0
07-24 13:23:02.235 2765 3156 D BrcmNfcJni: RoutingManager::stackCallback: event=0x15
07-24 13:23:02.235 2765 2765 D BrcmNfcJni: RoutingManager::checkProtoSeID: count : 1
07-24 13:23:02.235 2765 3156 D BrcmNfcJni: RoutingManager::stackCallback: NFA_CE_REGISTERED_EVT; status=0x3; h=0xFFFF
07-24 13:23:02.235 2765 2765 D BrcmNfcJni: SecureElement::getGenericEseId: enter; ESE-Handle = 0xC0
07-24 13:23:02.235 2765 2765 D BrcmNfcJni: SecureElement::getGenericEseId: exit; ESE-Generic-ID = 0x01
07-24 13:23:02.235 2765 2765 D BrcmNfcJni: RoutingManager::checkProtoSeID: seId : 1
07-24 13:23:02.235 2765 2765 D BrcmNfcJni: SecureElement::getEseHandleFromGenericId: enter; ESE-ID = 0x01
07-24 13:23:02.235 2765 2765 D BrcmNfcJni: SecureElement::getEseHandleFromGenericId: enter; ESE-Handle = 0x4C0
07-24 13:23:02.235 2765 2765 D BrcmNfcJni: RoutingManager::checkProtoSeID: ActDevHandle : 0x4C0
07-24 13:23:02.235 2765 2765 D BrcmNfcJni: RoutingManager::checkProtoSeID:isDefaultIsoDepSeIDPresent:0x0
07-24 13:23:02.235 2765 2765 D BrcmNfcJni: RoutingManager::checkProtoSeID: exit
07-24 13:23:02.235 2765 2765 D BrcmNfcJni: RoutingManager::initialiseTableEntries: enter
07-24 13:23:02.235 2765 2765 D BrcmNfcJni: SecureElement::getEeInfo: enter; mbNewEE=0, mActualNumEe=2
07-24 13:23:02.235 2765 2765 I BrcmNfcNfa: NFA_EeGetInfo em_state:1 cur_ee:4
07-24 13:23:02.235 2765 2765 I BrcmNfcNfa: xx:0 max_ret:4, num_ret:0 ee_status:0x0
07-24 13:23:02.235 2765 2765 I BrcmNfcNfa: xx:1 max_ret:4, num_ret:1 ee_status:0x0
07-24 13:23:02.235 2765 2765 I BrcmNfcNfa: xx:2 max_ret:4, num_ret:2 ee_status:0x2
07-24 13:23:02.235 2765 2765 I BrcmNfcNfa: xx:3 max_ret:4, num_ret:2 ee_status:0x2
07-24 13:23:02.235 2765 2765 I BrcmNfcNfa: num_ret:2
07-24 13:23:02.235 2765 2765 D BrcmNfcJni: SecureElement::getEeInfo: num EEs discovered: 2
07-24 13:23:02.235 2765 2765 D BrcmNfcJni: SecureElement::getEeInfo: EE[0] Handle: 0x0401 Status: Connected/Active Num I/f: 1: (0x01, 0x00) Num TLVs: 0, Tech : (LA:0x00, LB:0x00, LF:0x00, LBP:0x00)
07-24 13:23:02.235 2765 2765 D BrcmNfcJni: SecureElement::getEeInfo: EE[1] Handle: 0x04c0 Status: Connected/Active Num I/f: 1: (0x80, 0x00) Num TLVs: 0, Tech : (LA:0x04, LB:0x04, LF:0x03, LBP:0x00)
07-24 13:23:02.235 2765 2765 D BrcmNfcJni: SecureElement::getEeInfo: exit; mActualNumEe=2, mNumEePresent=1
07-24 13:23:02.235 2765 2765 D BrcmNfcJni: SecureElement::getEeInfo: enter; mbNewEE=0, mActualNumEe=2
07-24 13:23:02.235 2765 2765 I BrcmNfcNfa: NFA_EeGetInfo em_state:1 cur_ee:4
07-24 13:23:02.235 2765 2765 I BrcmNfcNfa: xx:0 max_ret:4, num_ret:0 ee_status:0x0
07-24 13:23:02.235 2765 2765 I BrcmNfcNfa: xx:1 max_ret:4, num_ret:1 ee_status:0x0
07-24 13:23:02.235 2765 2765 I BrcmNfcNfa: xx:2 max_ret:4, num_ret:2 ee_status:0x2
07-24 13:23:02.235 2765 2765 I BrcmNfcNfa: xx:3 max_ret:4, num_ret:2 ee_status:0x2
07-24 13:23:02.235 2765 2765 I BrcmNfcNfa: num_ret:2
07-24 13:23:02.235 2765 2765 D BrcmNfcJni: SecureElement::getEeInfo: num EEs discovered: 2
07-24 13:23:02.235 2765 2765 D BrcmNfcJni: SecureElement::getEeInfo: EE[0] Handle: 0x0401 Status: Connected/Active Num I/f: 1: (0x01, 0x00) Num TLVs: 0, Tech : (LA:0x00, LB:0x00, LF:0x00, LBP:0x00)
07-24 13:23:02.235 2765 2765 D BrcmNfcJni: SecureElement::getEeInfo: EE[1] Handle: 0x04c0 Status: Connected/Active Num I/f: 1: (0x80, 0x00) Num TLVs: 0, Tech : (LA:0x04, LB:0x04, LF:0x03, LBP:0x00)
07-24 13:23:02.235 2765 2765 D BrcmNfcJni: SecureElement::getEeInfo: exit; mActualNumEe=2, mNumEePresent=1
07-24 13:23:02.235 2765 2765 D BrcmNfcJni: SecureElement::getEeInfo: enter; mbNewEE=0, mActualNumEe=2
07-24 13:23:02.235 2765 2765 I BrcmNfcNfa: NFA_EeGetInfo em_state:1 cur_ee:4
07-24 13:23:02.235 2765 2765 I BrcmNfcNfa: xx:0 max_ret:4, num_ret:0 ee_status:0x0
07-24 13:23:02.235 2765 2765 I BrcmNfcNfa: xx:1 max_ret:4, num_ret:1 ee_status:0x0
07-24 13:23:02.235 2765 2765 I BrcmNfcNfa: xx:2 max_ret:4, num_ret:2 ee_status:0x2
07-24 13:23:02.235 2765 2765 I BrcmNfcNfa: xx:3 max_ret:4, num_ret:2 ee_status:0x2
07-24 13:23:02.235 2765 2765 I BrcmNfcNfa: num_ret:2
07-24 13:23:02.235 2765 2765 D BrcmNfcJni: SecureElement::getEeInfo: num EEs discovered: 2
07-24 13:23:02.235 2765 2765 D BrcmNfcJni: SecureElement::getEeInfo: EE[0] Handle: 0x0401 Status: Connected/Active Num I/f: 1: (0x01, 0x00) Num TLVs: 0, Tech : (LA:0x00, LB:0x00, LF:0x00, LBP:0x00)
07-24 13:23:02.235 2765 2765 D BrcmNfcJni: SecureElement::getEeInfo: EE[1] Handle: 0x04c0 Status: Connected/Active Num I/f: 1: (0x80, 0x00) Num TLVs: 0, Tech : (LA:0x04, LB:0x04, LF:0x03, LBP:0x00)
07-24 13:23:02.235 2765 2765 D BrcmNfcJni: SecureElement::getEeInfo: exit; mActualNumEe=2, mNumEePresent=1
07-24 13:23:02.235 2765 2765 D BrcmNfcJni: RoutingManager::initialiseTableEntries: exit; mTechSupportedByEse:0x7 mTechSupportedByUicc1:0x0 mTechSupportedByUicc2:0x0
07-24 13:23:02.235 2765 2765 D BrcmNfcJni: RoutingManager::compileProtoEntries: enter
07-24 13:23:02.235 2765 2765 D BrcmNfcJni: --------------------Proto Table Entries------------------
07-24 13:23:02.235 2765 2765 D BrcmNfcJni: |Index=0|RouteLoc=0x400|Proto=0x04|Power=0x01|Enable=0x1|
07-24 13:23:02.235 2765 2765 D BrcmNfcJni: |Index=1|RouteLoc=0x400|Proto=0x08|Power=0x09|Enable=0x1|
07-24 13:23:02.235 2765 2765 D BrcmNfcJni: |Index=2|RouteLoc=0x400|Proto=0x20|Power=0x09|Enable=0x1|
07-24 13:23:02.236 2765 2765 D BrcmNfcJni: ---------------------------------------------------------
07-24 13:23:02.236 2765 2765 D BrcmNfcJni: RoutingManager::compileProtoEntries: exit
07-24 13:23:02.236 2765 2765 D BrcmNfcJni: RoutingManager::consolidateProtoEntries: enter
07-24 13:23:02.236 2765 2765 D BrcmNfcJni: ----------------------------------------Lmrt Proto Entries------------------------------------
07-24 13:23:02.236 2765 2765 D BrcmNfcJni: |Index=0|nfceeID=0x400|SWTCH-ON=0x2C|SWTCH-OFF=0x00|BAT-OFF=0x00|SCRN-LOCK=0x28|SCRN-OFF=0x00|
07-24 13:23:02.236 2765 2765 D BrcmNfcJni: |Index=1|nfceeID=0x4C0|SWTCH-ON=0x00|SWTCH-OFF=0x00|BAT-OFF=0x00|SCRN-LOCK=0x00|SCRN-OFF=0x00|
07-24 13:23:02.236 2765 2765 D BrcmNfcJni: |Index=2|nfceeID=0x402|SWTCH-ON=0x00|SWTCH-OFF=0x00|BAT-OFF=0x00|SCRN-LOCK=0x00|SCRN-OFF=0x00|
07-24 13:23:02.236 2765 2765 D BrcmNfcJni: ----------------------------------------------------------------------------------------------
07-24 13:23:02.236 2765 2765 D BrcmNfcJni: RoutingManager::consolidateProtoEntries: exit
07-24 13:23:02.236 2765 2765 D BrcmNfcJni: RoutingManager::setProtoRouting: enter
07-24 13:23:02.236 2765 2765 D BrcmNfcJni: RoutingManager::setProtoRouting: nfceeID:0x400
07-24 13:23:02.236 2765 2765 D BrcmNfcJni: RoutingManager::setProtoRouting: Clear Proto Routing Entries for nfceeID:0x400
07-24 13:23:02.236 2765 2765 I BrcmNfcNfa: NFA_EeSetDefaultProtoRouting(): handle:<0x400>protocol_mask:<0x0>/<0x0>/<0x0><0x0><0x0>
07-24 13:23:02.236 2765 2765 I BrcmNfcNfa: nfa_ee_find_ecb ()
07-24 13:23:02.236 2765 3156 I BrcmNfcNfa: NFA got event 0x0205
07-24 13:23:02.236 2765 3156 I BrcmNfcNfa: nfa_ee_evt_hdlr (): Event API_SET_PROTO_CFG(0x205), State: INIT_DONE(1)
07-24 13:23:02.236 2765 3156 I BrcmNfcNfa: nfa_ee_update_route_size nfcee_id:0x0 size_mask:0
07-24 13:23:02.236 2765 3156 I BrcmNfcNfa: nfa_ee_total_lmrt_size size:5
07-24 13:23:02.236 2765 3156 I BrcmNfcNfa: nfa_dm_is_active () flags:0x2005
07-24 13:23:02.236 2765 3156 I BrcmNfcNfa: nfa_sys_ptim_start_timer 7afad360
07-24 13:23:02.236 2765 3156 I BrcmNfcNfa: ptim timer start
07-24 13:23:02.236 2765 3156 D BrcmNfcJni: RoutingManager::nfaEeCallback: NFA_EE_SET_PROTO_CFG_EVT; status=0x0
07-24 13:23:02.236 2765 2765 I BrcmNfcNfa: NFA_EeSetDefaultProtoRouting(): handle:<0x400>protocol_mask:<0x2c>/<0x0>/<0x0><0x28><0x0>
07-24 13:23:02.236 2765 2765 I BrcmNfcNfa: nfa_ee_find_ecb ()
07-24 13:23:02.236 2765 3156 I BrcmNfcNfa: NFA got event 0x0205
07-24 13:23:02.236 2765 3156 I BrcmNfcNfa: nfa_ee_evt_hdlr (): Event API_SET_PROTO_CFG(0x205), State: INIT_DONE(1)
07-24 13:23:02.236 2765 3156 I BrcmNfcNfa: nfa_ee_update_route_size nfcee_id:0x0 size_mask:15
07-24 13:23:02.236 2765 3156 I BrcmNfcNfa: nfa_ee_total_lmrt_size size:20
07-24 13:23:02.236 2765 3156 I BrcmNfcNfa: nfa_dm_is_active () flags:0x2005
07-24 13:23:02.236 2765 3156 I BrcmNfcNfa: nfa_sys_ptim_start_timer 7afad360
07-24 13:23:02.236 2765 3156 D BrcmNfcJni: RoutingManager::nfaEeCallback: NFA_EE_SET_PROTO_CFG_EVT; status=0x0
07-24 13:23:02.236 2765 2765 D BrcmNfcJni: RoutingManager::setProtoRouting: nfceeID:0x4C0
07-24 13:23:02.236 2765 2765 D BrcmNfcJni: RoutingManager::setProtoRouting: nfceeID:0x402
07-24 13:23:02.236 2765 2765 D BrcmNfcJni: RoutingManager::setProtoRouting: nfceeID:0x481
07-24 13:23:02.236 2765 2765 D BrcmNfcJni: RoutingManager::setProtoRouting: exit
07-24 13:23:02.236 2765 2765 D BrcmNfcJni: RoutingManager::compileTechEntries: enter
07-24 13:23:02.236 2765 2765 D NxpExtns: const CNxpNfcParam *CNxpNfcConfig::find(const char *) const found DEFAULT_FELICA_CLT_ROUTE=(0x1)
07-24 13:23:02.236 2765 2765 D BrcmNfcJni: --------------------Tech Table Entries------------------
07-24 13:23:02.236 2765 2765 D BrcmNfcJni: |Index=0|RouteLoc=0x402|Tech=0x01|Power=0x1B|Enable=0x0|
07-24 13:23:02.236 2765 2765 D BrcmNfcJni: |Index=1|RouteLoc=0x402|Tech=0x02|Power=0x1B|Enable=0x0|
07-24 13:23:02.236 2765 2765 D BrcmNfcJni: |Index=2|RouteLoc=0x4C0|Tech=0x04|Power=0x1B|Enable=0x1|
07-24 13:23:02.236 2765 2765 D BrcmNfcJni: --------------------------------------------------------
07-24 13:23:02.236 2765 2765 D BrcmNfcJni: getUiccRoute: Enter slot num = 1
07-24 13:23:02.236 2765 2765 D BrcmNfcJni: RoutingManager::processTechEntriesForFwdfunctionality: enter
07-24 13:23:02.236 2765 2765 D BrcmNfcJni: --------------------Tech Table Entries------------------
07-24 13:23:02.236 2765 2765 D BrcmNfcJni: |Index=0|RouteLoc=0x402|Tech=0x01|Power=0x1B|Enable=0x0|
07-24 13:23:02.236 2765 2765 D BrcmNfcJni: |Index=1|RouteLoc=0x402|Tech=0x02|Power=0x1B|Enable=0x0|
07-24 13:23:02.236 2765 2765 D BrcmNfcJni: |Index=2|RouteLoc=0x4C0|Tech=0x04|Power=0x1B|Enable=0x1|
07-24 13:23:02.236 2765 2765 D BrcmNfcJni: --------------------------------------------------------
07-24 13:23:02.236 2765 2765 D BrcmNfcJni: RoutingManager::processTechEntriesForFwdfunctionality: exit
07-24 13:23:02.236 2765 2765 D BrcmNfcJni: RoutingManager::compileTechEntries: exit
07-24 13:23:02.236 2765 2765 D BrcmNfcJni: RoutingManager::consolidateTechEntries: enter
07-24 13:23:02.236 2765 2765 D BrcmNfcJni: -----------------------------------------Lmrt Tech Entries------------------------------------
07-24 13:23:02.236 2765 2765 D BrcmNfcJni: |Index=0|nfceeID=0x400|SWTCH-ON=0x00|SWTCH-OFF=0x00|BAT-OFF=0x00|SCRN-LOCK=0x00|SCRN-OFF=0x00|
07-24 13:23:02.236 2765 2765 D BrcmNfcJni: |Index=1|nfceeID=0x4C0|SWTCH-ON=0x04|SWTCH-OFF=0x04|BAT-OFF=0x00|SCRN-LOCK=0x04|SCRN-OFF=0x04|
07-24 13:23:02.236 2765 2765 D BrcmNfcJni: |Index=2|nfceeID=0x402|SWTCH-ON=0x00|SWTCH-OFF=0x00|BAT-OFF=0x00|SCRN-LOCK=0x00|SCRN-OFF=0x00|
07-24 13:23:02.236 2765 2765 D BrcmNfcJni: ----------------------------------------------------------------------------------------------
07-24 13:23:02.236 2765 2765 D BrcmNfcJni: RoutingManager::consolidateTechEntries: exit
07-24 13:23:02.236 2765 2765 D BrcmNfcJni: RoutingManager::setTechRouting: enter
07-24 13:23:02.236 2765 2765 D BrcmNfcJni: RoutingManager::setTechRouting: Clear Routing Entries for nfceeID:0x4C0
07-24 13:23:02.236 2765 2765 I BrcmNfcNfa: NFA_EeSetDefaultTechRouting(): handle:<0x4c0>technology_mask:<0x0>/<0x0>/<0x0><0x0><0x0>
07-24 13:23:02.236 2765 2765 I BrcmNfcNfa: nfa_ee_find_ecb ()
07-24 13:23:02.237 2765 3156 I BrcmNfcNfa: NFA got event 0x0204
07-24 13:23:02.237 2765 3156 I BrcmNfcNfa: nfa_ee_evt_hdlr (): Event API_SET_TECH_CFG(0x204), State: INIT_DONE(1)
07-24 13:23:02.237 2765 3156 I BrcmNfcNfa: nfa_ee_update_route_size nfcee_id:0xc0 size_mask:0
07-24 13:23:02.237 2765 3156 I BrcmNfcNfa: nfa_ee_total_lmrt_size size:15
07-24 13:23:02.237 2765 3156 I BrcmNfcNfa: nfa_dm_is_active () flags:0x2005
07-24 13:23:02.237 2765 3156 I BrcmNfcNfa: nfa_sys_ptim_start_timer 7afad360
07-24 13:23:02.237 2765 3156 D BrcmNfcJni: RoutingManager::nfaEeCallback: NFA_EE_SET_TECH_CFG_EVT; status=0x0
07-24 13:23:02.237 2765 2765 I BrcmNfcNfa: NFA_EeSetDefaultTechRouting(): handle:<0x4c0>technology_mask:<0x4>/<0x4>/<0x0><0x4><0x4>
07-24 13:23:02.237 2765 2765 I BrcmNfcNfa: nfa_ee_find_ecb ()
07-24 13:23:02.237 2765 3156 I BrcmNfcNfa: NFA got event 0x0204
07-24 13:23:02.237 2765 3156 I BrcmNfcNfa: nfa_ee_evt_hdlr (): Event API_SET_TECH_CFG(0x204), State: INIT_DONE(1)
07-24 13:23:02.237 2765 3156 I BrcmNfcNfa: nfa_ee_update_route_size nfcee_id:0xc0 size_mask:5
07-24 13:23:02.237 2765 3156 I BrcmNfcNfa: nfa_ee_total_lmrt_size size:20
07-24 13:23:02.237 2765 3156 I BrcmNfcNfa: nfa_dm_is_active () flags:0x2005
07-24 13:23:02.237 2765 3156 I BrcmNfcNfa: nfa_sys_ptim_start_timer 7afad360
07-24 13:23:02.237 2765 3156 D BrcmNfcJni: RoutingManager::nfaEeCallback: NFA_EE_SET_TECH_CFG_EVT; status=0x0
07-24 13:23:02.237 2765 2765 D BrcmNfcJni: RoutingManager::setTechRouting: exit
07-24 13:23:02.237 2765 2765 D BrcmNfcJni: RoutingManager::configureOffHostNfceeTechMask: enter
07-24 13:23:02.237 2765 2765 D BrcmNfcJni: SecureElement::getEeHandleList: 0 = 0x401
07-24 13:23:02.237 2765 2765 D BrcmNfcJni: SecureElement::getEeHandleList: 0 = 0x401
07-24 13:23:02.237 2765 2765 D BrcmNfcJni: 0x401: 0x1 0x1 0x0
07-24 13:23:02.237 2765 2765 D BrcmNfcJni: SecureElement::getEeHandleList: 1 = 0x4C0
07-24 13:23:02.237 2765 2765 D BrcmNfcJni: SecureElement::getEeHandleList: Handle 1 = 0xC0
07-24 13:23:02.237 2765 2765 D BrcmNfcJni: SecureElement::getGenericEseId: enter; ESE-Handle = 0xC0
07-24 13:23:02.237 2765 2765 D BrcmNfcJni: SecureElement::getGenericEseId: exit; ESE-Generic-ID = 0x01
07-24 13:23:02.237 2765 2765 D BrcmNfcJni: SecureElement::getEseHandleFromGenericId: enter; ESE-ID = 0x01
07-24 13:23:02.237 2765 2765 D BrcmNfcJni: SecureElement::getEseHandleFromGenericId: enter; ESE-Handle = 0x4C0
07-24 13:23:02.237 2765 2765 D BrcmNfcJni: RoutingManager::configureOffHostNfceeTechMask: ee_handleList[0] : 0xC0
07-24 13:23:02.237 2765 2765 I BrcmNfcNfa: NFA_CeConfigureUiccListenTech () ee_handle = 0x4c0 tech_mask = 0x0
07-24 13:23:02.238 2765 3156 I BrcmNfcNfa: NFA got event 0x0702
07-24 13:23:02.238 2765 3156 I BrcmNfcNfa: nfa_ce_handle_event event: NFA_CE_API_DEREG_LISTEN_EVT (0x702), flags: 00000000
07-24 13:23:02.238 2765 3156 I BrcmNfcNfa: nfa_dm_delete_rf_discover () handle=0x1
07-24 13:23:02.238 2765 3156 I BrcmNfcNfa: NFA_CE: removing listen_info entry 2
07-24 13:23:02.238 2765 3156 D BrcmNfcJni: nfaConnectionCallback: Connection Event = 29
07-24 13:23:02.238 2765 3156 D BrcmNfcJni: nfaConnectionCallback: NFA_CE_UICC_LISTEN_CONFIGURED_EVT : status = 0x0
07-24 13:23:02.238 2765 2765 I BrcmNfcNfa: NFA_CeConfigureUiccListenTech () ee_handle = 0x4c0 tech_mask = 0x7
07-24 13:23:02.238 2765 3156 I BrcmNfcNfa: NFA got event 0x0701
07-24 13:23:02.238 2765 3156 I BrcmNfcNfa: nfa_ce_handle_event event: NFA_CE_API_REG_LISTEN_EVT (0x701), flags: 00000000
07-24 13:23:02.238 2765 3156 I BrcmNfcNfa: nfa_ce_api_reg_listen ():Registering UICC/ESE/Felica/Type-4 tag listener. Type=3
07-24 13:23:02.238 2765 3156 I BrcmNfcNfa: nfa_ce_api_reg_listen ():found free entry listen_info_idx = 2
07-24 13:23:02.238 2765 3156 I BrcmNfcNfa: NFA_CE: adding listen_info entry 2
07-24 13:23:02.238 2765 3156 I BrcmNfcNfa: nfa_ce_start_listening(): enter
07-24 13:23:02.238 2765 3156 I BrcmNfcNfa: nfa_dm_add_rf_discover ():host_id=0xC0 disc_mask=0x340000
07-24 13:23:02.238 2765 3156 I BrcmNfcNfa: nfa_dm_add_rf_discover ():disc_mask=0x340000, cback entry:[1]
07-24 13:23:02.238 2765 3156 E BrcmNfcNfa: UICC/ESE[0x402] is not activated
07-24 13:23:02.238 2765 3156 I BrcmNfcNfa: nfa_ce_start_listening(): exit
07-24 13:23:02.238 2765 3156 D BrcmNfcJni: nfaConnectionCallback: Connection Event = 29
07-24 13:23:02.238 2765 3156 D BrcmNfcJni: nfaConnectionCallback: NFA_CE_UICC_LISTEN_CONFIGURED_EVT : status = 0x0
07-24 13:23:02.238 2765 2765 D BrcmNfcJni: RoutingManager::configureOffHostNfceeTechMask: exit
07-24 13:23:02.238 2765 2765 D BrcmNfcJni: RoutingManager::setDefaultRoute: exit
07-24 13:23:02.238 2765 2765 D BrcmNfcJni: RoutingManager::commitRouting
07-24 13:23:02.238 2765 2765 I BrcmNfcNfa: NFA_EeUpdateNow()
07-24 13:23:02.238 2765 3156 I BrcmNfcNfa: NFA got event 0x0209
07-24 13:23:02.238 2765 3156 I BrcmNfcNfa: nfa_ee_evt_hdlr (): Event API_UPDATE_NOW(0x209), State: INIT_DONE(1)
07-24 13:23:02.238 2765 3156 I BrcmNfcNfa: nfa_sys_ptim_stop_timer 7afad360
07-24 13:23:02.238 2765 3156 I BrcmNfcNfa: ptim timer stop
07-24 13:23:02.238 2765 3156 I BrcmNfcNfa: nfa_ee_rout_timeout()
07-24 13:23:02.238 2765 3156 I BrcmNfcNfa: nfa_ee_need_recfg() ee_cfged: 0x92 ee_cfg_sts: 0x10
07-24 13:23:02.238 2765 3156 I BrcmNfcNfa: 0: ecb_flags : 0x04, mask: 0x10
07-24 13:23:02.238 2765 3156 I BrcmNfcNfa: nfa_ee_need_recfg:Routing table dirty, update required...
07-24 13:23:02.238 2765 3156 I BrcmNfcNfa: nfa_ee_update_rout ee_cfg_sts:0x10
07-24 13:23:02.238 2765 3156 I BrcmNfcNfa: nfa_ee_evt_hdlr (): Event CFG_TO_NFCC(0x219), State: INIT_DONE(1)
07-24 13:23:02.238 2765 3156 I BrcmNfcNfa: max supported routing table size: 860
07-24 13:23:02.238 2765 3156 I BrcmNfcNfa: last_active: 0xc0
07-24 13:23:02.238 2765 3156 I BrcmNfcNfa: find_and_resolve_tech_conflict:Enter
07-24 13:23:02.238 2765 3156 I BrcmNfcNfa: find_and_resolve_tech_conflict:p_cb->nfcee_id=0x0,p_cb->tech_switch_on= 0x0,p_cb->tech_switch_off= 0x0,p_cb->tech_battery_off= 0x0
07-24 13:23:02.238 2765 3156 D NfcAdaptation: const CNfcParam *CNfcConfig::find(const char *) const found DEFAULT_OFFHOST_ROUTE=(0x2)
07-24 13:23:02.238 2765 3156 I BrcmNfcNfa: find_and_resolve_tech_conflict:NXP_DEFAULT_OFFHOST_ROUTE=0x02;
07-24 13:23:02.238 2765 3156 I BrcmNfcNfa: find_and_resolve_tech_conflict:techF_found=0x4,techF_ee= 0xc0;
07-24 13:23:02.238 2765 3156 I BrcmNfcNfa: find_and_resolve_tech_conflict:techA_found=0x0,techA_ee= 0x0;
07-24 13:23:02.238 2765 3156 I BrcmNfcNfa: NAME_NXP_PROP_BLACKLIST_ROUTING enter=0x0
07-24 13:23:02.238 2765 3156 D NfcAdaptation: const CNfcParam *CNfcConfig::find(const char *) const found NXP_PROP_BLACKLIST_ROUTING=(0x0)
07-24 13:23:02.238 2765 3156 I BrcmNfcNfa: NAME_NXP_PROP_BLACKLIST_ROUTING exit=0x0
07-24 13:23:02.238 2765 3156 I BrcmNfcNfa: nfa_ee_route_add_one_ecb max_len:860, max_tlv:253, cur_offset:0, more:1, num_tlv:0
07-24 13:23:02.238 2765 3156 I BrcmNfcNfa: nfa_ee_total_lmrt_size size:20
07-24 13:23:02.238 2765 3156 I BrcmNfcNfa: ee_cfg_sts:0x11 lmrt_size:20
07-24 13:23:02.239 2765 3156 I BrcmNfcNfa: nfcee_id:0x1, last_active: 0xc0
07-24 13:23:02.239 2765 3156 I BrcmNfcNfa: NAME_NXP_PROP_BLACKLIST_ROUTING enter=0x0
07-24 13:23:02.239 2765 3156 D NfcAdaptation: const CNfcParam *CNfcConfig::find(const char *) const found NXP_PROP_BLACKLIST_ROUTING=(0x0)
07-24 13:23:02.239 2765 3156 I BrcmNfcNfa: NAME_NXP_PROP_BLACKLIST_ROUTING exit=0x0
07-24 13:23:02.239 2765 3156 I BrcmNfcNfa: nfa_ee_route_add_one_ecb max_len:860, max_tlv:253, cur_offset:0, more:1, num_tlv:0
07-24 13:23:02.239 2765 3156 I BrcmNfcNfa: nfa_ee_total_lmrt_size size:20
07-24 13:23:02.239 2765 3156 I BrcmNfcNfa: ee_cfg_sts:0x11 lmrt_size:20
07-24 13:23:02.239 2765 3156 I BrcmNfcNfa: nfcee_id:0xc0, last_active: 0xc0
07-24 13:23:02.239 2765 3156 I BrcmNfcNfa: NAME_NXP_PROP_BLACKLIST_ROUTING enter=0x0
07-24 13:23:02.239 2765 3156 D NfcAdaptation: const CNfcParam *CNfcConfig::find(const char *) const found NXP_PROP_BLACKLIST_ROUTING=(0x0)
07-24 13:23:02.239 2765 3156 I BrcmNfcNfa: NAME_NXP_PROP_BLACKLIST_ROUTING exit=0x0
07-24 13:23:02.239 2765 3156 I BrcmNfcNfa: nfa_ee_route_add_one_ecb max_len:860, max_tlv:253, cur_offset:0, more:0, num_tlv:0
07-24 13:23:02.239 2765 3156 I BrcmNfcNfa: nfa_ee_total_lmrt_size size:20
07-24 13:23:02.239 2765 3156 I BrcmNfcNfa: ee_cfg_sts:0x11 lmrt_size:20
07-24 13:23:02.239 2765 3156 I BrcmNfcNfa: nfa_ee_route_add_one_ecb: set routing num_tlv:5 tlv_size:20
07-24 13:23:02.239 2765 3156 I BrcmNfcNfa: nfc_ncif_send_cmd()
07-24 13:23:02.239 2765 3156 I BrcmNfcNfa: nfc_ncif_check_cmd_queue : Writing to HAL...
07-24 13:23:02.239 2765 3156 I BrcmNfcNfa: nfc_ncif_check_cmd_queue : cmd_size:27
07-24 13:23:02.239 2765 3156 D NfcAdaptation: NfcAdaptation::HalWrite
07-24 13:23:02.239 2765 3156 D NxpExtns: const nxp::CNfcParam *nxp::CNfcConfig::find(const char *) const found MIFARE_READER_ENABLE=(0x1)
07-24 13:23:02.239 2765 3187 D NxpTml : PN54X - Write requested.....
07-24 13:23:02.239 2765 3187 D NxpTml : PN54X - Invoking I2C Write.....
07-24 13:23:02.240 2765 3186 D NxpTml : PN54X - I2C Read successful.....len = 4
07-24 13:23:02.240 2765 3186 D NxpTml : phTmlNfc_WaitWriteComplete - enter
07-24 13:23:02.241 2765 3187 D NxpNciX : len = 30 => 21011B00050103000103010300410401030041A001030001050003C0C302
07-24 13:23:02.241 2765 3187 D NxpTml : PN54X - I2C Write successful.....
07-24 13:23:02.241 2765 3187 D NxpTml : PN54X - Posting Fresh Write message.....
07-24 13:23:02.241 2765 3187 D NxpTml : phTmlNfc_SignalWriteComplete - enter
07-24 13:23:02.241 2765 3187 D NxpTml : phTmlNfc_SignalWriteComplete - exit
07-24 13:23:02.241 2765 3187 D NxpTml : PN54X - Tml Writer Thread Running................
07-24 13:23:02.241 2765 3189 D NxpHal : write successful status = 0x0
07-24 13:23:02.241 2765 3186 D NxpTml : phTmlNfc_WaitWriteComplete - exit
07-24 13:23:02.241 2765 3186 D NxpTml : PN54X - Posting read message.....
07-24 13:23:02.241 2765 3186 D NxpNciR : len = 4 <= 41010100
07-24 13:23:02.241 2765 3156 I BrcmNfcNfa: nfa_ee_update_rout ee_cfg_sts:0x10 ee_cfged:0x12
07-24 13:23:02.241 2765 3189 D NxpHal : read successful status = 0x0
07-24 13:23:02.241 2765 3189 D NfcAdaptation: NfcAdaptation::HalDeviceContextDataCallback: len=4
07-24 13:23:02.241 2765 3156 I BrcmNfcNfa: NFC received rsp gid:1
07-24 13:23:02.241 2765 3156 I BrcmNfcNfa: nfa_dm_nfc_response_cback () NFC_SET_ROUTING_REVT(0x500a)
07-24 13:23:02.241 2765 3156 I BrcmNfcNfa: nfa_ee_proc_evt: event=0x500a int_event:0x216
07-24 13:23:02.241 2765 3156 I BrcmNfcNfa: nfa_ee_evt_hdlr (): Event NCI_WAIT_RSP(0x216), State: INIT_DONE(1)
07-24 13:23:02.241 2765 3156 I BrcmNfcNfa: nfa_ee_nci_wait_rsp() ee_wait_evt:0x30 wait_rsp:1
07-24 13:23:02.241 2765 3156 I BrcmNfcNfa: nfa_ee_report_update_evt ee_wait_evt:0x30 wait_rsp:0
07-24 13:23:02.241 2765 3156 D BrcmNfcJni: RoutingManager::nfaEeCallback: NFA_EE_UPDATED_EVT
07-24 13:23:02.241 2765 3186 D NxpTml : PN54X - Read requested.....
07-24 13:23:02.241 2765 3186 D NxpTml : PN54X - Invoking I2C Read.....
07-24 13:23:02.241 2765 2765 D BrcmNfcJni: startRfDiscovery: is start=1
07-24 13:23:02.241 2765 2765 I BrcmNfcNfa: NFA_StartRfDiscovery ()
07-24 13:23:02.241 2765 3156 I BrcmNfcNfa: NFA got event 0x010E
07-24 13:23:02.241 2765 3156 I BrcmNfcNfa: nfa_dm_evt_hdlr event: NFA_DM_API_START_RF_DISCOVERY_EVT (0x0e)
07-24 13:23:02.241 2765 3156 I BrcmNfcNfa: nfa_dm_act_start_rf_discovery ()
07-24 13:23:02.241 2765 3156 I BrcmNfcNfa: nfa_dm_start_rf_discover (): enter
07-24 13:23:02.241 2765 3156 I BrcmNfcNfa: nfa_ee_get_tech_route(): power state : 1
07-24 13:23:02.241 2765 3156 I BrcmNfcNfa: TechA route: 0x0, TechB route: 0x0, TechF route: 0xc0, TechB' route: 0x0
07-24 13:23:02.242 2765 3156 I BrcmNfcNfa: requested_disc_mask = 0x140000, xx=0
07-24 13:23:02.242 2765 3156 I BrcmNfcNfa: poll_mask=0x0 listen_mask=0x0
07-24 13:23:02.242 2765 3156 I BrcmNfcNfa: listen_mask value after NFC-A = 0x40000
07-24 13:23:02.242 2765 3156 I BrcmNfcNfa: listen_mask value after NFC-B = 0x140000
07-24 13:23:02.242 2765 3156 I BrcmNfcNfa: listen_mask value after NFC-F = 0x140000
07-24 13:23:02.242 2765 3156 I BrcmNfcNfa: listen_mask value after NFC-B Prime = 0x140000
07-24 13:23:02.242 2765 3156 I BrcmNfcNfa: dm_disc_mask = 0x0
07-24 13:23:02.242 2765 3156 I BrcmNfcNfa: listen_mask value after T1T and T2T = 0x140000
07-24 13:23:02.242 2765 3156 I BrcmNfcNfa: listen_mask value after NFC-DEP = 0x140000
07-24 13:23:02.242 2765 3156 I BrcmNfcNfa: nfa_dm_cb.disc_cb.entry[0].selected_disc_mask = 0x140000
07-24 13:23:02.242 2765 3156 I BrcmNfcNfa: selected dm_disc_mask 0x140000 for entry[0]
07-24 13:23:02.242 2765 3156 I BrcmNfcNfa: requested_disc_mask = 0x340000, xx=1
07-24 13:23:02.242 2765 3156 I BrcmNfcNfa: poll_mask=0x0 listen_mask=0x0
07-24 13:23:02.242 2765 3156 I BrcmNfcNfa: listen_mask value after NFC-A = 0x40000
07-24 13:23:02.242 2765 3156 I BrcmNfcNfa: listen_mask value after NFC-B = 0x140000
07-24 13:23:02.242 2765 3156 I BrcmNfcNfa: listen_mask value after NFC-F = 0x340000
07-24 13:23:02.242 2765 3156 I BrcmNfcNfa: listen_mask value after NFC-B Prime = 0x340000
07-24 13:23:02.242 2765 3156 I BrcmNfcNfa: dm_disc_mask = 0x140000
07-24 13:23:02.242 2765 3156 I BrcmNfcNfa: listen_mask value after T1T and T2T = 0x340000
07-24 13:23:02.242 2765 3156 I BrcmNfcNfa: listen_mask value after NFC-DEP = 0x340000
07-24 13:23:02.242 2765 3156 I BrcmNfcNfa: nfa_dm_cb.disc_cb.entry[1].selected_disc_mask = 0x340000
07-24 13:23:02.242 2765 3156 I BrcmNfcNfa: selected dm_disc_mask 0x340000 for entry[1]
07-24 13:23:02.242 2765 3156 I BrcmNfcNfa: requested_disc_mask = 0x7d7f, xx=2
07-24 13:23:02.242 2765 3156 I BrcmNfcNfa: poll_mask=0x7D7F listen_mask=0x0
07-24 13:23:02.242 2765 3156 I BrcmNfcNfa: listen_mask value after NFC-A = 0x0
07-24 13:23:02.242 2765 3156 I BrcmNfcNfa: listen_mask value after NFC-B = 0x0
07-24 13:23:02.242 2765 3156 I BrcmNfcNfa: listen_mask value after NFC-F = 0x0
07-24 13:23:02.242 2765 3156 I BrcmNfcNfa: listen_mask value after NFC-B Prime = 0x0
07-24 13:23:02.242 2765 3156 I BrcmNfcNfa: dm_disc_mask = 0x340000
07-24 13:23:02.242 2765 3156 I BrcmNfcNfa: listen_mask value after T1T and T2T = 0x0
07-24 13:23:02.242 2765 3156 I BrcmNfcNfa: listen_mask value after NFC-DEP = 0x0
07-24 13:23:02.242 2765 3156 I BrcmNfcNfa: nfa_dm_cb.disc_cb.entry[2].selected_disc_mask = 0x7d7f
07-24 13:23:02.242 2765 3156 I BrcmNfcNfa: selected dm_disc_mask 0x347D7F for entry[2]
07-24 13:23:02.242 2765 3156 I BrcmNfcNfa: dm_disc_mask calculated finally for discovery: 0x347D7F
07-24 13:23:02.242 2765 3156 D NfcAdaptation: const CNfcParam *CNfcConfig::find(const char *) const found NXP_FWD_FUNCTIONALITY_ENABLE=(0x1)
07-24 13:23:02.242 2765 3156 D NfcAdaptation: const CNfcParam *CNfcConfig::find(const char *) const found HOST_LISTEN_TECH_MASK=(0x7)
07-24 13:23:02.242 2765 3156 I BrcmNfcNfa: nfa_dm_start_rf_discover:HOST_LISTEN_TECH_MASK = 0x07;
07-24 13:23:02.242 2765 3156 D NfcAdaptation: const CNfcParam *CNfcConfig::find(const char *) const found UICC_LISTEN_TECH_MASK=(0x7)
07-24 13:23:02.242 2765 3156 I BrcmNfcNfa: nfa_dm_start_rf_discover:UICC_LISTEN_TECH_MASK = 0x07;
07-24 13:23:02.242 2765 3156 D NfcAdaptation: const CNfcParam *CNfcConfig::find(const char *) const found P2P_LISTEN_TECH_MASK=(0xC5)
07-24 13:23:02.242 2765 3156 I BrcmNfcNfa: nfa_dm_start_rf_discover:P2P_LISTEN_TECH_MASK = 0x0C5;
07-24 13:23:02.242 2765 3156 I BrcmNfcNfa: nfa_ee_find_ecb ()
07-24 13:23:02.242 2765 3156 I BrcmNfcNfa: supported tech list is 0x00 for given nfcee_id: 0x2
07-24 13:23:02.242 2765 3156 I BrcmNfcNfa: nfa_p2p_set_config ()
07-24 13:23:02.242 2765 3156 I BrcmNfcNfa: LLCP_GetDiscoveryConfig ()
07-24 13:23:02.242 2765 3156 I BrcmNfcNfa: nfa_dm_check_set_config () tlv_len=2
07-24 13:23:02.242 2765 3156 I BrcmNfcNfa: nfa_dm_check_set_config () tlv_len=3
07-24 13:23:02.242 2765 3156 I BrcmNfcNfa: dm_disc_mask before masking = 0x347d7f
07-24 13:23:02.242 2765 3156 I BrcmNfcNfa: dm_disc_mask after masking = 0x347d7f
07-24 13:23:02.242 2765 3156 I BrcmNfcNfa: nfa_dm_get_rf_discover_config : dm_disc_mask = 0x00347D7F
07-24 13:23:02.242 2765 3156 I BrcmNfcNfa: nfa_dm_get_rf_discover_config () removing active listen A/B 0x347d7f
07-24 13:23:02.242 2765 3156 I BrcmNfcNfa: nfa_dm_set_listen_mode_set_configs : tech_proto_mask = 0x00347D7F
07-24 13:23:02.242 2765 3156 D NfcAdaptation: const CNfcParam *CNfcConfig::find(const char *) const found HOST_LISTEN_TECH_MASK=(0x7)
07-24 13:23:02.242 2765 3156 I BrcmNfcNfa: nfa_dm_set_listen_mode_set_configs : HOST_LISTEN_TECH_MASK = 0x07;
07-24 13:23:02.242 2765 3156 I BrcmNfcNfa: nfa_dm_set_listen_mode_set_configs : LA_SEL_INFO = 0x20;
07-24 13:23:02.242 2765 3156 I BrcmNfcNfa: nfa_dm_set_listen_mode_set_configs : LB_SENSB_INFO = 0x1;
07-24 13:23:02.242 2765 3156 I BrcmNfcNfa: nfa_dm_set_listen_mode_set_configs : LF_PROTOCOL_TYPE = 0x0;
07-24 13:23:02.242 2765 3156 I BrcmNfcNfa: nfa_dm_check_set_config () tlv_len=9
07-24 13:23:02.242 2765 3156 I BrcmNfcNfa: nfa_dm_check_set_config () updated_len=6
07-24 13:23:02.242 2765 3156 I BrcmNfcNfa: nfc_ncif_send_cmd()
07-24 13:23:02.242 2765 3156 I BrcmNfcNfa: nfc_ncif_check_cmd_queue : Writing to HAL...
07-24 13:23:02.242 2765 3156 I BrcmNfcNfa: nfc_ncif_check_cmd_queue : cmd_size:7
07-24 13:23:02.242 2765 3156 D NfcAdaptation: NfcAdaptation::HalWrite
07-24 13:23:02.242 2765 3156 D NxpExtns: const nxp::CNfcParam *nxp::CNfcConfig::find(const char *) const found MIFARE_READER_ENABLE=(0x1)
07-24 13:23:02.242 2765 3187 D NxpTml : PN54X - Write requested.....
07-24 13:23:02.242 2765 3187 D NxpTml : PN54X - Invoking I2C Write.....
07-24 13:23:02.243 2765 3186 D NxpTml : PN54X - I2C Read successful.....len = 5
07-24 13:23:02.243 2765 3186 D NxpTml : phTmlNfc_WaitWriteComplete - enter
07-24 13:23:02.244 2765 3187 D NxpNciX : len = 10 => 20020702320120380101
07-24 13:23:02.244 2765 3187 D NxpTml : PN54X - I2C Write successful.....
07-24 13:23:02.244 2765 3187 D NxpTml : PN54X - Posting Fresh Write message.....
07-24 13:23:02.244 2765 3187 D NxpTml : phTmlNfc_SignalWriteComplete - enter
07-24 13:23:02.244 2765 3187 D NxpTml : phTmlNfc_SignalWriteComplete - exit
07-24 13:23:02.244 2765 3187 D NxpTml : PN54X - Tml Writer Thread Running................
07-24 13:23:02.244 2765 3189 D NxpHal : write successful status = 0x0
07-24 13:23:02.244 2765 3186 D NxpTml : phTmlNfc_WaitWriteComplete - exit
07-24 13:23:02.244 2765 3156 I BrcmNfcNfa: nfa_dm_set_total_duration ()
07-24 13:23:02.244 2765 3186 D NxpTml : PN54X - Posting read message.....
07-24 13:23:02.244 2765 3156 I BrcmNfcNfa: nfa_dm_check_set_config () tlv_len=4
07-24 13:23:02.244 2765 3186 D NxpNciR : len = 5 <= 4002020000
07-24 13:23:02.244 2765 3156 I BrcmNfcNfa: NFC_DiscoveryStart
07-24 13:23:02.244 2765 3156 I BrcmNfcNfa: NFC_DiscoveryStart status: 0xe3
07-24 13:23:02.244 2765 3189 D NxpHal : read successful status = 0x0
07-24 13:23:02.244 2765 3189 D NxpHal : phNxpNciHal_print_res_status: response status =STATUS_OK
07-24 13:23:02.244 2765 3189 D NfcAdaptation: NfcAdaptation::HalDeviceContextDataCallback: len=5
07-24 13:23:02.244 2765 3156 I BrcmNfcNfa: NFC received rsp gid:0
07-24 13:23:02.244 2765 3156 I BrcmNfcNfa: nci_proc_core_rsp opcode:0x2
07-24 13:23:02.244 2765 3156 I BrcmNfcNfa: nfa_dm_nfc_response_cback () NFC_SET_CONFIG_REVT(0x5002)
07-24 13:23:02.244 2765 3156 D NfcAdaptation: NfcAdaptation::HalPrediscover
07-24 13:23:02.244 2765 3156 I BrcmNfcNfa: nfc_ncif_send_cmd()
07-24 13:23:02.244 2765 3156 I BrcmNfcNfa: nfc_ncif_check_cmd_queue : Writing to HAL...
07-24 13:23:02.244 2765 3156 I BrcmNfcNfa: nfc_ncif_check_cmd_queue : cmd_size:17
07-24 13:23:02.244 2765 3156 D NfcAdaptation: NfcAdaptation::HalWrite
07-24 13:23:02.244 2765 3156 D NxpExtns: const nxp::CNfcParam *nxp::CNfcConfig::find(const char *) const found MIFARE_READER_ENABLE=(0x1)
07-24 13:23:02.244 2765 3156 D NxpHal : > Polling Loop Started
07-24 13:23:02.244 2765 3186 D NxpTml : PN54X - Read requested.....
07-24 13:23:02.244 2765 3186 D NxpTml : PN54X - Invoking I2C Read.....
07-24 13:23:02.244 2765 3187 D NxpTml : PN54X - Write requested.....
07-24 13:23:02.244 2765 3187 D NxpTml : PN54X - Invoking I2C Write.....
07-24 13:23:02.247 2765 3187 D NxpNciX : len = 20 => 2103110800010101020180018101820106017001
07-24 13:23:02.247 2765 3187 D NxpTml : PN54X - I2C Write successful.....
07-24 13:23:02.247 2765 3187 D NxpTml : PN54X - Posting Fresh Write message.....
07-24 13:23:02.247 2765 3187 D NxpTml : PN54X - Tml Writer Thread Running................
07-24 13:23:02.247 2765 3189 D NxpHal : write successful status = 0x0
07-24 13:23:02.247 2765 3186 D NxpTml : PN54X - I2C Read successful.....len = 4
07-24 13:23:02.247 2765 3186 D NxpTml : PN54X - Posting read message.....
07-24 13:23:02.247 2765 3186 D NxpNciR : len = 4 <= 41030100
07-24 13:23:02.247 2765 3189 D NxpHal : read successful status = 0x0
07-24 13:23:02.247 2765 3189 D NfcAdaptation: NfcAdaptation::HalDeviceContextDataCallback: len=4
07-24 13:23:02.248 2765 3186 D NxpTml : PN54X - Read requested.....
07-24 13:23:02.248 2765 3156 I BrcmNfcNfa: NFC received rsp gid:1
07-24 13:23:02.248 2765 3186 D NxpTml : PN54X - Invoking I2C Read.....
07-24 13:23:02.248 2765 3156 I BrcmNfcNfa: returning TRUE
07-24 13:23:02.248 2765 3156 I BrcmNfcNfa: nfa_dm_disc_discovery_cback (): event:0x4000
07-24 13:23:02.248 2765 3156 I BrcmNfcNfa: nfa_dm_disc_sm_execute (): state: IDLE (0), event: DISCOVER_RSP(1) disc_flags: 0x31
07-24 13:23:02.248 2765 3156 I BrcmNfcNfa: nfa_dm_disc_new_state (): old_state: IDLE (0), new_state: DISCOVERY (1) disc_flags: 0x11
07-24 13:23:02.248 2765 3156 I BrcmNfcNfa: nfa_ce_discovery_cback(): event:0x00
07-24 13:23:02.248 2765 3156 I BrcmNfcNfa: nfa_ce_handle_disc_start (status=0x0)
07-24 13:23:02.248 2765 3156 D BrcmNfcJni: nfaConnectionCallback: Connection Event = 30
07-24 13:23:02.248 2765 3156 D BrcmNfcJni: nfaConnectionCallback: NFA_RF_DISCOVERY_STARTED_EVT: status = 0x0
07-24 13:23:02.248 2765 3156 I BrcmNfcNfa: nfa_dm_disc_sm_execute (): new state: DISCOVERY (1), disc_flags: 0x1
07-24 13:23:02.248 2765 2765 D BrcmNfcJni: startRfDiscovery: is exit=1
07-24 13:23:02.248 2765 2765 D BrcmNfcJni: update_transaction_stat: Enter. Requested by : setDefaultRoute Requested state : RESET
07-24 13:23:02.248 2765 2765 D BrcmNfcJni: update_transaction_stat: Exit. Requested by : setDefaultRoute Requested state : RESET status : SUCCESS
07-24 13:23:02.248 2765 2765 D BrcmNfcJni: nfcManager_setDefaultRoute : exit
07-24 13:23:02.248 2765 2765 D NfcService: Discovery configuration equal, not updating.
07-24 13:23:02.561 711 838 E libnav : CablComputeBacklightLevel(): UpdateType = DifferentSceneUpdate
07-24 13:23:03.017 1718 1987 D WindowManager: passKeyEventSOSApp title = com.android.settings/com.android.settings.applications.InstalledAppDetails
07-24 13:23:03.164 1718 1987 D WindowManager: passKeyEventSOSApp title = com.android.settings/com.android.settings.applications.InstalledAppDetails
07-24 13:23:03.164 1718 1987 I WindowManager: double tap behavior : 0 one hand opr status: false
07-24 13:23:03.169 1718 1987 I ActivityManager: START u0 {act=android.intent.action.MAIN cat=[android.intent.category.HOME] flg=0x10200000 cmp=com.android.launcher3/.Launcher (has extras)} from uid 1000 on display 0
07-24 13:23:03.173 1718 1987 D ActivityTrigger: activityResumeTrigger: The activity in ApplicationInfo{d2b1328 com.android.launcher3} is now in focus and seems to be in full-screen mode
07-24 13:23:03.173 1718 1987 E ActivityTrigger: activityResumeTrigger: not whiteListedcom.android.launcher3/com.android.launcher3.Launcher/25
07-24 13:23:03.173 1718 1987 D ActivityTrigger: ActivityTrigger activityPauseTrigger
07-24 13:23:03.228 1718 1772 D ActivityTrigger: ActivityTrigger activityStopTrigger
07-24 13:23:03.245 5963 5963 W LoaderManager: Called doStop when not started: LoaderManager{6e8d7ae in HostCallbacks{16f094f}}
07-24 13:23:03.245 5963 5963 W LoaderManager: java.lang.RuntimeException: here
07-24 13:23:03.245 5963 5963 W LoaderManager: at android.app.LoaderManagerImpl.doStop(LoaderManager.java:791)
07-24 13:23:03.245 5963 5963 W LoaderManager: at android.app.FragmentHostCallback.doLoaderStop(FragmentHostCallback.java:259)
07-24 13:23:03.245 5963 5963 W LoaderManager: at android.app.FragmentController.doLoaderStop(FragmentController.java:389)
07-24 13:23:03.245 5963 5963 W LoaderManager: at android.app.Activity.performStop(Activity.java:6878)
07-24 13:23:03.245 5963 5963 W LoaderManager: at android.app.ActivityThread.performStopActivityInner(ActivityThread.java:3882)
07-24 13:23:03.245 5963 5963 W LoaderManager: at android.app.ActivityThread.handleStopActivity(ActivityThread.java:3934)
07-24 13:23:03.245 5963 5963 W LoaderManager: at android.app.ActivityThread.-wrap25(ActivityThread.java)
07-24 13:23:03.245 5963 5963 W LoaderManager: at android.app.ActivityThread$H.handleMessage(ActivityThread.java:1515)
07-24 13:23:03.245 5963 5963 W LoaderManager: at android.os.Handler.dispatchMessage(Handler.java:102)
07-24 13:23:03.245 5963 5963 W LoaderManager: at android.os.Looper.loop(Looper.java:154)
07-24 13:23:03.245 5963 5963 W LoaderManager: at android.app.ActivityThread.main(ActivityThread.java:6145)
07-24 13:23:03.245 5963 5963 W LoaderManager: at java.lang.reflect.Method.invoke(Native Method)
07-24 13:23:03.245 5963 5963 W LoaderManager: at com.android.internal.os.ZygoteInit$MethodAndArgsCaller.run(ZygoteInit.java:886)
07-24 13:23:03.245 5963 5963 W LoaderManager: at com.android.internal.os.ZygoteInit.main(ZygoteInit.java:776)
07-24 13:23:03.295 13530 13530 I GoogleInputMethod: onFinishInput() : Dummy InputConnection bound
07-24 13:23:03.297 13530 13530 I GoogleInputMethod: onStartInput() : Dummy InputConnection bound
07-24 13:23:03.340 1718 1730 I art : Background partial concurrent mark sweep GC freed 50562(2MB) AllocSpace objects, 9(988KB) LOS objects, 33% free, 22MB/33MB, paused 1.817ms total 140.632ms
07-24 13:23:03.812 2930 3090 W OpenGLRenderer: Incorrectly called buildLayer on View: ShortcutAndWidgetContainer, destroying layer...
