07-24 12:32:03.810 1718 2611 D BackupManagerService: awaiting agent for ApplicationInfo{db96773 com.android.nfc}
07-24 12:32:03.817 1718 2284 D BackupManagerService: agentConnected pkg=com.android.nfc agent=android.os.BinderProxy@b684630
07-24 12:32:03.817 1718 2611 I BackupManagerService: got agent android.app.IBackupAgent$Stub$Proxy@9e8b2a9
07-24 12:32:03.817 1718 2611 D PerformBackupTask: invokeAgentForBackup on com.android.nfc
07-24 12:32:03.822 1718 2611 I BackupRestoreController: Getting widget state for user: 0
07-24 12:32:03.823 1718 2611 D PerformBackupTask: starting key/value backup of BackupRequest{pkg=com.sonimtech.cit.verifier}
07-24 12:32:03.827 1718 2611 I ActivityManager: Killing 15206:com.sonim.sonimcustomercare/u0a40 (adj 906): empty #31
07-24 12:32:03.833 1718 2611 D BackupManagerService: awaiting agent for ApplicationInfo{639c02e com.sonimtech.cit.verifier}
07-24 12:32:03.836 1718 2835 D BackupManagerService: agentConnected pkg=com.sonimtech.cit.verifier agent=android.os.BinderProxy@b907cf
07-24 12:32:03.836 1718 2611 I BackupManagerService: got agent android.app.IBackupAgent$Stub$Proxy@843955c
07-24 12:32:03.836 1718 2611 D PerformBackupTask: invokeAgentForBackup on com.sonimtech.cit.verifier
07-24 12:32:03.841 1718 2928 D ActivityManager: cleanUpApplicationRecord -- 15206
07-24 12:32:03.852 1718 2611 I BackupRestoreController: Getting widget state for user: 0
07-24 12:32:03.924 1718 1837 I ActivityManager: Force stopping com.google.android.gm appid=10072 user=0: pkg removed
07-24 12:32:03.953 13321 13321 W ContextImpl: Calling a method in the system process without a qualified user: android.app.ContextImpl.startService:1357 android.content.ContextWrapper.startService:613 android.content.ContextWrapper.startService:613 com.android.keychain.KeyChainBroadcastReceiver.onReceive:12 android.app.ActivityThread.handleReceiver:3044
07-24 12:32:04.036 1718 2902 I ActivityManager: Start proc 16869:com.google.android.gm/u0a72 for content provider com.google.android.gm/com.android.exchange.provider.ExchangeDirectoryProvider
07-24 12:32:04.132 1718 2611 D PerformBackupTask: starting key/value backup of BackupRequest{pkg=com.google.android.marvin.talkback}
07-24 12:32:04.145 1718 2611 I ActivityManager: Start proc 16884:com.google.android.marvin.talkback/u0a114 for backup com.google.android.marvin.talkback/com.google.android.accessibility.talkback.TalkBackBackupAgent
07-24 12:32:04.146 1718 2611 D BackupManagerService: awaiting agent for ApplicationInfo{f250268 com.google.android.marvin.talkback}
07-24 12:32:04.232 5845 5845 W ContextImpl: Calling a method in the system process without a qualified user: android.app.ContextImpl.startService:1357 android.content.ContextWrapper.startService:613 android.content.ContextWrapper.startService:613 com.qualcomm.qti.appnetaccess.AppNetAccessReceiver.onReceive:24 android.app.ActivityThread.handleReceiver:3044
07-24 12:32:04.255 1718 13283 D BackupManagerService: agentConnected pkg=com.google.android.marvin.talkback agent=android.os.BinderProxy@c2b737b
07-24 12:32:04.255 1718 2611 I BackupManagerService: got agent android.app.IBackupAgent$Stub$Proxy@7d1d598
07-24 12:32:04.255 1718 2611 D PerformBackupTask: invokeAgentForBackup on com.google.android.marvin.talkback
07-24 12:32:04.256 16499 16499 W ContextImpl: Calling a method in the system process without a qualified user: android.app.ContextImpl.startService:1357 android.content.ContextWrapper.startService:613 android.content.ContextWrapper.startService:613 com.qualcomm.qti.seemp.service.SeempBroadcastReceiver.onReceive:61 android.app.ActivityThread.handleReceiver:3044
07-24 12:32:04.283 1718 2611 I BackupRestoreController: Getting widget state for user: 0
07-24 12:32:04.285 16869 16869 D ActivityThread: Loading provider com.google.android.gm.sapi: com.google.android.gm.sapi.SapiUiProvider
07-24 12:32:04.294 1718 2835 I ActivityManager: Process com.qualcomm.qti.seemp.service:seemp_service (pid 16499) has died
07-24 12:32:04.294 1718 2835 D ActivityManager: cleanUpApplicationRecord -- 16499
07-24 12:32:04.308 1718 2611 D PerformBackupTask: starting key/value backup of BackupRequest{pkg=com.google.android.inputmethod.latin}
07-24 12:32:04.312 1718 2611 D BackupManagerService: awaiting agent for ApplicationInfo{273cc57 com.google.android.inputmethod.latin}
07-24 12:32:04.325 1718 2285 D BackupManagerService: agentConnected pkg=com.google.android.inputmethod.latin agent=android.os.BinderProxy@5dab344
07-24 12:32:04.326 1718 2611 I BackupManagerService: got agent android.app.IBackupAgent$Stub$Proxy@b553c2d
07-24 12:32:04.326 1718 2611 D PerformBackupTask: invokeAgentForBackup on com.google.android.inputmethod.latin
07-24 12:32:04.337 1718 2611 I BackupRestoreController: Getting widget state for user: 0
07-24 12:32:04.498 1718 8141 I ActivityManager: Start proc 16938:com.qualcomm.qti.seemp.service:seemp_service/1000 for broadcast com.qualcomm.qti.seemp.service/.SeempBroadcastReceiver
07-24 12:32:04.550 16938 16938 W ContextImpl: Calling a method in the system process without a qualified user: android.app.ContextImpl.startService:1357 android.content.ContextWrapper.startService:613 android.content.ContextWrapper.startService:613 com.qualcomm.qti.seemp.service.SeempBroadcastReceiver.onReceive:74 android.app.ActivityThread.handleReceiver:3044
07-24 12:32:04.594 1718 13284 I ActivityManager: Process com.qualcomm.qti.seemp.service:seemp_service (pid 16938) has died
07-24 12:32:04.594 1718 13284 D ActivityManager: cleanUpApplicationRecord -- 16938
07-24 12:32:04.683 1718 2611 D PerformBackupTask: starting key/value backup of BackupRequest{pkg=com.google.android.calendar}
07-24 12:32:04.713 1718 2611 D BackupManagerService: awaiting agent for ApplicationInfo{5d6c14b com.google.android.calendar}
07-24 12:32:04.727 1718 1747 D BackupManagerService: agentConnected pkg=com.google.android.calendar agent=android.os.BinderProxy@f6ce5e6
07-24 12:32:04.728 1718 2611 I BackupManagerService: got agent android.app.IBackupAgent$Stub$Proxy@54e2727
07-24 12:32:04.728 1718 2611 D PerformBackupTask: invokeAgentForBackup on com.google.android.calendar
07-24 12:32:04.742 1718 2611 I BackupRestoreController: Getting widget state for user: 0
07-24 12:32:04.749 1718 8944 W ActivityManager: Unable to start service Intent { cmp=com.google.android.gm/com.android.email.service.AttachmentService } U=0: not found
07-24 12:32:04.754 1718 2611 D PerformBackupTask: starting key/value backup of BackupRequest{pkg=com.google.android.apps.inputmethod.hindi}
07-24 12:32:04.761 6444 6444 W ContextImpl: Calling a method in the system process without a qualified user: android.app.ContextImpl.startService:1357 android.content.ContextWrapper.startService:613 com.sonim.scout.service.ScoutService.startIntentService:226 com.sonim.scout.service.ScoutService.executealarmTimeChangedAndPkgListenerRequest:482 com.sonim.scout.service.ScoutService.executeOnPkgUpdated:472
07-24 12:32:04.769 1718 2611 I ActivityManager: Start proc 16967:com.google.android.apps.inputmethod.hindi/u0a74 for backup com.google.android.apps.inputmethod.hindi/com.google.android.apps.inputmethod.libs.framework.core.BackupAgent
07-24 12:32:04.770 1718 2611 D BackupManagerService: awaiting agent for ApplicationInfo{db3f36c com.google.android.apps.inputmethod.hindi}
07-24 12:32:04.953 1718 2748 D BackupManagerService: agentConnected pkg=com.google.android.apps.inputmethod.hindi agent=android.os.BinderProxy@ded5da5
07-24 12:32:04.953 1718 2611 I BackupManagerService: got agent android.app.IBackupAgent$Stub$Proxy@337557a
07-24 12:32:04.953 1718 2611 D PerformBackupTask: invokeAgentForBackup on com.google.android.apps.inputmethod.hindi
07-24 12:32:04.963 1718 2611 I BackupRestoreController: Getting widget state for user: 0
07-24 12:32:04.964 1718 2611 D PerformBackupTask: starting key/value backup of BackupRequest{pkg=com.android.vending}
07-24 12:32:04.972 1718 2611 D BackupManagerService: awaiting agent for ApplicationInfo{3f02bfc com.android.vending}
07-24 12:32:04.976 1718 1747 D BackupManagerService: agentConnected pkg=com.android.vending agent=android.os.BinderProxy@f6c12b
07-24 12:32:04.978 1718 2611 I BackupManagerService: got agent android.app.IBackupAgent$Stub$Proxy@a2d8988
07-24 12:32:04.978 1718 2611 D PerformBackupTask: invokeAgentForBackup on com.android.vending
07-24 12:32:04.989 1718 2611 I BackupRestoreController: Getting widget state for user: 0
07-24 12:32:05.236 1718 2611 D PerformBackupTask: starting key/value backup of BackupRequest{pkg=android}
07-24 12:32:05.239 1718 2611 D BackupManagerService: awaiting agent for ApplicationInfo{b0cdff android}
07-24 12:32:05.241 1718 1718 D BackupManagerService: agentConnected pkg=android agent=android.app.backup.BackupAgent$BackupServiceBinder@c4597cc
07-24 12:32:05.241 1718 2611 I BackupManagerService: got agent android.app.backup.BackupAgent$BackupServiceBinder@c4597cc
07-24 12:32:05.241 1718 2611 D PerformBackupTask: invokeAgentForBackup on android
07-24 12:32:05.340 1718 2611 I BackupRestoreController: Getting widget state for user: 0
07-24 12:32:05.724 1718 2611 D PerformBackupTask: starting key/value backup of BackupRequest{pkg=com.android.providers.blockednumber}
07-24 12:32:05.726 1718 2611 D BackupManagerService: awaiting agent for ApplicationInfo{6b294c4 com.android.providers.blockednumber}
07-24 12:32:05.731 1718 1748 D BackupManagerService: agentConnected pkg=com.android.providers.blockednumber agent=android.os.BinderProxy@6f53fad
07-24 12:32:05.731 1718 2611 I BackupManagerService: got agent android.app.IBackupAgent$Stub$Proxy@ca102e2
07-24 12:32:05.731 1718 2611 D PerformBackupTask: invokeAgentForBackup on com.android.providers.blockednumber
07-24 12:32:05.760 1718 2611 I BackupRestoreController: Getting widget state for user: 0
07-24 12:32:05.762 1718 2611 D PerformBackupTask: starting key/value backup of BackupRequest{pkg=com.android.mms}
07-24 12:32:05.769 1718 2611 D BackupManagerService: awaiting agent for ApplicationInfo{c3b4673 com.android.mms}
07-24 12:32:05.774 1718 13284 D BackupManagerService: agentConnected pkg=com.android.mms agent=android.os.BinderProxy@4a63930
07-24 12:32:05.775 1718 2611 I BackupManagerService: got agent android.app.IBackupAgent$Stub$Proxy@b5329a9
07-24 12:32:05.775 1718 2611 D PerformBackupTask: invokeAgentForBackup on com.android.mms
07-24 12:32:05.780 1718 2611 I BackupRestoreController: Getting widget state for user: 0
07-24 12:32:05.782 1718 2611 D PerformBackupTask: starting key/value backup of BackupRequest{pkg=com.google.android.inputmethod.korean}
07-24 12:32:05.803 1718 2611 I ActivityManager: Start proc 17016:com.google.android.inputmethod.korean/u0a88 for backup com.google.android.inputmethod.korean/com.google.android.apps.inputmethod.libs.framework.core.BackupAgent
07-24 12:32:05.804 1718 2611 D BackupManagerService: awaiting agent for ApplicationInfo{ad06b2e com.google.android.inputmethod.korean}
07-24 12:32:06.058 1718 2748 D BackupManagerService: agentConnected pkg=com.google.android.inputmethod.korean agent=android.os.BinderProxy@20564e1
07-24 12:32:06.059 1718 2611 I BackupManagerService: got agent android.app.IBackupAgent$Stub$Proxy@80eb206
07-24 12:32:06.059 1718 2611 D PerformBackupTask: invokeAgentForBackup on com.google.android.inputmethod.korean
07-24 12:32:06.068 1718 2611 I BackupRestoreController: Getting widget state for user: 0
07-24 12:32:06.072 1718 2611 I BackupManagerService: K/V backup pass finished.
07-24 12:32:06.151 6444 16980 W ContextImpl: Calling a method in the system process without a qualified user: android.app.ContextImpl.sendBroadcast:877 android.content.ContextWrapper.sendBroadcast:421 com.sonim.scout.utils.ScoutJsonParser.parseRespose:81 com.sonim.scout.service.ScoutIntentService.onHandleIntent:58 android.app.IntentService$ServiceHandler.handleMessage:68
07-24 12:32:06.165 6444 16980 W ContextImpl: Calling a method in the system process without a qualified user: android.app.ContextImpl.sendBroadcast:877 android.content.ContextWrapper.sendBroadcast:421 com.sonim.scout.utils.ScoutJsonParser.parseWarrantyData:556 com.sonim.scout.utils.ScoutJsonParser.parseRespose:101 com.sonim.scout.service.ScoutIntentService.onHandleIntent:58
07-24 12:32:06.166 1718 1772 I ActivityManager: Killing 15396:com.google.android.videos/u0a115 (adj 906): empty #31
07-24 12:32:06.182 6444 16980 W ContextImpl: Calling a method in the system process without a qualified user: android.app.ContextImpl.sendBroadcast:877 android.content.ContextWrapper.sendBroadcast:421 com.sonim.scout.utils.ScoutJsonParser.parseRespose:125 com.sonim.scout.service.ScoutIntentService.onHandleIntent:58 android.app.IntentService$ServiceHandler.handleMessage:68
07-24 12:32:06.194 1718 8945 D ActivityManager: cleanUpApplicationRecord -- 15396
07-24 12:32:09.266 1718 2928 I ActivityManager: Killing 15412:com.google.android.youtube/u0a118 (adj 906): empty #31
07-24 12:32:09.319 1718 8141 D ConnectivityService: ConnectivityService NetworkRequestInfo binderDied(NetworkRequest [ LISTEN id=36, [ Capabilities: INTERNET&NOT_RESTRICTED&TRUSTED&FOREGROUND] ], android.os.BinderProxy@4c1211c)
07-24 12:32:09.319 1718 2748 D ActivityManager: cleanUpApplicationRecord -- 15412
07-24 12:32:09.320 1718 2010 E ConnectivityService: RemoteException caught trying to send a callback msg for NetworkRequest [ LISTEN id=36, [ Capabilities: INTERNET&NOT_RESTRICTED&TRUSTED&FOREGROUND] ]
07-24 12:32:14.871 1718 2285 I ActivityManager: Killing 15896:com.google.android.apps.maps/u0a116 (adj 906): empty #31
07-24 12:32:14.872 1718 2285 I ActivityManager: Killing 15719:com.google.android.apps.tachyon/u0a67 (adj 906): empty #32
07-24 12:32:14.913 1718 1748 D ActivityManager: cleanUpApplicationRecord -- 15896
07-24 12:32:14.913 1718 2518 D ConnectivityService: ConnectivityService NetworkRequestInfo binderDied(NetworkRequest [ LISTEN id=40, [ Capabilities: INTERNET&NOT_RESTRICTED&TRUSTED&FOREGROUND] ], android.os.BinderProxy@79b5aa1)
07-24 12:32:14.914 1718 2010 E ConnectivityService: RemoteException caught trying to send a callback msg for NetworkRequest [ LISTEN id=40, [ Capabilities: INTERNET&NOT_RESTRICTED&TRUSTED&FOREGROUND] ]
07-24 12:32:14.919 1718 2898 D ConnectivityService: ConnectivityService NetworkRequestInfo binderDied(NetworkRequest [ LISTEN id=39, [ Capabilities: INTERNET&NOT_RESTRICTED&TRUSTED] ], android.os.BinderProxy@c48d4c6)
07-24 12:32:14.919 1718 2836 D ActivityManager: cleanUpApplicationRecord -- 15719
07-24 12:32:14.920 1718 2010 E ConnectivityService: RemoteException caught trying to send a callback msg for NetworkRequest [ LISTEN id=39, [ Capabilities: INTERNET&NOT_RESTRICTED&TRUSTED] ]
07-24 12:32:19.777 1718 2749 I ActivityManager: Killing 14355:com.google.android.apps.walletnfcrel/u0a73 (adj 906): empty #31
07-24 12:32:19.811 1718 2928 D ActivityManager: cleanUpApplicationRecord -- 14355
07-24 12:32:19.960 1718 2690 I ActivityManager: Killing 16204:com.android.chrome:webview_service/u0a76 (adj 906): empty #31
07-24 12:32:19.988 1718 8944 D ActivityManager: cleanUpApplicationRecord -- 16204
07-24 12:32:27.239 1718 1718 I ActivityManager: Killing 16144:com.android.providers.calendar/u0a1 (adj 906): empty #31
07-24 12:32:27.277 1718 2835 D ActivityManager: cleanUpApplicationRecord -- 16144
07-24 12:32:42.413 1718 2902 I ActivityManager: Killing 16221:com.google.android.calendar/u0a66 (adj 906): empty #31
07-24 12:32:42.445 1718 2285 D ActivityManager: cleanUpApplicationRecord -- 16221
07-24 12:33:32.846 1718 1718 I ActivityManager: Start proc 17089:com.att.eptt/u0a29 for service com.att.eptt/.receivers.NetworkJobScheduler
07-24 12:35:09.146 1718 1778 E BatteryStatsService: no controller energy info supplied
07-24 12:35:09.158 1718 1778 E KernelUidCpuTimeReader: Failed to read uid_cputime: /proc/uid_cputime/show_uid_stat (No such file or directory)
07-24 12:35:09.184 1718 1772 E KernelUidCpuTimeReader: Failed to read uid_cputime: /proc/uid_cputime/show_uid_stat (No such file or directory)
07-24 12:37:51.247 1718 1778 E BatteryStatsService: no controller energy info supplied
07-24 12:37:51.269 1718 1778 E KernelUidCpuTimeReader: Failed to read uid_cputime: /proc/uid_cputime/show_uid_stat (No such file or directory)
07-24 12:37:51.287 1718 1772 E KernelUidCpuTimeReader: Failed to read uid_cputime: /proc/uid_cputime/show_uid_stat (No such file or directory)
07-24 12:39:33.225 1718 2284 I ActivityManager: Start proc 17250:com.google.android.apps.walletnfcrel/u0a73 for service com.google.android.apps.walletnfcrel/com.google.commerce.tapandpay.android.feed.data.UpdateTriggersTaskService
07-24 12:40:33.342 1718 1778 E BatteryStatsService: no controller energy info supplied
07-24 12:40:33.365 1718 1778 E KernelUidCpuTimeReader: Failed to read uid_cputime: /proc/uid_cputime/show_uid_stat (No such file or directory)
07-24 12:40:33.389 1718 1772 E KernelUidCpuTimeReader: Failed to read uid_cputime: /proc/uid_cputime/show_uid_stat (No such file or directory)
07-24 12:41:25.951 1718 1771 I UsageStatsService: User[0] Flushing usage stats to disk
07-24 12:42:20.925 920 920 E TLOC : [TLOCChannel]"Can't receive message due to timeout"
07-24 12:42:20.925 920 920 I TLOC : [TLOCDaemon ]"timeout passed - start periodic warm-up"
07-24 12:42:20.927 920 920 I TLOC : [ModemComm ]"Start a session successfully"
07-24 12:42:20.927 920 920 D TLOC : [TLOCDaemon ]"The command finished successfully"
07-24 12:42:20.927 920 920 D TLOC : [TLOCDaemon ]"waiting for command"
07-24 12:42:20.927 920 920 D TLOC : [TLOCChannel] "Going to receive message for TLOCD"
07-24 12:42:20.927 920 920 D TLOC : [TLOCChannel] "wait for message for user TLOCD"
07-24 12:42:26.336 1718 2010 D ConnectivityService: NetworkAgentInfo [WIFI () - 105] EVENT_NETWORK_INFO_CHANGED, going from CONNECTED to DISCONNECTED
07-24 12:42:26.336 1718 2010 D ConnectivityService: NetworkAgentInfo [WIFI () - 105] got DISCONNECTED, was satisfying 11
07-24 12:42:26.454 1718 2010 D ConnectivityService: Sending DISCONNECTED broadcast for type 1 NetworkAgentInfo [WIFI () - 105] isDefaultNetwork=true
07-24 12:42:28.615 1718 2003 D ConnectivityService: registerNetworkAgent NetworkAgentInfo{ ni{[type: WIFI[], state: CONNECTING/CONNECTING, reason: (unspecified), extra: "NIST-Guest", failover: false, available: true, roaming: false, metered: false]} network{106} nethandle{455282969310} lp{{LinkAddresses: [] Routes: [] DnsAddresses: [] Domains: null MTU: 0}} nc{[ Transports: WIFI Capabilities: NOT_METERED&INTERNET&NOT_RESTRICTED&TRUSTED&NOT_VPN LinkUpBandwidth>=1048576Kbps LinkDnBandwidth>=1048576Kbps]} Score{20} everValidated{false} lastValidated{false} created{false} lingering{false} explicitlySelected{false} acceptUnvalidated{false} everCaptivePortalDetected{false} lastCaptivePortalDetected{false} }
07-24 12:42:28.615 1718 2010 D ConnectivityService: NetworkAgentInfo [WIFI () - 106] EVENT_NETWORK_INFO_CHANGED, going from null to CONNECTING
07-24 12:42:29.888 1718 2010 D ConnectivityService: NetworkAgentInfo [WIFI () - 106] EVENT_NETWORK_INFO_CHANGED, going from CONNECTING to CONNECTED
07-24 12:42:29.890 1718 2010 D ConnectivityService: Adding iface wlan0 to network 106
07-24 12:42:29.947 1718 2010 D ConnectivityService: Setting DNS servers for network 106 to [/129.6.13.2, /132.163.4.9]
07-24 12:42:29.972 1718 2010 D ConnectivityService: Switching to new default network: NetworkAgentInfo{ ni{[type: WIFI[], state: CONNECTED/CONNECTED, reason: (unspecified), extra: "NIST-Guest", failover: false, available: true, roaming: false, metered: false]} network{106} nethandle{455282969310} lp{{InterfaceName: wlan0 LinkAddresses: [fe80::224:a3ff:fe79:7859/64,172.22.41.87/17,] Routes: [fe80::/64 -> :: wlan0,172.22.0.0/17 -> 0.0.0.0 wlan0,0.0.0.0/0 -> 172.22.127.254 wlan0,] DnsAddresses: [129.6.13.2,132.163.4.9,] Domains: null MTU: 0 TcpBufferSizes: 524288,1048576,2097152,262144,524288,1048576}} nc{[ Transports: WIFI Capabilities: NOT_METERED&INTERNET&NOT_RESTRICTED&TRUSTED&NOT_VPN&FOREGROUND LinkUpBandwidth>=1048576Kbps LinkDnBandwidth>=1048576Kbps]} Score{20} everValidated{false} lastValidated{false} created{true} lingering{false} explicitlySelected{true} acceptUnvalidated{false} everCaptivePortalDetected{false} lastCaptivePortalDetected{false} }
07-24 12:42:30.029 1718 2010 D ConnectivityService: Sending CONNECTED broadcast for type 1 NetworkAgentInfo [WIFI () - 106] isDefaultNetwork=true
07-24 12:42:30.359 1718 2749 D ConnectivityService: reportNetworkConnectivity(106, true) by 10020
07-24 12:42:30.361 1718 2010 D NetworkNotificationManager: clearNotification id=106
07-24 12:42:30.361 1718 2010 D ConnectivityService: NetworkAgentInfo [WIFI () - 106] validation passed
07-24 12:42:30.408 1718 2010 D NetworkNotificationManager: clearNotification id=106
07-24 12:42:30.408 1718 2010 D ConnectivityService: NetworkAgentInfo [WIFI () - 106] validation passed
07-24 12:42:40.928 920 920 E TLOC : [TLOCChannel]"Can't receive message due to timeout"
07-24 12:42:40.929 920 920 I TLOC : [TLOCDaemon ]"timeout passed with no location fix - close the session"
07-24 12:42:40.930 920 920 I TLOC : [ModemComm ]"Stopped the session successfully"
07-24 12:42:40.930 920 920 D TLOC : [TLOCDaemon ]"The command finished successfully"
07-24 12:42:40.930 920 920 D TLOC : [TLOCDaemon ]"waiting for command"
07-24 12:42:40.930 920 920 D TLOC : [TLOCChannel] "Going to receive message for TLOCD"
07-24 12:42:40.930 920 920 D TLOC : [TLOCChannel] "wait for message for user TLOCD"
07-24 12:42:40.931 920 997 I TLOC : [Modem ]"Received event indication of position report with status GENERAL_FAILURE"
07-24 12:42:45.006 1718 1772 I ActivityManager: Killing 16346:com.android.dialer/u0a11 (adj 906): empty #31
07-24 12:42:45.032 1718 2898 D ActivityManager: cleanUpApplicationRecord -- 16346
07-24 12:42:58.833 1718 1771 I ActivityManager: Start proc 17443:com.google.process.gapps/u0a70 for service com.google.android.syncadapters.contacts/.ContactsSyncAdapterService
07-24 12:43:11.016 1718 1778 E BatteryStatsService: no controller energy info supplied
07-24 12:43:11.024 1718 1772 E KernelUidCpuTimeReader: Failed to read uid_cputime: /proc/uid_cputime/show_uid_stat (No such file or directory)
07-24 12:43:11.031 1718 1778 E KernelUidCpuTimeReader: Failed to read uid_cputime: /proc/uid_cputime/show_uid_stat (No such file or directory)
07-24 12:44:04.116 1718 1772 I ActivityManager: Killing 16402:com.android.calllogbackup/u0a0 (adj 906): empty #31
07-24 12:44:04.164 1718 2899 D ActivityManager: cleanUpApplicationRecord -- 16402
07-24 12:45:39.843 1718 1778 E BatteryStatsService: no controller energy info supplied
07-24 12:45:39.850 1718 1772 E KernelUidCpuTimeReader: Failed to read uid_cputime: /proc/uid_cputime/show_uid_stat (No such file or directory)
07-24 12:45:39.856 1718 1778 E KernelUidCpuTimeReader: Failed to read uid_cputime: /proc/uid_cputime/show_uid_stat (No such file or directory)
07-24 12:48:06.395 1718 1778 E BatteryStatsService: no controller energy info supplied
07-24 12:48:06.400 1718 1772 E KernelUidCpuTimeReader: Failed to read uid_cputime: /proc/uid_cputime/show_uid_stat (No such file or directory)
07-24 12:48:06.411 1718 1778 E KernelUidCpuTimeReader: Failed to read uid_cputime: /proc/uid_cputime/show_uid_stat (No such file or directory)
07-24 12:50:35.990 1718 1778 E BatteryStatsService: no controller energy info supplied
07-24 12:50:36.005 1718 1772 E KernelUidCpuTimeReader: Failed to read uid_cputime: /proc/uid_cputime/show_uid_stat (No such file or directory)
07-24 12:50:36.031 1718 1778 E KernelUidCpuTimeReader: Failed to read uid_cputime: /proc/uid_cputime/show_uid_stat (No such file or directory)
07-24 12:53:04.796 1718 1778 E BatteryStatsService: no controller energy info supplied
07-24 12:53:04.806 1718 1772 E KernelUidCpuTimeReader: Failed to read uid_cputime: /proc/uid_cputime/show_uid_stat (No such file or directory)
07-24 12:53:04.821 1718 1778 E KernelUidCpuTimeReader: Failed to read uid_cputime: /proc/uid_cputime/show_uid_stat (No such file or directory)
07-24 12:54:43.089 1718 15083 D UsbDebuggingManager: Received public key: QAAAAJMF0+dlH+Zeg/9M6ilfJ1sPArAqqMrP+pcpq9BfC70NrGPFLNlN/cajb5ruS+6MWTJzTNXq7IF/jNTltNbf3HPvykGPisSWwtLtyzD3o0LsHaqW3IziEDhAxj/u7x1tL00K6wekBmEVsGIBfaa5OyrGnXP7/hMAC+2TgeYeqLFIo5qf9Y8IV3FA7ZKFMxEXXUOi2FN0WWFCkj+WhTpzBS1ciB5GCY+sC1dirW8LrYFUHgVoUFdNl535l5K3jXCWKYD+p6YUrW4scIib2FNN5n6lwFI1p/BEylC2vUG57yPbiNpr4CGztqaXYriuyPsCPXhXtFAGJ66W+nKcbVP/jPorIa61EErVollKu2D60Cyh1gTScueagmZxBMQzfm9z0h76pRDFCmQjuJN/Cn8RetRfl65qg6eidb5a1CxE76h2ooPdL3en0wyWT4BkR0VAHthoHW5pUihDIpeNS1cnRI1hFz9EYSYP5tyGTzLc+IiVt3F/2SuvqRUOALh4ARhlOEUxkrvF39+rnLNrmemLU0cTUCgHSFb3anwHRCdx2AF0f8z9zxGUojskB+HJkFM41ImwX8ENVgDyTai8TedwiWuQ9uxSusowe310WnAK+BGWS/nFzE3cBXt3qC479q6iwH6RZmV4USoLzWUETivZs2jKxXpz6xx8YO+hTA+4iTW8STBwbAEAAQA= @unknown
07-24 12:54:43.094 1718 1806 I ActivityManager: START u0 {flg=0x10000000 cmp=com.android.systemui/.usb.UsbDebuggingActivity (has extras)} from uid 1000 on display 0
07-24 12:54:54.142 1718 1988 I PowerManagerService: Waking up from dozing (uid 1000)...
07-24 12:54:54.143 1718 1811 I DisplayPowerController: Blocking screen on until initial contents have been drawn.
07-24 12:54:54.157 1718 1808 I DisplayManagerService: Display device changed state: "Built-in Screen", ON
07-24 12:54:54.690 1718 1811 I DisplayPowerController: Unblocked screen on after 547 ms
07-24 12:54:54.696 1718 1811 I DreamManagerService: Gently waking up from dream.
07-24 12:54:54.698 1718 2836 I DreamManagerService: Leaving dreamland.
07-24 12:54:54.699 1718 1806 I DreamController: Stopping dream: name=ComponentInfo{com.android.systemui/com.android.systemui.doze.DozeService}, isTest=false, canDoze=true, userId=0
07-24 12:54:56.410 2060 2060 V KeyguardDisplayManager: hide
07-24 12:54:56.740 1718 2795 I ActivityManager: Setting hasTopUi=false for pid=2060
07-24 12:55:01.931 1718 8944 W InputMethodManagerService: Window already focused, ignoring focus gain of: com.android.internal.view.IInputMethodClient$Stub$Proxy@fa74659 attribute=android.view.inputmethod.EditorInfo@37e421e, token = android.os.BinderProxy@d828083
07-24 12:55:31.379 1718 1908 E PackageInstaller: Commit of session 1535189579 failed: Package /data/app/vmdl1535189579.tmp/base.apk has no certificates at entry AndroidManifest.xml
07-24 12:55:34.525 1718 2899 I ProcessStatsService: Added stats: 2018-07-23-10-49-51, over +1h8m28s67ms
07-24 12:55:34.535 1718 13283 E BatteryStatsService: no controller energy info supplied
07-24 12:55:34.539 1718 2899 I ProcessStatsService: Added stats: 2018-07-23-10-42-08, over +3m48s196ms
07-24 12:55:34.545 1718 13283 E KernelUidCpuTimeReader: Failed to read uid_cputime: /proc/uid_cputime/show_uid_stat (No such file or directory)
07-24 12:55:34.554 1718 2899 I ProcessStatsService: Added stats: 2018-07-23-10-35-52, over +4m56s725ms
07-24 12:55:34.571 1718 2899 I ProcessStatsService: Added stats: 2018-07-19-14-29-25, over +3h6m2s322ms
07-24 12:55:34.584 1718 2899 I ProcessStatsService: Added stats: 2018-07-03-16-42-45, over +1h31m17s929ms
07-24 12:55:34.597 1718 2899 I ProcessStatsService: Added stats: 2018-07-02-16-32-59, over +23m57s553ms
07-24 12:55:34.610 1718 2899 I ProcessStatsService: Added stats: 2018-07-02-13-31-23, over +3h1m36s773ms
07-24 12:55:34.624 1718 2899 I ProcessStatsService: Added stats: 2018-06-29-18-23-40, over +4m17s246ms
07-24 12:55:48.357 1718 1778 E BatteryStatsService: no controller energy info supplied
07-24 12:55:48.369 1718 1778 E KernelUidCpuTimeReader: Failed to read uid_cputime: /proc/uid_cputime/show_uid_stat (No such file or directory)
07-24 12:55:48.392 1718 1772 E KernelUidCpuTimeReader: Failed to read uid_cputime: /proc/uid_cputime/show_uid_stat (No such file or directory)
07-24 12:56:02.871 1718 8141 I ActivityManager: START u0 {cmp=com.android.settings/.AppPicker (has extras)} from uid 1000 on display 0
07-24 12:56:19.172 1718 1748 I ProcessStatsService: Added stats: 2018-07-23-10-49-51, over +1h8m28s67ms
07-24 12:56:19.239 1718 1748 E BatteryStatsService: no controller energy info supplied
07-24 12:56:19.247 1718 1748 E KernelUidCpuTimeReader: Failed to read uid_cputime: /proc/uid_cputime/show_uid_stat (No such file or directory)
07-24 12:56:21.615 1718 2826 I ActivityManager: START u0 {flg=0x8000 cmp=com.android.settings/.Settings$SecuritySettingsActivity (has extras)} from uid 1000 on display 0
07-24 12:56:21.690 1718 1748 E UserRestrictionsUtils: Unknown restriction: null
07-24 12:56:21.698 1718 2836 E UserRestrictionsUtils: Unknown restriction: null
07-24 12:56:21.698 1718 8141 E UserRestrictionsUtils: Unknown restriction: null
07-24 12:56:21.699 1718 1747 E UserRestrictionsUtils: Unknown restriction: null
07-24 12:56:21.700 1718 2518 E UserRestrictionsUtils: Unknown restriction: null
07-24 12:56:21.700 1718 1748 E UserRestrictionsUtils: Unknown restriction: null
07-24 12:56:21.750 1718 8141 D CryptdConnector: SND -> {13 cryptfs getpwtype}
07-24 12:56:21.751 561 575 D VoldCryptCmdListener: cryptfs getpwtype
07-24 12:56:21.751 1718 1996 D CryptdConnector: RCV <- {213 13 default}
07-24 12:56:24.499 1718 2797 I ProcessStatsService: Added stats: 2018-07-23-10-49-51, over +1h8m28s67ms
07-24 12:56:24.589 1718 13284 E BatteryStatsService: no controller energy info supplied
07-24 12:56:24.595 1718 13284 E KernelUidCpuTimeReader: Failed to read uid_cputime: /proc/uid_cputime/show_uid_stat (No such file or directory)
07-24 12:56:31.516 1718 1908 E PackageInstaller: Commit of session 1050306711 failed: Package /data/app/vmdl1050306711.tmp/base.apk has no certificates at entry AndroidManifest.xml
07-24 12:58:14.075 1718 1778 E BatteryStatsService: no controller energy info supplied
07-24 12:58:14.082 1718 1778 E KernelUidCpuTimeReader: Failed to read uid_cputime: /proc/uid_cputime/show_uid_stat (No such file or directory)
07-24 12:58:24.195 1718 1811 I PowerManagerService: Going to sleep due to screen timeout (uid 1000)...
07-24 12:58:24.765 1718 1808 I DisplayManagerService: Display device changed state: "Built-in Screen", OFF
07-24 12:58:24.933 1718 1811 I DreamManagerService: Entering dreamland.
07-24 12:58:24.934 1718 1811 I PowerManagerService: Dozing...
07-24 12:58:24.937 1718 1806 I DreamController: Starting dream: name=ComponentInfo{com.android.systemui/com.android.systemui.doze.DozeService}, isTest=false, canDoze=true, userId=0
07-24 12:58:29.226 1718 2836 I ActivityManager: Setting hasTopUi=true for pid=2060
07-24 12:58:29.277 2060 2060 V KeyguardStatusView: refresh statusview showing:true
07-24 12:58:29.293 2060 2060 V KeyguardDisplayManager: show
07-24 12:58:39.457 1718 1778 E BatteryStatsService: no controller energy info supplied
07-24 12:58:39.462 1718 1772 E KernelUidCpuTimeReader: Failed to read uid_cputime: /proc/uid_cputime/show_uid_stat (No such file or directory)
07-24 12:58:39.486 1718 1778 E KernelUidCpuTimeReader: Failed to read uid_cputime: /proc/uid_cputime/show_uid_stat (No such file or directory)
07-24 13:01:49.020 1718 1772 I ProcessStatsService: Prepared write state in 11ms
07-24 13:01:59.660 1718 1778 E BatteryStatsService: no controller energy info supplied
07-24 13:01:59.677 1718 1778 E KernelUidCpuTimeReader: Failed to read uid_cputime: /proc/uid_cputime/show_uid_stat (No such file or directory)
07-24 13:01:59.711 1718 1772 E KernelUidCpuTimeReader: Failed to read uid_cputime: /proc/uid_cputime/show_uid_stat (No such file or directory)
07-24 13:02:00.010 1718 1772 I ActivityManager: Killing 16652:com.google.android.googlequicksearchbox/u0a53 (adj 904): empty for 1800s
07-24 13:02:00.012 1718 1772 I ActivityManager: Killing 16593:com.google.android.apps.docs.editors.slides/u0a112 (adj 904): empty for 1800s
07-24 13:02:00.013 1718 1772 I ActivityManager: Killing 16538:com.google.android.apps.docs.editors.sheets/u0a85 (adj 906): empty for 1801s
07-24 13:02:00.014 1718 1772 I ActivityManager: Killing 16469:com.google.android.apps.docs.editors.docs/u0a81 (adj 906): empty for 1802s
07-24 13:02:00.015 1718 1772 I ActivityManager: Killing 16439:com.google.android.inputmethod.japanese/u0a82 (adj 906): empty for 1802s
07-24 13:02:00.017 1718 1772 I ActivityManager: Killing 16415:com.google.android.keep/u0a87 (adj 906): empty for 1802s
07-24 13:02:00.062 1718 1748 D ActivityManager: cleanUpApplicationRecord -- 16415
07-24 13:02:00.064 1718 2927 D ActivityManager: cleanUpApplicationRecord -- 16439
07-24 13:02:00.074 1718 2797 D ActivityManager: cleanUpApplicationRecord -- 16538
07-24 13:02:00.082 1718 2928 D ActivityManager: cleanUpApplicationRecord -- 16652
07-24 13:02:00.087 1718 2690 D ActivityManager: cleanUpApplicationRecord -- 16593
07-24 13:02:00.091 1718 1748 D ActivityManager: cleanUpApplicationRecord -- 16469
07-24 13:02:22.734 1718 1771 I UsageStatsService: User[0] Flushing usage stats to disk
07-24 13:03:10.768 1718 1778 E BatteryStatsService: no controller energy info supplied
07-24 13:03:10.782 1718 1778 E KernelUidCpuTimeReader: Failed to read uid_cputime: /proc/uid_cputime/show_uid_stat (No such file or directory)
07-24 13:03:10.806 1718 1772 E KernelUidCpuTimeReader: Failed to read uid_cputime: /proc/uid_cputime/show_uid_stat (No such file or directory)
07-24 13:05:00.571 1718 1772 I ActivityManager: Killing 16884:com.google.android.marvin.talkback/u0a114 (adj 904): empty for 1976s
07-24 13:05:00.573 1718 1772 I ActivityManager: Killing 13321:com.android.keychain/1000 (adj 904): empty for 1976s
07-24 13:05:00.576 1718 1772 I ActivityManager: Killing 13199:com.android.defcontainer/u0a9 (adj 906): empty for 1976s
07-24 13:05:00.577 1718 1772 I ActivityManager: Killing 16845:com.google.android.inputmethod.pinyin/u0a80 (adj 906): empty for 1977s
07-24 13:05:00.578 1718 1772 I ActivityManager: Killing 16362:com.google.android.music:main/u0a102 (adj 906): empty for 1979s
07-24 13:05:00.579 1718 1772 I ActivityManager: Killing 16710:com.google.android.deskclock/u0a65 (adj 906): empty for 1979s
07-24 13:05:00.581 1718 1772 I ActivityManager: Killing 16670:com.google.android.apps.docs/u0a69 (adj 906): empty for 1980s
07-24 13:05:00.633 1718 2285 D ActivityManager: cleanUpApplicationRecord -- 13321
07-24 13:05:00.634 1718 8141 D ActivityManager: cleanUpApplicationRecord -- 16884
07-24 13:05:00.639 1718 1890 D ActivityManager: cleanUpApplicationRecord -- 13199
07-24 13:05:00.640 1718 2518 D ActivityManager: cleanUpApplicationRecord -- 16845
07-24 13:05:00.641 1718 2902 D ActivityManager: cleanUpApplicationRecord -- 16710
07-24 13:05:00.645 1718 2797 D ActivityManager: cleanUpApplicationRecord -- 16362
07-24 13:05:00.686 1718 2928 D ActivityManager: cleanUpApplicationRecord -- 16670
07-24 13:07:19.653 1718 1778 E BatteryStatsService: no controller energy info supplied
07-24 13:07:19.666 1718 1778 E KernelUidCpuTimeReader: Failed to read uid_cputime: /proc/uid_cputime/show_uid_stat (No such file or directory)
07-24 13:07:19.692 1718 1772 E KernelUidCpuTimeReader: Failed to read uid_cputime: /proc/uid_cputime/show_uid_stat (No such file or directory)
07-24 13:07:49.736 1718 1778 E BatteryStatsService: no controller energy info supplied
07-24 13:07:49.746 1718 1778 E KernelUidCpuTimeReader: Failed to read uid_cputime: /proc/uid_cputime/show_uid_stat (No such file or directory)
07-24 13:07:49.759 1718 1772 E KernelUidCpuTimeReader: Failed to read uid_cputime: /proc/uid_cputime/show_uid_stat (No such file or directory)
07-24 13:08:49.685 1718 1718 I JobServiceContext: Client timed out while executing (no jobFinished received). sending onStop. 4a167a0 #u0a29/1 com.att.eptt/.receivers.NetworkJobScheduler
07-24 13:08:49.706 1718 2284 I ActivityManager: Killing 13477:com.att.mobile.android.vvm/u0a52 (adj 906): empty for 2205s
07-24 13:08:49.745 1718 2518 D ActivityManager: cleanUpApplicationRecord -- 13477
07-24 13:10:19.153 1718 1837 I ActivityManager: Start proc 18872:com.android.defcontainer/u0a9 for service com.android.defcontainer/.DefaultContainerService
07-24 13:10:19.774 1718 1772 I ActivityManager: Start proc 18891:com.qualcomm.qti.seemp.service:seemp_service/1000 for broadcast com.qualcomm.qti.seemp.service/.SeempBroadcastReceiver
07-24 13:10:21.626 1718 1837 V BackupManagerService: restoreAtInstall pkg=net.named_data.nfd token=5 restoreSet=0
07-24 13:10:21.626 1718 1837 V BackupManagerService: Finishing install immediately
07-24 13:10:21.641 1718 2285 I ActivityManager: Killing 8909:com.google.android.partnersetup/u0a25 (adj 906): empty for 2297s
07-24 13:10:21.664 1718 2749 D ActivityManager: cleanUpApplicationRecord -- 8909
07-24 13:10:21.916 1718 1747 I ActivityManager: Start proc 18916:com.att.mobile.android.vvm/u0a52 for broadcast com.att.mobile.android.vvm/.control.receivers.PackageStateChangedReceiver
07-24 13:10:22.049 1718 2898 W ActivityManager: Unable to start service Intent { cmp=com.att.android.mobile.attmessages/com.att.mobile.android.vvm.control.ATTM.RemoteVvmService } U=0: not found
07-24 13:10:22.091 1718 2795 I ActivityManager: Start proc 18947:com.google.android.partnersetup/u0a25 for broadcast com.google.android.partnersetup/.RlzPingBroadcastReceiver
07-24 13:10:22.187 18891 18891 W ContextImpl: Calling a method in the system process without a qualified user: android.app.ContextImpl.startService:1357 android.content.ContextWrapper.startService:613 android.content.ContextWrapper.startService:613 com.qualcomm.qti.seemp.service.SeempBroadcastReceiver.onReceive:74 android.app.ActivityThread.handleReceiver:3044
07-24 13:10:22.226 1718 2899 I ActivityManager: Process com.qualcomm.qti.seemp.service:seemp_service (pid 18891) has died
07-24 13:10:22.226 1718 2899 D ActivityManager: cleanUpApplicationRecord -- 18891
07-24 13:10:22.228 6444 6444 W ContextImpl: Calling a method in the system process without a qualified user: android.app.ContextImpl.startService:1357 android.content.ContextWrapper.startService:613 com.sonim.scout.service.ScoutService.startIntentService:226 com.sonim.scout.service.ScoutService.executealarmTimeChangedAndPkgListenerRequest:482 com.sonim.scout.service.ScoutService.executeOnPkgInstalled:468
07-24 13:10:23.713 6444 18971 W ContextImpl: Calling a method in the system process without a qualified user: android.app.ContextImpl.sendBroadcast:877 android.content.ContextWrapper.sendBroadcast:421 com.sonim.scout.utils.ScoutJsonParser.parseRespose:81 com.sonim.scout.service.ScoutIntentService.onHandleIntent:58 android.app.IntentService$ServiceHandler.handleMessage:68
07-24 13:10:23.725 6444 18971 W ContextImpl: Calling a method in the system process without a qualified user: android.app.ContextImpl.sendBroadcast:877 android.content.ContextWrapper.sendBroadcast:421 com.sonim.scout.utils.ScoutJsonParser.parseWarrantyData:556 com.sonim.scout.utils.ScoutJsonParser.parseRespose:101 com.sonim.scout.service.ScoutIntentService.onHandleIntent:58
07-24 13:10:23.736 6444 18971 W ContextImpl: Calling a method in the system process without a qualified user: android.app.ContextImpl.sendBroadcast:877 android.content.ContextWrapper.sendBroadcast:421 com.sonim.scout.utils.ScoutJsonParser.parseRespose:125 com.sonim.scout.service.ScoutIntentService.onHandleIntent:58 android.app.IntentService$ServiceHandler.handleMessage:68
07-24 13:10:25.567 1718 1988 I PowerManagerService: Waking up from dozing (uid 1000)...
07-24 13:10:25.571 1718 1811 I DisplayPowerController: Blocking screen on until initial contents have been drawn.
07-24 13:10:25.587 1718 1808 I DisplayManagerService: Display device changed state: "Built-in Screen", ON
07-24 13:10:26.104 1718 1811 I DisplayPowerController: Unblocked screen on after 533 ms
07-24 13:10:26.106 1718 1811 I DreamManagerService: Gently waking up from dream.
07-24 13:10:26.113 1718 2927 I DreamManagerService: Leaving dreamland.
07-24 13:10:26.114 1718 1806 I DreamController: Stopping dream: name=ComponentInfo{com.android.systemui/com.android.systemui.doze.DozeService}, isTest=false, canDoze=true, userId=0
07-24 13:10:27.153 1718 2797 I ActivityManager: START u0 {act=android.media.action.STILL_IMAGE_CAMERA flg=0x14000000 cmp=org.codeaurora.snapcam/com.android.camera.PhotoCamera (has extras)} from uid 10046 on display 0
07-24 13:10:27.189 1718 2797 E ActivityManager: applyOptionsLocked: Unknown animationType=0
07-24 13:10:27.202 1718 2797 I ActivityManager: Start proc 19034:org.codeaurora.snapcam/u0a41 for activity org.codeaurora.snapcam/com.android.camera.PhotoCamera
07-24 13:10:27.219 1718 1747 I WindowManager: Failed to capture screenshot of Token{df7ab2c ActivityRecord{41b92df u0 com.android.settings/.Settings t62}} appWin=Window{69becbf u0 com.android.settings/com.android.settings.Settings} drawState=4
07-24 13:10:27.226 1718 1747 I ActivityManager: Killing 14670:com.qti.smq.qualcommFeedback/1000 (adj 900): empty for 2682s
07-24 13:10:27.249 1718 2835 D ActivityManager: cleanUpApplicationRecord -- 14670
07-24 13:10:27.258 5963 5963 I ActivityThread: Removing dead content provider:android.content.ContentProviderProxy@b89a194
07-24 13:10:27.282 1718 2690 I ProcessStatsService: Added stats: 2018-07-23-10-49-51, over +1h8m28s67ms
07-24 13:10:27.364 1718 2518 E BatteryStatsService: no controller energy info supplied
07-24 13:10:27.365 1718 8141 I ActivityManager: START u0 {act=android.media.action.STILL_IMAGE_CAMERA flg=0x16000000 cmp=org.codeaurora.snapcam/com.android.camera.CameraActivity (has extras)} from uid 10041 on display 0
07-24 13:10:27.370 1718 2518 E KernelUidCpuTimeReader: Failed to read uid_cputime: /proc/uid_cputime/show_uid_stat (No such file or directory)
07-24 13:10:27.413 1718 2902 I WindowManager: Failed to capture screenshot of Token{913d317 ActivityRecord{98feab1 u0 org.codeaurora.snapcam/com.android.camera.PhotoCamera t64 f}} appWin=Window{a43f76e u0 Starting org.codeaurora.snapcam} drawState=4
07-24 13:10:27.878 2060 2060 V KeyguardDisplayManager: hide
07-24 13:10:27.892 1718 2899 I ActivityManager: Setting hasTopUi=false for pid=2060
07-24 13:10:28.457 1718 1987 I ActivityManager: START u0 {act=android.intent.action.MAIN cat=[android.intent.category.HOME] flg=0x10200000 cmp=com.android.launcher3/.Launcher (has extras)} from uid 1000 on display 0
07-24 13:10:34.322 1718 2835 I ActivityManager: Killing 2613:com.google.android.apps.photos/u0a117 (adj 906): empty for 2309s
07-24 13:10:34.369 1718 2284 D ActivityManager: cleanUpApplicationRecord -- 2613
07-24 13:10:35.578 1718 2797 I ActivityManager: START u0 {act=android.intent.action.MAIN cat=[android.intent.category.LAUNCHER] flg=0x10200000 cmp=net.named_data.nfd/.MainActivity bnds=[24,474][282,840] (has extras)} from uid 10026 on display 0
07-24 13:10:35.624 1718 8945 I ActivityManager: Start proc 19453:net.named_data.nfd/u0a125 for activity net.named_data.nfd/.MainActivity
07-24 13:10:36.427 1718 2284 I ActivityManager: Start proc 19495:net.named_data.nfd.service.NfdService/u0a125 for service net.named_data.nfd/.service.NfdService --------- beginning of crash
07-24 13:10:36.763 19495 19515 F libc : Fatal signal 11 (SIGSEGV), code 1, fault addr 0xc00f04e in tid 19515 (vice.NfdService)
07-24 13:10:36.833 19517 19517 F DEBUG : *** *** *** *** *** *** *** *** *** *** *** *** *** *** *** ***
07-24 13:10:36.833 19517 19517 F DEBUG : Build fingerprint: 'Sonim/XP8812/XP8800:7.1.1/8A.0.0-02-7.1.1-10.01.60/157:user/release-keys'
07-24 13:10:36.833 19517 19517 F DEBUG : Revision: '0'
07-24 13:10:36.833 19517 19517 F DEBUG : ABI: 'arm'
07-24 13:10:36.833 19517 19517 F DEBUG : pid: 19495, tid: 19515, name: vice.NfdService >>> net.named_data.nfd.service.NfdService <<<
07-24 13:10:36.833 19517 19517 F DEBUG : signal 11 (SIGSEGV), code 1 (SEGV_MAPERR), fault addr 0xc00f04e
07-24 13:10:36.833 19517 19517 F DEBUG : r0 ea6193a0 r1 0c00f04f r2 d88d75b4 r3 d82d2b08
07-24 13:10:36.833 19517 19517 F DEBUG : r4 d88d75b4 r5 00000002 r6 00000000 r7 d88d76f8
07-24 13:10:36.834 19517 19517 F DEBUG : r8 00000001 r9 ea59f1e8 sl ea59f1e8 fp d88d7628
07-24 13:10:36.834 19517 19517 F DEBUG : ip ea61b148 sp d88d75a0 lr d82d2b34 pc 0c00f04e cpsr a00f0030
07-24 13:10:36.838 19517 19517 F DEBUG :
07-24 13:10:36.838 19517 19517 F DEBUG : backtrace:
07-24 13:10:36.839 19517 19517 F DEBUG : #00 pc 0c00f04e
07-24 13:10:36.839 19517 19517 F DEBUG : #01 pc 001f3b30 /data/app/net.named_data.nfd-1/lib/arm/libndn-cxx.so (_ZN5boost15throw_exceptionINS_16exception_detail19error_info_injectorIN3ndn8security3pib3Pib5ErrorEEEEEvRKT_+240)
07-24 13:10:36.839 19517 19517 F DEBUG : #02 pc 001f378c /data/app/net.named_data.nfd-1/lib/arm/libndn-cxx.so (_ZN5boost16exception_detail16throw_exception_IN3ndn8security3pib3Pib5ErrorEEEvRKT_PKcSB_i+80)
07-24 13:10:36.839 19517 19517 F DEBUG : #03 pc 001fed44 /data/app/net.named_data.nfd-1/lib/arm/libndn-cxx.so (_ZNK3ndn8security3pib3Pib13getTpmLocatorEv+196)
07-24 13:10:36.839 19517 19517 F DEBUG : #04 pc 0022f8b4 /data/app/net.named_data.nfd-1/lib/arm/libndn-cxx.so (_ZN3ndn8security2v28KeyChainC1ERKNSt6__ndk112basic_stringIcNS3_11char_traitsIcEENS3_9allocatorIcEEEESB_b+400)
07-24 13:10:36.839 19517 19517 F DEBUG : #05 pc 0001a8c3 /data/app/net.named_data.nfd-1/lib/arm/libnfd-wrapper.so (_ZN3nfd6RunnerC2Ev+34)
07-24 13:10:36.839 19517 19517 F DEBUG : #06 pc 0001978d /data/app/net.named_data.nfd-1/lib/arm/libnfd-wrapper.so
07-24 13:10:36.839 19517 19517 F DEBUG : #07 pc 0000fb68 /data/app/net.named_data.nfd-1/lib/arm/libboost_thread.so
07-24 13:10:36.839 19517 19517 F DEBUG : #08 pc 000477a3 /system/lib/libc.so (_ZL15__pthread_startPv+22)
07-24 13:10:36.839 19517 19517 F DEBUG : #09 pc 00019eb1 /system/lib/libc.so (__start_thread+6)
07-24 13:10:37.499 1718 2518 I ActivityManager: Process net.named_data.nfd.service.NfdService (pid 19495) has died
07-24 13:10:37.499 1718 2518 D ActivityManager: cleanUpApplicationRecord -- 19495
07-24 13:10:37.499 1718 1803 I BootReceiver: Copying /data/tombstones/tombstone_00 to DropBox (SYSTEM_TOMBSTONE)
07-24 13:10:37.499 1718 2518 W ActivityManager: Scheduling restart of crashed service net.named_data.nfd/.service.NfdService in 1000ms
07-24 13:10:38.530 1718 1772 I ActivityManager: Start proc 19561:net.named_data.nfd.service.NfdService/u0a125 for service net.named_data.nfd/.service.NfdService
07-24 13:10:38.778 19561 19577 F libc : Fatal signal 11 (SIGSEGV), code 1, fault addr 0xc00f04e in tid 19577 (vice.NfdService)
07-24 13:10:38.847 19578 19578 F DEBUG : *** *** *** *** *** *** *** *** *** *** *** *** *** *** *** ***
07-24 13:10:38.848 19578 19578 F DEBUG : Build fingerprint: 'Sonim/XP8812/XP8800:7.1.1/8A.0.0-02-7.1.1-10.01.60/157:user/release-keys'
07-24 13:10:38.848 19578 19578 F DEBUG : Revision: '0'
07-24 13:10:38.848 19578 19578 F DEBUG : ABI: 'arm'
07-24 13:10:38.848 19578 19578 F DEBUG : pid: 19561, tid: 19577, name: vice.NfdService >>> net.named_data.nfd.service.NfdService <<<
07-24 13:10:38.848 19578 19578 F DEBUG : signal 11 (SIGSEGV), code 1 (SEGV_MAPERR), fault addr 0xc00f04e
07-24 13:10:38.848 19578 19578 F DEBUG : r0 ea6173a0 r1 0c00f04f r2 d88d75b4 r3 d84abb08
07-24 13:10:38.848 19578 19578 F DEBUG : r4 d88d75b4 r5 00000002 r6 00000000 r7 d88d76f8
07-24 13:10:38.849 19578 19578 F DEBUG : r8 00000001 r9 ea59f1e8 sl ea59f1e8 fp d88d7628
07-24 13:10:38.849 19578 19578 F DEBUG : ip ea619148 sp d88d75a0 lr d84abb34 pc 0c00f04e cpsr a00f0030
07-24 13:10:38.856 19578 19578 F DEBUG :
07-24 13:10:38.856 19578 19578 F DEBUG : backtrace:
07-24 13:10:38.856 19578 19578 F DEBUG : #00 pc 0c00f04e
07-24 13:10:38.856 19578 19578 F DEBUG : #01 pc 001f3b30 /data/app/net.named_data.nfd-1/lib/arm/libndn-cxx.so (_ZN5boost15throw_exceptionINS_16exception_detail19error_info_injectorIN3ndn8security3pib3Pib5ErrorEEEEEvRKT_+240)
07-24 13:10:38.856 19578 19578 F DEBUG : #02 pc 001f378c /data/app/net.named_data.nfd-1/lib/arm/libndn-cxx.so (_ZN5boost16exception_detail16throw_exception_IN3ndn8security3pib3Pib5ErrorEEEvRKT_PKcSB_i+80)
07-24 13:10:38.857 19578 19578 F DEBUG : #03 pc 001fed44 /data/app/net.named_data.nfd-1/lib/arm/libndn-cxx.so (_ZNK3ndn8security3pib3Pib13getTpmLocatorEv+196)
07-24 13:10:38.857 19578 19578 F DEBUG : #04 pc 0022f8b4 /data/app/net.named_data.nfd-1/lib/arm/libndn-cxx.so (_ZN3ndn8security2v28KeyChainC1ERKNSt6__ndk112basic_stringIcNS3_11char_traitsIcEENS3_9allocatorIcEEEESB_b+400)
07-24 13:10:38.857 19578 19578 F DEBUG : #05 pc 0001a8c3 /data/app/net.named_data.nfd-1/lib/arm/libnfd-wrapper.so (_ZN3nfd6RunnerC2Ev+34)
07-24 13:10:38.857 19578 19578 F DEBUG : #06 pc 0001978d /data/app/net.named_data.nfd-1/lib/arm/libnfd-wrapper.so
07-24 13:10:38.857 19578 19578 F DEBUG : #07 pc 0000fb68 /data/app/net.named_data.nfd-1/lib/arm/libboost_thread.so
07-24 13:10:38.857 19578 19578 F DEBUG : #08 pc 000477a3 /system/lib/libc.so (_ZL15__pthread_startPv+22)
07-24 13:10:38.857 19578 19578 F DEBUG : #09 pc 00019eb1 /system/lib/libc.so (__start_thread+6)
07-24 13:10:39.140 1718 19521 W ActivityManager: Ignoring remove of inactive process: ProcessRecord{fdfcd9e 0:net.named_data.nfd.service.NfdService/u0a125}
07-24 13:10:39.151 1718 8141 W InputMethodManagerService: Window already focused, ignoring focus gain of: com.android.internal.view.IInputMethodClient$Stub$Proxy@1669095 attribute=null, token = android.os.BinderProxy@55473af
07-24 13:10:39.334 1718 1808 W AppOps : Finishing op nesting under-run: uid 1000 pkg android code 24 time=0 duration=0 nesting=0
07-24 13:10:39.466 1718 1803 I BootReceiver: Copying /data/tombstones/tombstone_01 to DropBox (SYSTEM_TOMBSTONE)
07-24 13:10:39.483 1718 2898 I ActivityManager: Process net.named_data.nfd.service.NfdService (pid 19561) has died
07-24 13:10:39.484 1718 2898 D ActivityManager: cleanUpApplicationRecord -- 19561
07-24 13:10:39.484 1718 2898 W ActivityManager: Service crashed 2 times, stopping: ServiceRecord{871ef8e u0 net.named_data.nfd/.service.NfdService}
07-24 13:10:40.528 1718 8945 I ActivityManager: Start proc 19631:net.named_data.nfd.service.NfdService/u0a125 for service net.named_data.nfd/.service.NfdService
07-24 13:10:42.166 1718 19594 W ActivityManager: Ignoring remove of inactive process: ProcessRecord{2245567 0:net.named_data.nfd.service.NfdService/u0a125}
