07-24 13:23:26.748 26679 26699 V nfd.RibManager: Flags: 0x4
07-24 13:23:26.748 26679 26699 V nfd.RibManager: )
07-24 13:23:26.748 26679 26699 D nfd.RibManager: Received notification for destroyed faceId: 265
07-24 13:23:26.748 26679 26699 D nfd.Forwarder: onInterestFinalize interest=/localhost/nfd/faces/events/%FE%11 satisfied
07-24 13:23:26.748 26679 26699 V nfd.NameTreeHashtable: erase /localhost/nfd/faces/events/%FE%11 hash=18348493790740343142 bucket=358
07-24 13:23:26.749 26679 26699 V nfd.NameTreeHashtable: erase /localhost/nfd/faces/events hash=1233637898983554347 bucket=299
07-24 13:23:26.749 26679 26699 V nfd.NameTreeHashtable: erase /localhost/nfd/faces hash=4081254122302803360 bucket=416
07-24 13:23:26.750 26679 26699 V nfd.InternalForwarderTransport: [id=1,local=internal://,remote=internal://] receiveFromLink
07-24 13:23:26.727 26699 26699 W vice.NfdService: type=1400 audit(0.0:334): avc: denied { ioctl } for path="socket:[171196]" dev="sockfs" ino=171196 ioctlcmd=894b scontext=u:r:untrusted_app:s0:c512,c768 tcontext=u:r:untrusted_app:s0:c512,c768 tclass=tcp_socket permissive=0
07-24 13:23:26.751 26679 26699 V nfd.LinkService: [id=1,local=internal://,remote=internal://] receiveData
07-24 13:23:26.751 26679 26699 D nfd.Forwarder: onIncomingData face=1 data=/localhost/nfd/status/general/%FD%00%00%01d%CDQ-%5E/%00%00
07-24 13:23:26.751 26679 26699 V nfd.NameTreeHashtable: not-found /localhost/nfd/status/general/%FD%00%00%01d%CDQ-%5E/%00%00 hash=16552800382316337477 bucket=325
07-24 13:23:26.751 26679 26699 V nfd.NameTreeHashtable: not-found /localhost/nfd/status/general/%FD%00%00%01d%CDQ-%5E hash=15528644351859535075 bucket=227
07-24 13:23:26.751 26679 26699 V nfd.NameTreeHashtable: found /localhost/nfd/status/general hash=15786105481587299406 bucket=78
07-24 13:23:26.751 26679 26699 V nfd.NameTreeIterator: initialized entry=/localhost/nfd/status/general ref=/localhost/nfd/status/general state=0
07-24 13:23:26.751 26679 26699 V nfd.NameTreeIterator: advanced end
07-24 13:23:26.751 26679 26699 D nfd.ContentStore: insert /localhost/nfd/status/general/%FD%00%00%01d%CDQ-%5E/%00%00
07-24 13:23:26.751 26679 26699 D nfd.Forwarder: onIncomingData matching=/localhost/nfd/status/general
07-24 13:23:26.752 26679 26699 D nfd.Strategy: afterReceiveData pitEntry=/localhost/nfd/status/general inFace=1 data=/localhost/nfd/status/general/%FD%00%00%01d%CDQ-%5E/%00%00
07-24 13:23:26.752 26679 26699 D nfd.Strategy: beforeSatisfyInterest pitEntry=/localhost/nfd/status/general inFace=1 data=/localhost/nfd/status/general/%FD%00%00%01d%CDQ-%5E/%00%00
07-24 13:23:26.752 26679 26699 D nfd.Forwarder: onOutgoingData face=266 data=/localhost/nfd/status/general/%FD%00%00%01d%CDQ-%5E/%00%00
07-24 13:23:26.752 26679 26699 V nfd.LinkService: [id=266,local=tcp4://127.0.0.1:6363,remote=tcp4://127.0.0.1:43996] sendData
07-24 13:23:26.752 26679 26699 W nfd.TcpTransport: [id=266,local=tcp4://127.0.0.1:6363,remote=tcp4://127.0.0.1:43996] Failed to obtain send queue length from socket: Permission denied
07-24 13:23:26.752 26679 26699 V nfd.TcpTransport: [id=266,local=tcp4://127.0.0.1:6363,remote=tcp4://127.0.0.1:43996] doSend
07-24 13:23:26.737 26699 26699 W vice.NfdService: type=1400 audit(0.0:335): avc: denied { ioctl } for path="socket:[172191]" dev="sockfs" ino=172191 ioctlcmd=894b scontext=u:r:untrusted_app:s0:c512,c768 tcontext=u:r:untrusted_app:s0:c512,c768 tclass=tcp_socket permissive=0
07-24 13:23:26.754 26679 26699 V nfd.TcpTransport: [id=256,local=tcp4://127.0.0.1:6363,remote=tcp4://127.0.0.1:43966] Received: 49 bytes
07-24 13:23:26.754 26679 26699 V nfd.LinkService: [id=256,local=tcp4://127.0.0.1:6363,remote=tcp4://127.0.0.1:43966] receiveInterest
07-24 13:23:26.754 26679 26699 D nfd.Forwarder: onIncomingInterest face=256 interest=/localhost/nfd/faces/events/%FE%12
07-24 13:23:26.755 26679 26699 V nfd.NameTree: lookup(/localhost/nfd/faces/events/%FE%12, 5)
07-24 13:23:26.755 26679 26699 V nfd.NameTreeHashtable: found / hash=0 bucket=0
07-24 13:23:26.755 26679 26699 V nfd.NameTreeHashtable: found /localhost hash=10937169108514740553 bucket=329
07-24 13:23:26.755 26679 26699 V nfd.NameTreeHashtable: found /localhost/nfd hash=3626199823732152002 bucket=706
07-24 13:23:26.755 26679 26699 V nfd.NameTreeHashtable: insert /localhost/nfd/faces hash=4081254122302803360 bucket=416
07-24 13:23:26.755 26679 26699 V nfd.NameTreeHashtable: insert /localhost/nfd/faces/events hash=1233637898983554347 bucket=299
07-24 13:23:26.755 26679 26699 V nfd.NameTreeHashtable: insert /localhost/nfd/faces/events/%FE%12 hash=8356347949250112511 bucket=1023
07-24 13:23:26.755 26679 26699 D nfd.ContentStore: find /localhost/nfd/faces/events/%FE%12 L
07-24 13:23:26.755 26679 26699 D nfd.ContentStore: no-match
07-24 13:23:26.755 26679 26699 D nfd.Forwarder: onContentStoreMiss interest=/localhost/nfd/faces/events/%FE%12
07-24 13:23:26.755 26679 26699 V nfd.Strategy: lookupFib noForwardingHint found=/localhost/nfd
07-24 13:23:26.755 26679 26699 D nfd.Forwarder: onOutgoingInterest face=1 interest=/localhost/nfd/faces/events/%FE%12
07-24 13:23:26.755 26679 26699 V nfd.LinkService: [id=1,local=internal://,remote=internal://] sendInterest
07-24 13:23:26.756 26679 26699 V nfd.InternalForwarderTransport: [id=1,local=internal://,remote=internal://] doSend
07-24 13:23:26.756 26679 26699 D nfd.BestRouteStrategy2: /localhost/nfd/faces/events/%FE%12?ndn.InterestLifetime=60000&ndn.Nonce=2140185318 from=256 newPitEntry-to=1
07-24 13:23:26.756 26679 26699 V nfd.TcpTransport: [id=266,local=tcp4://127.0.0.1:6363,remote=tcp4://127.0.0.1:43996] Successfully sent: 177 bytes
07-24 13:23:26.757 26679 26699 D nfd.Forwarder: onInterestFinalize interest=/localhost/nfd/status/general satisfied
07-24 13:23:26.757 26679 26699 V nfd.NameTreeHashtable: erase /localhost/nfd/status/general hash=15786105481587299406 bucket=78
07-24 13:23:26.757 26679 26699 V nfd.NameTreeHashtable: erase /localhost/nfd/status hash=9656543652499869234 bucket=562
07-24 13:23:26.757 26679 26699 V nfd.InternalForwarderTransport: [id=1,local=internal://,remote=internal://] receiveFromLink
07-24 13:23:26.757 26679 26699 V nfd.LinkService: [id=1,local=internal://,remote=internal://] receiveData
07-24 13:23:26.757 26679 26699 D nfd.Forwarder: onIncomingData face=1 data=/localhost/nfd/faces/events/%FE%12
07-24 13:23:26.747 26699 26699 W vice.NfdService: type=1400 audit(0.0:336): avc: denied { ioctl } for path="socket:[171196]" dev="sockfs" ino=171196 ioctlcmd=894b scontext=u:r:untrusted_app:s0:c512,c768 tcontext=u:r:untrusted_app:s0:c512,c768 tclass=tcp_socket permissive=0
07-24 13:23:26.758 26679 26699 V nfd.NameTreeHashtable: found /localhost/nfd/faces/events/%FE%12 hash=8356347949250112511 bucket=1023
07-24 13:23:26.758 26679 26699 V nfd.NameTreeIterator: initialized entry=/localhost/nfd/faces/events/%FE%12 ref=/localhost/nfd/faces/events/%FE%12 state=0
07-24 13:23:26.758 26679 26699 V nfd.NameTreeIterator: advanced end
07-24 13:23:26.758 26679 26699 D nfd.ContentStore: insert /localhost/nfd/faces/events/%FE%12
07-24 13:23:26.758 26679 26699 D nfd.Forwarder: onIncomingData matching=/localhost/nfd/faces/events/%FE%12
07-24 13:23:26.758 26679 26699 D nfd.Strategy: afterReceiveData pitEntry=/localhost/nfd/faces/events/%FE%12 inFace=1 data=/localhost/nfd/faces/events/%FE%12
07-24 13:23:26.758 26679 26699 D nfd.Strategy: beforeSatisfyInterest pitEntry=/localhost/nfd/faces/events/%FE%12 inFace=1 data=/localhost/nfd/faces/events/%FE%12
07-24 13:23:26.759 26679 26699 D nfd.Forwarder: onOutgoingData face=256 data=/localhost/nfd/faces/events/%FE%12
07-24 13:23:26.759 26679 26699 V nfd.LinkService: [id=256,local=tcp4://127.0.0.1:6363,remote=tcp4://127.0.0.1:43966] sendData
07-24 13:23:26.759 26679 26699 W nfd.TcpTransport: [id=256,local=tcp4://127.0.0.1:6363,remote=tcp4://127.0.0.1:43966] Failed to obtain send queue length from socket: Permission denied
07-24 13:23:26.759 26679 26699 V nfd.TcpTransport: [id=256,local=tcp4://127.0.0.1:6363,remote=tcp4://127.0.0.1:43966] doSend
07-24 13:23:26.760 26679 26699 V nfd.TcpTransport: [id=256,local=tcp4://127.0.0.1:6363,remote=tcp4://127.0.0.1:43966] Successfully sent: 163 bytes
07-24 13:23:26.760 26679 26699 V nfd.RibManager: onNotification: FaceEvent(Kind: created,
07-24 13:23:26.760 26679 26699 V nfd.RibManager: FaceId: 266,
07-24 13:23:26.760 26679 26699 V nfd.RibManager: RemoteUri: tcp4://127.0.0.1:43996,
07-24 13:23:26.760 26679 26699 V nfd.RibManager: LocalUri: tcp4://127.0.0.1:6363,
07-24 13:23:26.760 26679 26699 V nfd.RibManager: FaceScope: local,
07-24 13:23:26.760 26679 26699 V nfd.RibManager: FacePersistency: on-demand,
07-24 13:23:26.760 26679 26699 V nfd.RibManager: LinkType: point-to-point,
07-24 13:23:26.760 26679 26699 V nfd.RibManager: Flags: 0x4
07-24 13:23:26.760 26679 26699 V nfd.RibManager: )
07-24 13:23:26.760 26679 26699 D nfd.Forwarder: onInterestFinalize interest=/localhost/nfd/faces/events/%FE%12 satisfied
07-24 13:23:26.760 26679 26699 V nfd.NameTreeHashtable: erase /localhost/nfd/faces/events/%FE%12 hash=8356347949250112511 bucket=1023
07-24 13:23:26.760 26679 26699 V nfd.NameTreeHashtable: erase /localhost/nfd/faces/events hash=1233637898983554347 bucket=299
07-24 13:23:26.760 26679 26699 V nfd.NameTreeHashtable: erase /localhost/nfd/faces hash=4081254122302803360 bucket=416
07-24 13:23:26.761 26679 26699 V nfd.TcpTransport: [id=256,local=tcp4://127.0.0.1:6363,remote=tcp4://127.0.0.1:43966] Received: 49 bytes
07-24 13:23:26.761 26679 26699 V nfd.LinkService: [id=256,local=tcp4://127.0.0.1:6363,remote=tcp4://127.0.0.1:43966] receiveInterest
07-24 13:23:26.761 26679 26699 D nfd.Forwarder: onIncomingInterest face=256 interest=/localhost/nfd/faces/events/%FE%13
07-24 13:23:26.761 26679 26699 V nfd.NameTree: lookup(/localhost/nfd/faces/events/%FE%13, 5)
07-24 13:23:26.761 26679 26699 V nfd.NameTreeHashtable: found / hash=0 bucket=0
07-24 13:23:26.761 26679 26699 V nfd.NameTreeHashtable: found /localhost hash=10937169108514740553 bucket=329
07-24 13:23:26.761 26679 26699 V nfd.NameTreeHashtable: found /localhost/nfd hash=3626199823732152002 bucket=706
07-24 13:23:26.761 26679 26699 V nfd.NameTreeHashtable: insert /localhost/nfd/faces hash=4081254122302803360 bucket=416
07-24 13:23:26.761 26679 26699 V nfd.NameTreeHashtable: insert /localhost/nfd/faces/events hash=1233637898983554347 bucket=299
07-24 13:23:26.761 26679 26699 V nfd.NameTreeHashtable: insert /localhost/nfd/faces/events/%FE%13 hash=7070590429013274493 bucket=893
07-24 13:23:26.762 26679 26699 D nfd.ContentStore: find /localhost/nfd/faces/events/%FE%13 L
07-24 13:23:26.762 26679 26699 D nfd.ContentStore: no-match
07-24 13:23:26.762 26679 26699 D nfd.Forwarder: onContentStoreMiss interest=/localhost/nfd/faces/events/%FE%13
07-24 13:23:26.762 26679 26699 V nfd.Strategy: lookupFib noForwardingHint found=/localhost/nfd
07-24 13:23:26.762 26679 26699 D nfd.Forwarder: onOutgoingInterest face=1 interest=/localhost/nfd/faces/events/%FE%13
07-24 13:23:26.762 26679 26699 V nfd.LinkService: [id=1,local=internal://,remote=internal://] sendInterest
07-24 13:23:26.762 26679 26699 V nfd.InternalForwarderTransport: [id=1,local=internal://,remote=internal://] doSend
07-24 13:23:26.762 26679 26699 D nfd.BestRouteStrategy2: /localhost/nfd/faces/events/%FE%13?ndn.InterestLifetime=60000&ndn.Nonce=3775203215 from=256 newPitEntry-to=1
07-24 13:23:26.795 26679 26699 V nfd.TcpTransport: [id=266,local=tcp4://127.0.0.1:6363,remote=tcp4://127.0.0.1:43996] processErrorCode
07-24 13:23:26.795 26679 26699 I nfd.Transport: [id=266,local=tcp4://127.0.0.1:6363,remote=tcp4://127.0.0.1:43996] setState UP -> CLOSING
07-24 13:23:26.795 26679 26699 V nfd.TcpTransport: [id=266,local=tcp4://127.0.0.1:6363,remote=tcp4://127.0.0.1:43996] doClose
07-24 13:23:26.796 26679 26699 V nfd.TcpTransport: [id=266,local=tcp4://127.0.0.1:6363,remote=tcp4://127.0.0.1:43996] deferredClose
07-24 13:23:26.796 26679 26699 I nfd.Transport: [id=266,local=tcp4://127.0.0.1:6363,remote=tcp4://127.0.0.1:43996] setState CLOSING -> CLOSED
07-24 13:23:26.796 26679 26699 V nfd.NameTreeIterator: initialized entry=/ ref=null state=0
07-24 13:23:26.796 26679 26699 V nfd.NameTreeIterator: advanced entry=/localhost/nfd/rib ref=null state=0
07-24 13:23:26.796 26679 26699 V nfd.NameTreeIterator: advanced entry=/ndn ref=null state=0
07-24 13:23:26.796 26679 26699 V nfd.NameTreeIterator: advanced entry=/localhost/nfd/faces/events ref=null state=0
07-24 13:23:26.796 26679 26699 V nfd.NameTreeIterator: advanced entry=/localhost ref=null state=0
07-24 13:23:26.797 26679 26699 V nfd.NameTreeIterator: advanced entry=/ndn/multicast ref=null state=0
07-24 13:23:26.797 26679 26699 V nfd.NameTreeIterator: advanced entry=/ndn/broadcast ref=null state=0
07-24 13:23:26.797 26679 26699 V nfd.NameTreeIterator: advanced entry=/localhost/nfd/faces ref=null state=0
07-24 13:23:26.797 26679 26699 V nfd.NameTreeIterator: advanced entry=/localhost/nfd ref=null state=0
07-24 13:23:26.797 26679 26699 V nfd.NameTreeIterator: advanced entry=/localhost/nfd/faces/events/%FE%13 ref=null state=0
07-24 13:23:26.797 26679 26699 V nfd.NameTreeIterator: advanced end
07-24 13:23:26.797 26679 26699 V nfd.NameTree: not-erase /localhost/nfd/faces/events
07-24 13:23:26.797 26679 26699 V nfd.NameTree: not-erase /localhost/nfd/faces
07-24 13:23:26.797 26679 26699 V nfd.NameTree: not-erase /ndn
07-24 13:23:26.806 26679 26699 I nfd.FaceTable: Removed face id=266 remote=tcp4://127.0.0.1:43996 local=tcp4://127.0.0.1:6363
07-24 13:23:26.806 26679 26699 V nfd.InternalForwarderTransport: [id=1,local=internal://,remote=internal://] receiveFromLink
07-24 13:23:26.807 26679 26699 V nfd.LinkService: [id=1,local=internal://,remote=internal://] receiveData
07-24 13:23:26.807 26679 26699 D nfd.Forwarder: onIncomingData face=1 data=/localhost/nfd/faces/events/%FE%13
07-24 13:23:26.807 26679 26699 V nfd.NameTreeHashtable: found /localhost/nfd/faces/events/%FE%13 hash=7070590429013274493 bucket=893
07-24 13:23:26.807 26679 26699 V nfd.NameTreeIterator: initialized entry=/localhost/nfd/faces/events/%FE%13 ref=/localhost/nfd/faces/events/%FE%13 state=0
07-24 13:23:26.807 26679 26699 V nfd.NameTreeIterator: advanced end
07-24 13:23:26.807 26679 26699 D nfd.ContentStore: insert /localhost/nfd/faces/events/%FE%13
07-24 13:23:26.807 26679 26699 D nfd.Forwarder: onIncomingData matching=/localhost/nfd/faces/events/%FE%13
07-24 13:23:26.807 26679 26699 D nfd.Strategy: afterReceiveData pitEntry=/localhost/nfd/faces/events/%FE%13 inFace=1 data=/localhost/nfd/faces/events/%FE%13
07-24 13:23:26.807 26679 26699 D nfd.Strategy: beforeSatisfyInterest pitEntry=/localhost/nfd/faces/events/%FE%13 inFace=1 data=/localhost/nfd/faces/events/%FE%13
07-24 13:23:26.808 26679 26699 D nfd.Forwarder: onOutgoingData face=256 data=/localhost/nfd/faces/events/%FE%13
07-24 13:23:26.808 26679 26699 V nfd.LinkService: [id=256,local=tcp4://127.0.0.1:6363,remote=tcp4://127.0.0.1:43966] sendData
07-24 13:23:26.797 26699 26699 W vice.NfdService: type=1400 audit(0.0:337): avc: denied { ioctl } for path="socket:[171196]" dev="sockfs" ino=171196 ioctlcmd=894b scontext=u:r:untrusted_app:s0:c512,c768 tcontext=u:r:untrusted_app:s0:c512,c768 tclass=tcp_socket permissive=0
07-24 13:23:26.809 26679 26699 W nfd.TcpTransport: [id=256,local=tcp4://127.0.0.1:6363,remote=tcp4://127.0.0.1:43966] Failed to obtain send queue length from socket: Permission denied
07-24 13:23:26.809 26679 26699 V nfd.TcpTransport: [id=256,local=tcp4://127.0.0.1:6363,remote=tcp4://127.0.0.1:43966] doSend
07-24 13:23:26.810 26679 26699 V nfd.TcpTransport: [id=256,local=tcp4://127.0.0.1:6363,remote=tcp4://127.0.0.1:43966] Successfully sent: 163 bytes
07-24 13:23:26.810 26679 26699 V nfd.RibManager: onNotification: FaceEvent(Kind: destroyed,
07-24 13:23:26.810 26679 26699 V nfd.RibManager: FaceId: 266,
07-24 13:23:26.810 26679 26699 V nfd.RibManager: RemoteUri: tcp4://127.0.0.1:43996,
07-24 13:23:26.810 26679 26699 V nfd.RibManager: LocalUri: tcp4://127.0.0.1:6363,
07-24 13:23:26.810 26679 26699 V nfd.RibManager: FaceScope: local,
07-24 13:23:26.810 26679 26699 V nfd.RibManager: FacePersistency: on-demand,
07-24 13:23:26.810 26679 26699 V nfd.RibManager: LinkType: point-to-point,
07-24 13:23:26.810 26679 26699 V nfd.RibManager: Flags: 0x4
07-24 13:23:26.810 26679 26699 V nfd.RibManager: )
07-24 13:23:26.810 26679 26699 D nfd.RibManager: Received notification for destroyed faceId: 266
07-24 13:23:26.810 26679 26699 D nfd.Forwarder: onInterestFinalize interest=/localhost/nfd/faces/events/%FE%13 satisfied
07-24 13:23:26.810 26679 26699 V nfd.NameTreeHashtable: erase /localhost/nfd/faces/events/%FE%13 hash=7070590429013274493 bucket=893
07-24 13:23:26.810 26679 26699 V nfd.NameTreeHashtable: erase /localhost/nfd/faces/events hash=1233637898983554347 bucket=299
07-24 13:23:26.811 26679 26699 V nfd.NameTreeHashtable: erase /localhost/nfd/faces hash=4081254122302803360 bucket=416
07-24 13:23:26.812 26679 26699 V nfd.TcpTransport: [id=256,local=tcp4://127.0.0.1:6363,remote=tcp4://127.0.0.1:43966] Received: 49 bytes
07-24 13:23:26.812 26679 26699 V nfd.LinkService: [id=256,local=tcp4://127.0.0.1:6363,remote=tcp4://127.0.0.1:43966] receiveInterest
07-24 13:23:26.812 26679 26699 D nfd.Forwarder: onIncomingInterest face=256 interest=/localhost/nfd/faces/events/%FE%14
07-24 13:23:26.812 26679 26699 V nfd.NameTree: lookup(/localhost/nfd/faces/events/%FE%14, 5)
07-24 13:23:26.812 26679 26699 V nfd.NameTreeHashtable: found / hash=0 bucket=0
07-24 13:23:26.813 26679 26699 V nfd.NameTreeHashtable: found /localhost hash=10937169108514740553 bucket=329
07-24 13:23:26.813 26679 26699 V nfd.NameTreeHashtable: found /localhost/nfd hash=3626199823732152002 bucket=706
07-24 13:23:26.813 26679 26699 V nfd.NameTreeHashtable: insert /localhost/nfd/faces hash=4081254122302803360 bucket=416
07-24 13:23:26.813 26679 26699 V nfd.NameTreeHashtable: insert /localhost/nfd/faces/events hash=1233637898983554347 bucket=299
07-24 13:23:26.813 26679 26699 V nfd.NameTreeHashtable: insert /localhost/nfd/faces/events/%FE%14 hash=5345179023933577188 bucket=996
07-24 13:23:26.813 26679 26699 D nfd.ContentStore: find /localhost/nfd/faces/events/%FE%14 L
07-24 13:23:26.813 26679 26699 D nfd.ContentStore: no-match
07-24 13:23:26.813 26679 26699 D nfd.Forwarder: onContentStoreMiss interest=/localhost/nfd/faces/events/%FE%14
07-24 13:23:26.814 26679 26699 V nfd.Strategy: lookupFib noForwardingHint found=/localhost/nfd
07-24 13:23:26.814 26679 26699 D nfd.Forwarder: onOutgoingInterest face=1 interest=/localhost/nfd/faces/events/%FE%14
07-24 13:23:26.814 26679 26699 V nfd.LinkService: [id=1,local=internal://,remote=internal://] sendInterest
07-24 13:23:26.814 26679 26699 V nfd.InternalForwarderTransport: [id=1,local=internal://,remote=internal://] doSend
07-24 13:23:26.814 26679 26699 D nfd.BestRouteStrategy2: /localhost/nfd/faces/events/%FE%14?ndn.InterestLifetime=60000&ndn.Nonce=707280176 from=256 newPitEntry-to=1
07-24 13:23:27.705 26660 26660 D NFDService: onCreateOptionsMenutrue
07-24 13:23:27.726 13530 13530 I GoogleInputMethod: onFinishInput() : Dummy InputConnection bound
07-24 13:23:27.728 13530 13530 I GoogleInputMethod: onStartInput() : Dummy InputConnection bound
07-24 13:23:27.869 26679 26699 V nfd.DeadNonceList: adjustCapacity DOWN capacity=103
07-24 13:23:27.886 26679 26699 V nfd.DeadNonceList: mark nMarks=15
07-24 13:23:28.119 26660 26660 D NFDService: onCreateOptionsMenutrue
07-24 13:23:28.214 711 838 E libnav : CablComputeBacklightLevel(): UpdateType = DifferentSceneUpdate
07-24 13:23:28.633 2338 2338 D wpa_supplicant: wlan0: Control interface command 'SIGNAL_POLL'
07-24 13:23:28.640 2338 2338 D wpa_supplicant: CTRL-DEBUG: global_ctrl_sock-sendto: sock=8 sndbuf=212992 outq=0 send_len=62
07-24 13:23:29.087 26679 26699 V nfd.DeadNonceList: mark nMarks=16
07-24 13:23:29.786 26660 26660 D NFDService: onCreateOptionsMenutrue
07-24 13:23:29.811 26660 26660 D NFDService: MainFragment::unbindNfdService()
07-24 13:23:29.847 26660 26660 D NFDService: onCreateOptionsMenutrue
07-24 13:23:29.853 26679 26699 V nfd.TcpChannel: [tcp4://0.0.0.0:6363] Incoming connection from 127.0.0.1:43998
07-24 13:23:29.854 26679 26699 I nfd.TcpTransport: [id=0,local=tcp4://127.0.0.1:6363,remote=tcp4://127.0.0.1:43998] Creating transport
07-24 13:23:29.854 26679 26699 I nfd.FaceTable: Added face id=267 remote=tcp4://127.0.0.1:43998 local=tcp4://127.0.0.1:6363
07-24 13:23:29.862 26679 26699 V nfd.InternalForwarderTransport: [id=1,local=internal://,remote=internal://] receiveFromLink
07-24 13:23:29.862 26679 26699 V nfd.LinkService: [id=1,local=internal://,remote=internal://] receiveData
07-24 13:23:29.862 26679 26699 D nfd.Forwarder: onIncomingData face=1 data=/localhost/nfd/faces/events/%FE%14
07-24 13:23:29.862 26679 26699 V nfd.NameTreeHashtable: found /localhost/nfd/faces/events/%FE%14 hash=5345179023933577188 bucket=996
07-24 13:23:29.862 26679 26699 V nfd.NameTreeIterator: initialized entry=/localhost/nfd/faces/events/%FE%14 ref=/localhost/nfd/faces/events/%FE%14 state=0
07-24 13:23:29.862 26679 26699 V nfd.NameTreeIterator: advanced end
07-24 13:23:29.862 26679 26699 D nfd.ContentStore: insert /localhost/nfd/faces/events/%FE%14
07-24 13:23:29.862 26679 26699 D nfd.Forwarder: onIncomingData matching=/localhost/nfd/faces/events/%FE%14
07-24 13:23:29.862 26679 26699 D nfd.Strategy: afterReceiveData pitEntry=/localhost/nfd/faces/events/%FE%14 inFace=1 data=/localhost/nfd/faces/events/%FE%14
07-24 13:23:29.863 26679 26699 D nfd.Strategy: beforeSatisfyInterest pitEntry=/localhost/nfd/faces/events/%FE%14 inFace=1 data=/localhost/nfd/faces/events/%FE%14
07-24 13:23:29.863 26679 26699 D nfd.Forwarder: onOutgoingData face=256 data=/localhost/nfd/faces/events/%FE%14
07-24 13:23:29.863 26679 26699 V nfd.LinkService: [id=256,local=tcp4://127.0.0.1:6363,remote=tcp4://127.0.0.1:43966] sendData
07-24 13:23:29.864 26679 26699 W nfd.TcpTransport: [id=256,local=tcp4://127.0.0.1:6363,remote=tcp4://127.0.0.1:43966] Failed to obtain send queue length from socket: Permission denied
07-24 13:23:29.864 26679 26699 V nfd.TcpTransport: [id=256,local=tcp4://127.0.0.1:6363,remote=tcp4://127.0.0.1:43966] doSend
07-24 13:23:29.864 26679 26699 V nfd.TcpTransport: [id=256,local=tcp4://127.0.0.1:6363,remote=tcp4://127.0.0.1:43966] Successfully sent: 163 bytes
07-24 13:23:29.857 26699 26699 W vice.NfdService: type=1400 audit(0.0:338): avc: denied { ioctl } for path="socket:[171196]" dev="sockfs" ino=171196 ioctlcmd=894b scontext=u:r:untrusted_app:s0:c512,c768 tcontext=u:r:untrusted_app:s0:c512,c768 tclass=tcp_socket permissive=0
07-24 13:23:29.865 26679 26699 V nfd.RibManager: onNotification: FaceEvent(Kind: created,
07-24 13:23:29.865 26679 26699 V nfd.RibManager: FaceId: 267,
07-24 13:23:29.865 26679 26699 V nfd.RibManager: RemoteUri: tcp4://127.0.0.1:43998,
07-24 13:23:29.865 26679 26699 V nfd.RibManager: LocalUri: tcp4://127.0.0.1:6363,
07-24 13:23:29.865 26679 26699 V nfd.RibManager: FaceScope: local,
07-24 13:23:29.865 26679 26699 V nfd.RibManager: FacePersistency: on-demand,
07-24 13:23:29.865 26679 26699 V nfd.RibManager: LinkType: point-to-point,
07-24 13:23:29.865 26679 26699 V nfd.RibManager: Flags: 0x4
07-24 13:23:29.865 26679 26699 V nfd.RibManager: )
07-24 13:23:29.865 26679 26699 D nfd.Forwarder: onInterestFinalize interest=/localhost/nfd/faces/events/%FE%14 satisfied
07-24 13:23:29.865 26679 26699 V nfd.NameTreeHashtable: erase /localhost/nfd/faces/events/%FE%14 hash=5345179023933577188 bucket=996
07-24 13:23:29.865 26679 26699 V nfd.NameTreeHashtable: erase /localhost/nfd/faces/events hash=1233637898983554347 bucket=299
07-24 13:23:29.865 26679 26699 V nfd.NameTreeHashtable: erase /localhost/nfd/faces hash=4081254122302803360 bucket=416
07-24 13:23:29.866 26679 26699 V nfd.TcpTransport: [id=256,local=tcp4://127.0.0.1:6363,remote=tcp4://127.0.0.1:43966] Received: 49 bytes
07-24 13:23:29.866 26679 26699 V nfd.LinkService: [id=256,local=tcp4://127.0.0.1:6363,remote=tcp4://127.0.0.1:43966] receiveInterest
07-24 13:23:29.866 26679 26699 D nfd.Forwarder: onIncomingInterest face=256 interest=/localhost/nfd/faces/events/%FE%15
07-24 13:23:29.866 26679 26699 V nfd.NameTree: lookup(/localhost/nfd/faces/events/%FE%15, 5)
07-24 13:23:29.866 26679 26699 V nfd.NameTreeHashtable: found / hash=0 bucket=0
07-24 13:23:29.866 26679 26699 V nfd.NameTreeHashtable: found /localhost hash=10937169108514740553 bucket=329
07-24 13:23:29.866 26679 26699 V nfd.NameTreeHashtable: found /localhost/nfd hash=3626199823732152002 bucket=706
07-24 13:23:29.866 26679 26699 V nfd.NameTreeHashtable: insert /localhost/nfd/faces hash=4081254122302803360 bucket=416
07-24 13:23:29.866 26679 26699 V nfd.NameTreeHashtable: insert /localhost/nfd/faces/events hash=1233637898983554347 bucket=299
07-24 13:23:29.866 26679 26699 V nfd.NameTreeHashtable: insert /localhost/nfd/faces/events/%FE%15 hash=2828974541199605204 bucket=468
07-24 13:23:29.866 26679 26699 D nfd.ContentStore: find /localhost/nfd/faces/events/%FE%15 L
07-24 13:23:29.867 26679 26699 D nfd.ContentStore: no-match
07-24 13:23:29.867 26679 26699 D nfd.Forwarder: onContentStoreMiss interest=/localhost/nfd/faces/events/%FE%15
07-24 13:23:29.867 26679 26699 V nfd.Strategy: lookupFib noForwardingHint found=/localhost/nfd
07-24 13:23:29.867 26679 26699 D nfd.Forwarder: onOutgoingInterest face=1 interest=/localhost/nfd/faces/events/%FE%15
07-24 13:23:29.867 26679 26699 V nfd.LinkService: [id=1,local=internal://,remote=internal://] sendInterest
07-24 13:23:29.867 26679 26699 V nfd.InternalForwarderTransport: [id=1,local=internal://,remote=internal://] doSend
07-24 13:23:29.867 26679 26699 D nfd.BestRouteStrategy2: /localhost/nfd/faces/events/%FE%15?ndn.InterestLifetime=60000&ndn.Nonce=633718209 from=256 newPitEntry-to=1
07-24 13:23:29.868 26679 26699 V nfd.TcpTransport: [id=267,local=tcp4://127.0.0.1:6363,remote=tcp4://127.0.0.1:43998] Received: 50 bytes
07-24 13:23:29.869 26679 26699 V nfd.LinkService: [id=267,local=tcp4://127.0.0.1:6363,remote=tcp4://127.0.0.1:43998] receiveInterest
07-24 13:23:29.869 26679 26699 D nfd.Forwarder: onIncomingInterest face=267 interest=/localhost/nfd/faces/list
07-24 13:23:29.869 26679 26699 V nfd.NameTree: lookup(/localhost/nfd/faces/list, 4)
07-24 13:23:29.869 26679 26699 V nfd.NameTreeHashtable: found / hash=0 bucket=0
07-24 13:23:29.869 26679 26699 V nfd.NameTreeHashtable: found /localhost hash=10937169108514740553 bucket=329
07-24 13:23:29.869 26679 26699 V nfd.NameTreeHashtable: found /localhost/nfd hash=3626199823732152002 bucket=706
07-24 13:23:29.869 26679 26699 V nfd.NameTreeHashtable: found /localhost/nfd/faces hash=4081254122302803360 bucket=416
07-24 13:23:29.869 26679 26699 V nfd.NameTreeHashtable: insert /localhost/nfd/faces/list hash=16399172738370688085 bucket=85
07-24 13:23:29.869 26679 26699 D nfd.ContentStore: find /localhost/nfd/faces/list R
07-24 13:23:29.869 26679 26699 D nfd.ContentStore: no-match
07-24 13:23:29.869 26679 26699 D nfd.Forwarder: onContentStoreMiss interest=/localhost/nfd/faces/list
07-24 13:23:29.869 26679 26699 V nfd.Strategy: lookupFib noForwardingHint found=/localhost/nfd
07-24 13:23:29.869 26679 26699 D nfd.Forwarder: onOutgoingInterest face=1 interest=/localhost/nfd/faces/list
07-24 13:23:29.869 26679 26699 V nfd.LinkService: [id=1,local=internal://,remote=internal://] sendInterest
07-24 13:23:29.870 26679 26699 V nfd.InternalForwarderTransport: [id=1,local=internal://,remote=internal://] doSend
07-24 13:23:29.870 26679 26699 D nfd.BestRouteStrategy2: /localhost/nfd/faces/list?ndn.ChildSelector=1&ndn.MustBeFresh=1&ndn.InterestLifetime=2000&ndn.Nonce=463979181 from=267 newPitEntry-to=1
07-24 13:23:29.876 26679 26699 V nfd.InternalForwarderTransport: [id=1,local=internal://,remote=internal://] receiveFromLink
07-24 13:23:29.867 26699 26699 W vice.NfdService: type=1400 audit(0.0:339): avc: denied { ioctl } for path="socket:[169876]" dev="sockfs" ino=169876 ioctlcmd=894b scontext=u:r:untrusted_app:s0:c512,c768 tcontext=u:r:untrusted_app:s0:c512,c768 tclass=tcp_socket permissive=0
07-24 13:23:29.877 26679 26699 V nfd.LinkService: [id=1,local=internal://,remote=internal://] receiveData
07-24 13:23:29.877 26679 26699 D nfd.Forwarder: onIncomingData face=1 data=/localhost/nfd/faces/list/%FD%00%00%01d%CDQ9%CE/%00%00
07-24 13:23:29.877 26679 26699 V nfd.NameTreeHashtable: not-found /localhost/nfd/faces/list/%FD%00%00%01d%CDQ9%CE/%00%00 hash=7766692305294536470 bucket=790
07-24 13:23:29.877 26679 26699 V nfd.NameTreeHashtable: not-found /localhost/nfd/faces/list/%FD%00%00%01d%CDQ9%CE hash=6485001478314121904 bucket=688
07-24 13:23:29.877 26679 26699 V nfd.NameTreeHashtable: found /localhost/nfd/faces/list hash=16399172738370688085 bucket=85
07-24 13:23:29.877 26679 26699 V nfd.NameTreeIterator: initialized entry=/localhost/nfd/faces/list ref=/localhost/nfd/faces/list state=0
07-24 13:23:29.877 26679 26699 V nfd.NameTreeIterator: advanced end
07-24 13:23:29.877 26679 26699 D nfd.ContentStore: insert /localhost/nfd/faces/list/%FD%00%00%01d%CDQ9%CE/%00%00
07-24 13:23:29.877 26679 26699 D nfd.Forwarder: onIncomingData matching=/localhost/nfd/faces/list
07-24 13:23:29.877 26679 26699 D nfd.Strategy: afterReceiveData pitEntry=/localhost/nfd/faces/list inFace=1 data=/localhost/nfd/faces/list/%FD%00%00%01d%CDQ9%CE/%00%00
07-24 13:23:29.877 26679 26699 D nfd.Strategy: beforeSatisfyInterest pitEntry=/localhost/nfd/faces/list inFace=1 data=/localhost/nfd/faces/list/%FD%00%00%01d%CDQ9%CE/%00%00
07-24 13:23:29.877 26679 26699 D nfd.Forwarder: onOutgoingData face=267 data=/localhost/nfd/faces/list/%FD%00%00%01d%CDQ9%CE/%00%00
07-24 13:23:29.877 26679 26699 V nfd.LinkService: [id=267,local=tcp4://127.0.0.1:6363,remote=tcp4://127.0.0.1:43998] sendData
07-24 13:23:29.878 26679 26699 W nfd.TcpTransport: [id=267,local=tcp4://127.0.0.1:6363,remote=tcp4://127.0.0.1:43998] Failed to obtain send queue length from socket: Permission denied
07-24 13:23:29.878 26679 26699 V nfd.TcpTransport: [id=267,local=tcp4://127.0.0.1:6363,remote=tcp4://127.0.0.1:43998] doSend
07-24 13:23:29.880 26679 26699 V nfd.TcpTransport: [id=267,local=tcp4://127.0.0.1:6363,remote=tcp4://127.0.0.1:43998] Successfully sent: 655 bytes
07-24 13:23:29.880 26679 26699 D nfd.Forwarder: onInterestFinalize interest=/localhost/nfd/faces/list satisfied
07-24 13:23:29.881 26679 26699 V nfd.NameTreeHashtable: erase /localhost/nfd/faces/list hash=16399172738370688085 bucket=85
07-24 13:23:29.912 26679 26699 V nfd.TcpTransport: [id=267,local=tcp4://127.0.0.1:6363,remote=tcp4://127.0.0.1:43998] processErrorCode
07-24 13:23:29.912 26679 26699 I nfd.Transport: [id=267,local=tcp4://127.0.0.1:6363,remote=tcp4://127.0.0.1:43998] setState UP -> CLOSING
07-24 13:23:29.912 26679 26699 V nfd.TcpTransport: [id=267,local=tcp4://127.0.0.1:6363,remote=tcp4://127.0.0.1:43998] doClose
07-24 13:23:29.912 26679 26699 V nfd.TcpTransport: [id=267,local=tcp4://127.0.0.1:6363,remote=tcp4://127.0.0.1:43998] deferredClose
07-24 13:23:29.912 26679 26699 I nfd.Transport: [id=267,local=tcp4://127.0.0.1:6363,remote=tcp4://127.0.0.1:43998] setState CLOSING -> CLOSED
07-24 13:23:29.912 26679 26699 V nfd.NameTreeIterator: initialized entry=/ ref=null state=0
07-24 13:23:29.913 26679 26699 V nfd.NameTreeIterator: advanced entry=/localhost/nfd/rib ref=null state=0
07-24 13:23:29.913 26679 26699 V nfd.NameTreeIterator: advanced entry=/ndn ref=null state=0
07-24 13:23:29.913 26679 26699 V nfd.NameTreeIterator: advanced entry=/localhost/nfd/faces/events ref=null state=0
07-24 13:23:29.913 26679 26699 V nfd.NameTreeIterator: advanced entry=/localhost ref=null state=0
07-24 13:23:29.913 26679 26699 V nfd.NameTreeIterator: advanced entry=/ndn/multicast ref=null state=0
07-24 13:23:29.913 26679 26699 V nfd.NameTreeIterator: advanced entry=/ndn/broadcast ref=null state=0
07-24 13:23:29.913 26679 26699 V nfd.NameTreeIterator: advanced entry=/localhost/nfd/faces ref=null state=0
07-24 13:23:29.913 26679 26699 V nfd.NameTreeIterator: advanced entry=/localhost/nfd/faces/events/%FE%15 ref=null state=0
07-24 13:23:29.913 26679 26699 V nfd.NameTreeIterator: advanced entry=/localhost/nfd ref=null state=0
07-24 13:23:29.913 26679 26699 V nfd.NameTreeIterator: advanced end
07-24 13:23:29.913 26679 26699 V nfd.NameTree: not-erase /localhost/nfd/faces/events
07-24 13:23:29.913 26679 26699 V nfd.NameTree: not-erase /localhost/nfd/faces
07-24 13:23:29.913 26679 26699 V nfd.NameTree: not-erase /ndn
07-24 13:23:29.916 26679 26699 I nfd.FaceTable: Removed face id=267 remote=tcp4://127.0.0.1:43998 local=tcp4://127.0.0.1:6363
07-24 13:23:29.917 26679 26699 V nfd.InternalForwarderTransport: [id=1,local=internal://,remote=internal://] receiveFromLink
07-24 13:23:29.917 26679 26699 V nfd.LinkService: [id=1,local=internal://,remote=internal://] receiveData
07-24 13:23:29.917 26679 26699 D nfd.Forwarder: onIncomingData face=1 data=/localhost/nfd/faces/events/%FE%15
07-24 13:23:29.917 26679 26699 V nfd.NameTreeHashtable: found /localhost/nfd/faces/events/%FE%15 hash=2828974541199605204 bucket=468
07-24 13:23:29.917 26679 26699 V nfd.NameTreeIterator: initialized entry=/localhost/nfd/faces/events/%FE%15 ref=/localhost/nfd/faces/events/%FE%15 state=0
07-24 13:23:29.917 26679 26699 V nfd.NameTreeIterator: advanced end
07-24 13:23:29.917 26679 26699 D nfd.ContentStore: insert /localhost/nfd/faces/events/%FE%15
07-24 13:23:29.917 26679 26699 D nfd.Forwarder: onIncomingData matching=/localhost/nfd/faces/events/%FE%15
07-24 13:23:29.917 26679 26699 D nfd.Strategy: afterReceiveData pitEntry=/localhost/nfd/faces/events/%FE%15 inFace=1 data=/localhost/nfd/faces/events/%FE%15
07-24 13:23:29.917 26679 26699 D nfd.Strategy: beforeSatisfyInterest pitEntry=/localhost/nfd/faces/events/%FE%15 inFace=1 data=/localhost/nfd/faces/events/%FE%15
07-24 13:23:29.917 26679 26699 D nfd.Forwarder: onOutgoingData face=256 data=/localhost/nfd/faces/events/%FE%15
07-24 13:23:29.917 26679 26699 V nfd.LinkService: [id=256,local=tcp4://127.0.0.1:6363,remote=tcp4://127.0.0.1:43966] sendData
07-24 13:23:29.917 26679 26699 W nfd.TcpTransport: [id=256,local=tcp4://127.0.0.1:6363,remote=tcp4://127.0.0.1:43966] Failed to obtain send queue length from socket: Permission denied
07-24 13:23:29.917 26679 26699 V nfd.TcpTransport: [id=256,local=tcp4://127.0.0.1:6363,remote=tcp4://127.0.0.1:43966] doSend
07-24 13:23:29.918 26679 26699 V nfd.TcpTransport: [id=256,local=tcp4://127.0.0.1:6363,remote=tcp4://127.0.0.1:43966] Successfully sent: 163 bytes
07-24 13:23:29.907 26699 26699 W vice.NfdService: type=1400 audit(0.0:340): avc: denied { ioctl } for path="socket:[171196]" dev="sockfs" ino=171196 ioctlcmd=894b scontext=u:r:untrusted_app:s0:c512,c768 tcontext=u:r:untrusted_app:s0:c512,c768 tclass=tcp_socket permissive=0
07-24 13:23:29.919 26679 26699 V nfd.RibManager: onNotification: FaceEvent(Kind: destroyed,
07-24 13:23:29.919 26679 26699 V nfd.RibManager: FaceId: 267,
07-24 13:23:29.919 26679 26699 V nfd.RibManager: RemoteUri: tcp4://127.0.0.1:43998,
07-24 13:23:29.919 26679 26699 V nfd.RibManager: LocalUri: tcp4://127.0.0.1:6363,
07-24 13:23:29.919 26679 26699 V nfd.RibManager: FaceScope: local,
07-24 13:23:29.919 26679 26699 V nfd.RibManager: FacePersistency: on-demand,
07-24 13:23:29.919 26679 26699 V nfd.RibManager: LinkType: point-to-point,
07-24 13:23:29.919 26679 26699 V nfd.RibManager: Flags: 0x4
07-24 13:23:29.919 26679 26699 V nfd.RibManager: )
07-24 13:23:29.919 26679 26699 D nfd.RibManager: Received notification for destroyed faceId: 267
07-24 13:23:29.919 26679 26699 D nfd.Forwarder: onInterestFinalize interest=/localhost/nfd/faces/events/%FE%15 satisfied
07-24 13:23:29.919 26679 26699 V nfd.NameTreeHashtable: erase /localhost/nfd/faces/events/%FE%15 hash=2828974541199605204 bucket=468
07-24 13:23:29.919 26679 26699 V nfd.NameTreeHashtable: erase /localhost/nfd/faces/events hash=1233637898983554347 bucket=299
07-24 13:23:29.919 26679 26699 V nfd.NameTreeHashtable: erase /localhost/nfd/faces hash=4081254122302803360 bucket=416
07-24 13:23:29.919 26679 26699 V nfd.TcpTransport: [id=256,local=tcp4://127.0.0.1:6363,remote=tcp4://127.0.0.1:43966] Received: 49 bytes
07-24 13:23:29.920 26679 26699 V nfd.LinkService: [id=256,local=tcp4://127.0.0.1:6363,remote=tcp4://127.0.0.1:43966] receiveInterest
07-24 13:23:29.920 26679 26699 D nfd.Forwarder: onIncomingInterest face=256 interest=/localhost/nfd/faces/events/%FE%16
07-24 13:23:29.920 26679 26699 V nfd.NameTree: lookup(/localhost/nfd/faces/events/%FE%16, 5)
07-24 13:23:29.920 26679 26699 V nfd.NameTreeHashtable: found / hash=0 bucket=0
07-24 13:23:29.920 26679 26699 V nfd.NameTreeHashtable: found /localhost hash=10937169108514740553 bucket=329
07-24 13:23:29.920 26679 26699 V nfd.NameTreeHashtable: found /localhost/nfd hash=3626199823732152002 bucket=706
07-24 13:23:29.920 26679 26699 V nfd.NameTreeHashtable: insert /localhost/nfd/faces hash=4081254122302803360 bucket=416
07-24 13:23:29.920 26679 26699 V nfd.NameTreeHashtable: insert /localhost/nfd/faces/events hash=1233637898983554347 bucket=299
07-24 13:23:29.920 26679 26699 V nfd.NameTreeHashtable: insert /localhost/nfd/faces/events/%FE%16 hash=13487077365052142988 bucket=396
07-24 13:23:29.920 26679 26699 D nfd.ContentStore: find /localhost/nfd/faces/events/%FE%16 L
07-24 13:23:29.920 26679 26699 D nfd.ContentStore: no-match
07-24 13:23:29.920 26679 26699 D nfd.Forwarder: onContentStoreMiss interest=/localhost/nfd/faces/events/%FE%16
07-24 13:23:29.920 26679 26699 V nfd.Strategy: lookupFib noForwardingHint found=/localhost/nfd
07-24 13:23:29.920 26679 26699 D nfd.Forwarder: onOutgoingInterest face=1 interest=/localhost/nfd/faces/events/%FE%16
07-24 13:23:29.920 26679 26699 V nfd.LinkService: [id=1,local=internal://,remote=internal://] sendInterest
07-24 13:23:29.920 26679 26699 V nfd.InternalForwarderTransport: [id=1,local=internal://,remote=internal://] doSend
07-24 13:23:29.920 26679 26699 D nfd.BestRouteStrategy2: /localhost/nfd/faces/events/%FE%16?ndn.InterestLifetime=60000&ndn.Nonce=2502212091 from=256 newPitEntry-to=1
07-24 13:23:30.206 13530 13530 I GoogleInputMethod: onFinishInput() : Dummy InputConnection bound
07-24 13:23:30.207 13530 13530 I GoogleInputMethod: onStartInput() : Dummy InputConnection bound
07-24 13:23:30.213 26660 26660 D NFDService: onCreateOptionsMenufalse
07-24 13:23:30.289 26679 26699 V nfd.DeadNonceList: mark nMarks=17
07-24 13:23:30.591 711 838 E libnav : CablComputeBacklightLevel(): UpdateType = DifferentSceneUpdate
07-24 13:23:31.410 1718 1718 D CompatibilityInfo: mCompatibilityFlags - 0
07-24 13:23:31.411 1718 1718 D CompatibilityInfo: applicationDensity - 480
07-24 13:23:31.411 1718 1718 D CompatibilityInfo: applicationScale - 1.0
07-24 13:23:31.425 16054 16054 I BgTaskExecutorImpl: Starting EXCLUSIVE background task FETCH_OPT_IN_STATUSES.
07-24 13:23:31.442 1718 2284 D CompatibilityInfo: mCompatibilityFlags - 0
07-24 13:23:31.442 1718 2284 D CompatibilityInfo: applicationDensity - 480
07-24 13:23:31.442 1718 2284 D CompatibilityInfo: applicationScale - 1.0
07-24 13:23:31.489 1718 2826 D CompatibilityInfo: mCompatibilityFlags - 0
07-24 13:23:31.489 1718 2826 D CompatibilityInfo: applicationDensity - 480
07-24 13:23:31.489 1718 2826 D CompatibilityInfo: applicationScale - 1.0
07-24 13:23:31.489 26679 26699 V nfd.DeadNonceList: mark nMarks=18
07-24 13:23:31.576 1718 2902 D CompatibilityInfo: mCompatibilityFlags - 0
07-24 13:23:31.576 1718 2902 D CompatibilityInfo: applicationDensity - 480
07-24 13:23:31.576 1718 2902 D CompatibilityInfo: applicationScale - 1.0
07-24 13:23:31.602 16054 27102 I FetchOptInStatusTask: Audio History Disabled: Deleting model
07-24 13:23:31.622 1718 2902 D CompatibilityInfo: mCompatibilityFlags - 0
07-24 13:23:31.622 1718 2902 D CompatibilityInfo: applicationDensity - 480
07-24 13:23:31.622 1718 2902 D CompatibilityInfo: applicationScale - 1.0
07-24 13:23:31.651 16054 16054 I BgTaskExecutorImpl: Starting EXCLUSIVE background task NOW_UPDATE_GCM_REGISTRATION.
07-24 13:23:31.652 2338 2338 D wpa_supplicant: wlan0: Control interface command 'SIGNAL_POLL'
07-24 13:23:31.660 16054 16054 W SearchServiceCore: Abort, client detached.
07-24 13:23:31.666 16054 27102 W OptInChecker: Missing cached UDC setting for NOW_CARDS
07-24 13:23:31.666 2338 2338 D wpa_supplicant: CTRL-DEBUG: global_ctrl_sock-sendto: sock=8 sndbuf=212992 outq=0 send_len=62
07-24 13:23:32.692 26679 26699 V nfd.DeadNonceList: mark nMarks=19
07-24 13:23:33.430 1718 1718 W WindowManager: Attempted to remove non-existing token: android.os.Binder@926813b
07-24 13:23:33.871 26679 26699 V nfd.DeadNonceList: adjustCapacity DOWN capacity=92
07-24 13:23:33.893 26679 26699 V nfd.DeadNonceList: mark nMarks=20