07-24 13:21:34.338 24459 24459 I chatty : uid=10126(net.named_data.nfd) expire 20 lines
07-24 13:21:34.364 13530 13530 I GoogleInputMethod: onFinishInput() : Dummy InputConnection bound
07-24 13:21:34.365 13530 13530 I GoogleInputMethod: onStartInput() : Dummy InputConnection bound
07-24 13:21:34.849 711 838 E libnav : CablComputeBacklightLevel(): UpdateType = DifferentSceneUpdate
07-24 13:21:35.629 13530 13530 I GoogleInputMethod: onFinishInput() : Dummy InputConnection bound
07-24 13:21:35.630 13530 13530 I GoogleInputMethod: onStartInput() : Dummy InputConnection bound
07-24 13:21:35.729 711 838 E libnav : CablComputeBacklightLevel(): UpdateType = DifferentSceneUpdate
07-24 13:21:36.666 2338 2338 D wpa_supplicant: wlan0: Control interface command 'SIGNAL_POLL'
07-24 13:21:36.682 2338 2338 D wpa_supplicant: CTRL-DEBUG: global_ctrl_sock-sendto: sock=8 sndbuf=212992 outq=0 send_len=62
07-24 13:21:38.438 711 838 E libnav : CablComputeBacklightLevel(): UpdateType = DifferentSceneUpdate
07-24 13:21:38.669 13530 13530 I GoogleInputMethod: onFinishInput() : Dummy InputConnection bound
07-24 13:21:38.671 13530 13530 I GoogleInputMethod: onStartInput() : Dummy InputConnection bound
07-24 13:21:38.869 711 838 E libnav : CablComputeBacklightLevel(): UpdateType = DifferentSceneUpdate
07-24 13:21:39.044 13530 13530 I GoogleInputMethod: onFinishInput() : Dummy InputConnection bound
07-24 13:21:39.045 13530 13530 I GoogleInputMethod: onStartInput() : Dummy InputConnection bound
07-24 13:21:39.435 711 838 E libnav : CablComputeBacklightLevel(): UpdateType = DifferentSceneUpdate
07-24 13:21:39.696 2338 2338 D wpa_supplicant: wlan0: Control interface command 'SIGNAL_POLL'
07-24 13:21:39.702 2338 2338 D wpa_supplicant: CTRL-DEBUG: global_ctrl_sock-sendto: sock=8 sndbuf=212992 outq=0 send_len=62
07-24 13:21:42.244 1718 1718 W WindowManager: Attempted to remove non-existing token: android.os.Binder@c37cfd0
07-24 13:21:42.625 711 838 E libnav : CablComputeBacklightLevel(): UpdateType = DifferentSceneUpdate
07-24 13:21:42.738 2338 2338 D wpa_supplicant: wlan0: Control interface command 'SIGNAL_POLL'
07-24 13:21:42.749 2338 2338 D wpa_supplicant: CTRL-DEBUG: global_ctrl_sock-sendto: sock=8 sndbuf=212992 outq=0 send_len=62
07-24 13:21:42.828 13530 13530 I GoogleInputMethod: onFinishInput() : Dummy InputConnection bound
07-24 13:21:42.829 13530 13530 I GoogleInputMethod: onStartInput() : Dummy InputConnection bound
07-24 13:21:43.166 13530 13530 I GoogleInputMethod: onFinishInput() : Dummy InputConnection bound
07-24 13:21:43.168 13530 13530 I GoogleInputMethod: onStartInput() : Dummy InputConnection bound
07-24 13:21:43.190 711 838 E libnav : CablComputeBacklightLevel(): UpdateType = DifferentSceneUpdate
07-24 13:21:43.437 24499 24499 I chatty : uid=10126 net.named_data.nfd.service.NfdService expire 16 lines
07-24 13:21:43.441 24478 24499 I chatty : uid=10126 net.named_data.nfd.service.NfdService expire 710 lines
07-24 13:21:45.758 1718 1718 W WindowManager: Attempted to remove non-existing token: android.os.Binder@b399b85
07-24 13:21:45.761 2338 2338 D wpa_supplicant: wlan0: Control interface command 'SIGNAL_POLL'
07-24 13:21:45.767 2338 2338 D wpa_supplicant: CTRL-DEBUG: global_ctrl_sock-sendto: sock=8 sndbuf=212992 outq=0 send_len=62
07-24 13:21:48.395 24459 24459 I chatty : uid=10126(net.named_data.nfd) expire 11 lines
07-24 13:21:48.426 13530 13530 I GoogleInputMethod: onFinishInput() : Dummy InputConnection bound
07-24 13:21:48.428 13530 13530 I GoogleInputMethod: onStartInput() : Dummy InputConnection bound
07-24 13:21:48.786 2338 2338 D wpa_supplicant: wlan0: Control interface command 'SIGNAL_POLL'
07-24 13:21:48.791 2338 2338 D wpa_supplicant: CTRL-DEBUG: global_ctrl_sock-sendto: sock=8 sndbuf=212992 outq=0 send_len=62
07-24 13:21:48.922 711 838 E libnav : CablComputeBacklightLevel(): UpdateType = DifferentSceneUpdate
07-24 13:21:49.096 577 2606 E ANDR-PERF-MPCTL: Invalid profile no. 0, total profiles 0 only
07-24 13:21:49.096 577 2606 E ANDR-PERF-RESOURCEQS: Failed to apply optimization [3, 0]
07-24 13:21:49.098 577 2606 E ANDR-PERF-RESOURCEQS: Failed to apply optimization [5, 0]
07-24 13:21:49.553 13530 13530 I GoogleInputMethod: onFinishInput() : Dummy InputConnection bound
07-24 13:21:49.554 13530 13530 I GoogleInputMethod: onStartInput() : Dummy InputConnection bound
07-24 13:21:49.903 711 838 E libnav : CablComputeBacklightLevel(): UpdateType = DifferentSceneUpdate
07-24 13:21:51.811 2338 2338 D wpa_supplicant: wlan0: Control interface command 'SIGNAL_POLL'
07-24 13:21:51.820 2338 2338 D wpa_supplicant: CTRL-DEBUG: global_ctrl_sock-sendto: sock=8 sndbuf=212992 outq=0 send_len=62
07-24 13:21:52.764 1718 1718 W WindowManager: Attempted to remove non-existing token: android.os.Binder@dc28b94
07-24 13:21:53.724 2338 2338 D wpa_supplicant: wlan0: BSS: Remove id 466 BSSID cc:d5:39:bb:d6:df SSID 'NISTNet' due to wpa_bss_flush_by_age
07-24 13:21:53.725 2338 2338 D wpa_supplicant: CTRL-DEBUG: ctrl_sock-sendmsg: sock=8 sndbuf=212992 outq=0 send_len=44
07-24 13:21:53.725 2338 2338 D wpa_supplicant: CTRL_IFACE monitor sent successfully to /data/misc/wifi/sockets/wpa_ctrl_882-14\x00
07-24 13:21:53.725 2338 2338 D wpa_supplicant: CTRL-DEBUG: ctrl_sock-sendmsg: sock=8 sndbuf=212992 outq=768 send_len=44
07-24 13:21:53.725 2338 2338 D wpa_supplicant: CTRL_IFACE monitor sent successfully to /data/misc/wifi/sockets/wpa_ctrl_1718-2\x00
07-24 13:21:53.726 2338 2338 D wpa_supplicant: wlan0: BSS: Remove id 488 BSSID cc:d5:39:bb:d6:d3 SSID '\x00' due to wpa_bss_flush_by_age
07-24 13:21:53.726 2338 2338 D wpa_supplicant: CTRL-DEBUG: ctrl_sock-sendmsg: sock=8 sndbuf=212992 outq=1536 send_len=44
07-24 13:21:53.726 2338 2338 D wpa_supplicant: CTRL_IFACE monitor sent successfully to /data/misc/wifi/sockets/wpa_ctrl_882-14\x00
07-24 13:21:53.726 2338 2338 D wpa_supplicant: CTRL-DEBUG: ctrl_sock-sendmsg: sock=8 sndbuf=212992 outq=2304 send_len=44
07-24 13:21:53.726 2338 2338 D wpa_supplicant: CTRL_IFACE monitor sent successfully to /data/misc/wifi/sockets/wpa_ctrl_1718-2\x00
07-24 13:21:53.726 2338 2338 D wpa_supplicant: wlan0: BSS: Remove id 467 BSSID cc:d5:39:bb:d6:d0 SSID 'NISTNet' due to wpa_bss_flush_by_age
07-24 13:21:53.726 2338 2338 D wpa_supplicant: CTRL-DEBUG: ctrl_sock-sendmsg: sock=8 sndbuf=212992 outq=3072 send_len=44
07-24 13:21:53.726 2338 2338 D wpa_supplicant: CTRL_IFACE monitor sent successfully to /data/misc/wifi/sockets/wpa_ctrl_882-14\x00
07-24 13:21:53.726 2338 2338 D wpa_supplicant: CTRL-DEBUG: ctrl_sock-sendmsg: sock=8 sndbuf=212992 outq=3072 send_len=44
07-24 13:21:53.726 2338 2338 D wpa_supplicant: CTRL_IFACE monitor sent successfully to /data/misc/wifi/sockets/wpa_ctrl_1718-2\x00
07-24 13:21:53.726 2338 2338 D wpa_supplicant: wlan0: BSS: Remove id 468 BSSID 2a:56:5a:20:60:74 SSID 'DIRECT-74-HP M477 LaserJet' due to wpa_bss_flush_by_age
07-24 13:21:53.726 2338 2338 D wpa_supplicant: CTRL-DEBUG: ctrl_sock-sendmsg: sock=8 sndbuf=212992 outq=3840 send_len=44
07-24 13:21:53.726 2338 2338 D wpa_supplicant: CTRL_IFACE monitor sent successfully to /data/misc/wifi/sockets/wpa_ctrl_882-14\x00
07-24 13:21:53.726 2338 2338 D wpa_supplicant: CTRL-DEBUG: ctrl_sock-sendmsg: sock=8 sndbuf=212992 outq=4608 send_len=44
07-24 13:21:53.726 2338 2338 D wpa_supplicant: CTRL_IFACE monitor sent successfully to /data/misc/wifi/sockets/wpa_ctrl_1718-2\x00
07-24 13:21:53.726 2338 2338 D wpa_supplicant: wlan0: BSS: Remove id 469 BSSID 88:75:56:c7:d9:20 SSID 'NISTNet' due to wpa_bss_flush_by_age
07-24 13:21:53.726 2338 2338 D wpa_supplicant: CTRL-DEBUG: ctrl_sock-sendmsg: sock=8 sndbuf=212992 outq=5376 send_len=44
07-24 13:21:53.726 2338 2338 D wpa_supplicant: CTRL_IFACE monitor sent successfully to /data/misc/wifi/sockets/wpa_ctrl_882-14\x00
07-24 13:21:53.726 2338 2338 D wpa_supplicant: CTRL-DEBUG: ctrl_sock-sendmsg: sock=8 sndbuf=212992 outq=6144 send_len=44
07-24 13:21:53.726 2338 2338 D wpa_supplicant: CTRL_IFACE monitor sent successfully to /data/misc/wifi/sockets/wpa_ctrl_1718-2\x00
07-24 13:21:53.727 2338 2338 D wpa_supplicant: wlan0: BSS: Remove id 545 BSSID 88:75:56:c7:d9:2d SSID '\x00' due to wpa_bss_flush_by_age
07-24 13:21:53.727 2338 2338 D wpa_supplicant: CTRL-DEBUG: ctrl_sock-sendmsg: sock=8 sndbuf=212992 outq=3840 send_len=44
07-24 13:21:53.727 2338 2338 D wpa_supplicant: CTRL_IFACE monitor sent successfully to /data/misc/wifi/sockets/wpa_ctrl_882-14\x00
07-24 13:21:53.727 2338 2338 D wpa_supplicant: CTRL-DEBUG: ctrl_sock-sendmsg: sock=8 sndbuf=212992 outq=4608 send_len=44
07-24 13:21:53.727 2338 2338 D wpa_supplicant: CTRL_IFACE monitor sent successfully to /data/misc/wifi/sockets/wpa_ctrl_1718-2\x00
07-24 13:21:53.727 2338 2338 D wpa_supplicant: wlan0: BSS: Remove id 490 BSSID 88:75:56:c7:d9:2f SSID 'NISTNet' due to wpa_bss_flush_by_age
07-24 13:21:53.727 2338 2338 D wpa_supplicant: CTRL-DEBUG: ctrl_sock-sendmsg: sock=8 sndbuf=212992 outq=5376 send_len=44
07-24 13:21:53.727 2338 2338 D wpa_supplicant: CTRL_IFACE monitor sent successfully to /data/misc/wifi/sockets/wpa_ctrl_882-14\x00
07-24 13:21:53.727 2338 2338 D wpa_supplicant: CTRL-DEBUG: ctrl_sock-sendmsg: sock=8 sndbuf=212992 outq=6144 send_len=44
07-24 13:21:53.727 2338 2338 D wpa_supplicant: CTRL_IFACE monitor sent successfully to /data/misc/wifi/sockets/wpa_ctrl_1718-2\x00
07-24 13:21:53.727 2338 2338 D wpa_supplicant: wlan0: BSS: Remove id 516 BSSID a0:d3:c1:d6:61:5d SSID 'HP-Print-5D-Officejet Pro 8630' due to wpa_bss_flush_by_age
07-24 13:21:53.727 2338 2338 D wpa_supplicant: CTRL-DEBUG: ctrl_sock-sendmsg: sock=8 sndbuf=212992 outq=6144 send_len=44
07-24 13:21:53.727 2338 2338 D wpa_supplicant: CTRL_IFACE monitor sent successfully to /data/misc/wifi/sockets/wpa_ctrl_882-14\x00
07-24 13:21:53.727 2338 2338 D wpa_supplicant: CTRL-DEBUG: ctrl_sock-sendmsg: sock=8 sndbuf=212992 outq=6144 send_len=44
07-24 13:21:53.727 2338 2338 D wpa_supplicant: CTRL_IFACE monitor sent successfully to /data/misc/wifi/sockets/wpa_ctrl_1718-2\x00
07-24 13:21:54.834 2338 2338 D wpa_supplicant: wlan0: Control interface command 'SIGNAL_POLL'
07-24 13:21:54.842 2338 2338 D wpa_supplicant: CTRL-DEBUG: global_ctrl_sock-sendto: sock=8 sndbuf=212992 outq=0 send_len=62
07-24 13:21:54.934 24478 24499 I chatty : uid=10126 net.named_data.nfd.service.NfdService expire 172 lines
07-24 13:21:57.864 2338 2338 D wpa_supplicant: wlan0: Control interface command 'SIGNAL_POLL'
07-24 13:21:57.871 2338 2338 D wpa_supplicant: CTRL-DEBUG: global_ctrl_sock-sendto: sock=8 sndbuf=212992 outq=0 send_len=62
07-24 13:21:58.442 1718 1718 W WindowManager: Attempted to remove non-existing token: android.os.Binder@7558783
07-24 13:21:59.648 1718 1811 E PowerManagerService: BatteryReceiver onReceive() status: 2 plugType:1
07-24 13:21:59.648 1718 1718 I RPS : onReceive IntentIntent { act=android.intent.action.BATTERY_CHANGED flg=0x60000010 (has extras) }
07-24 13:21:59.648 1718 1718 I RPS : Battery Level in percentage:93.0Level:93Scale100
07-24 13:21:59.648 1718 1718 I RPS : checkCallbacks
07-24 13:21:59.650 2815 2815 I tsdmc : BatteryMonitorService.checkFWUpdateWithBatteryEnough()
07-24 13:21:59.650 2815 2815 V tsdmc : mbatteryLevel = 93; bBatteryLow= false
07-24 13:21:59.650 2364 2364 I TelephonyManager: isMultiSimEnabled()- telephonyManager: uid= 1001
07-24 13:21:59.651 2060 2060 D KeyguardUpdateMonitor: received broadcast android.intent.action.BATTERY_CHANGED
07-24 13:21:59.654 2364 2364 E QtiImsExtUtils: getConfigForPhoneId subId is invalid
07-24 13:21:59.654 2364 2364 E QtiImsExtUtils: isCarrierConfigEnabled bundle is null
07-24 13:21:59.657 2060 2060 D KeyguardUpdateMonitor: handleBatteryUpdate
07-24 13:22:00.010 2060 2060 D KeyguardUpdateMonitor: received broadcast android.intent.action.TIME_TICK
07-24 13:22:00.011 2060 2060 D KeyguardUpdateMonitor: handleTimeUpdate
07-24 13:22:00.891 2338 2338 D wpa_supplicant: wlan0: Control interface command 'SIGNAL_POLL'
07-24 13:22:00.901 2338 2338 D wpa_supplicant: CTRL-DEBUG: global_ctrl_sock-sendto: sock=8 sndbuf=212992 outq=0 send_len=62
07-24 13:22:02.398 711 838 E libnav : CablComputeBacklightLevel(): UpdateType = DifferentSceneUpdate
07-24 13:22:03.402 577 2606 E ANDR-PERF-MPCTL: Invalid profile no. 0, total profiles 0 only
07-24 13:22:03.402 577 2606 E ANDR-PERF-RESOURCEQS: Failed to apply optimization [3, 0]
07-24 13:22:03.407 577 2606 E ANDR-PERF-RESOURCEQS: Failed to apply optimization [5, 0]
07-24 13:22:03.477 24499 24499 I chatty : uid=10126 net.named_data.nfd.service.NfdService expire 15 lines
07-24 13:22:03.490 13530 13530 I GoogleInputMethod: onFinishInput() : Dummy InputConnection bound
07-24 13:22:03.491 13530 13530 I GoogleInputMethod: onStartInput() : Dummy InputConnection bound
07-24 13:22:03.727 2338 2338 D wpa_supplicant: wlan0: BSS: Remove id 555 BSSID 20:3a:07:9f:ec:9f SSID 'NISTNet' due to wpa_bss_flush_by_age
07-24 13:22:03.728 2338 2338 D wpa_supplicant: CTRL-DEBUG: ctrl_sock-sendmsg: sock=8 sndbuf=212992 outq=0 send_len=44
07-24 13:22:03.728 2338 2338 D wpa_supplicant: CTRL_IFACE monitor sent successfully to /data/misc/wifi/sockets/wpa_ctrl_882-14\x00
07-24 13:22:03.728 2338 2338 D wpa_supplicant: CTRL-DEBUG: ctrl_sock-sendmsg: sock=8 sndbuf=212992 outq=768 send_len=44
07-24 13:22:03.728 2338 2338 D wpa_supplicant: CTRL_IFACE monitor sent successfully to /data/misc/wifi/sockets/wpa_ctrl_1718-2\x00
07-24 13:22:03.728 2338 2338 D wpa_supplicant: wlan0: BSS: Remove id 542 BSSID 20:3a:07:9e:16:3d SSID '\x00' due to wpa_bss_flush_by_age
07-24 13:22:03.728 2338 2338 D wpa_supplicant: CTRL-DEBUG: ctrl_sock-sendmsg: sock=8 sndbuf=212992 outq=1536 send_len=44
07-24 13:22:03.728 2338 2338 D wpa_supplicant: CTRL_IFACE monitor sent successfully to /data/misc/wifi/sockets/wpa_ctrl_882-14\x00
07-24 13:22:03.728 2338 2338 D wpa_supplicant: CTRL-DEBUG: ctrl_sock-sendmsg: sock=8 sndbuf=212992 outq=2304 send_len=44
07-24 13:22:03.728 2338 2338 D wpa_supplicant: CTRL_IFACE monitor sent successfully to /data/misc/wifi/sockets/wpa_ctrl_1718-2\x00
07-24 13:22:03.728 2338 2338 D wpa_supplicant: wlan0: BSS: Remove id 556 BSSID 20:3a:07:9e:16:30 SSID 'NISTNet' due to wpa_bss_flush_by_age
07-24 13:22:03.728 2338 2338 D wpa_supplicant: CTRL-DEBUG: ctrl_sock-sendmsg: sock=8 sndbuf=212992 outq=2304 send_len=44
07-24 13:22:03.728 2338 2338 D wpa_supplicant: CTRL_IFACE monitor sent successfully to /data/misc/wifi/sockets/wpa_ctrl_882-14\x00
07-24 13:22:03.728 2338 2338 D wpa_supplicant: CTRL-DEBUG: ctrl_sock-sendmsg: sock=8 sndbuf=212992 outq=3072 send_len=44
07-24 13:22:03.728 2338 2338 D wpa_supplicant: CTRL_IFACE monitor sent successfully to /data/misc/wifi/sockets/wpa_ctrl_1718-2\x00
07-24 13:22:03.728 2338 2338 D wpa_supplicant: wlan0: BSS: Remove id 539 BSSID 34:a8:4e:6b:56:a0 SSID 'NISTNet' due to wpa_bss_flush_by_age
07-24 13:22:03.728 2338 2338 D wpa_supplicant: CTRL-DEBUG: ctrl_sock-sendmsg: sock=8 sndbuf=212992 outq=2304 send_len=44
07-24 13:22:03.729 2338 2338 D wpa_supplicant: CTRL_IFACE monitor sent successfully to /data/misc/wifi/sockets/wpa_ctrl_882-14\x00
07-24 13:22:03.729 2338 2338 D wpa_supplicant: CTRL-DEBUG: ctrl_sock-sendmsg: sock=8 sndbuf=212992 outq=3072 send_len=44
07-24 13:22:03.729 2338 2338 D wpa_supplicant: CTRL_IFACE monitor sent successfully to /data/misc/wifi/sockets/wpa_ctrl_1718-2\x00
07-24 13:22:03.729 2338 2338 D wpa_supplicant: wlan0: BSS: Remove id 538 BSSID bc:30:7e:a6:4b:c4 SSID 'ClickShare-1871915262' due to wpa_bss_flush_by_age
07-24 13:22:03.729 2338 2338 D wpa_supplicant: CTRL-DEBUG: ctrl_sock-sendmsg: sock=8 sndbuf=212992 outq=3840 send_len=44
07-24 13:22:03.729 2338 2338 D wpa_supplicant: CTRL_IFACE monitor sent successfully to /data/misc/wifi/sockets/wpa_ctrl_882-14\x00
07-24 13:22:03.729 2338 2338 D wpa_supplicant: CTRL-DEBUG: ctrl_sock-sendmsg: sock=8 sndbuf=212992 outq=4608 send_len=44
07-24 13:22:03.729 2338 2338 D wpa_supplicant: CTRL_IFACE monitor sent successfully to /data/misc/wifi/sockets/wpa_ctrl_1718-2\x00
07-24 13:22:03.729 2338 2338 D wpa_supplicant: wlan0: BSS: Remove id 543 BSSID 34:a8:4e:3a:9c:e0 SSID 'NISTNet' due to wpa_bss_flush_by_age
07-24 13:22:03.729 2338 2338 D wpa_supplicant: CTRL-DEBUG: ctrl_sock-sendmsg: sock=8 sndbuf=212992 outq=3840 send_len=44
07-24 13:22:03.729 2338 2338 D wpa_supplicant: CTRL_IFACE monitor sent successfully to /data/misc/wifi/sockets/wpa_ctrl_882-14\x00
07-24 13:22:03.729 2338 2338 D wpa_supplicant: CTRL-DEBUG: ctrl_sock-sendmsg: sock=8 sndbuf=212992 outq=4608 send_len=44
07-24 13:22:03.729 2338 2338 D wpa_supplicant: CTRL_IFACE monitor sent successfully to /data/misc/wifi/sockets/wpa_ctrl_1718-2\x00
07-24 13:22:03.729 2338 2338 D wpa_supplicant: wlan0: BSS: Remove id 476 BSSID 20:3a:07:9f:ec:90 SSID 'NISTNet' due to wpa_bss_flush_by_age
07-24 13:22:03.729 2338 2338 D wpa_supplicant: CTRL-DEBUG: ctrl_sock-sendmsg: sock=8 sndbuf=212992 outq=5376 send_len=44
07-24 13:22:03.729 2338 2338 D wpa_supplicant: CTRL_IFACE monitor sent successfully to /data/misc/wifi/sockets/wpa_ctrl_882-14\x00
07-24 13:22:03.729 2338 2338 D wpa_supplicant: CTRL-DEBUG: ctrl_sock-sendmsg: sock=8 sndbuf=212992 outq=6144 send_len=44
07-24 13:22:03.729 2338 2338 D wpa_supplicant: CTRL_IFACE monitor sent successfully to /data/misc/wifi/sockets/wpa_ctrl_1718-2\x00
07-24 13:22:03.729 2338 2338 D wpa_supplicant: wlan0: BSS: Remove id 552 BSSID 20:3a:07:9f:ec:95 SSID '\x00' due to wpa_bss_flush_by_age
07-24 13:22:03.730 2338 2338 D wpa_supplicant: CTRL-DEBUG: ctrl_sock-sendmsg: sock=8 sndbuf=212992 outq=5376 send_len=44
07-24 13:22:03.730 2338 2338 D wpa_supplicant: CTRL_IFACE monitor sent successfully to /data/misc/wifi/sockets/wpa_ctrl_882-14\x00
07-24 13:22:03.730 2338 2338 D wpa_supplicant: CTRL-DEBUG: ctrl_sock-sendmsg: sock=8 sndbuf=212992 outq=6144 send_len=44
07-24 13:22:03.730 2338 2338 D wpa_supplicant: CTRL_IFACE monitor sent successfully to /data/misc/wifi/sockets/wpa_ctrl_1718-2\x00
07-24 13:22:03.730 2338 2338 D wpa_supplicant: wlan0: BSS: Remove id 557 BSSID 88:75:56:af:81:32 SSID '\x00' due to wpa_bss_flush_by_age
07-24 13:22:03.730 2338 2338 D wpa_supplicant: CTRL-DEBUG: ctrl_sock-sendmsg: sock=8 sndbuf=212992 outq=6144 send_len=44
07-24 13:22:03.730 2338 2338 D wpa_supplicant: CTRL_IFACE monitor sent successfully to /data/misc/wifi/sockets/wpa_ctrl_882-14\x00
07-24 13:22:03.730 2338 2338 D wpa_supplicant: CTRL-DEBUG: ctrl_sock-sendmsg: sock=8 sndbuf=212992 outq=6912 send_len=44
07-24 13:22:03.730 2338 2338 D wpa_supplicant: CTRL_IFACE monitor sent successfully to /data/misc/wifi/sockets/wpa_ctrl_1718-2\x00
07-24 13:22:03.730 2338 2338 D wpa_supplicant: wlan0: BSS: Remove id 478 BSSID cc:d5:39:bb:d6:d1 SSID 'NIST-Guest' due to wpa_bss_flush_by_age
07-24 13:22:03.730 2338 2338 D wpa_supplicant: CTRL-DEBUG: ctrl_sock-sendmsg: sock=8 sndbuf=212992 outq=6912 send_len=44
07-24 13:22:03.730 2338 2338 D wpa_supplicant: CTRL_IFACE monitor sent successfully to /data/misc/wifi/sockets/wpa_ctrl_882-14\x00
07-24 13:22:03.730 2338 2338 D wpa_supplicant: CTRL-DEBUG: ctrl_sock-sendmsg: sock=8 sndbuf=212992 outq=7680 send_len=44
07-24 13:22:03.730 2338 2338 D wpa_supplicant: CTRL_IFACE monitor sent successfully to /data/misc/wifi/sockets/wpa_ctrl_1718-2\x00
07-24 13:22:03.730 2338 2338 D wpa_supplicant: wlan0: BSS: Remove id 480 BSSID 88:75:56:c7:d9:21 SSID 'NIST-Guest' due to wpa_bss_flush_by_age
07-24 13:22:03.730 2338 2338 D wpa_supplicant: CTRL-DEBUG: ctrl_sock-sendmsg: sock=8 sndbuf=212992 outq=7680 send_len=44
07-24 13:22:03.730 2338 2338 D wpa_supplicant: CTRL_IFACE monitor sent successfully to /data/misc/wifi/sockets/wpa_ctrl_882-14\x00
07-24 13:22:03.730 2338 2338 D wpa_supplicant: CTRL-DEBUG: ctrl_sock-sendmsg: sock=8 sndbuf=212992 outq=8448 send_len=44
07-24 13:22:03.731 2338 2338 D wpa_supplicant: CTRL_IFACE monitor sent successfully to /data/misc/wifi/sockets/wpa_ctrl_1718-2\x00
07-24 13:22:03.731 2338 2338 D wpa_supplicant: wlan0: BSS: Remove id 498 BSSID 88:75:56:c7:d9:2e SSID 'NIST-Guest' due to wpa_bss_flush_by_age
07-24 13:22:03.731 2338 2338 D wpa_supplicant: CTRL-DEBUG: ctrl_sock-sendmsg: sock=8 sndbuf=212992 outq=9216 send_len=44
07-24 13:22:03.731 2338 2338 D wpa_supplicant: CTRL_IFACE monitor sent successfully to /data/misc/wifi/sockets/wpa_ctrl_882-14\x00
07-24 13:22:03.731 2338 2338 D wpa_supplicant: CTRL-DEBUG: ctrl_sock-sendmsg: sock=8 sndbuf=212992 outq=9984 send_len=44
07-24 13:22:03.731 2338 2338 D wpa_supplicant: CTRL_IFACE monitor sent successfully to /data/misc/wifi/sockets/wpa_ctrl_1718-2\x00
07-24 13:22:03.731 2338 2338 D wpa_supplicant: wlan0: BSS: Remove id 558 BSSID 20:3a:07:9e:16:31 SSID 'NIST-Guest' due to wpa_bss_flush_by_age
07-24 13:22:03.731 2338 2338 D wpa_supplicant: CTRL-DEBUG: ctrl_sock-sendmsg: sock=8 sndbuf=212992 outq=10752 send_len=44
07-24 13:22:03.731 2338 2338 D wpa_supplicant: CTRL_IFACE monitor sent successfully to /data/misc/wifi/sockets/wpa_ctrl_882-14\x00
07-24 13:22:03.731 2338 2338 D wpa_supplicant: CTRL-DEBUG: ctrl_sock-sendmsg: sock=8 sndbuf=212992 outq=11520 send_len=44
07-24 13:22:03.731 2338 2338 D wpa_supplicant: CTRL_IFACE monitor sent successfully to /data/misc/wifi/sockets/wpa_ctrl_1718-2\x00
07-24 13:22:03.731 2338 2338 D wpa_supplicant: wlan0: BSS: Remove id 559 BSSID 20:3a:07:9f:e7:91 SSID 'NIST-Guest' due to wpa_bss_flush_by_age
07-24 13:22:03.731 2338 2338 D wpa_supplicant: CTRL-DEBUG: ctrl_sock-sendmsg: sock=8 sndbuf=212992 outq=12288 send_len=44
07-24 13:22:03.731 2338 2338 D wpa_supplicant: CTRL_IFACE monitor sent successfully to /data/misc/wifi/sockets/wpa_ctrl_882-14\x00
07-24 13:22:03.731 2338 2338 D wpa_supplicant: CTRL-DEBUG: ctrl_sock-sendmsg: sock=8 sndbuf=212992 outq=13056 send_len=44
07-24 13:22:03.731 2338 2338 D wpa_supplicant: CTRL_IFACE monitor sent successfully to /data/misc/wifi/sockets/wpa_ctrl_1718-2\x00
07-24 13:22:03.731 2338 2338 D wpa_supplicant: wlan0: BSS: Remove id 553 BSSID 34:a8:4e:6b:56:a1 SSID 'NIST-Guest' due to wpa_bss_flush_by_age
07-24 13:22:03.731 2338 2338 D wpa_supplicant: CTRL-DEBUG: ctrl_sock-sendmsg: sock=8 sndbuf=212992 outq=13824 send_len=44
07-24 13:22:03.731 2338 2338 D wpa_supplicant: CTRL_IFACE monitor sent successfully to /data/misc/wifi/sockets/wpa_ctrl_882-14\x00
07-24 13:22:03.731 2338 2338 D wpa_supplicant: CTRL-DEBUG: ctrl_sock-sendmsg: sock=8 sndbuf=212992 outq=14592 send_len=44
07-24 13:22:03.731 2338 2338 D wpa_supplicant: CTRL_IFACE monitor sent successfully to /data/misc/wifi/sockets/wpa_ctrl_1718-2\x00
07-24 13:22:03.732 2338 2338 D wpa_supplicant: wlan0: BSS: Remove id 500 BSSID 34:a8:4e:3a:9c:e1 SSID 'NIST-Guest' due to wpa_bss_flush_by_age
07-24 13:22:03.732 2338 2338 D wpa_supplicant: CTRL-DEBUG: ctrl_sock-sendmsg: sock=8 sndbuf=212992 outq=15360 send_len=44
07-24 13:22:03.732 2338 2338 D wpa_supplicant: CTRL_IFACE monitor sent successfully to /data/misc/wifi/sockets/wpa_ctrl_882-14\x00
07-24 13:22:03.732 2338 2338 D wpa_supplicant: CTRL-DEBUG: ctrl_sock-sendmsg: sock=8 sndbuf=212992 outq=15360 send_len=44
07-24 13:22:03.732 2338 2338 D wpa_supplicant: CTRL_IFACE monitor sent successfully to /data/misc/wifi/sockets/wpa_ctrl_1718-2\x00
07-24 13:22:03.732 2338 2338 D wpa_supplicant: wlan0: BSS: Remove id 483 BSSID 20:3a:07:9f:ec:91 SSID 'NIST-Guest' due to wpa_bss_flush_by_age
07-24 13:22:03.732 2338 2338 D wpa_supplicant: CTRL-DEBUG: ctrl_sock-sendmsg: sock=8 sndbuf=212992 outq=14592 send_len=44
07-24 13:22:03.732 2338 2338 D wpa_supplicant: CTRL_IFACE monitor sent successfully to /data/misc/wifi/sockets/wpa_ctrl_882-14\x00
07-24 13:22:03.732 2338 2338 D wpa_supplicant: CTRL-DEBUG: ctrl_sock-sendmsg: sock=8 sndbuf=212992 outq=13824 send_len=44
07-24 13:22:03.732 2338 2338 D wpa_supplicant: CTRL_IFACE monitor sent successfully to /data/misc/wifi/sockets/wpa_ctrl_1718-2\x00
07-24 13:22:03.869 13530 13530 I GoogleInputMethod: onFinishInput() : Dummy InputConnection bound
07-24 13:22:03.870 13530 13530 I GoogleInputMethod: onStartInput() : Dummy InputConnection bound
07-24 13:22:03.917 2338 2338 D wpa_supplicant: wlan0: Control interface command 'SIGNAL_POLL'
07-24 13:22:03.938 2338 2338 D wpa_supplicant: CTRL-DEBUG: global_ctrl_sock-sendto: sock=8 sndbuf=212992 outq=0 send_len=62
07-24 13:22:04.010 711 838 E libnav : CablComputeBacklightLevel(): UpdateType = DifferentSceneUpdate
07-24 13:22:04.746 13530 13530 I GoogleInputMethod: onFinishInput() : Dummy InputConnection bound
07-24 13:22:04.922 13530 13530 W GInputConnectionWrapper: IPC IC_GET_TEXT_BEFORE_CURSOR_AND_FIX_SELECTION_INDICES took 172 ms
07-24 13:22:04.947 13530 13530 I LatinIme: onActivate() : EditorInfo = Package = net.named_data.nfd : Type = Text : Learning = Disable : Suggestion = Show : AutoCorrection = Disable : Microphone = Show : Incognito = Disable
07-24 13:22:04.947 13530 13530 I LatinIme: isMonolingualEnUs(): true. enable_autospace_after_punctuation_setting: true. pref_key_enable_autospace_after_punctuation: false. EditorInfoUtil.shouldEnableAutoCorrection(editorInfo): false.
07-24 13:22:04.955 13530 13530 I InputContext: input context reset success: true error: 0 input_state_id 30
07-24 13:22:04.957 13530 13530 W VoiceImeTranscriptor: UIME feature enabled: true
07-24 13:22:04.971 13530 13530 I LatinMotionHandler: consumeEvent() : GestureTypingEnabled = true
07-24 13:22:04.974 13530 13530 I GifEntryExtension: onActivate()
07-24 13:22:04.974 13530 13530 I DevFeatureConfig: Gif candidate disabled by Phenotype
07-24 13:22:04.974 13530 13530 I Conv2QueryExtension: isEnabled() : true
07-24 13:22:04.974 13530 13530 I Conv2QueryExtension: Current locale: en_US, config allows these locales: de,en,fr,it,es,pt
07-24 13:22:04.974 13530 13530 I Conv2QueryExtension: Conv2Query not enabled due to current app [net.named_data.nfd] not in whitelist
07-24 13:22:04.974 13530 13530 W Conv2QueryExtension: onActivate() : Disabled by unsupported host app
07-24 13:22:04.975 13530 13530 I FeatureCardNotice: Feature card notice not shown: no cards to display
07-24 13:22:04.975 13530 13559 I PrimesMetrics: Ignore memory metric of com.google.android.apps.inputmethod.libs.search.gif.GifEntryPointCandidateExtension.
07-24 13:22:04.976 13530 13530 I EmojiDataExtension: onActivate() : Locale = en_US
07-24 13:22:04.976 13530 13530 I EmojiSuperpacksFeature: Emoji superpacks enabled
07-24 13:22:04.976 13530 13559 I PrimesMetrics: Ignore memory metric of com.google.android.apps.inputmethod.libs.pill.PillExtension.
07-24 13:22:04.976 13530 13559 I PrimesMetrics: Ignore memory metric of com.google.android.apps.inputmethod.libs.search.nativecard.FeatureCardNoticeExtension.
07-24 13:22:04.979 13530 13530 I FirebaseJobDispatcher: Cancel task: LstmDownloadManager_init. Success.
07-24 13:22:04.980 1718 1772 D CompatibilityInfo: mCompatibilityFlags - 0
07-24 13:22:04.980 1718 1772 D CompatibilityInfo: applicationDensity - 480
07-24 13:22:04.980 1718 1772 D CompatibilityInfo: applicationScale - 1.0
07-24 13:22:04.984 13530 13530 I FirebaseJobDispatcher: Cancel task: LstmDownloadManager. Success.
07-24 13:22:04.984 1718 2835 D CompatibilityInfo: mCompatibilityFlags - 0
07-24 13:22:04.984 1718 2835 D CompatibilityInfo: applicationDensity - 480
07-24 13:22:04.985 1718 2835 D CompatibilityInfo: applicationScale - 1.0
07-24 13:22:04.985 13530 13530 W VoiceImeTranscriptor: UIME feature enabled: true
07-24 13:22:04.985 13530 13604 I Delight5Decoder: addPredictionEngine() : Duplicate engine dfk@9dcb1dd
07-24 13:22:04.985 13530 13530 I VoiceImeExtension: Voice Extension onStartInputView() Mic status = [MicIconAvailable]
07-24 13:22:04.986 13530 13584 I Superpacks: Registering manifest lstm.9 with URL https://www.gstatic.com/android/keyboard/modelpack/dvrnn/superpacks_manifest.json, constraints: *:* and flags: *. Version: 9
07-24 13:22:04.986 13530 13584 I Superpacks: Manifest lstm is already the current sync version
07-24 13:22:05.003 13530 13530 I FeaturePermissions: onSharedPreferenceChanged() : Key = latest_activation_time : Feature = null
07-24 13:22:05.356 711 838 E libnav : CablComputeBacklightLevel(): UpdateType = DifferentSceneUpdate
07-24 13:22:05.641 1718 2322 E IzatSvc_PassiveLocListener: Exiting with error onLocationChanged line 172 "1"
07-24 13:22:05.952 24478 24499 I chatty : uid=10126 net.named_data.nfd.service.NfdService expire 11 lines
07-24 13:22:06.868 13530 13530 W VoiceImeTranscriptor: UIME feature enabled: true
07-24 13:22:06.952 2338 2338 D wpa_supplicant: wlan0: Control interface command 'SIGNAL_POLL'
07-24 13:22:06.956 2338 2338 D wpa_supplicant: CTRL-DEBUG: global_ctrl_sock-sendto: sock=8 sndbuf=212992 outq=0 send_len=62
07-24 13:22:07.447 1718 2835 D CompatibilityInfo: mCompatibilityFlags - 0
07-24 13:22:07.447 1718 2835 D CompatibilityInfo: applicationDensity - 480
07-24 13:22:07.447 1718 2835 D CompatibilityInfo: applicationScale - 1.0
07-24 13:22:07.951 13530 13530 I PhenotypeExpConfig: refreshConfiguration() : Force = false : UpdateAvailable = false : Age = 58 minutes : MaxAge = 720 minutes
07-24 13:22:07.954 13530 13530 I LatinIme: onDeactivate()
07-24 13:22:07.980 13530 13530 I LatinIme: onActivate() : EditorInfo = Package = net.named_data.nfd : Type = Text : Learning = Disable : Suggestion = Show : AutoCorrection = Disable : Microphone = Show : Incognito = Disable
07-24 13:22:07.981 13530 13530 I LatinIme: isMonolingualEnUs(): true. enable_autospace_after_punctuation_setting: true. pref_key_enable_autospace_after_punctuation: false. EditorInfoUtil.shouldEnableAutoCorrection(editorInfo): false.
07-24 13:22:07.989 13530 13530 I InputContext: input context reset success: true error: 0 input_state_id 34
07-24 13:22:08.000 13530 13530 W VoiceImeTranscriptor: UIME feature enabled: true
07-24 13:22:08.013 13530 13530 I LatinMotionHandler: consumeEvent() : GestureTypingEnabled = true
07-24 13:22:08.017 13530 13530 I GifEntryExtension: onActivate()
07-24 13:22:08.017 13530 13530 I DevFeatureConfig: Gif candidate disabled by Phenotype
07-24 13:22:08.017 13530 13530 I Conv2QueryExtension: isEnabled() : true
07-24 13:22:08.017 13530 13530 I Conv2QueryExtension: Current locale: en_US, config allows these locales: de,en,fr,it,es,pt
07-24 13:22:08.017 13530 13559 I PrimesMetrics: Ignore memory metric of com.google.android.apps.inputmethod.libs.search.gif.GifEntryPointCandidateExtension.
07-24 13:22:08.018 13530 13530 I Conv2QueryExtension: Conv2Query not enabled due to current app [net.named_data.nfd] not in whitelist
07-24 13:22:08.018 13530 13530 W Conv2QueryExtension: onActivate() : Disabled by unsupported host app
07-24 13:22:08.018 13530 13559 I PrimesMetrics: Ignore memory metric of com.google.android.apps.inputmethod.libs.pill.PillExtension.
07-24 13:22:08.019 13530 13530 I FeatureCardNotice: Feature card notice not shown: no cards to display
07-24 13:22:08.019 13530 13559 I PrimesMetrics: Ignore memory metric of com.google.android.apps.inputmethod.libs.search.nativecard.FeatureCardNoticeExtension.
07-24 13:22:08.019 13530 13530 I EmojiDataExtension: onActivate() : Locale = en_US
07-24 13:22:08.019 13530 13530 I EmojiSuperpacksFeature: Emoji superpacks enabled
07-24 13:22:08.023 13530 13530 I FirebaseJobDispatcher: Cancel task: LstmDownloadManager_init. Success.
07-24 13:22:08.025 1718 1772 D CompatibilityInfo: mCompatibilityFlags - 0
07-24 13:22:08.025 1718 1772 D CompatibilityInfo: applicationDensity - 480
07-24 13:22:08.025 1718 1772 D CompatibilityInfo: applicationScale - 1.0
07-24 13:22:08.027 13530 13530 I FirebaseJobDispatcher: Cancel task: LstmDownloadManager. Success.
07-24 13:22:08.028 13530 13530 W VoiceImeTranscriptor: UIME feature enabled: true
07-24 13:22:08.028 13530 13604 I Delight5Decoder: addPredictionEngine() : Duplicate engine dfk@9dcb1dd
07-24 13:22:08.028 13530 13530 I VoiceImeExtension: Voice Extension onStartInputView() Mic status = [MicIconAvailable]
07-24 13:22:08.029 13530 13584 I Superpacks: Registering manifest lstm.9 with URL https://www.gstatic.com/android/keyboard/modelpack/dvrnn/superpacks_manifest.json, constraints: *:* and flags: *. Version: 9
07-24 13:22:08.029 13530 13584 I Superpacks: Manifest lstm is already the current sync version
07-24 13:22:08.030 1718 1772 D CompatibilityInfo: mCompatibilityFlags - 0
07-24 13:22:08.030 1718 1772 D CompatibilityInfo: applicationDensity - 480
07-24 13:22:08.030 1718 1772 D CompatibilityInfo: applicationScale - 1.0
07-24 13:22:08.051 13530 13530 I FeaturePermissions: onSharedPreferenceChanged() : Key = latest_activation_time : Feature = null
07-24 13:22:09.978 2338 2338 D wpa_supplicant: wlan0: Control interface command 'SIGNAL_POLL'
07-24 13:22:09.988 2338 2338 D wpa_supplicant: CTRL-DEBUG: global_ctrl_sock-sendto: sock=8 sndbuf=212992 outq=0 send_len=62
07-24 13:22:10.132 13530 13530 W VoiceImeTranscriptor: UIME feature enabled: true
07-24 13:22:12.812 13530 13530 W VoiceImeTranscriptor: UIME feature enabled: true
07-24 13:22:12.825 13530 13530 I LatinMotionHandler: consumeEvent() : GestureTypingEnabled = true
07-24 13:22:13.005 2338 2338 D wpa_supplicant: wlan0: Control interface command 'SIGNAL_POLL'
07-24 13:22:13.017 2338 2338 D wpa_supplicant: CTRL-DEBUG: global_ctrl_sock-sendto: sock=8 sndbuf=212992 outq=0 send_len=62
07-24 13:22:16.034 2338 2338 D wpa_supplicant: wlan0: Control interface command 'SIGNAL_POLL'
07-24 13:22:16.047 2338 2338 D wpa_supplicant: CTRL-DEBUG: global_ctrl_sock-sendto: sock=8 sndbuf=212992 outq=0 send_len=62
07-24 13:22:16.762 24478 24499 I chatty : uid=10126 net.named_data.nfd.service.NfdService expire 494 lines
07-24 13:22:19.063 2338 2338 D wpa_supplicant: wlan0: Control interface command 'SIGNAL_POLL'
07-24 13:22:19.077 2338 2338 D wpa_supplicant: CTRL-DEBUG: global_ctrl_sock-sendto: sock=8 sndbuf=212992 outq=0 send_len=62
07-24 13:22:22.091 2338 2338 D wpa_supplicant: wlan0: Control interface command 'SIGNAL_POLL'
07-24 13:22:22.103 2338 2338 D wpa_supplicant: CTRL-DEBUG: global_ctrl_sock-sendto: sock=8 sndbuf=212992 outq=0 send_len=62
07-24 13:22:22.527 13530 13530 I GoogleInputMethodImpl: hideSoftInput() : flags = 0
07-24 13:22:22.534 13530 13530 I PhenotypeExpConfig: refreshConfiguration() : Force = false : UpdateAvailable = false : Age = 58 minutes : MaxAge = 720 minutes
07-24 13:22:22.536 13530 13530 I LatinIme: onDeactivate()
07-24 13:22:22.553 13530 13530 I GoogleInputMethod: onStartInput() : Dummy InputConnection bound
07-24 13:22:22.838 711 838 E libnav : CablComputeBacklightLevel(): UpdateType = DifferentSceneUpdate
07-24 13:22:22.877 24499 24499 I chatty : uid=10126 net.named_data.nfd.service.NfdService expire 11 lines
07-24 13:22:25.119 2338 2338 D wpa_supplicant: wlan0: Control interface command 'SIGNAL_POLL'
07-24 13:22:25.134 2338 2338 D wpa_supplicant: CTRL-DEBUG: global_ctrl_sock-sendto: sock=8 sndbuf=212992 outq=0 send_len=62
07-24 13:22:26.343 1718 1718 W WindowManager: Attempted to remove non-existing token: android.os.Binder@4ab613a
07-24 13:22:26.449 24459 24459 I chatty : uid=10126(net.named_data.nfd) expire 11 lines
07-24 13:22:26.976 711 838 E libnav : CablComputeBacklightLevel(): UpdateType = DifferentSceneUpdate
07-24 13:22:27.590 24478 24499 I chatty : uid=10126 net.named_data.nfd.service.NfdService expire 90 lines
07-24 13:22:27.597 577 2606 E ANDR-PERF-MPCTL: Invalid profile no. 0, total profiles 0 only
07-24 13:22:27.597 577 2606 E ANDR-PERF-RESOURCEQS: Failed to apply optimization [3, 0]
07-24 13:22:27.599 577 2606 E ANDR-PERF-RESOURCEQS: Failed to apply optimization [5, 0]
07-24 13:22:27.658 13530 13530 I GoogleInputMethod: onFinishInput() : Dummy InputConnection bound
07-24 13:22:27.659 13530 13530 I GoogleInputMethod: onStartInput() : Dummy InputConnection bound
07-24 13:22:28.033 13530 13530 I GoogleInputMethod: onFinishInput() : Dummy InputConnection bound
07-24 13:22:28.073 711 838 E libnav : CablComputeBacklightLevel(): UpdateType = DifferentSceneUpdate
07-24 13:22:28.150 2338 2338 D wpa_supplicant: wlan0: Control interface command 'SIGNAL_POLL'
07-24 13:22:28.162 2338 2338 D wpa_supplicant: CTRL-DEBUG: global_ctrl_sock-sendto: sock=8 sndbuf=212992 outq=0 send_len=62
07-24 13:22:28.666 13530 13530 I LatinIme: onActivate() : EditorInfo = Package = net.named_data.nfd : Type = Text : Learning = Enable : Suggestion = Show : AutoCorrection = Enable : Microphone = Show : Incognito = Disable
07-24 13:22:28.667 13530 13530 I LatinIme: isMonolingualEnUs(): true. enable_autospace_after_punctuation_setting: true. pref_key_enable_autospace_after_punctuation: false. EditorInfoUtil.shouldEnableAutoCorrection(editorInfo): true.
07-24 13:22:28.675 13530 13530 I InputContext: input context reset success: true error: 0 input_state_id 86
07-24 13:22:28.680 13530 13530 W VoiceImeTranscriptor: UIME feature enabled: true
07-24 13:22:28.707 13530 13530 I LatinMotionHandler: consumeEvent() : GestureTypingEnabled = true
07-24 13:22:28.709 13530 13530 I GifEntryExtension: onActivate()
07-24 13:22:28.710 13530 13530 I DevFeatureConfig: Gif candidate disabled by Phenotype
07-24 13:22:28.710 13530 13530 I Conv2QueryExtension: isEnabled() : true
07-24 13:22:28.710 13530 13530 I Conv2QueryExtension: Current locale: en_US, config allows these locales: de,en,fr,it,es,pt
07-24 13:22:28.711 13530 13530 I Conv2QueryExtension: Conv2Query not enabled due to current app [net.named_data.nfd] not in whitelist
07-24 13:22:28.711 13530 13530 W Conv2QueryExtension: onActivate() : Disabled by unsupported host app
07-24 13:22:28.711 13530 13559 I PrimesMetrics: Ignore memory metric of com.google.android.apps.inputmethod.libs.search.gif.GifEntryPointCandidateExtension.
07-24 13:22:28.712 13530 13559 I PrimesMetrics: Ignore memory metric of com.google.android.apps.inputmethod.libs.pill.PillExtension.
07-24 13:22:28.712 13530 13530 I FeatureCardNotice: Feature card notice not shown: no cards to display
07-24 13:22:28.713 13530 13530 I EmojiDataExtension: onActivate() : Locale = en_US
07-24 13:22:28.713 13530 13530 I EmojiSuperpacksFeature: Emoji superpacks enabled
07-24 13:22:28.713 13530 13559 I PrimesMetrics: Ignore memory metric of com.google.android.apps.inputmethod.libs.search.nativecard.FeatureCardNoticeExtension.
07-24 13:22:28.720 1718 1772 D CompatibilityInfo: mCompatibilityFlags - 0
07-24 13:22:28.720 13530 13530 I FirebaseJobDispatcher: Cancel task: LstmDownloadManager_init. Success.
07-24 13:22:28.720 1718 1772 D CompatibilityInfo: applicationDensity - 480
07-24 13:22:28.720 1718 1772 D CompatibilityInfo: applicationScale - 1.0
07-24 13:22:28.725 1718 2690 D CompatibilityInfo: mCompatibilityFlags - 0
07-24 13:22:28.725 1718 2690 D CompatibilityInfo: applicationDensity - 480
07-24 13:22:28.725 1718 2690 D CompatibilityInfo: applicationScale - 1.0
07-24 13:22:28.726 13530 13530 I FirebaseJobDispatcher: Cancel task: LstmDownloadManager. Success.
07-24 13:22:28.728 13530 13530 W VoiceImeTranscriptor: UIME feature enabled: true
07-24 13:22:28.728 13530 13530 I VoiceImeExtension: Voice Extension onStartInputView() Mic status = [MicIconAvailable]
07-24 13:22:28.729 13530 13584 I Superpacks: Registering manifest lstm.9 with URL https://www.gstatic.com/android/keyboard/modelpack/dvrnn/superpacks_manifest.json, constraints: *:* and flags: *. Version: 9
07-24 13:22:28.729 13530 13604 I Delight5Decoder: addPredictionEngine() : Duplicate engine dfk@9dcb1dd
07-24 13:22:28.730 13530 13584 I Superpacks: Manifest lstm is already the current sync version
07-24 13:22:28.753 13530 13530 I FeaturePermissions: onSharedPreferenceChanged() : Key = latest_activation_time : Feature = null
07-24 13:22:28.781 13530 13535 I art : Compiler allocated 5MB to compile void com.google.android.apps.inputmethod.libs.latin5.LatinIme.a(android.view.inputmethod.EditorInfo)
07-24 13:22:29.070 711 838 E libnav : CablComputeBacklightLevel(): UpdateType = DifferentSceneUpdate
07-24 13:22:29.397 13530 13530 W VoiceImeTranscriptor: UIME feature enabled: true
07-24 13:22:29.791 1718 1718 I RPS : onReceive IntentIntent { act=android.intent.action.BATTERY_CHANGED flg=0x60000010 (has extras) }
07-24 13:22:29.792 1718 1718 I RPS : Battery Level in percentage:93.0Level:93Scale100
07-24 13:22:29.792 1718 1718 I RPS : checkCallbacks
07-24 13:22:29.793 1718 1811 E PowerManagerService: BatteryReceiver onReceive() status: 2 plugType:1
07-24 13:22:29.793 2060 2060 D KeyguardUpdateMonitor: received broadcast android.intent.action.BATTERY_CHANGED
07-24 13:22:29.795 2364 2364 I TelephonyManager: isMultiSimEnabled()- telephonyManager: uid= 1001
07-24 13:22:29.796 2815 2815 I tsdmc : BatteryMonitorService.checkFWUpdateWithBatteryEnough()
07-24 13:22:29.797 2815 2815 V tsdmc : mbatteryLevel = 93; bBatteryLow= false
07-24 13:22:29.799 2060 2060 D KeyguardUpdateMonitor: handleBatteryUpdate
07-24 13:22:29.801 2364 2364 E QtiImsExtUtils: getConfigForPhoneId subId is invalid
07-24 13:22:29.801 2364 2364 E QtiImsExtUtils: isCarrierConfigEnabled bundle is null
07-24 13:22:29.959 1718 1890 D CompatibilityInfo: mCompatibilityFlags - 0
07-24 13:22:29.959 1718 1890 D CompatibilityInfo: applicationDensity - 480
07-24 13:22:29.959 1718 1890 D CompatibilityInfo: applicationScale - 1.0
07-24 13:22:30.206 13530 13530 W VoiceImeTranscriptor: UIME feature enabled: true
07-24 13:22:30.221 13530 13530 I LatinMotionHandler: consumeEvent() : GestureTypingEnabled = true
07-24 13:22:31.178 2338 2338 D wpa_supplicant: wlan0: Control interface command 'SIGNAL_POLL'
07-24 13:22:31.190 2338 2338 D wpa_supplicant: CTRL-DEBUG: global_ctrl_sock-sendto: sock=8 sndbuf=212992 outq=0 send_len=62
07-24 13:22:31.941 13530 13530 W VoiceImeTranscriptor: UIME feature enabled: true
07-24 13:22:32.837 13530 13530 W VoiceImeTranscriptor: UIME feature enabled: true
07-24 13:22:32.854 13530 13530 I LatinMotionHandler: consumeEvent() : GestureTypingEnabled = true
07-24 13:22:34.098 13530 13530 W VoiceImeTranscriptor: UIME feature enabled: true
07-24 13:22:34.204 2338 2338 D wpa_supplicant: wlan0: Control interface command 'SIGNAL_POLL'
07-24 13:22:34.218 2338 2338 D wpa_supplicant: CTRL-DEBUG: global_ctrl_sock-sendto: sock=8 sndbuf=212992 outq=0 send_len=62
07-24 13:22:34.912 13530 13530 W VoiceImeTranscriptor: UIME feature enabled: true
07-24 13:22:34.929 13530 13530 I LatinMotionHandler: consumeEvent() : GestureTypingEnabled = true
07-24 13:22:37.214 13530 13530 I GoogleInputMethodImpl: hideSoftInput() : flags = 0
07-24 13:22:37.216 13530 13530 I PhenotypeExpConfig: refreshConfiguration() : Force = false : UpdateAvailable = false : Age = 58 minutes : MaxAge = 720 minutes
07-24 13:22:37.218 24459 26184 I chatty : uid=10126(net.named_data.nfd) expire 2 lines
07-24 13:22:37.220 13530 13530 I LatinIme: abortComposing()
07-24 13:22:37.226 13530 13530 I Delight5Decoder: abortComposing() : input state id = 113
07-24 13:22:37.227 13530 13530 I LatinIme: onDeactivate()
07-24 13:22:37.234 2338 2338 D wpa_supplicant: wlan0: Control interface command 'SIGNAL_POLL'
07-24 13:22:37.248 2338 2338 D wpa_supplicant: CTRL-DEBUG: global_ctrl_sock-sendto: sock=8 sndbuf=212992 outq=0 send_len=62
07-24 13:22:37.314 1718 1811 E PowerManagerService: BatteryReceiver onReceive() status: 2 plugType:1
07-24 13:22:37.315 1718 1718 I RPS : onReceive IntentIntent { act=android.intent.action.BATTERY_CHANGED flg=0x60000010 (has extras) }
07-24 13:22:37.315 1718 1718 I RPS : Battery Level in percentage:93.0Level:93Scale100
07-24 13:22:37.315 1718 1718 I RPS : checkCallbacks
07-24 13:22:37.315 2060 2060 D KeyguardUpdateMonitor: received broadcast android.intent.action.BATTERY_CHANGED
07-24 13:22:37.316 2815 2815 I tsdmc : BatteryMonitorService.checkFWUpdateWithBatteryEnough()
07-24 13:22:37.316 2815 2815 V tsdmc : mbatteryLevel = 93; bBatteryLow= false
07-24 13:22:37.317 2060 2060 D KeyguardUpdateMonitor: handleBatteryUpdate
07-24 13:22:37.317 2364 2364 I TelephonyManager: isMultiSimEnabled()- telephonyManager: uid= 1001
07-24 13:22:37.318 2364 2364 E QtiImsExtUtils: getConfigForPhoneId subId is invalid
07-24 13:22:37.318 2364 2364 E QtiImsExtUtils: isCarrierConfigEnabled bundle is null
07-24 13:22:37.609 711 838 E libnav : CablComputeBacklightLevel(): UpdateType = DifferentSceneUpdate
07-24 13:22:38.204 24478 24499 I chatty : uid=10126 net.named_data.nfd.service.NfdService expire 244 lines
07-24 13:22:38.264 1718 1811 E PowerManagerService: BatteryReceiver onReceive() status: 2 plugType:1
07-24 13:22:38.265 1718 1718 I RPS : onReceive IntentIntent { act=android.intent.action.BATTERY_CHANGED flg=0x60000010 (has extras) }
07-24 13:22:38.265 1718 1718 I RPS : Battery Level in percentage:93.0Level:93Scale100
07-24 13:22:38.265 1718 1718 I RPS : checkCallbacks
07-24 13:22:38.267 2364 2364 I TelephonyManager: isMultiSimEnabled()- telephonyManager: uid= 1001
07-24 13:22:38.268 2815 2815 I tsdmc : BatteryMonitorService.checkFWUpdateWithBatteryEnough()
07-24 13:22:38.268 2815 2815 V tsdmc : mbatteryLevel = 93; bBatteryLow= false
07-24 13:22:38.268 2060 2060 D KeyguardUpdateMonitor: received broadcast android.intent.action.BATTERY_CHANGED
07-24 13:22:38.278 2060 2060 D KeyguardUpdateMonitor: handleBatteryUpdate
07-24 13:22:38.278 2364 2364 E QtiImsExtUtils: getConfigForPhoneId subId is invalid
07-24 13:22:38.278 2364 2364 E QtiImsExtUtils: isCarrierConfigEnabled bundle is null
07-24 13:22:40.264 2338 2338 D wpa_supplicant: wlan0: Control interface command 'SIGNAL_POLL'
07-24 13:22:40.278 2338 2338 D wpa_supplicant: CTRL-DEBUG: global_ctrl_sock-sendto: sock=8 sndbuf=212992 outq=0 send_len=62
07-24 13:22:40.939 1718 2336 E LocSvc_xtra2: doDownloadXtraDataOnce:240] unsupported url xtra1.gpsOneXTRA.net
07-24 13:22:40.939 1718 2336 E LocSvc_xtra2: doDownloadXtraDataOnce:240] unsupported url xtra3.gpsOneXTRA.net
07-24 13:22:40.940 1718 2336 E LocSvc_xtra2: doDownloadXtraDataOnce:240] unsupported url xtra2.gpsOneXTRA.net
07-24 13:22:41.646 711 838 E libnav : CablComputeBacklightLevel(): UpdateType = DifferentSceneUpdate
07-24 13:22:42.121 13530 13530 I GoogleInputMethod: onStartInput() : Dummy InputConnection bound
07-24 13:22:42.487 13530 13530 I GoogleInputMethod: onFinishInput() : Dummy InputConnection bound
07-24 13:22:42.488 13530 13530 I GoogleInputMethod: onStartInput() : Dummy InputConnection bound
07-24 13:22:42.859 711 838 E libnav : CablComputeBacklightLevel(): UpdateType = DifferentSceneUpdate
07-24 13:22:43.294 2338 2338 D wpa_supplicant: wlan0: Control interface command 'SIGNAL_POLL'
07-24 13:22:43.312 2338 2338 D wpa_supplicant: CTRL-DEBUG: global_ctrl_sock-sendto: sock=8 sndbuf=212992 outq=0 send_len=62
07-24 13:22:45.710 1718 1718 W WindowManager: Attempted to remove non-existing token: android.os.Binder@fba151
07-24 13:22:46.332 2338 2338 D wpa_supplicant: wlan0: Control interface command 'SIGNAL_POLL'
07-24 13:22:46.341 2338 2338 D wpa_supplicant: CTRL-DEBUG: global_ctrl_sock-sendto: sock=8 sndbuf=212992 outq=0 send_len=62
07-24 13:22:48.745 1718 1987 D WindowManager: passKeyEventSOSApp title = net.named_data.nfd/net.named_data.nfd.MainActivity
07-24 13:22:49.218 24478 24499 I chatty : uid=10126 net.named_data.nfd.service.NfdService expire 146 lines
07-24 13:22:49.246 1718 1987 D WindowManager: passKeyEventSOSApp title = net.named_data.nfd/net.named_data.nfd.MainActivity
07-24 13:22:49.249 1718 1987 I WindowManager: Intent SON_GREEN_KEY_DOWN
07-24 13:22:49.315 1718 2836 D ActivityTrigger: activityResumeTrigger: The activity in ApplicationInfo{d2b1328 com.android.launcher3} is now in focus and seems to be in full-screen mode
07-24 13:22:49.315 1718 2836 E ActivityTrigger: activityResumeTrigger: not whiteListedcom.android.launcher3/com.android.launcher3.Launcher/25
07-24 13:22:49.315 1718 2836 D ActivityTrigger: ActivityTrigger activityPauseTrigger
07-24 13:22:49.350 1718 2284 I ActivityManager: START u0 {flg=0x10804000 cmp=com.android.systemui/.recents.RecentsActivity} from uid 10046 on display 0
07-24 13:22:49.352 2338 2338 D wpa_supplicant: wlan0: Control interface command 'SIGNAL_POLL'
07-24 13:22:49.353 1718 2284 D ActivityTrigger: activityResumeTrigger: Activity is not Triggerred in full screen ApplicationInfo{3f48de0 com.android.systemui}
07-24 13:22:49.353 1718 2284 D ActivityTrigger: ActivityTrigger activityPauseTrigger
07-24 13:22:49.365 2338 2338 D wpa_supplicant: CTRL-DEBUG: global_ctrl_sock-sendto: sock=8 sndbuf=212992 outq=0 send_len=62
07-24 13:22:49.380 1718 1772 D ActivityTrigger: ActivityTrigger activityStopTrigger
07-24 13:22:49.454 1718 1987 D WindowManager: passKeyEventSOSApp title = com.android.systemui/com.android.systemui.recents.RecentsActivity
07-24 13:22:49.465 13530 13530 I GoogleInputMethod: onFinishInput() : Dummy InputConnection bound
07-24 13:22:49.466 13530 13530 I GoogleInputMethod: onStartInput() : Dummy InputConnection bound
07-24 13:22:49.498 1718 1983 D CompatibilityInfo: mCompatibilityFlags - 0
07-24 13:22:49.498 1718 1983 D CompatibilityInfo: applicationDensity - 480
07-24 13:22:49.498 1718 1983 D CompatibilityInfo: applicationScale - 1.0
07-24 13:22:49.502 2338 2338 D wpa_supplicant: wlan0: Control interface command 'SCAN TYPE=ONLY'
07-24 13:22:49.502 2338 2338 D wpa_supplicant: wlan0: Setting scan request: 0.000000 sec
07-24 13:22:49.502 2338 2338 D wpa_supplicant: CTRL-DEBUG: global_ctrl_sock-sendto: sock=8 sndbuf=212992 outq=0 send_len=3
07-24 13:22:49.502 2338 2338 D wpa_supplicant: wlan0: Starting AP scan for wildcard SSID
07-24 13:22:49.502 2338 2338 D wpa_supplicant: wlan0: Add radio work 'scan'@0x7fa202e3c0
07-24 13:22:49.503 2338 2338 D wpa_supplicant: wlan0: First radio work item in the queue - schedule start immediately
07-24 13:22:49.503 2338 2338 D wpa_supplicant: wlan0: Starting radio work 'scan'@0x7fa202e3c0 after 0.000096 second wait
07-24 13:22:49.503 2338 2338 D wpa_supplicant: wlan0: nl80211: vendor scan request
07-24 13:22:49.503 2338 2338 D wpa_supplicant: nl80211: Scan SSID - hexdump(len=0): [NULL]
07-24 13:22:49.503 2338 2338 D wpa_supplicant: nl80211: Scan extra IEs - hexdump(len=18): 7f 06 00 00 0a 82 01 40 6b 01 0f dd 05 50 6f 9a 10 10
07-24 13:22:49.503 2338 2338 D wpa_supplicant: nl80211: Vendor scan requested (ret=0) - scan timeout 30 seconds, scan cookie:0xffffffcec22b2400
07-24 13:22:49.503 2338 2338 D wpa_supplicant: nl80211: Event message available
