07-24 13:10:42.182 1718 2826 W InputMethodManagerService: Window already focused, ignoring focus gain of: com.android.internal.view.IInputMethodClient$Stub$Proxy@cb72db2 attribute=null, token = android.os.BinderProxy@55473af
07-24 13:10:42.357 1718 1808 W AppOps : Finishing op nesting under-run: uid 1000 pkg android code 24 time=0 duration=0 nesting=0
07-24 13:10:48.202 19631 19773 F libc : Fatal signal 11 (SIGSEGV), code 1, fault addr 0xc00f04e in tid 19773 (vice.NfdService)
07-24 13:10:48.293 19775 19775 F DEBUG : *** *** *** *** *** *** *** *** *** *** *** *** *** *** *** ***
07-24 13:10:48.293 19775 19775 F DEBUG : Build fingerprint: 'Sonim/XP8812/XP8800:7.1.1/8A.0.0-02-7.1.1-10.01.60/157:user/release-keys'
07-24 13:10:48.293 19775 19775 F DEBUG : Revision: '0'
07-24 13:10:48.293 19775 19775 F DEBUG : ABI: 'arm'
07-24 13:10:48.293 19775 19775 F DEBUG : pid: 19631, tid: 19773, name: vice.NfdService >>> net.named_data.nfd.service.NfdService <<<
07-24 13:10:48.293 19775 19775 F DEBUG : signal 11 (SIGSEGV), code 1 (SEGV_MAPERR), fault addr 0xc00f04e
07-24 13:10:48.294 19775 19775 F DEBUG : r0 f0b023a0 r1 0c00f04f r2 d88d75b4 r3 d84abb08
07-24 13:10:48.294 19775 19775 F DEBUG : r4 d88d75b4 r5 00000002 r6 00000000 r7 d88d76f8
07-24 13:10:48.294 19775 19775 F DEBUG : r8 00000001 r9 ea59f1e8 sl ea59f1e8 fp d88d7628
07-24 13:10:48.294 19775 19775 F DEBUG : ip f0b04148 sp d88d75a0 lr d84abb34 pc 0c00f04e cpsr a00f0030
07-24 13:10:48.299 19775 19775 F DEBUG :
07-24 13:10:48.299 19775 19775 F DEBUG : backtrace:
07-24 13:10:48.299 19775 19775 F DEBUG : #00 pc 0c00f04e
07-24 13:10:48.299 19775 19775 F DEBUG : #01 pc 001f3b30 /data/app/net.named_data.nfd-1/lib/arm/libndn-cxx.so (_ZN5boost15throw_exceptionINS_16exception_detail19error_info_injectorIN3ndn8security3pib3Pib5ErrorEEEEEvRKT_+240)
07-24 13:10:48.299 19775 19775 F DEBUG : #02 pc 001f378c /data/app/net.named_data.nfd-1/lib/arm/libndn-cxx.so (_ZN5boost16exception_detail16throw_exception_IN3ndn8security3pib3Pib5ErrorEEEvRKT_PKcSB_i+80)
07-24 13:10:48.299 19775 19775 F DEBUG : #03 pc 001fed44 /data/app/net.named_data.nfd-1/lib/arm/libndn-cxx.so (_ZNK3ndn8security3pib3Pib13getTpmLocatorEv+196)
07-24 13:10:48.299 19775 19775 F DEBUG : #04 pc 0022f8b4 /data/app/net.named_data.nfd-1/lib/arm/libndn-cxx.so (_ZN3ndn8security2v28KeyChainC1ERKNSt6__ndk112basic_stringIcNS3_11char_traitsIcEENS3_9allocatorIcEEEESB_b+400)
07-24 13:10:48.300 19775 19775 F DEBUG : #05 pc 0001a8c3 /data/app/net.named_data.nfd-1/lib/arm/libnfd-wrapper.so (_ZN3nfd6RunnerC2Ev+34)
07-24 13:10:48.300 19775 19775 F DEBUG : #06 pc 0001978d /data/app/net.named_data.nfd-1/lib/arm/libnfd-wrapper.so
07-24 13:10:48.300 19775 19775 F DEBUG : #07 pc 0000fb68 /data/app/net.named_data.nfd-1/lib/arm/libboost_thread.so
07-24 13:10:48.300 19775 19775 F DEBUG : #08 pc 000477a3 /system/lib/libc.so (_ZL15__pthread_startPv+22)
07-24 13:10:48.300 19775 19775 F DEBUG : #09 pc 00019eb1 /system/lib/libc.so (__start_thread+6)
07-24 13:10:48.888 1718 19797 W ActivityManager: Process net.named_data.nfd has crashed too many times: killing!
07-24 13:10:48.889 1718 19797 I ActivityManager: Killing 19631:net.named_data.nfd.service.NfdService/u0a125 (adj 0): crash
07-24 13:10:48.889 1718 19797 D ActivityManager: cleanUpApplicationRecord -- 19631
07-24 13:10:48.902 1718 1803 I BootReceiver: Copying /data/tombstones/tombstone_02 to DropBox (SYSTEM_TOMBSTONE)
07-24 13:10:49.910 1718 13283 I ActivityManager: Start proc 19803:net.named_data.nfd.service.NfdService/u0a125 for service net.named_data.nfd/.service.NfdService
07-24 13:11:00.009 1718 1718 I ActivityManager: Killing 16967:com.google.android.apps.inputmethod.hindi/u0a74 (adj 906): empty for 2335s
07-24 13:11:00.087 1718 2284 D ActivityManager: cleanUpApplicationRecord -- 16967
07-24 13:11:18.001 1718 1987 I ActivityManager: START u0 {act=android.intent.action.MAIN cat=[android.intent.category.HOME] flg=0x10200000 cmp=com.android.launcher3/.Launcher (has extras)} from uid 1000 on display 0
07-24 13:11:18.090 1718 2902 I ActivityManager: Killing 16869:com.google.android.gm/u0a72 (adj 906): empty for 2353s
07-24 13:11:18.159 1718 2749 D ActivityManager: cleanUpApplicationRecord -- 16869
07-24 13:11:22.077 1718 13284 I ActivityManager: START u0 {flg=0x10804000 cmp=com.android.systemui/.recents.RecentsActivity} from uid 10046 on display 0
07-24 13:11:23.078 1718 2795 I ActivityManager: START u0 {flg=0x10008000 cmp=com.google.android.googlequicksearchbox/com.google.android.apps.gsa.staticplugins.opa.OpaActivity (has extras)} from uid 10053 on display 0
07-24 13:11:23.389 1718 8141 I ActivityManager: START u0 {dat=dynact://static/opaonboarding/named-sequence-activity flg=0x18800000 cmp=com.google.android.googlequicksearchbox/com.google.android.apps.gsa.velour.dynamichosts.TransparentVelvetDynamicHostActivity (has extras)} from uid 10053 on display 0
07-24 13:11:23.555 1718 8945 I ActivityManager: Start proc 20102:com.google.android.apps.tachyon/u0a67 for service com.google.android.apps.tachyon/.clientapi.ClientApiService
07-24 13:11:24.483 1718 2748 D BluetoothManagerService: Registered for death Notification
07-24 13:11:24.483 1718 2748 D BluetoothManagerService: Updated BleAppCount1
07-24 13:11:24.484 1718 13283 D BluetoothManagerService: checkIfCallerIsForegroundUser: valid=true callingUser=0 parentUser=-10000 foregroundUser=0
07-24 13:11:24.484 1718 13283 D BluetoothManagerService: isBleAppPresent() count: 1
07-24 13:11:24.484 1718 13283 D BluetoothManagerService: enable(): mBluetooth =null mBinding = false mState = 10
07-24 13:11:24.484 1718 13283 D BluetoothManagerService: enable returning
07-24 13:11:24.484 1718 1807 D BluetoothManagerService: Message: 1
07-24 13:11:24.484 1718 1807 D BluetoothManagerService: MESSAGE_ENABLE: mBluetooth = null
07-24 13:11:24.497 1718 1748 I ActivityManager: Start proc 20210:com.google.android.tts/u0a79 for service com.google.android.tts/.service.GoogleTTSService
07-24 13:11:24.509 1718 1807 I ActivityManager: Start proc 20225:com.android.bluetooth/1002 for service com.android.bluetooth/.btservice.AdapterService
07-24 13:11:24.644 1718 1807 D BluetoothManagerService: Message: 20
07-24 13:11:24.644 1718 1807 D BluetoothManagerService: Added callback: android.bluetooth.IBluetoothManagerCallback$Stub$Proxy@b69b811:true
07-24 13:11:24.691 1718 1718 D BluetoothManagerService: Bluetooth Adapter name changed to XP8800
07-24 13:11:24.691 1718 1718 D BluetoothManagerService: Stored Bluetooth name: XP8800
07-24 13:11:24.705 1718 1718 D BluetoothManagerService: BluetoothServiceConnection: com.android.bluetooth.btservice.AdapterService
07-24 13:11:24.705 1718 1807 D BluetoothManagerService: Message: 40
07-24 13:11:24.705 1718 1807 D BluetoothManagerService: MESSAGE_BLUETOOTH_SERVICE_CONNECTED: 1
07-24 13:11:24.708 1718 1807 D BluetoothManagerService: Calling onBluetoothServiceUp callbacks
07-24 13:11:24.708 1718 1807 D BluetoothManagerService: Broadcasting onBluetoothServiceUp() to 10 receivers.
07-24 13:11:24.717 1718 1807 D BluetoothManagerService: Message: 60
07-24 13:11:24.717 1718 1807 D BluetoothManagerService: MESSAGE_BLUETOOTH_STATE_CHANGE: prevState = 10, newState =14
07-24 13:11:24.717 1718 1807 D BluetoothManagerService: bluetoothStateChangeHandler: 10 -> 14
07-24 13:11:24.717 1718 1807 D BluetoothManagerService: BLE State Change Intent: 10 -> 14
07-24 13:11:25.635 1718 1718 D BluetoothManagerService: Bluetooth Adapter name changed to XP8800
07-24 13:11:25.635 1718 1718 D BluetoothManagerService: Stored Bluetooth name: XP8800
07-24 13:11:25.643 1718 1807 D BluetoothManagerService: Message: 60
07-24 13:11:25.643 1718 1807 D BluetoothManagerService: MESSAGE_BLUETOOTH_STATE_CHANGE: prevState = 14, newState =15
07-24 13:11:25.643 1718 1807 D BluetoothManagerService: bluetoothStateChangeHandler: 14 -> 15
07-24 13:11:25.643 1718 1807 D BluetoothManagerService: Bluetooth is in LE only mode
07-24 13:11:25.643 1718 1807 D BluetoothManagerService: Binding Bluetooth GATT service
07-24 13:11:25.644 1718 1807 D BluetoothManagerService: BLE State Change Intent: 14 -> 15
07-24 13:11:25.647 1718 1718 D BluetoothManagerService: BluetoothServiceConnection: com.android.bluetooth.gatt.GattService
07-24 13:11:25.647 1718 1807 D BluetoothManagerService: Message: 40
07-24 13:11:25.647 1718 1807 D BluetoothManagerService: MESSAGE_BLUETOOTH_SERVICE_CONNECTED: 2
07-24 13:11:25.647 1718 1807 D BluetoothManagerService: BluetoothGatt Service is Up
07-24 13:11:25.666 1718 2898 D BluetoothManagerService: Unregistered for death Notification
07-24 13:11:25.666 1718 2898 D BluetoothManagerService: Updated BleAppCount0
07-24 13:11:25.668 1718 2898 D BluetoothManagerService: Reseting the mEnable flag for clean disable
07-24 13:11:25.669 1718 1807 D BluetoothManagerService: Message: 60
07-24 13:11:25.669 1718 1807 D BluetoothManagerService: MESSAGE_BLUETOOTH_STATE_CHANGE: prevState = 15, newState =16
07-24 13:11:25.669 1718 1807 D BluetoothManagerService: bluetoothStateChangeHandler: 15 -> 16
07-24 13:11:25.669 1718 1807 D BluetoothManagerService: BLE State Change Intent: 15 -> 16
07-24 13:11:26.044 1718 1807 D BluetoothManagerService: Message: 60
07-24 13:11:26.044 1718 1807 D BluetoothManagerService: MESSAGE_BLUETOOTH_STATE_CHANGE: prevState = 16, newState =10
07-24 13:11:26.044 1718 1807 D BluetoothManagerService: bluetoothStateChangeHandler: 16 -> 10
07-24 13:11:26.044 1718 1807 D BluetoothManagerService: Bluetooth is complete turn off
07-24 13:11:26.044 1718 1807 D BluetoothManagerService: Calling onBluetoothServiceDown callbacks
07-24 13:11:26.044 1718 1807 D BluetoothManagerService: Broadcasting onBluetoothServiceDown() to 10 receivers.
07-24 13:11:26.044 1718 1807 D BluetoothManagerService: unbindAndFinish(): android.bluetooth.IBluetooth$Stub$Proxy@4f07e50 mBinding = false
07-24 13:11:26.046 1718 1807 D BluetoothManagerService: Sending unbind request.
07-24 13:11:26.051 1718 1807 D BluetoothManagerService: BLE State Change Intent: 16 -> 10
07-24 13:11:26.108 1718 2902 I ActivityManager: Process com.android.bluetooth (pid 20225) has died
07-24 13:11:26.108 1718 2902 D ActivityManager: cleanUpApplicationRecord -- 20225
07-24 13:11:26.506 1718 8944 I ActivityManager: START u0 {act=android.intent.action.MAIN cat=[android.intent.category.HOME] flg=0x10200000 cmp=com.android.launcher3/.Launcher} from uid 10046 on display 0
07-24 13:11:26.601 1718 2518 W InputMethodManagerService: Focus gain on non-focused client com.android.internal.view.IInputMethodClient$Stub$Proxy@e29f986 (uid=10046 pid=2060)
07-24 13:11:30.256 1718 8141 I ActivityManager: START u0 {flg=0x10804000 cmp=com.android.systemui/.recents.RecentsActivity} from uid 10046 on display 0
07-24 13:11:31.470 1718 2826 I ActivityManager: Killing 17016:com.google.android.inputmethod.korean/u0a88 (adj 906): empty for 2365s
07-24 13:11:31.473 1718 2826 I ActivityManager: Killing 19803:net.named_data.nfd.service.NfdService/u0a125 (adj 900): remove task
07-24 13:11:31.474 1718 2826 I ActivityManager: Killing 19453:net.named_data.nfd/u0a125 (adj 900): remove task
07-24 13:11:31.498 1718 2518 D ActivityManager: cleanUpApplicationRecord -- 19803
07-24 13:11:31.505 1718 2927 D ActivityManager: cleanUpApplicationRecord -- 17016
07-24 13:11:31.511 1718 2836 I WindowManager: WIN DEATH: Window{88ec3bc u0 net.named_data.nfd/net.named_data.nfd.MainActivity}
07-24 13:11:31.511 1718 2748 D ActivityManager: cleanUpApplicationRecord -- 19453
07-24 13:11:32.424 1718 2898 I ActivityManager: START u0 {act=android.intent.action.MAIN cat=[android.intent.category.HOME] flg=0x10200000 cmp=com.android.launcher3/.Launcher} from uid 10046 on display 0
07-24 13:11:36.073 1718 1778 E BatteryStatsService: no controller energy info supplied
07-24 13:11:36.087 1718 1778 E KernelUidCpuTimeReader: Failed to read uid_cputime: /proc/uid_cputime/show_uid_stat (No such file or directory)
07-24 13:11:36.111 1718 1772 E KernelUidCpuTimeReader: Failed to read uid_cputime: /proc/uid_cputime/show_uid_stat (No such file or directory)
07-24 13:11:36.979 1718 2795 I ActivityManager: START u0 {flg=0x10804000 cmp=com.android.systemui/.recents.RecentsActivity} from uid 10046 on display 0
07-24 13:11:38.230 1718 2836 I ActivityManager: Killing 19034:org.codeaurora.snapcam/u0a41 (adj 900): remove task
07-24 13:11:38.280 1718 13284 I WindowManager: WIN DEATH: Window{3006dfb u0 org.codeaurora.snapcam/com.android.camera.CameraActivity}
07-24 13:11:38.280 1718 13284 W WindowManager: Force-removing child win Window{5bab9c2 u0 SurfaceView - org.codeaurora.snapcam/com.android.camera.CameraActivity} from container Window{3006dfb u0 org.codeaurora.snapcam/com.android.camera.CameraActivity}
07-24 13:11:38.281 1718 2690 D ActivityManager: cleanUpApplicationRecord -- 19034
07-24 13:11:38.290 1718 2285 W WindowManager: Failed looking up window
07-24 13:11:38.290 1718 2285 W WindowManager: java.lang.IllegalArgumentException: Requested window android.os.BinderProxy@3d37e18 does not exist
07-24 13:11:38.290 1718 2285 W WindowManager: at com.android.server.wm.WindowManagerService.windowForClientLocked(WindowManagerService.java:9564)
07-24 13:11:38.290 1718 2285 W WindowManager: at com.android.server.wm.WindowManagerService.windowForClientLocked(WindowManagerService.java:9555)
07-24 13:11:38.290 1718 2285 W WindowManager: at com.android.server.wm.WindowState$DeathRecipient.binderDied(WindowState.java:1815)
07-24 13:11:38.290 1718 2285 W WindowManager: at android.os.BinderProxy.sendDeathNotice(Binder.java:688)
07-24 13:11:38.290 1718 2285 I WindowManager: WIN DEATH: null
07-24 13:11:39.037 1718 2927 I ActivityManager: START u0 {act=android.intent.action.MAIN cat=[android.intent.category.HOME] flg=0x10200000 cmp=com.android.launcher3/.Launcher} from uid 10046 on display 0
07-24 13:11:55.996 1718 2285 I ActivityManager: START u0 {act=android.intent.action.MAIN cat=[android.intent.category.LAUNCHER] flg=0x10200000 cmp=net.named_data.nfd/.MainActivity bnds=[24,474][282,840] (has extras)} from uid 10026 on display 0
07-24 13:11:56.044 1718 2898 I ActivityManager: Start proc 20873:net.named_data.nfd/u0a125 for activity net.named_data.nfd/.MainActivity
07-24 13:11:59.882 1718 2898 I ActivityManager: Start proc 20968:net.named_data.nfd.service.NfdService/u0a125 for service net.named_data.nfd/.service.NfdService
07-24 13:12:04.566 20968 21103 F libc : Fatal signal 11 (SIGSEGV), code 1, fault addr 0xc00f04e in tid 21103 (vice.NfdService)
07-24 13:12:04.656 21104 21104 F DEBUG : *** *** *** *** *** *** *** *** *** *** *** *** *** *** *** ***
07-24 13:12:04.656 21104 21104 F DEBUG : Build fingerprint: 'Sonim/XP8812/XP8800:7.1.1/8A.0.0-02-7.1.1-10.01.60/157:user/release-keys'
07-24 13:12:04.656 21104 21104 F DEBUG : Revision: '0'
07-24 13:12:04.656 21104 21104 F DEBUG : ABI: 'arm'
07-24 13:12:04.657 21104 21104 F DEBUG : pid: 20968, tid: 21103, name: vice.NfdService >>> net.named_data.nfd.service.NfdService <<<
07-24 13:12:04.657 21104 21104 F DEBUG : signal 11 (SIGSEGV), code 1 (SEGV_MAPERR), fault addr 0xc00f04e
07-24 13:12:04.657 21104 21104 F DEBUG : r0 f0aea3a0 r1 0c00f04f r2 d88d75b4 r3 d84abb08
07-24 13:12:04.657 21104 21104 F DEBUG : r4 d88d75b4 r5 00000002 r6 00000000 r7 d88d76f8
07-24 13:12:04.657 21104 21104 F DEBUG : r8 00000001 r9 ea59f1e8 sl ea59f1e8 fp d88d7628
07-24 13:12:04.657 21104 21104 F DEBUG : ip f0aec148 sp d88d75a0 lr d84abb34 pc 0c00f04e cpsr a00f0030
07-24 13:12:04.661 21104 21104 F DEBUG :
07-24 13:12:04.661 21104 21104 F DEBUG : backtrace:
07-24 13:12:04.661 21104 21104 F DEBUG : #00 pc 0c00f04e
07-24 13:12:04.661 21104 21104 F DEBUG : #01 pc 001f3b30 /data/app/net.named_data.nfd-1/lib/arm/libndn-cxx.so (_ZN5boost15throw_exceptionINS_16exception_detail19error_info_injectorIN3ndn8security3pib3Pib5ErrorEEEEEvRKT_+240)
07-24 13:12:04.661 21104 21104 F DEBUG : #02 pc 001f378c /data/app/net.named_data.nfd-1/lib/arm/libndn-cxx.so (_ZN5boost16exception_detail16throw_exception_IN3ndn8security3pib3Pib5ErrorEEEvRKT_PKcSB_i+80)
07-24 13:12:04.661 21104 21104 F DEBUG : #03 pc 001fed44 /data/app/net.named_data.nfd-1/lib/arm/libndn-cxx.so (_ZNK3ndn8security3pib3Pib13getTpmLocatorEv+196)
07-24 13:12:04.661 21104 21104 F DEBUG : #04 pc 0022f8b4 /data/app/net.named_data.nfd-1/lib/arm/libndn-cxx.so (_ZN3ndn8security2v28KeyChainC1ERKNSt6__ndk112basic_stringIcNS3_11char_traitsIcEENS3_9allocatorIcEEEESB_b+400)
07-24 13:12:04.661 21104 21104 F DEBUG : #05 pc 0001a8c3 /data/app/net.named_data.nfd-1/lib/arm/libnfd-wrapper.so (_ZN3nfd6RunnerC2Ev+34)
07-24 13:12:04.661 21104 21104 F DEBUG : #06 pc 0001978d /data/app/net.named_data.nfd-1/lib/arm/libnfd-wrapper.so
07-24 13:12:04.661 21104 21104 F DEBUG : #07 pc 0000fb68 /data/app/net.named_data.nfd-1/lib/arm/libboost_thread.so
07-24 13:12:04.661 21104 21104 F DEBUG : #08 pc 000477a3 /system/lib/libc.so (_ZL15__pthread_startPv+22)
07-24 13:12:04.662 21104 21104 F DEBUG : #09 pc 00019eb1 /system/lib/libc.so (__start_thread+6)
07-24 13:12:05.264 1718 1803 I BootReceiver: Copying /data/tombstones/tombstone_03 to DropBox (SYSTEM_TOMBSTONE)
07-24 13:12:05.275 1718 8142 I ActivityManager: Process net.named_data.nfd.service.NfdService (pid 20968) has died
07-24 13:12:05.275 1718 8142 D ActivityManager: cleanUpApplicationRecord -- 20968
07-24 13:12:05.275 1718 8142 W ActivityManager: Scheduling restart of crashed service net.named_data.nfd/.service.NfdService in 1000ms
07-24 13:12:06.310 1718 1772 I ActivityManager: Start proc 21151:net.named_data.nfd.service.NfdService/u0a125 for service net.named_data.nfd/.service.NfdService
07-24 13:12:06.564 21151 21167 F libc : Fatal signal 11 (SIGSEGV), code 1, fault addr 0xc00f04e in tid 21167 (vice.NfdService)
07-24 13:12:06.633 21168 21168 F DEBUG : *** *** *** *** *** *** *** *** *** *** *** *** *** *** *** ***
07-24 13:12:06.633 21168 21168 F DEBUG : Build fingerprint: 'Sonim/XP8812/XP8800:7.1.1/8A.0.0-02-7.1.1-10.01.60/157:user/release-keys'
07-24 13:12:06.633 21168 21168 F DEBUG : Revision: '0'
07-24 13:12:06.633 21168 21168 F DEBUG : ABI: 'arm'
07-24 13:12:06.634 21168 21168 F DEBUG : pid: 21151, tid: 21167, name: vice.NfdService >>> net.named_data.nfd.service.NfdService <<<
07-24 13:12:06.634 21168 21168 F DEBUG : signal 11 (SIGSEGV), code 1 (SEGV_MAPERR), fault addr 0xc00f04e
07-24 13:12:06.634 21168 21168 F DEBUG : r0 f0a823a0 r1 0c00f04f r2 d88d75b4 r3 d7dc6b08
07-24 13:12:06.634 21168 21168 F DEBUG : r4 d88d75b4 r5 00000002 r6 00000000 r7 d88d76f8
07-24 13:12:06.634 21168 21168 F DEBUG : r8 00000001 r9 ea59f1e8 sl ea59f1e8 fp d88d7628
07-24 13:12:06.634 21168 21168 F DEBUG : ip f0a84148 sp d88d75a0 lr d7dc6b34 pc 0c00f04e cpsr a00f0030
07-24 13:12:06.641 21168 21168 F DEBUG :
07-24 13:12:06.641 21168 21168 F DEBUG : backtrace:
07-24 13:12:06.641 21168 21168 F DEBUG : #00 pc 0c00f04e
07-24 13:12:06.641 21168 21168 F DEBUG : #01 pc 001f3b30 /data/app/net.named_data.nfd-1/lib/arm/libndn-cxx.so (_ZN5boost15throw_exceptionINS_16exception_detail19error_info_injectorIN3ndn8security3pib3Pib5ErrorEEEEEvRKT_+240)
07-24 13:12:06.642 21168 21168 F DEBUG : #02 pc 001f378c /data/app/net.named_data.nfd-1/lib/arm/libndn-cxx.so (_ZN5boost16exception_detail16throw_exception_IN3ndn8security3pib3Pib5ErrorEEEvRKT_PKcSB_i+80)
07-24 13:12:06.642 21168 21168 F DEBUG : #03 pc 001fed44 /data/app/net.named_data.nfd-1/lib/arm/libndn-cxx.so (_ZNK3ndn8security3pib3Pib13getTpmLocatorEv+196)
07-24 13:12:06.642 21168 21168 F DEBUG : #04 pc 0022f8b4 /data/app/net.named_data.nfd-1/lib/arm/libndn-cxx.so (_ZN3ndn8security2v28KeyChainC1ERKNSt6__ndk112basic_stringIcNS3_11char_traitsIcEENS3_9allocatorIcEEEESB_b+400)
07-24 13:12:06.642 21168 21168 F DEBUG : #05 pc 0001a8c3 /data/app/net.named_data.nfd-1/lib/arm/libnfd-wrapper.so (_ZN3nfd6RunnerC2Ev+34)
07-24 13:12:06.642 21168 21168 F DEBUG : #06 pc 0001978d /data/app/net.named_data.nfd-1/lib/arm/libnfd-wrapper.so
07-24 13:12:06.642 21168 21168 F DEBUG : #07 pc 0000fb68 /data/app/net.named_data.nfd-1/lib/arm/libboost_thread.so
07-24 13:12:06.642 21168 21168 F DEBUG : #08 pc 000477a3 /system/lib/libc.so (_ZL15__pthread_startPv+22)
07-24 13:12:06.642 21168 21168 F DEBUG : #09 pc 00019eb1 /system/lib/libc.so (__start_thread+6)
07-24 13:12:07.247 1718 1803 I BootReceiver: Copying /data/tombstones/tombstone_04 to DropBox (SYSTEM_TOMBSTONE)
07-24 13:12:07.261 1718 2749 I ActivityManager: Process net.named_data.nfd.service.NfdService (pid 21151) has died
07-24 13:12:07.261 1718 2749 D ActivityManager: cleanUpApplicationRecord -- 21151
07-24 13:12:07.261 1718 2749 W ActivityManager: Service crashed 2 times, stopping: ServiceRecord{d022ca u0 net.named_data.nfd/.service.NfdService}
07-24 13:12:08.298 1718 2749 I ActivityManager: Start proc 21183:net.named_data.nfd.service.NfdService/u0a125 for service net.named_data.nfd/.service.NfdService
07-24 13:12:09.013 1718 21169 W ActivityManager: Ignoring remove of inactive process: ProcessRecord{dd85f73 0:net.named_data.nfd.service.NfdService/u0a125}
07-24 13:12:09.231 1718 1808 W AppOps : Finishing op nesting under-run: uid 1000 pkg android code 24 time=0 duration=0 nesting=0
07-24 13:12:09.916 1718 21108 W ActivityManager: Ignoring remove of inactive process: ProcessRecord{fcf7fcf 0:net.named_data.nfd.service.NfdService/u0a125}
07-24 13:12:09.934 1718 13284 W InputMethodManagerService: Window already focused, ignoring focus gain of: com.android.internal.view.IInputMethodClient$Stub$Proxy@1d80865 attribute=null, token = android.os.BinderProxy@5748c3b
07-24 13:12:10.111 1718 1808 W AppOps : Finishing op nesting under-run: uid 1000 pkg android code 24 time=0 duration=0 nesting=0
07-24 13:12:11.097 21183 21274 F libc : Fatal signal 11 (SIGSEGV), code 1, fault addr 0xc00f04e in tid 21274 (vice.NfdService)
07-24 13:12:11.178 21276 21276 F DEBUG : *** *** *** *** *** *** *** *** *** *** *** *** *** *** *** ***
07-24 13:12:11.179 21276 21276 F DEBUG : Build fingerprint: 'Sonim/XP8812/XP8800:7.1.1/8A.0.0-02-7.1.1-10.01.60/157:user/release-keys'
07-24 13:12:11.179 21276 21276 F DEBUG : Revision: '0'
07-24 13:12:11.179 21276 21276 F DEBUG : ABI: 'arm'
07-24 13:12:11.179 21276 21276 F DEBUG : pid: 21183, tid: 21274, name: vice.NfdService >>> net.named_data.nfd.service.NfdService <<<
07-24 13:12:11.179 21276 21276 F DEBUG : signal 11 (SIGSEGV), code 1 (SEGV_MAPERR), fault addr 0xc00f04e
07-24 13:12:11.179 21276 21276 F DEBUG : r0 f0a7d3a0 r1 0c00f04f r2 d88d75b4 r3 d84abb08
07-24 13:12:11.179 21276 21276 F DEBUG : r4 d88d75b4 r5 00000002 r6 00000000 r7 d88d76f8
07-24 13:12:11.179 21276 21276 F DEBUG : r8 00000001 r9 ea59f1e8 sl ea59f1e8 fp d88d7628
07-24 13:12:11.179 21276 21276 F DEBUG : ip f0a7f148 sp d88d75a0 lr d84abb34 pc 0c00f04e cpsr a00f0030
07-24 13:12:11.183 21276 21276 F DEBUG :
07-24 13:12:11.183 21276 21276 F DEBUG : backtrace:
07-24 13:12:11.184 21276 21276 F DEBUG : #00 pc 0c00f04e
07-24 13:12:11.184 21276 21276 F DEBUG : #01 pc 001f3b30 /data/app/net.named_data.nfd-1/lib/arm/libndn-cxx.so (_ZN5boost15throw_exceptionINS_16exception_detail19error_info_injectorIN3ndn8security3pib3Pib5ErrorEEEEEvRKT_+240)
07-24 13:12:11.184 21276 21276 F DEBUG : #02 pc 001f378c /data/app/net.named_data.nfd-1/lib/arm/libndn-cxx.so (_ZN5boost16exception_detail16throw_exception_IN3ndn8security3pib3Pib5ErrorEEEvRKT_PKcSB_i+80)
07-24 13:12:11.184 21276 21276 F DEBUG : #03 pc 001fed44 /data/app/net.named_data.nfd-1/lib/arm/libndn-cxx.so (_ZNK3ndn8security3pib3Pib13getTpmLocatorEv+196)
07-24 13:12:11.184 21276 21276 F DEBUG : #04 pc 0022f8b4 /data/app/net.named_data.nfd-1/lib/arm/libndn-cxx.so (_ZN3ndn8security2v28KeyChainC1ERKNSt6__ndk112basic_stringIcNS3_11char_traitsIcEENS3_9allocatorIcEEEESB_b+400)
07-24 13:12:11.184 21276 21276 F DEBUG : #05 pc 0001a8c3 /data/app/net.named_data.nfd-1/lib/arm/libnfd-wrapper.so (_ZN3nfd6RunnerC2Ev+34)
07-24 13:12:11.184 21276 21276 F DEBUG : #06 pc 0001978d /data/app/net.named_data.nfd-1/lib/arm/libnfd-wrapper.so
07-24 13:12:11.184 21276 21276 F DEBUG : #07 pc 0000fb68 /data/app/net.named_data.nfd-1/lib/arm/libboost_thread.so
07-24 13:12:11.184 21276 21276 F DEBUG : #08 pc 000477a3 /system/lib/libc.so (_ZL15__pthread_startPv+22)
07-24 13:12:11.184 21276 21276 F DEBUG : #09 pc 00019eb1 /system/lib/libc.so (__start_thread+6)
07-24 13:12:11.758 1718 21290 W ActivityManager: Process net.named_data.nfd has crashed too many times: killing!
07-24 13:12:11.759 1718 21290 I ActivityManager: Killing 21183:net.named_data.nfd.service.NfdService/u0a125 (adj 100): crash
07-24 13:12:11.759 1718 21290 D ActivityManager: cleanUpApplicationRecord -- 21183
07-24 13:12:11.767 1718 1803 I BootReceiver: Copying /data/tombstones/tombstone_05 to DropBox (SYSTEM_TOMBSTONE)
07-24 13:12:12.806 1718 2285 I ActivityManager: Start proc 21293:net.named_data.nfd.service.NfdService/u0a125 for service net.named_data.nfd/.service.NfdService
07-24 13:12:40.931 920 920 E TLOC : [TLOCChannel]"Can't receive message due to timeout"
07-24 13:12:40.931 920 920 I TLOC : [TLOCDaemon ]"timeout passed - start periodic warm-up"
07-24 13:12:40.934 920 920 I TLOC : [ModemComm ]"Start a session successfully"
07-24 13:12:40.934 920 920 D TLOC : [TLOCDaemon ]"The command finished successfully"
07-24 13:12:40.934 920 920 D TLOC : [TLOCDaemon ]"waiting for command"
07-24 13:12:40.934 920 920 D TLOC : [TLOCChannel] "Going to receive message for TLOCD"
07-24 13:12:40.934 920 920 D TLOC : [TLOCChannel] "wait for message for user TLOCD"
07-24 13:12:46.600 1718 2010 D ConnectivityService: NetworkAgentInfo [WIFI () - 106] EVENT_NETWORK_INFO_CHANGED, going from CONNECTED to DISCONNECTED
07-24 13:12:46.600 1718 2010 D ConnectivityService: NetworkAgentInfo [WIFI () - 106] got DISCONNECTED, was satisfying 13
07-24 13:12:46.689 1718 2010 D ConnectivityService: Sending DISCONNECTED broadcast for type 1 NetworkAgentInfo [WIFI () - 106] isDefaultNetwork=true
07-24 13:12:46.991 1718 2003 D ConnectivityService: registerNetworkAgent NetworkAgentInfo{ ni{[type: WIFI[], state: CONNECTING/CONNECTING, reason: (unspecified), extra: "NIST-Guest", failover: false, available: true, roaming: false, metered: false]} network{107} nethandle{459577936606} lp{{LinkAddresses: [] Routes: [] DnsAddresses: [] Domains: null MTU: 0}} nc{[ Transports: WIFI Capabilities: NOT_METERED&INTERNET&NOT_RESTRICTED&TRUSTED&NOT_VPN LinkUpBandwidth>=1048576Kbps LinkDnBandwidth>=1048576Kbps]} Score{20} everValidated{false} lastValidated{false} created{false} lingering{false} explicitlySelected{false} acceptUnvalidated{false} everCaptivePortalDetected{false} lastCaptivePortalDetected{false} }
07-24 13:12:46.991 1718 2010 D ConnectivityService: NetworkAgentInfo [WIFI () - 107] EVENT_NETWORK_INFO_CHANGED, going from null to CONNECTING
07-24 13:12:48.296 1718 2010 D ConnectivityService: NetworkAgentInfo [WIFI () - 107] EVENT_NETWORK_INFO_CHANGED, going from CONNECTING to CONNECTED
07-24 13:12:48.299 1718 2010 D ConnectivityService: Adding iface wlan0 to network 107
07-24 13:12:48.350 1718 2010 D ConnectivityService: Setting DNS servers for network 107 to [/129.6.13.2, /132.163.4.9]
07-24 13:12:48.381 1718 2010 D ConnectivityService: Switching to new default network: NetworkAgentInfo{ ni{[type: WIFI[], state: CONNECTED/CONNECTED, reason: (unspecified), extra: "NIST-Guest", failover: false, available: true, roaming: false, metered: false]} network{107} nethandle{459577936606} lp{{InterfaceName: wlan0 LinkAddresses: [fe80::224:a3ff:fe79:7859/64,172.22.41.87/17,] Routes: [fe80::/64 -> :: wlan0,172.22.0.0/17 -> 0.0.0.0 wlan0,0.0.0.0/0 -> 172.22.127.254 wlan0,] DnsAddresses: [129.6.13.2,132.163.4.9,] Domains: null MTU: 0 TcpBufferSizes: 524288,1048576,2097152,262144,524288,1048576}} nc{[ Transports: WIFI Capabilities: NOT_METERED&INTERNET&NOT_RESTRICTED&TRUSTED&NOT_VPN&FOREGROUND LinkUpBandwidth>=1048576Kbps LinkDnBandwidth>=1048576Kbps SignalStrength: -53]} Score{20} everValidated{false} lastValidated{false} created{true} lingering{false} explicitlySelected{true} acceptUnvalidated{false} everCaptivePortalDetected{false} lastCaptivePortalDetected{false} }
07-24 13:12:48.458 1718 2010 D ConnectivityService: Sending CONNECTED broadcast for type 1 NetworkAgentInfo [WIFI () - 107] isDefaultNetwork=true
07-24 13:12:48.511 21293 21599 F libc : Fatal signal 11 (SIGSEGV), code 1, fault addr 0xc00f04e in tid 21599 (vice.NfdService)
07-24 13:12:48.530 21601 21601 F DEBUG : *** *** *** *** *** *** *** *** *** *** *** *** *** *** *** ***
07-24 13:12:48.530 21601 21601 F DEBUG : Build fingerprint: 'Sonim/XP8812/XP8800:7.1.1/8A.0.0-02-7.1.1-10.01.60/157:user/release-keys'
07-24 13:12:48.530 21601 21601 F DEBUG : Revision: '0'
07-24 13:12:48.530 21601 21601 F DEBUG : ABI: 'arm'
07-24 13:12:48.530 21601 21601 F DEBUG : pid: 21293, tid: 21599, name: vice.NfdService >>> net.named_data.nfd.service.NfdService <<<
07-24 13:12:48.530 21601 21601 F DEBUG : signal 11 (SIGSEGV), code 1 (SEGV_MAPERR), fault addr 0xc00f04e
07-24 13:12:48.530 21601 21601 F DEBUG : r0 f0a8f3a0 r1 0c00f04f r2 d88d75b4 r3 d7dc6b08
07-24 13:12:48.530 21601 21601 F DEBUG : r4 d88d75b4 r5 00000002 r6 00000000 r7 d88d76f8
07-24 13:12:48.530 21601 21601 F DEBUG : r8 00000001 r9 ea59f1e8 sl ea59f1e8 fp d88d7628
07-24 13:12:48.530 21601 21601 F DEBUG : ip f0a91148 sp d88d75a0 lr d7dc6b34 pc 0c00f04e cpsr a00f0030
07-24 13:12:48.533 21601 21601 F DEBUG :
07-24 13:12:48.533 21601 21601 F DEBUG : backtrace:
07-24 13:12:48.533 21601 21601 F DEBUG : #00 pc 0c00f04e
07-24 13:12:48.533 21601 21601 F DEBUG : #01 pc 001f3b30 /data/app/net.named_data.nfd-1/lib/arm/libndn-cxx.so (_ZN5boost15throw_exceptionINS_16exception_detail19error_info_injectorIN3ndn8security3pib3Pib5ErrorEEEEEvRKT_+240)
07-24 13:12:48.533 21601 21601 F DEBUG : #02 pc 001f378c /data/app/net.named_data.nfd-1/lib/arm/libndn-cxx.so (_ZN5boost16exception_detail16throw_exception_IN3ndn8security3pib3Pib5ErrorEEEvRKT_PKcSB_i+80)
07-24 13:12:48.533 21601 21601 F DEBUG : #03 pc 001fed44 /data/app/net.named_data.nfd-1/lib/arm/libndn-cxx.so (_ZNK3ndn8security3pib3Pib13getTpmLocatorEv+196)
07-24 13:12:48.533 21601 21601 F DEBUG : #04 pc 0022f8b4 /data/app/net.named_data.nfd-1/lib/arm/libndn-cxx.so (_ZN3ndn8security2v28KeyChainC1ERKNSt6__ndk112basic_stringIcNS3_11char_traitsIcEENS3_9allocatorIcEEEESB_b+400)
07-24 13:12:48.533 21601 21601 F DEBUG : #05 pc 0001a8c3 /data/app/net.named_data.nfd-1/lib/arm/libnfd-wrapper.so (_ZN3nfd6RunnerC2Ev+34)
07-24 13:12:48.533 21601 21601 F DEBUG : #06 pc 0001978d /data/app/net.named_data.nfd-1/lib/arm/libnfd-wrapper.so
07-24 13:12:48.533 21601 21601 F DEBUG : #07 pc 0000fb68 /data/app/net.named_data.nfd-1/lib/arm/libboost_thread.so
07-24 13:12:48.533 21601 21601 F DEBUG : #08 pc 000477a3 /system/lib/libc.so (_ZL15__pthread_startPv+22)
07-24 13:12:48.533 21601 21601 F DEBUG : #09 pc 00019eb1 /system/lib/libc.so (__start_thread+6)
07-24 13:12:48.613 1718 2835 I ActivityManager: Start proc 21608:com.google.android.youtube/u0a118 for service com.google.android.youtube/com.google.android.libraries.youtube.common.gcore.gcoreclient.gcm.impl.GcmTaskServiceDelegator
07-24 13:12:48.784 1718 2010 D NetworkNotificationManager: clearNotification id=107
07-24 13:12:48.784 1718 2010 D ConnectivityService: NetworkAgentInfo [WIFI () - 107] validation passed
07-24 13:12:49.116 1718 1803 I BootReceiver: Copying /data/tombstones/tombstone_06 to DropBox (SYSTEM_TOMBSTONE)
07-24 13:12:49.124 1718 2902 I ActivityManager: Process net.named_data.nfd.service.NfdService (pid 21293) has died
07-24 13:12:49.124 1718 2902 D ActivityManager: cleanUpApplicationRecord -- 21293
07-24 13:12:49.124 1718 2902 W ActivityManager: Scheduling restart of crashed service net.named_data.nfd/.service.NfdService in 1244ms
07-24 13:12:50.147 1718 2826 I ActivityManager: Start proc 21752:net.named_data.nfd.service.NfdService/u0a125 for service net.named_data.nfd/.service.NfdService
07-24 13:12:50.387 21752 21768 F libc : Fatal signal 11 (SIGSEGV), code 1, fault addr 0xc00f04e in tid 21768 (vice.NfdService)
07-24 13:12:50.455 21769 21769 F DEBUG : *** *** *** *** *** *** *** *** *** *** *** *** *** *** *** ***
07-24 13:12:50.456 21769 21769 F DEBUG : Build fingerprint: 'Sonim/XP8812/XP8800:7.1.1/8A.0.0-02-7.1.1-10.01.60/157:user/release-keys'
07-24 13:12:50.456 21769 21769 F DEBUG : Revision: '0'
07-24 13:12:50.456 21769 21769 F DEBUG : ABI: 'arm'
07-24 13:12:50.456 21769 21769 F DEBUG : pid: 21752, tid: 21768, name: vice.NfdService >>> net.named_data.nfd.service.NfdService <<<
07-24 13:12:50.456 21769 21769 F DEBUG : signal 11 (SIGSEGV), code 1 (SEGV_MAPERR), fault addr 0xc00f04e
07-24 13:12:50.456 21769 21769 F DEBUG : r0 f0a983a0 r1 0c00f04f r2 d88d75b4 r3 d84abb08
07-24 13:12:50.456 21769 21769 F DEBUG : r4 d88d75b4 r5 00000002 r6 00000000 r7 d88d76f8
07-24 13:12:50.456 21769 21769 F DEBUG : r8 00000001 r9 ea59f1e8 sl ea59f1e8 fp d88d7628
07-24 13:12:50.456 21769 21769 F DEBUG : ip f0a9a148 sp d88d75a0 lr d84abb34 pc 0c00f04e cpsr a00f0030
07-24 13:12:50.462 21769 21769 F DEBUG :
07-24 13:12:50.462 21769 21769 F DEBUG : backtrace:
07-24 13:12:50.462 21769 21769 F DEBUG : #00 pc 0c00f04e
07-24 13:12:50.462 21769 21769 F DEBUG : #01 pc 001f3b30 /data/app/net.named_data.nfd-1/lib/arm/libndn-cxx.so (_ZN5boost15throw_exceptionINS_16exception_detail19error_info_injectorIN3ndn8security3pib3Pib5ErrorEEEEEvRKT_+240)
07-24 13:12:50.462 21769 21769 F DEBUG : #02 pc 001f378c /data/app/net.named_data.nfd-1/lib/arm/libndn-cxx.so (_ZN5boost16exception_detail16throw_exception_IN3ndn8security3pib3Pib5ErrorEEEvRKT_PKcSB_i+80)
07-24 13:12:50.462 21769 21769 F DEBUG : #03 pc 001fed44 /data/app/net.named_data.nfd-1/lib/arm/libndn-cxx.so (_ZNK3ndn8security3pib3Pib13getTpmLocatorEv+196)
07-24 13:12:50.462 21769 21769 F DEBUG : #04 pc 0022f8b4 /data/app/net.named_data.nfd-1/lib/arm/libndn-cxx.so (_ZN3ndn8security2v28KeyChainC1ERKNSt6__ndk112basic_stringIcNS3_11char_traitsIcEENS3_9allocatorIcEEEESB_b+400)
07-24 13:12:50.462 21769 21769 F DEBUG : #05 pc 0001a8c3 /data/app/net.named_data.nfd-1/lib/arm/libnfd-wrapper.so (_ZN3nfd6RunnerC2Ev+34)
07-24 13:12:50.462 21769 21769 F DEBUG : #06 pc 0001978d /data/app/net.named_data.nfd-1/lib/arm/libnfd-wrapper.so
07-24 13:12:50.462 21769 21769 F DEBUG : #07 pc 0000fb68 /data/app/net.named_data.nfd-1/lib/arm/libboost_thread.so
07-24 13:12:50.462 21769 21769 F DEBUG : #08 pc 000477a3 /system/lib/libc.so (_ZL15__pthread_startPv+22)
07-24 13:12:50.462 21769 21769 F DEBUG : #09 pc 00019eb1 /system/lib/libc.so (__start_thread+6)
07-24 13:12:51.058 1718 1803 I BootReceiver: Copying /data/tombstones/tombstone_07 to DropBox (SYSTEM_TOMBSTONE)
07-24 13:12:51.068 1718 2284 I ActivityManager: Process net.named_data.nfd.service.NfdService (pid 21752) has died
07-24 13:12:51.068 1718 2284 D ActivityManager: cleanUpApplicationRecord -- 21752
07-24 13:12:51.068 1718 2284 W ActivityManager: Service crashed 2 times, stopping: ServiceRecord{96c0e78 u0 net.named_data.nfd/.service.NfdService}
07-24 13:12:52.091 1718 13283 I ActivityManager: Start proc 21784:net.named_data.nfd.service.NfdService/u0a125 for service net.named_data.nfd/.service.NfdService
07-24 13:13:00.936 920 920 E TLOC : [TLOCChannel]"Can't receive message due to timeout"
07-24 13:13:00.936 920 920 I TLOC : [TLOCDaemon ]"timeout passed with no location fix - close the session"
07-24 13:13:00.937 920 920 I TLOC : [ModemComm ]"Stopped the session successfully"
07-24 13:13:00.937 920 920 D TLOC : [TLOCDaemon ]"The command finished successfully"
07-24 13:13:00.937 920 920 D TLOC : [TLOCDaemon ]"waiting for command"
07-24 13:13:00.937 920 920 D TLOC : [TLOCChannel] "Going to receive message for TLOCD"
07-24 13:13:00.937 920 920 D TLOC : [TLOCChannel] "wait for message for user TLOCD"
07-24 13:13:00.937 920 997 I TLOC : [Modem ]"Received event indication of position report with status GENERAL_FAILURE"
07-24 13:13:12.892 1718 2795 I ActivityManager: Killing 17443:com.google.process.gapps/u0a70 (adj 906): empty for 1809s
07-24 13:13:12.913 1718 2902 D ActivityManager: cleanUpApplicationRecord -- 17443
07-24 13:14:10.952 1718 1811 I PowerManagerService: Going to sleep due to screen timeout (uid 1000)...
07-24 13:14:11.495 1718 1808 I DisplayManagerService: Display device changed state: "Built-in Screen", OFF
07-24 13:14:11.657 1718 1811 I DreamManagerService: Entering dreamland.
07-24 13:14:11.658 1718 1811 I PowerManagerService: Dozing...
07-24 13:14:11.660 1718 21771 W ActivityManager: Ignoring remove of inactive process: ProcessRecord{dd04ac9 0:net.named_data.nfd.service.NfdService/u0a125}
07-24 13:14:11.660 1718 1806 I DreamController: Starting dream: name=ComponentInfo{com.android.systemui/com.android.systemui.doze.DozeService}, isTest=false, canDoze=true, userId=0
07-24 13:14:11.666 1718 1774 W AppOps : Finishing op nesting under-run: uid 1000 pkg android code 24 time=0 duration=0 nesting=0
07-24 13:14:11.669 1718 21695 W ActivityManager: Ignoring remove of inactive process: ProcessRecord{ade290b 0:net.named_data.nfd.service.NfdService/u0a125}
07-24 13:14:11.677 1718 1774 W AppOps : Finishing op nesting under-run: uid 1000 pkg android code 24 time=0 duration=0 nesting=0
07-24 13:14:11.685 1718 2748 W InputMethodManagerService: Window already focused, ignoring focus gain of: com.android.internal.view.IInputMethodClient$Stub$Proxy@69a40a6 attribute=android.view.inputmethod.EditorInfo@5c44ae7, token = android.os.BinderProxy@5748c3b
07-24 13:14:15.982 1718 13284 I ActivityManager: Setting hasTopUi=true for pid=2060
07-24 13:14:16.027 2060 2060 V KeyguardStatusView: refresh statusview showing:true
07-24 13:14:16.040 2060 2060 V KeyguardDisplayManager: show
07-24 13:14:56.560 1718 1778 E BatteryStatsService: no controller energy info supplied
07-24 13:14:56.566 1718 1772 E KernelUidCpuTimeReader: Failed to read uid_cputime: /proc/uid_cputime/show_uid_stat (No such file or directory)
07-24 13:14:56.572 1718 1778 E KernelUidCpuTimeReader: Failed to read uid_cputime: /proc/uid_cputime/show_uid_stat (No such file or directory)
07-24 13:15:30.809 1718 1908 E PackageInstaller: Commit of session 925776501 failed: Package /data/app/vmdl925776501.tmp/base.apk has no certificates at entry AndroidManifest.xml
07-24 13:16:31.068 1718 1988 I PowerManagerService: Waking up from dozing (uid 1000)...
07-24 13:16:31.072 1718 1811 I DisplayPowerController: Blocking screen on until initial contents have been drawn.
07-24 13:16:31.088 1718 1808 I DisplayManagerService: Display device changed state: "Built-in Screen", ON
07-24 13:16:31.582 1718 1811 I DisplayPowerController: Unblocked screen on after 510 ms
07-24 13:16:31.584 1718 1811 I DreamManagerService: Gently waking up from dream.
07-24 13:16:31.585 1718 8142 I DreamManagerService: Leaving dreamland.
07-24 13:16:31.585 1718 1806 I DreamController: Stopping dream: name=ComponentInfo{com.android.systemui/com.android.systemui.doze.DozeService}, isTest=false, canDoze=true, userId=0
07-24 13:16:32.858 2060 2060 V KeyguardDisplayManager: hide
07-24 13:16:32.888 1718 8944 W InputMethodManagerService: Window already focused, ignoring focus gain of: com.android.internal.view.IInputMethodClient$Stub$Proxy@8540366 attribute=null, token = android.os.BinderProxy@5748c3b
07-24 13:16:33.217 1718 2748 I ActivityManager: Setting hasTopUi=false for pid=2060
07-24 13:16:34.229 21784 21981 F libc : Fatal signal 11 (SIGSEGV), code 1, fault addr 0xc00f04e in tid 21981 (vice.NfdService)
07-24 13:16:34.308 21982 21982 F DEBUG : *** *** *** *** *** *** *** *** *** *** *** *** *** *** *** ***
07-24 13:16:34.309 21982 21982 F DEBUG : Build fingerprint: 'Sonim/XP8812/XP8800:7.1.1/8A.0.0-02-7.1.1-10.01.60/157:user/release-keys'
07-24 13:16:34.309 21982 21982 F DEBUG : Revision: '0'
07-24 13:16:34.309 21982 21982 F DEBUG : ABI: 'arm'
07-24 13:16:34.309 21982 21982 F DEBUG : pid: 21784, tid: 21981, name: vice.NfdService >>> net.named_data.nfd.service.NfdService <<<
07-24 13:16:34.309 21982 21982 F DEBUG : signal 11 (SIGSEGV), code 1 (SEGV_MAPERR), fault addr 0xc00f04e
07-24 13:16:34.309 21982 21982 F DEBUG : r0 ea60e3a0 r1 0c00f04f r2 d88d75b4 r3 d7afbb08
07-24 13:16:34.309 21982 21982 F DEBUG : r4 d88d75b4 r5 00000002 r6 00000000 r7 d88d76f8
07-24 13:16:34.309 21982 21982 F DEBUG : r8 00000001 r9 ea59f288 sl ea59f288 fp d88d7628
07-24 13:16:34.309 21982 21982 F DEBUG : ip ea610148 sp d88d75a0 lr d7afbb34 pc 0c00f04e cpsr a00f0030
07-24 13:16:34.315 21982 21982 F DEBUG :
07-24 13:16:34.315 21982 21982 F DEBUG : backtrace:
07-24 13:16:34.315 21982 21982 F DEBUG : #00 pc 0c00f04e
07-24 13:16:34.315 21982 21982 F DEBUG : #01 pc 001f3b30 /data/app/net.named_data.nfd-1/lib/arm/libndn-cxx.so (_ZN5boost15throw_exceptionINS_16exception_detail19error_info_injectorIN3ndn8security3pib3Pib5ErrorEEEEEvRKT_+240)
07-24 13:16:34.315 21982 21982 F DEBUG : #02 pc 001f378c /data/app/net.named_data.nfd-1/lib/arm/libndn-cxx.so (_ZN5boost16exception_detail16throw_exception_IN3ndn8security3pib3Pib5ErrorEEEvRKT_PKcSB_i+80)
07-24 13:16:34.315 21982 21982 F DEBUG : #03 pc 001fed44 /data/app/net.named_data.nfd-1/lib/arm/libndn-cxx.so (_ZNK3ndn8security3pib3Pib13getTpmLocatorEv+196)
07-24 13:16:34.315 21982 21982 F DEBUG : #04 pc 0022f8b4 /data/app/net.named_data.nfd-1/lib/arm/libndn-cxx.so (_ZN3ndn8security2v28KeyChainC1ERKNSt6__ndk112basic_stringIcNS3_11char_traitsIcEENS3_9allocatorIcEEEESB_b+400)
07-24 13:16:34.315 21982 21982 F DEBUG : #05 pc 0001a8c3 /data/app/net.named_data.nfd-1/lib/arm/libnfd-wrapper.so (_ZN3nfd6RunnerC2Ev+34)
07-24 13:16:34.315 21982 21982 F DEBUG : #06 pc 0001978d /data/app/net.named_data.nfd-1/lib/arm/libnfd-wrapper.so
07-24 13:16:34.315 21982 21982 F DEBUG : #07 pc 0000fb68 /data/app/net.named_data.nfd-1/lib/arm/libboost_thread.so
07-24 13:16:34.315 21982 21982 F DEBUG : #08 pc 000477a3 /system/lib/libc.so (_ZL15__pthread_startPv+22)
07-24 13:16:34.315 21982 21982 F DEBUG : #09 pc 00019eb1 /system/lib/libc.so (__start_thread+6)
07-24 13:16:34.918 1718 1803 I BootReceiver: Copying /data/tombstones/tombstone_08 to DropBox (SYSTEM_TOMBSTONE)
07-24 13:16:34.934 1718 13283 I ActivityManager: Process net.named_data.nfd.service.NfdService (pid 21784) has died
07-24 13:16:34.934 1718 13283 D ActivityManager: cleanUpApplicationRecord -- 21784
07-24 13:16:34.934 1718 13283 W ActivityManager: Scheduling restart of crashed service net.named_data.nfd/.service.NfdService in 1410ms
07-24 13:16:35.953 1718 2690 I ActivityManager: Start proc 22007:net.named_data.nfd.service.NfdService/u0a125 for service net.named_data.nfd/.service.NfdService
07-24 13:16:36.177 1718 21985 W ActivityManager: Ignoring remove of inactive process: ProcessRecord{cec5376 0:net.named_data.nfd.service.NfdService/u0a125}
07-24 13:16:36.187 1718 2927 W InputMethodManagerService: Window already focused, ignoring focus gain of: com.android.internal.view.IInputMethodClient$Stub$Proxy@803d24d attribute=null, token = android.os.BinderProxy@5748c3b
07-24 13:16:36.218 22007 22034 F libc : Fatal signal 11 (SIGSEGV), code 1, fault addr 0xc00f04e in tid 22034 (vice.NfdService)
07-24 13:16:36.285 22035 22035 F DEBUG : *** *** *** *** *** *** *** *** *** *** *** *** *** *** *** ***
07-24 13:16:36.285 22035 22035 F DEBUG : Build fingerprint: 'Sonim/XP8812/XP8800:7.1.1/8A.0.0-02-7.1.1-10.01.60/157:user/release-keys'
07-24 13:16:36.285 22035 22035 F DEBUG : Revision: '0'
07-24 13:16:36.285 22035 22035 F DEBUG : ABI: 'arm'
07-24 13:16:36.286 22035 22035 F DEBUG : pid: 22007, tid: 22034, name: vice.NfdService >>> net.named_data.nfd.service.NfdService <<<
07-24 13:16:36.286 22035 22035 F DEBUG : signal 11 (SIGSEGV), code 1 (SEGV_MAPERR), fault addr 0xc00f04e
07-24 13:16:36.286 22035 22035 F DEBUG : r0 f0a8f3a0 r1 0c00f04f r2 d88d75b4 r3 d84abb08
07-24 13:16:36.286 22035 22035 F DEBUG : r4 d88d75b4 r5 00000002 r6 00000000 r7 d88d76f8
07-24 13:16:36.286 22035 22035 F DEBUG : r8 00000001 r9 ea59f1e8 sl ea59f1e8 fp d88d7628
07-24 13:16:36.286 22035 22035 F DEBUG : ip f0a91148 sp d88d75a0 lr d84abb34 pc 0c00f04e cpsr a00f0030
07-24 13:16:36.291 22035 22035 F DEBUG :
07-24 13:16:36.291 22035 22035 F DEBUG : backtrace:
07-24 13:16:36.292 22035 22035 F DEBUG : #00 pc 0c00f04e
07-24 13:16:36.292 22035 22035 F DEBUG : #01 pc 001f3b30 /data/app/net.named_data.nfd-1/lib/arm/libndn-cxx.so (_ZN5boost15throw_exceptionINS_16exception_detail19error_info_injectorIN3ndn8security3pib3Pib5ErrorEEEEEvRKT_+240)
07-24 13:16:36.292 22035 22035 F DEBUG : #02 pc 001f378c /data/app/net.named_data.nfd-1/lib/arm/libndn-cxx.so (_ZN5boost16exception_detail16throw_exception_IN3ndn8security3pib3Pib5ErrorEEEvRKT_PKcSB_i+80)
07-24 13:16:36.292 22035 22035 F DEBUG : #03 pc 001fed44 /data/app/net.named_data.nfd-1/lib/arm/libndn-cxx.so (_ZNK3ndn8security3pib3Pib13getTpmLocatorEv+196)
07-24 13:16:36.292 22035 22035 F DEBUG : #04 pc 0022f8b4 /data/app/net.named_data.nfd-1/lib/arm/libndn-cxx.so (_ZN3ndn8security2v28KeyChainC1ERKNSt6__ndk112basic_stringIcNS3_11char_traitsIcEENS3_9allocatorIcEEEESB_b+400)
07-24 13:16:36.292 22035 22035 F DEBUG : #05 pc 0001a8c3 /data/app/net.named_data.nfd-1/lib/arm/libnfd-wrapper.so (_ZN3nfd6RunnerC2Ev+34)
07-24 13:16:36.292 22035 22035 F DEBUG : #06 pc 0001978d /data/app/net.named_data.nfd-1/lib/arm/libnfd-wrapper.so
07-24 13:16:36.292 22035 22035 F DEBUG : #07 pc 0000fb68 /data/app/net.named_data.nfd-1/lib/arm/libboost_thread.so
07-24 13:16:36.292 22035 22035 F DEBUG : #08 pc 000477a3 /system/lib/libc.so (_ZL15__pthread_startPv+22)
07-24 13:16:36.292 22035 22035 F DEBUG : #09 pc 00019eb1 /system/lib/libc.so (__start_thread+6)
07-24 13:16:36.356 1718 1808 W AppOps : Finishing op nesting under-run: uid 1000 pkg android code 24 time=0 duration=0 nesting=0
07-24 13:16:36.679 1718 22070 W ActivityManager: Process net.named_data.nfd has crashed too many times: killing!
07-24 13:16:36.679 1718 22070 I ActivityManager: Killing 22007:net.named_data.nfd.service.NfdService/u0a125 (adj 0): crash
07-24 13:16:36.680 1718 22070 D ActivityManager: cleanUpApplicationRecord -- 22007
07-24 13:16:36.686 1718 1803 I BootReceiver: Copying /data/tombstones/tombstone_09 to DropBox (SYSTEM_TOMBSTONE)
07-24 13:16:37.711 1718 1747 I ActivityManager: Start proc 22115:net.named_data.nfd.service.NfdService/u0a125 for service net.named_data.nfd/.service.NfdService
07-24 13:16:38.946 22115 22142 F libc : Fatal signal 11 (SIGSEGV), code 1, fault addr 0xc00f04e in tid 22142 (vice.NfdService)
07-24 13:16:39.027 22143 22143 F DEBUG : *** *** *** *** *** *** *** *** *** *** *** *** *** *** *** ***
07-24 13:16:39.027 22143 22143 F DEBUG : Build fingerprint: 'Sonim/XP8812/XP8800:7.1.1/8A.0.0-02-7.1.1-10.01.60/157:user/release-keys'
07-24 13:16:39.027 22143 22143 F DEBUG : Revision: '0'
07-24 13:16:39.027 22143 22143 F DEBUG : ABI: 'arm'
07-24 13:16:39.028 22143 22143 F DEBUG : pid: 22115, tid: 22142, name: vice.NfdService >>> net.named_data.nfd.service.NfdService <<<
07-24 13:16:39.028 22143 22143 F DEBUG : signal 11 (SIGSEGV), code 1 (SEGV_MAPERR), fault addr 0xc00f04e
07-24 13:16:39.028 22143 22143 F DEBUG : r0 ea63d3a0 r1 0c00f04f r2 d88d75b4 r3 d7dc6b08
07-24 13:16:39.028 22143 22143 F DEBUG : r4 d88d75b4 r5 00000002 r6 00000000 r7 d88d76f8
07-24 13:16:39.028 22143 22143 F DEBUG : r8 00000001 r9 ea59f1e8 sl ea59f1e8 fp d88d7628
07-24 13:16:39.028 22143 22143 F DEBUG : ip ea63f148 sp d88d75a0 lr d7dc6b34 pc 0c00f04e cpsr a00f0030
07-24 13:16:39.034 22143 22143 F DEBUG :
07-24 13:16:39.034 22143 22143 F DEBUG : backtrace:
07-24 13:16:39.034 22143 22143 F DEBUG : #00 pc 0c00f04e
07-24 13:16:39.034 22143 22143 F DEBUG : #01 pc 001f3b30 /data/app/net.named_data.nfd-1/lib/arm/libndn-cxx.so (_ZN5boost15throw_exceptionINS_16exception_detail19error_info_injectorIN3ndn8security3pib3Pib5ErrorEEEEEvRKT_+240)
07-24 13:16:39.034 22143 22143 F DEBUG : #02 pc 001f378c /data/app/net.named_data.nfd-1/lib/arm/libndn-cxx.so (_ZN5boost16exception_detail16throw_exception_IN3ndn8security3pib3Pib5ErrorEEEvRKT_PKcSB_i+80)
07-24 13:16:39.034 22143 22143 F DEBUG : #03 pc 001fed44 /data/app/net.named_data.nfd-1/lib/arm/libndn-cxx.so (_ZNK3ndn8security3pib3Pib13getTpmLocatorEv+196)
07-24 13:16:39.034 22143 22143 F DEBUG : #04 pc 0022f8b4 /data/app/net.named_data.nfd-1/lib/arm/libndn-cxx.so (_ZN3ndn8security2v28KeyChainC1ERKNSt6__ndk112basic_stringIcNS3_11char_traitsIcEENS3_9allocatorIcEEEESB_b+400)
07-24 13:16:39.034 22143 22143 F DEBUG : #05 pc 0001a8c3 /data/app/net.named_data.nfd-1/lib/arm/libnfd-wrapper.so (_ZN3nfd6RunnerC2Ev+34)
07-24 13:16:39.034 22143 22143 F DEBUG : #06 pc 0001978d /data/app/net.named_data.nfd-1/lib/arm/libnfd-wrapper.so
07-24 13:16:39.034 22143 22143 F DEBUG : #07 pc 0000fb68 /data/app/net.named_data.nfd-1/lib/arm/libboost_thread.so
07-24 13:16:39.035 22143 22143 F DEBUG : #08 pc 000477a3 /system/lib/libc.so (_ZL15__pthread_startPv+22)
07-24 13:16:39.035 22143 22143 F DEBUG : #09 pc 00019eb1 /system/lib/libc.so (__start_thread+6)
07-24 13:16:39.636 1718 1803 I BootReceiver: Copying /data/tombstones/tombstone_00 to DropBox (SYSTEM_TOMBSTONE)
07-24 13:16:39.650 1718 2797 I ActivityManager: Process net.named_data.nfd.service.NfdService (pid 22115) has died
07-24 13:16:39.650 1718 2797 D ActivityManager: cleanUpApplicationRecord -- 22115
07-24 13:16:39.650 1718 2797 W ActivityManager: Scheduling restart of crashed service net.named_data.nfd/.service.NfdService in 1404ms
07-24 13:16:40.676 1718 1747 I ActivityManager: Start proc 22167:net.named_data.nfd.service.NfdService/u0a125 for service net.named_data.nfd/.service.NfdService
07-24 13:16:40.756 1718 22146 W ActivityManager: Ignoring remove of inactive process: ProcessRecord{5ea35ac 0:net.named_data.nfd.service.NfdService/u0a125}
07-24 13:16:40.766 1718 2898 W InputMethodManagerService: Window already focused, ignoring focus gain of: com.android.internal.view.IInputMethodClient$Stub$Proxy@a026a7b attribute=null, token = android.os.BinderProxy@5748c3b
07-24 13:16:40.931 22167 22190 F libc : Fatal signal 11 (SIGSEGV), code 1, fault addr 0xc00f04e in tid 22190 (vice.NfdService)
07-24 13:16:40.938 1718 1808 W AppOps : Finishing op nesting under-run: uid 1000 pkg android code 24 time=0 duration=0 nesting=0
07-24 13:16:40.999 22192 22192 F DEBUG : *** *** *** *** *** *** *** *** *** *** *** *** *** *** *** ***
