07-24 13:23:04.332 1718 1718 I RPS : onReceive IntentIntent { act=android.intent.action.BATTERY_CHANGED flg=0x60000010 (has extras) }
07-24 13:23:04.333 1718 1718 I RPS : Battery Level in percentage:93.0Level:93Scale100
07-24 13:23:04.333 1718 1718 I RPS : checkCallbacks
07-24 13:23:04.334 2060 2060 D KeyguardUpdateMonitor: received broadcast android.intent.action.BATTERY_CHANGED
07-24 13:23:04.335 1718 1811 E PowerManagerService: BatteryReceiver onReceive() status: 2 plugType:1
07-24 13:23:04.335 2364 2364 I TelephonyManager: isMultiSimEnabled()- telephonyManager: uid= 1001
07-24 13:23:04.336 2815 2815 I tsdmc : BatteryMonitorService.checkFWUpdateWithBatteryEnough()
07-24 13:23:04.336 2815 2815 V tsdmc : mbatteryLevel = 93; bBatteryLow= false
07-24 13:23:04.339 2060 2060 D KeyguardUpdateMonitor: handleBatteryUpdate
07-24 13:23:04.342 2364 2364 E QtiImsExtUtils: getConfigForPhoneId subId is invalid
07-24 13:23:04.342 2364 2364 E QtiImsExtUtils: isCarrierConfigEnabled bundle is null
07-24 13:23:04.457 2338 2338 D wpa_supplicant: wlan0: Control interface command 'SIGNAL_POLL'
07-24 13:23:04.463 2338 2338 D wpa_supplicant: CTRL-DEBUG: global_ctrl_sock-sendto: sock=8 sndbuf=212992 outq=0 send_len=62
07-24 13:23:05.647 1718 2322 E IzatSvc_PassiveLocListener: Exiting with error onLocationChanged line 172 "1"
07-24 13:23:07.478 2338 2338 D wpa_supplicant: wlan0: Control interface command 'SIGNAL_POLL'
07-24 13:23:07.484 2338 2338 D wpa_supplicant: CTRL-DEBUG: global_ctrl_sock-sendto: sock=8 sndbuf=212992 outq=0 send_len=62
07-24 13:23:10.505 2338 2338 D wpa_supplicant: wlan0: Control interface command 'SIGNAL_POLL'
07-24 13:23:10.512 2338 2338 D wpa_supplicant: CTRL-DEBUG: global_ctrl_sock-sendto: sock=8 sndbuf=212992 outq=0 send_len=62
07-24 13:23:12.520 13530 13530 I GoogleInputMethod: onFinishInput() : Dummy InputConnection bound
07-24 13:23:12.522 13530 13530 I GoogleInputMethod: onStartInput() : Dummy InputConnection bound
07-24 13:23:13.210 711 838 E libnav : CablComputeBacklightLevel(): UpdateType = DifferentSceneUpdate
07-24 13:23:13.450 577 2606 E ANDR-PERF-MPCTL: Invalid profile no. 0, total profiles 0 only
07-24 13:23:13.450 577 2606 E ANDR-PERF-RESOURCEQS: Failed to apply optimization [3, 0]
07-24 13:23:13.452 577 2606 E ANDR-PERF-RESOURCEQS: Failed to apply optimization [5, 0]
07-24 13:23:13.526 2338 2338 D wpa_supplicant: wlan0: Control interface command 'SIGNAL_POLL'
07-24 13:23:13.533 2338 2338 D wpa_supplicant: CTRL-DEBUG: global_ctrl_sock-sendto: sock=8 sndbuf=212992 outq=0 send_len=62
07-24 13:23:13.980 577 2606 E ANDR-PERF-MPCTL: Invalid profile no. 0, total profiles 0 only
07-24 13:23:13.980 577 2606 E ANDR-PERF-RESOURCEQS: Failed to apply optimization [3, 0]
07-24 13:23:13.983 577 2606 E ANDR-PERF-RESOURCEQS: Failed to apply optimization [5, 0]
07-24 13:23:14.933 1718 2836 I ActivityManager: START u0 {act=android.intent.action.MAIN cat=[android.intent.category.LAUNCHER] flg=0x10200000 cmp=net.named_data.nfd/.MainActivity bnds=[796,1183][1053,1549] (has extras)} from uid 10026 on display 0
07-24 13:23:14.942 577 2606 E ANDR-PERF-MPCTL: Invalid profile no. 0, total profiles 0 only
07-24 13:23:14.974 1718 2836 D ActivityTrigger: activityStartTrigger: Activity is Triggerred in full screen ApplicationInfo{7c1d868 net.named_data.nfd}
07-24 13:23:14.974 1718 2836 E ActivityTrigger: activityStartTrigger: not whiteListednet.named_data.nfd/net.named_data.nfd.MainActivity/3004008
07-24 13:23:14.975 1718 2836 D CompatibilityInfo: mCompatibilityFlags - 0
07-24 13:23:14.975 1718 2836 D CompatibilityInfo: applicationDensity - 480
07-24 13:23:14.975 1718 2836 D CompatibilityInfo: applicationScale - 1.0
07-24 13:23:14.977 1718 2836 D ActivityTrigger: activityResumeTrigger: The activity in ApplicationInfo{7c1d868 net.named_data.nfd} is now in focus and seems to be in full-screen mode
07-24 13:23:14.977 1718 2836 E ActivityTrigger: activityResumeTrigger: not whiteListednet.named_data.nfd/net.named_data.nfd.MainActivity/3004008
07-24 13:23:14.977 1718 2836 D ActivityTrigger: ActivityTrigger activityPauseTrigger
07-24 13:23:14.983 1718 2748 D ActivityTrigger: activityResumeTrigger: The activity in ApplicationInfo{7c1d868 net.named_data.nfd} is now in focus and seems to be in full-screen mode
07-24 13:23:14.983 1718 2748 E ActivityTrigger: activityResumeTrigger: not whiteListednet.named_data.nfd/net.named_data.nfd.MainActivity/3004008
07-24 13:23:14.996 1718 2748 I ActivityManager: Start proc 26660:net.named_data.nfd/u0a126 for activity net.named_data.nfd/.MainActivity
07-24 13:23:14.998 26660 26660 I chatty : uid=10126(net.named_data.nfd) expire 13 lines
07-24 13:23:15.011 1718 2927 D CompatibilityInfo: mCompatibilityFlags - 0
07-24 13:23:15.011 1718 2927 D CompatibilityInfo: applicationDensity - 480
07-24 13:23:15.012 1718 2927 D CompatibilityInfo: applicationScale - 1.0
07-24 13:23:15.018 1718 2927 D CompatibilityInfo: mCompatibilityFlags - 0
07-24 13:23:15.018 1718 2927 D CompatibilityInfo: applicationDensity - 480
07-24 13:23:15.019 1718 2927 D CompatibilityInfo: applicationScale - 1.0
07-24 13:23:15.060 1718 1811 E PowerManagerService: BatteryReceiver onReceive() status: 2 plugType:1
07-24 13:23:15.060 1718 1718 I RPS : onReceive IntentIntent { act=android.intent.action.BATTERY_CHANGED flg=0x60000010 (has extras) }
07-24 13:23:15.060 1718 1718 I RPS : Battery Level in percentage:93.0Level:93Scale100
07-24 13:23:15.060 1718 1718 I RPS : checkCallbacks
07-24 13:23:15.060 2060 2060 D KeyguardUpdateMonitor: received broadcast android.intent.action.BATTERY_CHANGED
07-24 13:23:15.061 2815 2815 I tsdmc : BatteryMonitorService.checkFWUpdateWithBatteryEnough()
07-24 13:23:15.061 2364 2364 I TelephonyManager: isMultiSimEnabled()- telephonyManager: uid= 1001
07-24 13:23:15.061 2815 2815 V tsdmc : mbatteryLevel = 93; bBatteryLow= false
07-24 13:23:15.062 2060 2060 D KeyguardUpdateMonitor: handleBatteryUpdate
07-24 13:23:15.063 2364 2364 E QtiImsExtUtils: getConfigForPhoneId subId is invalid
07-24 13:23:15.063 2364 2364 E QtiImsExtUtils: isCarrierConfigEnabled bundle is null
07-24 13:23:15.677 1718 2836 I ActivityManager: Start proc 26679:net.named_data.nfd.service.NfdService/u0a126 for service net.named_data.nfd/.service.NfdService
07-24 13:23:15.677 26679 26679 I chatty : uid=10126 net.named_data.nfd.service.NfdService expire 76 lines
07-24 13:23:15.690 1718 2797 D CompatibilityInfo: mCompatibilityFlags - 0
07-24 13:23:15.690 1718 2797 D CompatibilityInfo: applicationDensity - 480
07-24 13:23:15.690 1718 2797 D CompatibilityInfo: applicationScale - 1.0
07-24 13:23:15.692 1718 2797 D CompatibilityInfo: mCompatibilityFlags - 0
07-24 13:23:15.692 1718 2797 D CompatibilityInfo: applicationDensity - 480
07-24 13:23:15.692 1718 2797 D CompatibilityInfo: applicationScale - 1.0
07-24 13:23:15.726 26660 26693 I chatty : uid=10126(net.named_data.nfd) RenderThread expire 4 lines
07-24 13:23:15.787 1718 1808 I ActivityManager: Displayed net.named_data.nfd/.MainActivity: +804ms
07-24 13:23:15.789 13530 13530 I GoogleInputMethod: onFinishInput() : Dummy InputConnection bound
07-24 13:23:15.790 13530 13530 I GoogleInputMethod: onStartInput() : Dummy InputConnection bound
07-24 13:23:15.795 1718 1747 D ActivityTrigger: ActivityTrigger activityStopTrigger
07-24 13:23:15.866 26679 26699 I chatty : uid=10126 net.named_data.nfd.service.NfdService expire 336 lines
07-24 13:23:15.897 26699 26699 I chatty : uid=10126 net.named_data.nfd.service.NfdService expire 10 lines
07-24 13:23:16.384 26679 26699 I chatty : uid=10126 net.named_data.nfd.service.NfdService expire 240 lines
07-24 13:23:16.474 577 2606 E ANDR-PERF-OPTSHANDLER: perf_lock_rel: updated /sys/class/mmc_host/mmc0/clk_scaling/enable with 1
07-24 13:23:16.474 577 2606 E ANDR-PERF-OPTSHANDLER: return value 2
07-24 13:23:16.546 2338 2338 D wpa_supplicant: wlan0: Control interface command 'SIGNAL_POLL'
07-24 13:23:16.550 2338 2338 D wpa_supplicant: CTRL-DEBUG: global_ctrl_sock-sendto: sock=8 sndbuf=212992 outq=0 send_len=62
07-24 13:23:16.865 26679 26679 I chatty : uid=10126 net.named_data.nfd.service.NfdService expire 2 lines
07-24 13:23:16.873 26679 26706 I chatty : uid=10126(net.named_data.nfd) AsyncTask #1 expire 5 lines
07-24 13:23:16.974 577 2606 E ANDR-PERF-RESOURCEQS: Failed to reset optimization [3, 0]
07-24 13:23:17.065 26679 26708 I chatty : uid=10126(net.named_data.nfd) AsyncTask #2 expire 2 lines
07-24 13:23:17.067 26679 26709 I chatty : uid=10126(net.named_data.nfd) AsyncTask #3 expire 1 line
07-24 13:23:17.076 26679 26699 I chatty : uid=10126 net.named_data.nfd.service.NfdService expire 221 lines
07-24 13:23:17.077 26699 26699 I chatty : uid=10126 net.named_data.nfd.service.NfdService expire 5 lines
07-24 13:23:17.159 26679 26712 I chatty : uid=10126(net.named_data.nfd) Thread-3 expire 2 lines
07-24 13:23:17.465 26679 26720 I chatty : uid=10126(net.named_data.nfd) AsyncTask #4 expire 1 line
07-24 13:23:17.522 26679 26699 I chatty : uid=10126 net.named_data.nfd.service.NfdService expire 90 lines
07-24 13:23:17.517 26699 26699 I chatty : uid=10126 net.named_data.nfd.service.NfdService expire 2 lines
07-24 13:23:17.604 26679 26699 D nfd.Forwarder: onOutgoingData face=260 data=/localhost/nfd/rib/register/h%09%07%00i%02%01%05j%01%0A/%00%00%01d%CDQ%09%B9/%86%0By%E3%17%C9%1A%0A/%166%1B%01%01%1C1%07%2F%08%0Ctmp-identity%08%03KEY%08%11ksk-1532452996873%08%07ID-CERT/%17%FD%01%001%0C%8E%8Ftr%BEe%F0%AE%D0u%85%A7%C7%D5%F1%7D%BA%CE%95%80GT%EB%B8c%D3%1B%25%E1K%98%A3%CB%25%20%A4v%ACc%D8Fp%D7%92%18A%5Cu%BD%C9%FD%CB%1E%A5%B8%EC%5EuG%A2M%83pK5%F7%C38p%3F%B0L%195%AE%14S%A8W%5E%FD%3D%90%40%C2.%B8I%1Dl%03%1CV%1A%BBZ%0C%AB%0A%82%B3v%0Fg%D4%A5%09%E0%20%14%E8%9E%EB%8Fm%7F%5C%0A%F2O%89t%CD%D7%0E%C2%CC%A6%A3%2B%B9%3B%EA%D3h%B0cfdB%8FZ%5B%EF%2A%AAy%28P%F9c%7B%BF1%86%F7%1Aff%0E%D3%A3%AB%E3K%8Fs%7B%9F%10%3A%03%28As%0E%01%CB%3EM%EFj%E1%89%18%92%8C%84%BA%81%B6%F1%CA%B2%AF%3F%7D%7BD%B9j%5D%0F%96%9B%A6%40u%ABg%F4%BDFE2%E3%D2%C3%18%F1%24R%B3%40%C5N1t%91W%9E%E9%8E%5D%94%EBG%BC%AA%C0%21%3B%BD%18%A9%FB%CA%E8%EE%15%8C%F5%CE%C9
07-24 13:23:17.604 26679 26699 V nfd.LinkService: [id=260,local=tcp4://127.0.0.1:6363,remote=tcp4://127.0.0.1:43976] sendData
07-24 13:23:17.597 26699 26699 W vice.NfdService: type=1400 audit(0.0:319): avc: denied { ioctl } for path="socket:[171221]" dev="sockfs" ino=171221 ioctlcmd=894b scontext=u:r:untrusted_app:s0:c512,c768 tcontext=u:r:untrusted_app:s0:c512,c768 tclass=tcp_socket permissive=0
07-24 13:23:17.604 26679 26699 W nfd.TcpTransport: [id=260,local=tcp4://127.0.0.1:6363,remote=tcp4://127.0.0.1:43976] Failed to obtain send queue length from socket: Permission denied
07-24 13:23:17.604 26679 26699 V nfd.TcpTransport: [id=260,local=tcp4://127.0.0.1:6363,remote=tcp4://127.0.0.1:43976] doSend
07-24 13:23:17.605 26679 26699 V nfd.LinkService: [id=256,local=tcp4://127.0.0.1:6363,remote=tcp4://127.0.0.1:43966] receiveInterest
07-24 13:23:17.605 26679 26699 D nfd.Forwarder: onIncomingInterest face=256 interest=/localhost/nfd/fib/add-nexthop/h%09%07%00i%02%01%05j%01%0A/%00%00%01d%CDQ%09%D8/%28%9B%F5h%CA%98%D1%04/%16%03%1B%01%00/%17%20%21%10%0EF%9F%A1c%B7~%F9C%F7%05%F5F%DB%06%F7%1C%177w%DD%0EC%86%D3%F4%EC%A4%0C%0D
07-24 13:23:17.605 26679 26699 V nfd.NameTree: lookup(/localhost/nfd/fib/add-nexthop/h%09%07%00i%02%01%05j%01%0A/%00%00%01d%CDQ%09%D8/%28%9B%F5h%CA%98%D1%04/%16%03%1B%01%00/%17%20%21%10%0EF%9F%A1c%B7~%F9C%F7%05%F5F%DB%06%F7%1C%177w%DD%0EC%86%D3%F4%EC%A4%0C%0D, 9)
07-24 13:23:17.605 26679 26699 V nfd.NameTreeHashtable: found / hash=0 bucket=0
07-24 13:23:17.605 26679 26699 V nfd.NameTreeHashtable: found /localhost hash=10937169108514740553 bucket=329
07-24 13:23:17.605 26679 26699 V nfd.NameTreeHashtable: found /localhost/nfd hash=3626199823732152002 bucket=706
07-24 13:23:17.605 26679 26699 V nfd.NameTreeHashtable: insert /localhost/nfd/fib hash=6388137453996632561 bucket=497
07-24 13:23:17.605 26679 26699 V nfd.NameTreeHashtable: insert /localhost/nfd/fib/add-nexthop hash=8897078982587721769 bucket=41
07-24 13:23:17.605 26679 26699 V nfd.NameTreeHashtable: insert /localhost/nfd/fib/add-nexthop/h%09%07%00i%02%01%05j%01%0A hash=2562233547827867452 bucket=828
07-24 13:23:17.605 26679 26699 V nfd.NameTreeHashtable: insert /localhost/nfd/fib/add-nexthop/h%09%07%00i%02%01%05j%01%0A/%00%00%01d%CDQ%09%D8 hash=825815598941547210 bucket=714
07-24 13:23:17.605 26679 26699 V nfd.NameTreeHashtable: insert /localhost/nfd/fib/add-nexthop/h%09%07%00i%02%01%05j%01%0A/%00%00%01d%CDQ%09%D8/%28%9B%F5h%CA%98%D1%04 hash=10988331422290141036 bucket=876
07-24 13:23:17.605 26679 26699 V nfd.NameTreeHashtable: insert /localhost/nfd/fib/add-nexthop/h%09%07%00i%02%01%05j%01%0A/%00%00%01d%CDQ%09%D8/%28%9B%F5h%CA%98%D1%04/%16%03%1B%01%00 hash=2658058344368577248 bucket=736
07-24 13:23:17.606 26679 26699 V nfd.NameTreeHashtable: insert /localhost/nfd/fib/add-nexthop/h%09%07%00i%02%01%05j%01%0A/%00%00%01d%CDQ%09%D8/%28%9B%F5h%CA%98%D1%04/%16%03%1B%01%00/%17%20%21%10%0EF%9F%A1c%B7~%F9C%F7%05%F5F%DB%06%F7%1C%177w%DD%0EC%86%D3%F4%EC%A4%0C%0D hash=4080239442955025993 bucket=585
07-24 13:23:17.606 26679 26699 D nfd.ContentStore: find /localhost/nfd/fib/add-nexthop/h%09%07%00i%02%01%05j%01%0A/%00%00%01d%CDQ%09%D8/%28%9B%F5h%CA%98%D1%04/%16%03%1B%01%00/%17%20%21%10%0EF%9F%A1c%B7~%F9C%F7%05%F5F%DB%06%F7%1C%177w%DD%0EC%86%D3%F4%EC%A4%0C%0D L
07-24 13:23:17.606 26679 26699 D nfd.ContentStore: no-match
07-24 13:23:17.606 26679 26699 D nfd.Forwarder: onContentStoreMiss interest=/localhost/nfd/fib/add-nexthop/h%09%07%00i%02%01%05j%01%0A/%00%00%01d%CDQ%09%D8/%28%9B%F5h%CA%98%D1%04/%16%03%1B%01%00/%17%20%21%10%0EF%9F%A1c%B7~%F9C%F7%05%F5F%DB%06%F7%1C%177w%DD%0EC%86%D3%F4%EC%A4%0C%0D
07-24 13:23:17.606 26679 26699 V nfd.Strategy: lookupFib noForwardingHint found=/localhost/nfd
07-24 13:23:17.606 26679 26699 D nfd.Forwarder: onOutgoingInterest face=1 interest=/localhost/nfd/fib/add-nexthop/h%09%07%00i%02%01%05j%01%0A/%00%00%01d%CDQ%09%D8/%28%9B%F5h%CA%98%D1%04/%16%03%1B%01%00/%17%20%21%10%0EF%9F%A1c%B7~%F9C%F7%05%F5F%DB%06%F7%1C%177w%DD%0EC%86%D3%F4%EC%A4%0C%0D
07-24 13:23:17.606 26679 26699 V nfd.LinkService: [id=1,local=internal://,remote=internal://] sendInterest
07-24 13:23:17.606 26679 26699 V nfd.InternalForwarderTransport: [id=1,local=internal://,remote=internal://] doSend
07-24 13:23:17.606 26679 26699 D nfd.BestRouteStrategy2: /localhost/nfd/fib/add-nexthop/h%09%07%00i%02%01%05j%01%0A/%00%00%01d%CDQ%09%D8/%28%9B%F5h%CA%98%D1%04/%16%03%1B%01%00/%17%20%21%10%0EF%9F%A1c%B7~%F9C%F7%05%F5F%DB%06%F7%1C%177w%DD%0EC%86%D3%F4%EC%A4%0C%0D?ndn.InterestLifetime=10000&ndn.Nonce=3157828380 from=256 newPitEntry-to=1
07-24 13:23:17.607 26679 26699 V nfd.TcpTransport: [id=260,local=tcp4://127.0.0.1:6363,remote=tcp4://127.0.0.1:43976] Successfully sent: 472 bytes
07-24 13:23:17.608 26679 26699 D nfd.CommandAuthenticator: accept /localhost/nfd/fib/add-nexthop/h%09%07%00i%02%01%05j%01%0A/%00%00%01d%CDQ%09%D8/%28%9B%F5h%CA%98%D1%04/%16%03%1B%01%00/%17%20%21%10%0EF%9F%A1c%B7~%F9C%F7%05%F5F%DB%06%F7%1C%177w%DD%0EC%86%D3%F4%EC%A4%0C%0D signer=*
07-24 13:23:17.608 26679 26699 V nfd.NameTree: lookup(/, 0)
07-24 13:23:17.608 26679 26699 V nfd.NameTreeHashtable: found / hash=0 bucket=0
07-24 13:23:17.608 26679 26699 V nfd.FibManager: fib/add-nexthop(/,261,10): OK
07-24 13:23:17.612 26679 26699 D nfd.Forwarder: onInterestFinalize interest=/localhost/nfd/rib/register/h%09%07%00i%02%01%05j%01%0A/%00%00%01d%CDQ%09%B9/%86%0By%E3%17%C9%1A%0A/%166%1B%01%01%1C1%07%2F%08%0Ctmp-identity%08%03KEY%08%11ksk-1532452996873%08%07ID-CERT/%17%FD%01%001%0C%8E%8Ftr%BEe%F0%AE%D0u%85%A7%C7%D5%F1%7D%BA%CE%95%80GT%EB%B8c%D3%1B%25%E1K%98%A3%CB%25%20%A4v%ACc%D8Fp%D7%92%18A%5Cu%BD%C9%FD%CB%1E%A5%B8%EC%5EuG%A2M%83pK5%F7%C38p%3F%B0L%195%AE%14S%A8W%5E%FD%3D%90%40%C2.%B8I%1Dl%03%1CV%1A%BBZ%0C%AB%0A%82%B3v%0Fg%D4%A5%09%E0%20%14%E8%9E%EB%8Fm%7F%5C%0A%F2O%89t%CD%D7%0E%C2%CC%A6%A3%2B%B9%3B%EA%D3h%B0cfdB%8FZ%5B%EF%2A%AAy%28P%F9c%7B%BF1%86%F7%1Aff%0E%D3%A3%AB%E3K%8Fs%7B%9F%10%3A%03%28As%0E%01%CB%3EM%EFj%E1%89%18%92%8C%84%BA%81%B6%F1%CA%B2%AF%3F%7D%7BD%B9j%5D%0F%96%9B%A6%40u%ABg%F4%BDFE2%E3%D2%C3%18%F1%24R%B3%40%C5N1t%91W%9E%E9%8E%5D%94%EBG%BC%AA%C0%21%3B%BD%18%A9%FB%CA%E8%EE%15%8C%F5%CE%C9 satisfied
07-24 13:23:17.612 26679 26699 V nfd.NameTreeHashtable: erase /localhost/nfd/rib/register/h%09%07%00i%02%01%05j%01%0A/%00%00%01d%CDQ%09%B9/%86%0By%E3%17%C9%1A%0A/%166%1B%01%01%1C1%07%2F%08%0Ctmp-identity%08%03KEY%08%11ksk-1532452996873%08%07ID-CERT/%17%FD%01%001%0C%8E%8Ftr%BEe%F0%AE%D0u%85%A7%C7%D5%F1%7D%BA%CE%95%80GT%EB%B8c%D3%1B%25%E1K%98%A3%CB%25%20%A4v%ACc%D8Fp%D7%92%18A%5Cu%BD%C9%FD%CB%1E%A5%B8%EC%5EuG%A2M%83pK5%F7%C38p%3F%B0L%195%AE%14S%A8W%5E%FD%3D%90%40%C2.%B8I%1Dl%03%1CV%1A%BBZ%0C%AB%0A%82%B3v%0Fg%D4%A5%09%E0%20%14%E8%9E%EB%8Fm%7F%5C%0A%F2O%89t%CD%D7%0E%C2%CC%A6%A3%2B%B9%3B%EA%D3h%B0cfdB%8FZ%5B%EF%2A%AAy%28P%F9c%7B%BF1%86%F7%1Aff%0E%D3%A3%AB%E3K%8Fs%7B%9F%10%3A%03%28As%0E%01%CB%3EM%EFj%E1%89%18%92%8C%84%BA%81%B6%F1%CA%B2%AF%3F%7D%7BD%B9j%5D%0F%96%9B%A6%40u%ABg%F4%BDFE2%E3%D2%C3%18%F1%24R%B3%40%C5N1t%91W%9E%E9%8E%5D%94%EBG%BC%AA%C0%21%3B%BD%18%A9%FB%CA%E8%EE%15%8C%F5%CE%C9 hash=8655017572705018303 bucket=447
07-24 13:23:17.612 26679 26699 V nfd.NameTreeHashtable: erase /localhost/nfd/rib/register/h%09%07%00i%02%01%05j%01%0A/%00%00%01d%CDQ%09%B9/%86%0By%E3%17%C9%1A%0A/%166%1B%01%01%1C1%07%2F%08%0Ctmp-identity%08%03KEY%08%11ksk-1532452996873%08%07ID-CERT hash=4830308306451798493 bucket=477
07-24 13:23:17.612 26679 26699 V nfd.NameTreeHashtable: erase /localhost/nfd/rib/register/h%09%07%00i%02%01%05j%01%0A/%00%00%01d%CDQ%09%B9/%86%0By%E3%17%C9%1A%0A hash=8057100801028708456 bucket=104
07-24 13:23:17.612 26679 26699 V nfd.NameTreeHashtable: erase /localhost/nfd/rib/register/h%09%07%00i%02%01%05j%01%0A/%00%00%01d%CDQ%09%B9 hash=7649397788779522808 bucket=760
07-24 13:23:17.612 26679 26699 V nfd.NameTreeHashtable: erase /localhost/nfd/rib/register/h%09%07%00i%02%01%05j%01%0A hash=13358160762056716671 bucket=383
07-24 13:23:17.612 26679 26699 V nfd.NameTreeHashtable: erase /localhost/nfd/rib/register hash=16255636839171487338 bucket=618
07-24 13:23:17.613 26679 26699 V nfd.TcpTransport: [id=256,local=tcp4://127.0.0.1:6363,remote=tcp4://127.0.0.1:43966] Received: 140 bytes
07-24 13:23:17.613 26679 26699 V nfd.LinkService: [id=256,local=tcp4://127.0.0.1:6363,remote=tcp4://127.0.0.1:43966] receiveInterest
07-24 13:23:17.614 26679 26699 D nfd.Forwarder: onIncomingInterest face=256 interest=/localhost/nfd/fib/add-nexthop/h%19%07%10%08%09localhost%08%03nfdi%02%01%05j%01%0A/%00%00%01d%CDQ%09%DC/%B9J%B8%ED1%F4%ABV/%16%03%1B%01%00/%17%20%B4y%DC%AF%B8Yg%24%D6%AEK%3F%7B%EBx%99%DA%D9%112%E8%AB%B7%8F%E5%10J%DF%C2%B4%EC%88
07-24 13:23:17.614 26679 26699 V nfd.NameTree: lookup(/localhost/nfd/fib/add-nexthop/h%19%07%10%08%09localhost%08%03nfdi%02%01%05j%01%0A/%00%00%01d%CDQ%09%DC/%B9J%B8%ED1%F4%ABV/%16%03%1B%01%00/%17%20%B4y%DC%AF%B8Yg%24%D6%AEK%3F%7B%EBx%99%DA%D9%112%E8%AB%B7%8F%E5%10J%DF%C2%B4%EC%88, 9)
07-24 13:23:17.614 26679 26699 V nfd.NameTreeHashtable: found / hash=0 bucket=0
07-24 13:23:17.614 26679 26699 V nfd.NameTreeHashtable: found /localhost hash=10937169108514740553 bucket=329
07-24 13:23:17.614 26679 26699 V nfd.NameTreeHashtable: found /localhost/nfd hash=3626199823732152002 bucket=706
07-24 13:23:17.614 26679 26699 V nfd.NameTreeHashtable: found /localhost/nfd/fib hash=6388137453996632561 bucket=497
07-24 13:23:17.614 26679 26699 V nfd.NameTreeHashtable: found /localhost/nfd/fib/add-nexthop hash=8897078982587721769 bucket=41
07-24 13:23:17.614 26679 26699 V nfd.NameTreeHashtable: insert /localhost/nfd/fib/add-nexthop/h%19%07%10%08%09localhost%08%03nfdi%02%01%05j%01%0A hash=16321380638983016884 bucket=436
07-24 13:23:17.614 26679 26699 V nfd.NameTreeHashtable: insert /localhost/nfd/fib/add-nexthop/h%19%07%10%08%09localhost%08%03nfdi%02%01%05j%01%0A/%00%00%01d%CDQ%09%DC hash=8482594541781822453 bucket=1013
07-24 13:23:17.614 26679 26699 V nfd.NameTreeHashtable: insert /localhost/nfd/fib/add-nexthop/h%19%07%10%08%09localhost%08%03nfdi%02%01%05j%01%0A/%00%00%01d%CDQ%09%DC/%B9J%B8%ED1%F4%ABV hash=9438761019985524704 bucket=992
07-24 13:23:17.614 26679 26699 V nfd.NameTreeHashtable: insert /localhost/nfd/fib/add-nexthop/h%19%07%10%08%09localhost%08%03nfdi%02%01%05j%01%0A/%00%00%01d%CDQ%09%DC/%B9J%B8%ED1%F4%ABV/%16%03%1B%01%00 hash=4494596745087267436 bucket=620
07-24 13:23:17.614 26679 26699 V nfd.NameTreeHashtable: insert /localhost/nfd/fib/add-nexthop/h%19%07%10%08%09localhost%08%03nfdi%02%01%05j%01%0A/%00%00%01d%CDQ%09%DC/%B9J%B8%ED1%F4%ABV/%16%03%1B%01%00/%17%20%B4y%DC%AF%B8Yg%24%D6%AEK%3F%7B%EBx%99%DA%D9%112%E8%AB%B7%8F%E5%10J%DF%C2%B4%EC%88 hash=16643800457152726285 bucket=269
07-24 13:23:17.614 26679 26699 D nfd.ContentStore: find /localhost/nfd/fib/add-nexthop/h%19%07%10%08%09localhost%08%03nfdi%02%01%05j%01%0A/%00%00%01d%CDQ%09%DC/%B9J%B8%ED1%F4%ABV/%16%03%1B%01%00/%17%20%B4y%DC%AF%B8Yg%24%D6%AEK%3F%7B%EBx%99%DA%D9%112%E8%AB%B7%8F%E5%10J%DF%C2%B4%EC%88 L
07-24 13:23:17.615 26679 26699 D nfd.ContentStore: no-match
07-24 13:23:17.615 26679 26699 D nfd.Forwarder: onContentStoreMiss interest=/localhost/nfd/fib/add-nexthop/h%19%07%10%08%09localhost%08%03nfdi%02%01%05j%01%0A/%00%00%01d%CDQ%09%DC/%B9J%B8%ED1%F4%ABV/%16%03%1B%01%00/%17%20%B4y%DC%AF%B8Yg%24%D6%AEK%3F%7B%EBx%99%DA%D9%112%E8%AB%B7%8F%E5%10J%DF%C2%B4%EC%88
07-24 13:23:17.615 26679 26699 V nfd.Strategy: lookupFib noForwardingHint found=/localhost/nfd
07-24 13:23:17.615 26679 26699 D nfd.Forwarder: onOutgoingInterest face=1 interest=/localhost/nfd/fib/add-nexthop/h%19%07%10%08%09localhost%08%03nfdi%02%01%05j%01%0A/%00%00%01d%CDQ%09%DC/%B9J%B8%ED1%F4%ABV/%16%03%1B%01%00/%17%20%B4y%DC%AF%B8Yg%24%D6%AEK%3F%7B%EBx%99%DA%D9%112%E8%AB%B7%8F%E5%10J%DF%C2%B4%EC%88
07-24 13:23:17.615 26679 26699 V nfd.LinkService: [id=1,local=internal://,remote=internal://] sendInterest
07-24 13:23:17.615 26679 26699 V nfd.InternalForwarderTransport: [id=1,local=internal://,remote=internal://] doSend
07-24 13:23:17.615 26679 26699 D nfd.BestRouteStrategy2: /localhost/nfd/fib/add-nexthop/h%19%07%10%08%09localhost%08%03nfdi%02%01%05j%01%0A/%00%00%01d%CDQ%09%DC/%B9J%B8%ED1%F4%ABV/%16%03%1B%01%00/%17%20%B4y%DC%AF%B8Yg%24%D6%AEK%3F%7B%EBx%99%DA%D9%112%E8%AB%B7%8F%E5%10J%DF%C2%B4%EC%88?ndn.InterestLifetime=10000&ndn.Nonce=266286694 from=256 newPitEntry-to=1
07-24 13:23:17.615 26679 26699 V nfd.InternalForwarderTransport: [id=1,local=internal://,remote=internal://] receiveFromLink
07-24 13:23:17.616 26679 26699 V nfd.LinkService: [id=1,local=internal://,remote=internal://] receiveData
07-24 13:23:17.616 26679 26699 D nfd.Forwarder: onIncomingData face=1 data=/localhost/nfd/fib/add-nexthop/h%09%07%00i%02%01%05j%01%0A/%00%00%01d%CDQ%09%D8/%28%9B%F5h%CA%98%D1%04/%16%03%1B%01%00/%17%20%21%10%0EF%9F%A1c%B7~%F9C%F7%05%F5F%DB%06%F7%1C%177w%DD%0EC%86%D3%F4%EC%A4%0C%0D
07-24 13:23:17.616 26679 26699 V nfd.NameTreeHashtable: found /localhost/nfd/fib/add-nexthop/h%09%07%00i%02%01%05j%01%0A/%00%00%01d%CDQ%09%D8/%28%9B%F5h%CA%98%D1%04/%16%03%1B%01%00/%17%20%21%10%0EF%9F%A1c%B7~%F9C%F7%05%F5F%DB%06%F7%1C%177w%DD%0EC%86%D3%F4%EC%A4%0C%0D hash=4080239442955025993 bucket=585
07-24 13:23:17.616 26679 26699 V nfd.NameTreeIterator: initialized entry=/localhost/nfd/fib/add-nexthop/h%09%07%00i%02%01%05j%01%0A/%00%00%01d%CDQ%09%D8/%28%9B%F5h%CA%98%D1%04/%16%03%1B%01%00/%17%20%21%10%0EF%9F%A1c%B7~%F9C%F7%05%F5F%DB%06%F7%1C%177w%DD%0EC%86%D3%F4%EC%A4%0C%0D ref=/localhost/nfd/fib/add-nexthop/h%09%07%00i%02%01%05j%01%0A/%00%00%01d%CDQ%09%D8/%28%9B%F5h%CA%98%D1%04/%16%03%1B%01%00/%17%20%21%10%0EF%9F%A1c%B7~%F9C%F7%05%F5F%DB%06%F7%1C%177w%DD%0EC%86%D3%F4%EC%A4%0C%0D state=0
07-24 13:23:17.616 26679 26699 V nfd.NameTreeIterator: advanced end
07-24 13:23:17.616 26679 26699 D nfd.ContentStore: insert /localhost/nfd/fib/add-nexthop/h%09%07%00i%02%01%05j%01%0A/%00%00%01d%CDQ%09%D8/%28%9B%F5h%CA%98%D1%04/%16%03%1B%01%00/%17%20%21%10%0EF%9F%A1c%B7~%F9C%F7%05%F5F%DB%06%F7%1C%177w%DD%0EC%86%D3%F4%EC%A4%0C%0D
07-24 13:23:17.607 26699 26699 W vice.NfdService: type=1400 audit(0.0:320): avc: denied { ioctl } for path="socket:[171196]" dev="sockfs" ino=171196 ioctlcmd=894b scontext=u:r:untrusted_app:s0:c512,c768 tcontext=u:r:untrusted_app:s0:c512,c768 tclass=tcp_socket permissive=0
07-24 13:23:17.616 26679 26699 D nfd.Forwarder: onIncomingData matching=/localhost/nfd/fib/add-nexthop/h%09%07%00i%02%01%05j%01%0A/%00%00%01d%CDQ%09%D8/%28%9B%F5h%CA%98%D1%04/%16%03%1B%01%00/%17%20%21%10%0EF%9F%A1c%B7~%F9C%F7%05%F5F%DB%06%F7%1C%177w%DD%0EC%86%D3%F4%EC%A4%0C%0D
07-24 13:23:17.616 26679 26699 D nfd.Strategy: afterReceiveData pitEntry=/localhost/nfd/fib/add-nexthop/h%09%07%00i%02%01%05j%01%0A/%00%00%01d%CDQ%09%D8/%28%9B%F5h%CA%98%D1%04/%16%03%1B%01%00/%17%20%21%10%0EF%9F%A1c%B7~%F9C%F7%05%F5F%DB%06%F7%1C%177w%DD%0EC%86%D3%F4%EC%A4%0C%0D inFace=1 data=/localhost/nfd/fib/add-nexthop/h%09%07%00i%02%01%05j%01%0A/%00%00%01d%CDQ%09%D8/%28%9B%F5h%CA%98%D1%04/%16%03%1B%01%00/%17%20%21%10%0EF%9F%A1c%B7~%F9C%F7%05%F5F%DB%06%F7%1C%177w%DD%0EC%86%D3%F4%EC%A4%0C%0D
07-24 13:23:17.617 26679 26699 D nfd.Strategy: beforeSatisfyInterest pitEntry=/localhost/nfd/fib/add-nexthop/h%09%07%00i%02%01%05j%01%0A/%00%00%01d%CDQ%09%D8/%28%9B%F5h%CA%98%D1%04/%16%03%1B%01%00/%17%20%21%10%0EF%9F%A1c%B7~%F9C%F7%05%F5F%DB%06%F7%1C%177w%DD%0EC%86%D3%F4%EC%A4%0C%0D inFace=1 data=/localhost/nfd/fib/add-nexthop/h%09%07%00i%02%01%05j%01%0A/%00%00%01d%CDQ%09%D8/%28%9B%F5h%CA%98%D1%04/%16%03%1B%01%00/%17%20%21%10%0EF%9F%A1c%B7~%F9C%F7%05%F5F%DB%06%F7%1C%177w%DD%0EC%86%D3%F4%EC%A4%0C%0D
07-24 13:23:17.617 26679 26699 D nfd.Forwarder: onOutgoingData face=256 data=/localhost/nfd/fib/add-nexthop/h%09%07%00i%02%01%05j%01%0A/%00%00%01d%CDQ%09%D8/%28%9B%F5h%CA%98%D1%04/%16%03%1B%01%00/%17%20%21%10%0EF%9F%A1c%B7~%F9C%F7%05%F5F%DB%06%F7%1C%177w%DD%0EC%86%D3%F4%EC%A4%0C%0D
07-24 13:23:17.617 26679 26699 V nfd.LinkService: [id=256,local=tcp4://127.0.0.1:6363,remote=tcp4://127.0.0.1:43966] sendData
07-24 13:23:17.617 26679 26699 W nfd.TcpTransport: [id=256,local=tcp4://127.0.0.1:6363,remote=tcp4://127.0.0.1:43966] Failed to obtain send queue length from socket: Permission denied
07-24 13:23:17.617 26679 26699 V nfd.TcpTransport: [id=256,local=tcp4://127.0.0.1:6363,remote=tcp4://127.0.0.1:43966] doSend
07-24 13:23:17.618 26679 26699 D nfd.CommandAuthenticator: accept /localhost/nfd/fib/add-nexthop/h%19%07%10%08%09localhost%08%03nfdi%02%01%05j%01%0A/%00%00%01d%CDQ%09%DC/%B9J%B8%ED1%F4%ABV/%16%03%1B%01%00/%17%20%B4y%DC%AF%B8Yg%24%D6%AEK%3F%7B%EBx%99%DA%D9%112%E8%AB%B7%8F%E5%10J%DF%C2%B4%EC%88 signer=*
07-24 13:23:17.619 26679 26699 V nfd.NameTree: lookup(/localhost/nfd, 2)
07-24 13:23:17.619 26679 26699 V nfd.NameTreeHashtable: found / hash=0 bucket=0
07-24 13:23:17.619 26679 26699 V nfd.NameTreeHashtable: found /localhost hash=10937169108514740553 bucket=329
07-24 13:23:17.619 26679 26699 V nfd.NameTreeHashtable: found /localhost/nfd hash=3626199823732152002 bucket=706
07-24 13:23:17.619 26679 26699 V nfd.FibManager: fib/add-nexthop(/localhost/nfd,261,10): OK
07-24 13:23:17.624 26679 26699 V nfd.TcpTransport: [id=256,local=tcp4://127.0.0.1:6363,remote=tcp4://127.0.0.1:43966] Successfully sent: 195 bytes
07-24 13:23:17.625 26679 26699 D nfd.Forwarder: onInterestFinalize interest=/localhost/nfd/fib/add-nexthop/h%09%07%00i%02%01%05j%01%0A/%00%00%01d%CDQ%09%D8/%28%9B%F5h%CA%98%D1%04/%16%03%1B%01%00/%17%20%21%10%0EF%9F%A1c%B7~%F9C%F7%05%F5F%DB%06%F7%1C%177w%DD%0EC%86%D3%F4%EC%A4%0C%0D satisfied
07-24 13:23:17.625 26679 26699 V nfd.NameTreeHashtable: erase /localhost/nfd/fib/add-nexthop/h%09%07%00i%02%01%05j%01%0A/%00%00%01d%CDQ%09%D8/%28%9B%F5h%CA%98%D1%04/%16%03%1B%01%00/%17%20%21%10%0EF%9F%A1c%B7~%F9C%F7%05%F5F%DB%06%F7%1C%177w%DD%0EC%86%D3%F4%EC%A4%0C%0D hash=4080239442955025993 bucket=585
07-24 13:23:17.625 26679 26699 V nfd.NameTreeHashtable: erase /localhost/nfd/fib/add-nexthop/h%09%07%00i%02%01%05j%01%0A/%00%00%01d%CDQ%09%D8/%28%9B%F5h%CA%98%D1%04/%16%03%1B%01%00 hash=2658058344368577248 bucket=736
07-24 13:23:17.625 26679 26699 V nfd.NameTreeHashtable: erase /localhost/nfd/fib/add-nexthop/h%09%07%00i%02%01%05j%01%0A/%00%00%01d%CDQ%09%D8/%28%9B%F5h%CA%98%D1%04 hash=10988331422290141036 bucket=876
07-24 13:23:17.625 26679 26699 V nfd.NameTreeHashtable: erase /localhost/nfd/fib/add-nexthop/h%09%07%00i%02%01%05j%01%0A/%00%00%01d%CDQ%09%D8 hash=825815598941547210 bucket=714
07-24 13:23:17.625 26679 26699 V nfd.NameTreeHashtable: erase /localhost/nfd/fib/add-nexthop/h%09%07%00i%02%01%05j%01%0A hash=2562233547827867452 bucket=828
07-24 13:23:17.625 26679 26699 V nfd.InternalForwarderTransport: [id=1,local=internal://,remote=internal://] receiveFromLink
07-24 13:23:17.626 26679 26699 V nfd.LinkService: [id=1,local=internal://,remote=internal://] receiveData
07-24 13:23:17.626 26679 26699 D nfd.Forwarder: onIncomingData face=1 data=/localhost/nfd/fib/add-nexthop/h%19%07%10%08%09localhost%08%03nfdi%02%01%05j%01%0A/%00%00%01d%CDQ%09%DC/%B9J%B8%ED1%F4%ABV/%16%03%1B%01%00/%17%20%B4y%DC%AF%B8Yg%24%D6%AEK%3F%7B%EBx%99%DA%D9%112%E8%AB%B7%8F%E5%10J%DF%C2%B4%EC%88
07-24 13:23:17.626 26679 26699 V nfd.NameTreeHashtable: found /localhost/nfd/fib/add-nexthop/h%19%07%10%08%09localhost%08%03nfdi%02%01%05j%01%0A/%00%00%01d%CDQ%09%DC/%B9J%B8%ED1%F4%ABV/%16%03%1B%01%00/%17%20%B4y%DC%AF%B8Yg%24%D6%AEK%3F%7B%EBx%99%DA%D9%112%E8%AB%B7%8F%E5%10J%DF%C2%B4%EC%88 hash=16643800457152726285 bucket=269
07-24 13:23:17.626 26679 26699 V nfd.NameTreeIterator: initialized entry=/localhost/nfd/fib/add-nexthop/h%19%07%10%08%09localhost%08%03nfdi%02%01%05j%01%0A/%00%00%01d%CDQ%09%DC/%B9J%B8%ED1%F4%ABV/%16%03%1B%01%00/%17%20%B4y%DC%AF%B8Yg%24%D6%AEK%3F%7B%EBx%99%DA%D9%112%E8%AB%B7%8F%E5%10J%DF%C2%B4%EC%88 ref=/localhost/nfd/fib/add-nexthop/h%19%07%10%08%09localhost%08%03nfdi%02%01%05j%01%0A/%00%00%01d%CDQ%09%DC/%B9J%B8%ED1%F4%ABV/%16%03%1B%01%00/%17%20%B4y%DC%AF%B8Yg%24%D6%AEK%3F%7B%EBx%99%DA%D9%112%E8%AB%B7%8F%E5%10J%DF%C2%B4%EC%88 state=0
07-24 13:23:17.626 26679 26699 V nfd.NameTreeIterator: advanced end
07-24 13:23:17.626 26679 26699 D nfd.ContentStore: insert /localhost/nfd/fib/add-nexthop/h%19%07%10%08%09localhost%08%03nfdi%02%01%05j%01%0A/%00%00%01d%CDQ%09%DC/%B9J%B8%ED1%F4%ABV/%16%03%1B%01%00/%17%20%B4y%DC%AF%B8Yg%24%D6%AEK%3F%7B%EBx%99%DA%D9%112%E8%AB%B7%8F%E5%10J%DF%C2%B4%EC%88
07-24 13:23:17.627 26679 26699 D nfd.Forwarder: onIncomingData matching=/localhost/nfd/fib/add-nexthop/h%19%07%10%08%09localhost%08%03nfdi%02%01%05j%01%0A/%00%00%01d%CDQ%09%DC/%B9J%B8%ED1%F4%ABV/%16%03%1B%01%00/%17%20%B4y%DC%AF%B8Yg%24%D6%AEK%3F%7B%EBx%99%DA%D9%112%E8%AB%B7%8F%E5%10J%DF%C2%B4%EC%88
07-24 13:23:17.627 26679 26699 D nfd.Strategy: afterReceiveData pitEntry=/localhost/nfd/fib/add-nexthop/h%19%07%10%08%09localhost%08%03nfdi%02%01%05j%01%0A/%00%00%01d%CDQ%09%DC/%B9J%B8%ED1%F4%ABV/%16%03%1B%01%00/%17%20%B4y%DC%AF%B8Yg%24%D6%AEK%3F%7B%EBx%99%DA%D9%112%E8%AB%B7%8F%E5%10J%DF%C2%B4%EC%88 inFace=1 data=/localhost/nfd/fib/add-nexthop/h%19%07%10%08%09localhost%08%03nfdi%02%01%05j%01%0A/%00%00%01d%CDQ%09%DC/%B9J%B8%ED1%F4%ABV/%16%03%1B%01%00/%17%20%B4y%DC%AF%B8Yg%24%D6%AEK%3F%7B%EBx%99%DA%D9%112%E8%AB%B7%8F%E5%10J%DF%C2%B4%EC%88
07-24 13:23:17.627 26679 26699 D nfd.Strategy: beforeSatisfyInterest pitEntry=/localhost/nfd/fib/add-nexthop/h%19%07%10%08%09localhost%08%03nfdi%02%01%05j%01%0A/%00%00%01d%CDQ%09%DC/%B9J%B8%ED1%F4%ABV/%16%03%1B%01%00/%17%20%B4y%DC%AF%B8Yg%24%D6%AEK%3F%7B%EBx%99%DA%D9%112%E8%AB%B7%8F%E5%10J%DF%C2%B4%EC%88 inFace=1 data=/localhost/nfd/fib/add-nexthop/h%19%07%10%08%09localhost%08%03nfdi%02%01%05j%01%0A/%00%00%01d%CDQ%09%DC/%B9J%B8%ED1%F4%ABV/%16%03%1B%01%00/%17%20%B4y%DC%AF%B8Yg%24%D6%AEK%3F%7B%EBx%99%DA%D9%112%E8%AB%B7%8F%E5%10J%DF%C2%B4%EC%88
07-24 13:23:17.627 26679 26699 D nfd.Forwarder: onOutgoingData face=256 data=/localhost/nfd/fib/add-nexthop/h%19%07%10%08%09localhost%08%03nfdi%02%01%05j%01%0A/%00%00%01d%CDQ%09%DC/%B9J%B8%ED1%F4%ABV/%16%03%1B%01%00/%17%20%B4y%DC%AF%B8Yg%24%D6%AEK%3F%7B%EBx%99%DA%D9%112%E8%AB%B7%8F%E5%10J%DF%C2%B4%EC%88
07-24 13:23:17.627 26679 26699 V nfd.LinkService: [id=256,local=tcp4://127.0.0.1:6363,remote=tcp4://127.0.0.1:43966] sendData
07-24 13:23:17.617 26699 26699 W vice.NfdService: type=1400 audit(0.0:321): avc: denied { ioctl } for path="socket:[171196]" dev="sockfs" ino=171196 ioctlcmd=894b scontext=u:r:untrusted_app:s0:c512,c768 tcontext=u:r:untrusted_app:s0:c512,c768 tclass=tcp_socket permissive=0
07-24 13:23:17.627 26679 26699 W nfd.TcpTransport: [id=256,local=tcp4://127.0.0.1:6363,remote=tcp4://127.0.0.1:43966] Failed to obtain send queue length from socket: Permission denied
07-24 13:23:17.627 26679 26699 V nfd.TcpTransport: [id=256,local=tcp4://127.0.0.1:6363,remote=tcp4://127.0.0.1:43966] doSend
07-24 13:23:17.627 26679 26699 V nfd.TcpTransport: [id=256,local=tcp4://127.0.0.1:6363,remote=tcp4://127.0.0.1:43966] Successfully sent: 227 bytes
07-24 13:23:17.627 26679 26699 D nfd.Forwarder: onInterestFinalize interest=/localhost/nfd/fib/add-nexthop/h%19%07%10%08%09localhost%08%03nfdi%02%01%05j%01%0A/%00%00%01d%CDQ%09%DC/%B9J%B8%ED1%F4%ABV/%16%03%1B%01%00/%17%20%B4y%DC%AF%B8Yg%24%D6%AEK%3F%7B%EBx%99%DA%D9%112%E8%AB%B7%8F%E5%10J%DF%C2%B4%EC%88 satisfied
07-24 13:23:17.627 26679 26699 V nfd.NameTreeHashtable: erase /localhost/nfd/fib/add-nexthop/h%19%07%10%08%09localhost%08%03nfdi%02%01%05j%01%0A/%00%00%01d%CDQ%09%DC/%B9J%B8%ED1%F4%ABV/%16%03%1B%01%00/%17%20%B4y%DC%AF%B8Yg%24%D6%AEK%3F%7B%EBx%99%DA%D9%112%E8%AB%B7%8F%E5%10J%DF%C2%B4%EC%88 hash=16643800457152726285 bucket=269
07-24 13:23:17.628 26679 26699 V nfd.NameTreeHashtable: erase /localhost/nfd/fib/add-nexthop/h%19%07%10%08%09localhost%08%03nfdi%02%01%05j%01%0A/%00%00%01d%CDQ%09%DC/%B9J%B8%ED1%F4%ABV/%16%03%1B%01%00 hash=4494596745087267436 bucket=620
07-24 13:23:17.628 26679 26699 V nfd.NameTreeHashtable: erase /localhost/nfd/fib/add-nexthop/h%19%07%10%08%09localhost%08%03nfdi%02%01%05j%01%0A/%00%00%01d%CDQ%09%DC/%B9J%B8%ED1%F4%ABV hash=9438761019985524704 bucket=992
07-24 13:23:17.628 26679 26699 V nfd.NameTreeHashtable: erase /localhost/nfd/fib/add-nexthop/h%19%07%10%08%09localhost%08%03nfdi%02%01%05j%01%0A/%00%00%01d%CDQ%09%DC hash=8482594541781822453 bucket=1013
07-24 13:23:17.628 26679 26699 V nfd.NameTreeHashtable: erase /localhost/nfd/fib/add-nexthop/h%19%07%10%08%09localhost%08%03nfdi%02%01%05j%01%0A hash=16321380638983016884 bucket=436
07-24 13:23:17.628 26679 26699 V nfd.NameTreeHashtable: erase /localhost/nfd/fib/add-nexthop hash=8897078982587721769 bucket=41
07-24 13:23:17.628 26679 26699 V nfd.NameTreeHashtable: erase /localhost/nfd/fib hash=6388137453996632561 bucket=497
07-24 13:23:17.646 26679 26720 D net.named_data.nfd.service.NfdService: Create permanent route/ - udp://129.10.224.42
07-24 13:23:17.646 26679 26699 V nfd.TcpTransport: [id=260,local=tcp4://127.0.0.1:6363,remote=tcp4://127.0.0.1:43976] processErrorCode
07-24 13:23:17.646 26679 26699 I nfd.Transport: [id=260,local=tcp4://127.0.0.1:6363,remote=tcp4://127.0.0.1:43976] setState UP -> CLOSING
07-24 13:23:17.646 26679 26699 V nfd.TcpTransport: [id=260,local=tcp4://127.0.0.1:6363,remote=tcp4://127.0.0.1:43976] doClose
07-24 13:23:17.637 26699 26699 W vice.NfdService: type=1400 audit(0.0:322): avc: denied { ioctl } for path="socket:[171196]" dev="sockfs" ino=171196 ioctlcmd=894b scontext=u:r:untrusted_app:s0:c512,c768 tcontext=u:r:untrusted_app:s0:c512,c768 tclass=tcp_socket permissive=0
07-24 13:23:17.647 26679 26699 V nfd.TcpTransport: [id=260,local=tcp4://127.0.0.1:6363,remote=tcp4://127.0.0.1:43976] deferredClose
07-24 13:23:17.647 26679 26699 I nfd.Transport: [id=260,local=tcp4://127.0.0.1:6363,remote=tcp4://127.0.0.1:43976] setState CLOSING -> CLOSED
07-24 13:23:17.647 26679 26699 V nfd.NameTreeIterator: initialized entry=/ ref=null state=0
07-24 13:23:17.647 26679 26699 V nfd.NameTreeIterator: advanced entry=/localhost/nfd/rib ref=null state=0
07-24 13:23:17.647 26679 26699 V nfd.NameTreeIterator: advanced entry=/ndn ref=null state=0
07-24 13:23:17.647 26679 26699 V nfd.NameTreeIterator: advanced entry=/localhost/nfd/faces/events ref=null state=0
07-24 13:23:17.647 26679 26699 V nfd.NameTreeIterator: advanced entry=/localhost ref=null state=0
07-24 13:23:17.647 26679 26699 V nfd.NameTreeIterator: advanced entry=/ndn/multicast ref=null state=0
07-24 13:23:17.647 26679 26699 V nfd.NameTreeIterator: advanced entry=/ndn/broadcast ref=null state=0
07-24 13:23:17.647 26679 26699 V nfd.NameTreeIterator: advanced entry=/localhost/nfd/faces ref=null state=0
07-24 13:23:17.647 26679 26699 V nfd.NameTreeIterator: advanced entry=/localhost/nfd/faces/events/%FE%09 ref=null state=0
07-24 13:23:17.647 26679 26699 V nfd.NameTreeIterator: advanced entry=/localhost/nfd ref=null state=0
07-24 13:23:17.647 26679 26699 V nfd.NameTreeIterator: advanced end
07-24 13:23:17.647 26679 26699 V nfd.NameTree: not-erase /localhost/nfd/faces/events
07-24 13:23:17.647 26679 26699 V nfd.NameTree: not-erase /localhost/nfd/faces
07-24 13:23:17.647 26679 26699 V nfd.NameTree: not-erase /ndn
07-24 13:23:17.647 26679 26720 D net.named_data.nfd.service.NfdService: Try to create route to connect the nearest hub
07-24 13:23:17.651 26679 26699 I nfd.FaceTable: Removed face id=260 remote=tcp4://127.0.0.1:43976 local=tcp4://127.0.0.1:6363
07-24 13:23:17.651 26679 26699 V nfd.InternalForwarderTransport: [id=1,local=internal://,remote=internal://] receiveFromLink
07-24 13:23:17.651 26679 26699 V nfd.LinkService: [id=1,local=internal://,remote=internal://] receiveData
07-24 13:23:17.651 26679 26699 D nfd.Forwarder: onIncomingData face=1 data=/localhost/nfd/faces/events/%FE%09
07-24 13:23:17.652 26679 26699 V nfd.NameTreeHashtable: found /localhost/nfd/faces/events/%FE%09 hash=5149395827215178309 bucket=581
07-24 13:23:17.652 26679 26699 V nfd.NameTreeIterator: initialized entry=/localhost/nfd/faces/events/%FE%09 ref=/localhost/nfd/faces/events/%FE%09 state=0
07-24 13:23:17.652 26679 26699 V nfd.NameTreeIterator: advanced end
07-24 13:23:17.652 26679 26699 D nfd.ContentStore: insert /localhost/nfd/faces/events/%FE%09
07-24 13:23:17.652 26679 26699 D nfd.Forwarder: onIncomingData matching=/localhost/nfd/faces/events/%FE%09
07-24 13:23:17.652 26679 26699 D nfd.Strategy: afterReceiveData pitEntry=/localhost/nfd/faces/events/%FE%09 inFace=1 data=/localhost/nfd/faces/events/%FE%09
07-24 13:23:17.652 26679 26699 D nfd.Strategy: beforeSatisfyInterest pitEntry=/localhost/nfd/faces/events/%FE%09 inFace=1 data=/localhost/nfd/faces/events/%FE%09
07-24 13:23:17.652 26679 26699 D nfd.Forwarder: onOutgoingData face=256 data=/localhost/nfd/faces/events/%FE%09
07-24 13:23:17.652 26679 26699 V nfd.LinkService: [id=256,local=tcp4://127.0.0.1:6363,remote=tcp4://127.0.0.1:43966] sendData
07-24 13:23:17.652 26679 26699 W nfd.TcpTransport: [id=256,local=tcp4://127.0.0.1:6363,remote=tcp4://127.0.0.1:43966] Failed to obtain send queue length from socket: Permission denied
07-24 13:23:17.652 26679 26699 V nfd.TcpTransport: [id=256,local=tcp4://127.0.0.1:6363,remote=tcp4://127.0.0.1:43966] doSend
07-24 13:23:17.652 26679 26699 V nfd.TcpTransport: [id=256,local=tcp4://127.0.0.1:6363,remote=tcp4://127.0.0.1:43966] Successfully sent: 163 bytes
07-24 13:23:17.652 26679 26699 D nfd.Forwarder: onInterestFinalize interest=/localhost/nfd/faces/events/%FE%09 satisfied
07-24 13:23:17.652 26679 26699 V nfd.NameTreeHashtable: erase /localhost/nfd/faces/events/%FE%09 hash=5149395827215178309 bucket=581
07-24 13:23:17.653 26679 26699 V nfd.NameTreeHashtable: erase /localhost/nfd/faces/events hash=1233637898983554347 bucket=299
07-24 13:23:17.654 26679 26699 V nfd.NameTreeHashtable: erase /localhost/nfd/faces hash=4081254122302803360 bucket=416
07-24 13:23:17.654 26679 26699 I nfd.AutoPrefixPropagator: no signing identity available for: /
07-24 13:23:17.655 26679 26699 D nfd.RibManager: RIB update succeeded for RibUpdate {
07-24 13:23:17.655 26679 26699 D nfd.RibManager: Name: /
07-24 13:23:17.655 26679 26699 D nfd.RibManager: Action: REGISTER
07-24 13:23:17.655 26679 26699 D nfd.RibManager: Route(faceid: 261, origin: app, cost: 10, flags: 0x1, never expires)
07-24 13:23:17.655 26679 26699 D nfd.RibManager: }
07-24 13:23:17.655 26679 26699 V nfd.RibManager: onNotification: FaceEvent(Kind: destroyed,
07-24 13:23:17.655 26679 26699 V nfd.RibManager: FaceId: 260,
07-24 13:23:17.655 26679 26699 V nfd.RibManager: RemoteUri: tcp4://127.0.0.1:43976,
07-24 13:23:17.655 26679 26699 V nfd.RibManager: LocalUri: tcp4://127.0.0.1:6363,
07-24 13:23:17.655 26679 26699 V nfd.RibManager: FaceScope: local,
07-24 13:23:17.655 26679 26699 V nfd.RibManager: FacePersistency: on-demand,
07-24 13:23:17.655 26679 26699 V nfd.RibManager: LinkType: point-to-point,
07-24 13:23:17.655 26679 26699 V nfd.RibManager: Flags: 0x4
07-24 13:23:17.655 26679 26699 V nfd.RibManager: )
07-24 13:23:17.655 26679 26699 D nfd.RibManager: Received notification for destroyed faceId: 260
07-24 13:23:17.656 26679 26699 V nfd.TcpTransport: [id=256,local=tcp4://127.0.0.1:6363,remote=tcp4://127.0.0.1:43966] Received: 49 bytes
07-24 13:23:17.656 26679 26699 V nfd.LinkService: [id=256,local=tcp4://127.0.0.1:6363,remote=tcp4://127.0.0.1:43966] receiveInterest
07-24 13:23:17.656 26679 26699 D nfd.Forwarder: onIncomingInterest face=256 interest=/localhost/nfd/faces/events/%FE%0A
07-24 13:23:17.656 26679 26699 V nfd.NameTree: lookup(/localhost/nfd/faces/events/%FE%0A, 5)
07-24 13:23:17.656 26679 26699 V nfd.NameTreeHashtable: found / hash=0 bucket=0
07-24 13:23:17.656 26679 26699 V nfd.NameTreeHashtable: found /localhost hash=10937169108514740553 bucket=329
07-24 13:23:17.656 26679 26699 V nfd.NameTreeHashtable: found /localhost/nfd hash=3626199823732152002 bucket=706
07-24 13:23:17.656 26679 26699 V nfd.NameTreeHashtable: insert /localhost/nfd/faces hash=4081254122302803360 bucket=416
07-24 13:23:17.656 26679 26699 V nfd.NameTreeHashtable: insert /localhost/nfd/faces/events hash=1233637898983554347 bucket=299
07-24 13:23:17.656 26679 26699 V nfd.NameTreeHashtable: insert /localhost/nfd/faces/events/%FE%0A hash=9958661621874513940 bucket=20
07-24 13:23:17.656 26679 26699 D nfd.ContentStore: find /localhost/nfd/faces/events/%FE%0A L
07-24 13:23:17.656 26679 26699 D nfd.ContentStore: no-match
07-24 13:23:17.656 26679 26699 D nfd.Forwarder: onContentStoreMiss interest=/localhost/nfd/faces/events/%FE%0A
07-24 13:23:17.656 26679 26699 V nfd.Strategy: lookupFib noForwardingHint found=/localhost/nfd
07-24 13:23:17.656 26679 26699 D nfd.Forwarder: onOutgoingInterest face=1 interest=/localhost/nfd/faces/events/%FE%0A
07-24 13:23:17.656 26679 26699 V nfd.LinkService: [id=1,local=internal://,remote=internal://] sendInterest
07-24 13:23:17.657 26679 26699 V nfd.InternalForwarderTransport: [id=1,local=internal://,remote=internal://] doSend
07-24 13:23:17.657 26679 26699 D nfd.BestRouteStrategy2: /localhost/nfd/faces/events/%FE%0A?ndn.InterestLifetime=60000&ndn.Nonce=4082354971 from=256 newPitEntry-to=1
07-24 13:23:17.664 26679 26699 V nfd.TcpChannel: [tcp4://0.0.0.0:6363] Incoming connection from 127.0.0.1:43978
07-24 13:23:17.665 26679 26699 I nfd.TcpTransport: [id=0,local=tcp4://127.0.0.1:6363,remote=tcp4://127.0.0.1:43978] Creating transport
07-24 13:23:17.665 26679 26699 I nfd.FaceTable: Added face id=262 remote=tcp4://127.0.0.1:43978 local=tcp4://127.0.0.1:6363
07-24 13:23:17.667 26679 26699 V nfd.TcpTransport: [id=262,local=tcp4://127.0.0.1:6363,remote=tcp4://127.0.0.1:43978] Received: 422 bytes
07-24 13:23:17.668 26679 26699 V nfd.LinkService: [id=262,local=tcp4://127.0.0.1:6363,remote=tcp4://127.0.0.1:43978] receiveInterest
07-24 13:23:17.668 26679 26699 D nfd.Forwarder: onIncomingInterest face=262 interest=/localhost/nfd/faces/create/h%1Br%19udp4%3A%2F%2F129.10.224.42%3A6363/%00%00%01d%CDQ%0A%12/%84%C3%004S%B0IX/%166%1B%01%01%1C1%07%2F%08%0Ctmp-identity%08%03KEY%08%11ksk-1532452996873%08%07ID-CERT/%17%FD%01%00%23%B0%DFQ%F0%EE%D4%D2Tj%E6%08%BE%D9%DF%1A9%9C%9DBL%A8%5CJ%95ds%F2r%FF%B9%C7%2BF%D4%40%FB5%22x%2FY%11%8D%8B%13%0C%C5%C9%0F%CDH%18%8B%8D%FDi%92C%DE89%82%5E%88%10B6%EBA%23%B2%BD%B3g%F5%D6%C0%01%DFw%B9%EC8M%80%940%5B%29~%F7%95%EC%E1e%1E%98%7B%D0%19%1B%0D%1D%1B%3C%22%9C%E0~%F9%A1%8F%939%5B%BA%D0%8A%24J7%E2%A6%8Env%C0%3AL%FF%8A%B1Vn%11%80%E1%0C%88CR%25%81%82dz%08%5D%3Bh%F5%A5%B1Yh%3A%B4%9E%8DMM%B3%C7%C7%C2%25n%D4W%3CI%3D%F2%22z%9C%AE%A5%A9%FA%5C%20~%8D%9E%7C%99%F5%F6%B9%C6sC%B0%1C%C4%EB%DC%23%AF%B1%FDJ%F8%C0%E4%AE%BD%A1n%81LN%13%11%92w%D0%B2%1D%FB%23%BE%B2%8A%D1%88%84%D8%EF%A2%25%99%A2%F4%27%B6%9E%B7%29%B9F%81%87%EC%8E%89i%9E%AF%FC%B5C%CC%A4
07-24 13:23:17.668 26679 26699 V nfd.NameTree: lookup(/localhost/nfd/faces/create/h%1Br%19udp4%3A%2F%2F129.10.224.42%3A6363/%00%00%01d%CDQ%0A%12/%84%C3%004S%B0IX/%166%1B%01%01%1C1%07%2F%08%0Ctmp-identity%08%03KEY%08%11ksk-1532452996873%08%07ID-CERT/%17%FD%01%00%23%B0%DFQ%F0%EE%D4%D2Tj%E6%08%BE%D9%DF%1A9%9C%9DBL%A8%5CJ%95ds%F2r%FF%B9%C7%2BF%D4%40%FB5%22x%2FY%11%8D%8B%13%0C%C5%C9%0F%CDH%18%8B%8D%FDi%92C%DE89%82%5E%88%10B6%EBA%23%B2%BD%B3g%F5%D6%C0%01%DFw%B9%EC8M%80%940%5B%29~%F7%95%EC%E1e%1E%98%7B%D0%19%1B%0D%1D%1B%3C%22%9C%E0~%F9%A1%8F%939%5B%BA%D0%8A%24J7%E2%A6%8Env%C0%3AL%FF%8A%B1Vn%11%80%E1%0C%88CR%25%81%82dz%08%5D%3Bh%F5%A5%B1Yh%3A%B4%9E%8DMM%B3%C7%C7%C2%25n%D4W%3CI%3D%F2%22z%9C%AE%A5%A9%FA%5C%20~%8D%9E%7C%99%F5%F6%B9%C6sC%B0%1C%C4%EB%DC%23%AF%B1%FDJ%F8%C0%E4%AE%BD%A1n%81LN%13%11%92w%D0%B2%1D%FB%23%BE%B2%8A%D1%88%84%D8%EF%A2%25%99%A2%F4%27%B6%9E%B7%29%B9F%81%87%EC%8E%89i%9E%AF%FC%B5C%CC%A4, 9)
07-24 13:23:17.668 26679 26699 V nfd.NameTreeHashtable: found / hash=0 bucket=0
07-24 13:23:17.668 26679 26699 V nfd.NameTreeHashtable: found /localhost hash=10937169108514740553 bucket=329
07-24 13:23:17.668 26679 26699 V nfd.NameTreeHashtable: found /localhost/nfd hash=3626199823732152002 bucket=706
07-24 13:23:17.668 26679 26699 V nfd.NameTreeHashtable: found /localhost/nfd/faces hash=4081254122302803360 bucket=416
07-24 13:23:17.668 26679 26699 V nfd.NameTreeHashtable: insert /localhost/nfd/faces/create hash=904326802705325154 bucket=98
07-24 13:23:17.668 26679 26699 V nfd.NameTreeHashtable: insert /localhost/nfd/faces/create/h%1Br%19udp4%3A%2F%2F129.10.224.42%3A6363 hash=5545918439951999271 bucket=295
07-24 13:23:17.668 26679 26699 V nfd.NameTreeHashtable: insert /localhost/nfd/faces/create/h%1Br%19udp4%3A%2F%2F129.10.224.42%3A6363/%00%00%01d%CDQ%0A%12 hash=4727342121388160465 bucket=465
07-24 13:23:17.668 26679 26699 V nfd.NameTreeHashtable: insert /localhost/nfd/faces/create/h%1Br%19udp4%3A%2F%2F129.10.224.42%3A6363/%00%00%01d%CDQ%0A%12/%84%C3%004S%B0IX hash=10460703621063851143 bucket=135
07-24 13:23:17.668 26679 26699 V nfd.NameTreeHashtable: insert /localhost/nfd/faces/create/h%1Br%19udp4%3A%2F%2F129.10.224.42%3A6363/%00%00%01d%CDQ%0A%12/%84%C3%004S%B0IX/%166%1B%01%01%1C1%07%2F%08%0Ctmp-identity%08%03KEY%08%11ksk-1532452996873%08%07ID-CERT hash=13687498270675205426 bucket=306
07-24 13:23:17.668 26679 26699 V nfd.NameTreeHashtable: insert /localhost/nfd/faces/create/h%1Br%19udp4%3A%2F%2F129.10.224.42%3A6363/%00%00%01d%CDQ%0A%12/%84%C3%004S%B0IX/%166%1B%01%01%1C1%07%2F%08%0Ctmp-identity%08%03KEY%08%11ksk-1532452996873%08%07ID-CERT/%17%FD%01%00%23%B0%DFQ%F0%EE%D4%D2Tj%E6%08%BE%D9%DF%1A9%9C%9DBL%A8%5CJ%95ds%F2r%FF%B9%C7%2BF%D4%40%FB5%22x%2FY%11%8D%8B%13%0C%C5%C9%0F%CDH%18%8B%8D%FDi%92C%DE89%82%5E%88%10B6%EBA%23%B2%BD%B3g%F5%D6%C0%01%DFw%B9%EC8M%80%940%5B%29~%F7%95%EC%E1e%1E%98%7B%D0%19%1B%0D%1D%1B%3C%22%9C%E0~%F9%A1%8F%939%5B%BA%D0%8A%24J7%E2%A6%8Env%C0%3AL%FF%8A%B1Vn%11%80%E1%0C%88CR%25%81%82dz%08%5D%3Bh%F5%A5%B1Yh%3A%B4%9E%8DMM%B3%C7%C7%C2%25n%D4W%3CI%3D%F2%22z%9C%AE%A5%A9%FA%5C%20~%8D%9E%7C%99%F5%F6%B9%C6sC%B0%1C%C4%EB%DC%23%AF%B1%FDJ%F8%C0%E4%AE%BD%A1n%81LN%13%11%92w%D0%B2%1D%FB%23%BE%B2%8A%D1%88%84%D8%EF%A2%25%99%A2%F4%27%B6%9E%B7%29%B9F%81%87%EC%8E%89i%9E%AF%FC%B5C%CC%A4 hash=6906555532433604757 bucket=149
07-24 13:23:17.669 26679 26699 D nfd.ContentStore: find /localhost/nfd/faces/create/h%1Br%19udp4%3A%2F%2F129.10.224.42%3A6363/%00%00%01d%CDQ%0A%12/%84%C3%004S%B0IX/%166%1B%01%01%1C1%07%2F%08%0Ctmp-identity%08%03KEY%08%11ksk-1532452996873%08%07ID-CERT/%17%FD%01%00%23%B0%DFQ%F0%EE%D4%D2Tj%E6%08%BE%D9%DF%1A9%9C%9DBL%A8%5CJ%95ds%F2r%FF%B9%C7%2BF%D4%40%FB5%22x%2FY%11%8D%8B%13%0C%C5%C9%0F%CDH%18%8B%8D%FDi%92C%DE89%82%5E%88%10B6%EBA%23%B2%BD%B3g%F5%D6%C0%01%DFw%B9%EC8M%80%940%5B%29~%F7%95%EC%E1e%1E%98%7B%D0%19%1B%0D%1D%1B%3C%22%9C%E0~%F9%A1%8F%939%5B%BA%D0%8A%24J7%E2%A6%8Env%C0%3AL%FF%8A%B1Vn%11%80%E1%0C%88CR%25%81%82dz%08%5D%3Bh%F5%A5%B1Yh%3A%B4%9E%8DMM%B3%C7%C7%C2%25n%D4W%3CI%3D%F2%22z%9C%AE%A5%A9%FA%5C%20~%8D%9E%7C%99%F5%F6%B9%C6sC%B0%1C%C4%EB%DC%23%AF%B1%FDJ%F8%C0%E4%AE%BD%A1n%81LN%13%11%92w%D0%B2%1D%FB%23%BE%B2%8A%D1%88%84%D8%EF%A2%25%99%A2%F4%27%B6%9E%B7%29%B9F%81%87%EC%8E%89i%9E%AF%FC%B5C%CC%A4 L
07-24 13:23:17.669 26679 26699 D nfd.ContentStore: no-match
07-24 13:23:17.669 26679 26699 D nfd.Forwarder: onContentStoreMiss interest=/localhost/nfd/faces/create/h%1Br%19udp4%3A%2F%2F129.10.224.42%3A6363/%00%00%01d%CDQ%0A%12/%84%C3%004S%B0IX/%166%1B%01%01%1C1%07%2F%08%0Ctmp-identity%08%03KEY%08%11ksk-1532452996873%08%07ID-CERT/%17%FD%01%00%23%B0%DFQ%F0%EE%D4%D2Tj%E6%08%BE%D9%DF%1A9%9C%9DBL%A8%5CJ%95ds%F2r%FF%B9%C7%2BF%D4%40%FB5%22x%2FY%11%8D%8B%13%0C%C5%C9%0F%CDH%18%8B%8D%FDi%92C%DE89%82%5E%88%10B6%EBA%23%B2%BD%B3g%F5%D6%C0%01%DFw%B9%EC8M%80%940%5B%29~%F7%95%EC%E1e%1E%98%7B%D0%19%1B%0D%1D%1B%3C%22%9C%E0~%F9%A1%8F%939%5B%BA%D0%8A%24J7%E2%A6%8Env%C0%3AL%FF%8A%B1Vn%11%80%E1%0C%88CR%25%81%82dz%08%5D%3Bh%F5%A5%B1Yh%3A%B4%9E%8DMM%B3%C7%C7%C2%25n%D4W%3CI%3D%F2%22z%9C%AE%A5%A9%FA%5C%20~%8D%9E%7C%99%F5%F6%B9%C6sC%B0%1C%C4%EB%DC%23%AF%B1%FDJ%F8%C0%E4%AE%BD%A1n%81LN%13%11%92w%D0%B2%1D%FB%23%BE%B2%8A%D1%88%84%D8%EF%A2%25%99%A2%F4%27%B6%9E%B7%29%B9F%81%87%EC%8E%89i%9E%AF%FC%B5C%CC%A4
07-24 13:23:17.669 26679 26699 V nfd.Strategy: lookupFib noForwardingHint found=/localhost/nfd
