07-24 11:44:00.837 1718 2690 W ActivityManager: Scheduling restart of crashed service com.google.android.gms/.gcm.http.GoogleHttpService in 141000ms
07-24 11:44:00.838 1718 2690 W ActivityManager: Scheduling restart of crashed service com.google.android.gms/.phenotype.service.PhenotypeService in 151000ms
07-24 11:44:00.838 1718 2690 W ActivityManager: Scheduling restart of crashed service com.google.android.gms/com.google.android.location.internal.server.GoogleLocationService in 160999ms
07-24 11:44:00.838 1718 2690 W ActivityManager: Scheduling restart of crashed service com.google.android.gms/.thunderbird.OutgoingSmsListenerService in 170999ms
07-24 11:44:00.838 1718 2690 W ActivityManager: Scheduling restart of crashed service com.google.android.gms/com.google.android.location.geocode.GeocodeService in 180999ms
07-24 11:44:00.838 1718 2690 W ActivityManager: Scheduling restart of crashed service com.google.android.gms/.chimera.PersistentIntentOperationService in 190999ms
07-24 11:44:00.838 1718 2690 W ActivityManager: Scheduling restart of crashed service com.google.android.gms/.pseudonymous.service.PseudonymousIdService in 190999ms
07-24 11:44:00.838 1718 2690 W ActivityManager: Scheduling restart of crashed service com.google.android.gms/com.google.android.location.geofencer.service.GeofenceProviderService in 200999ms
07-24 11:44:00.838 1718 2690 W ActivityManager: Scheduling restart of crashed service com.google.android.gms/.common.stats.GmsCoreStatsService in 210999ms
07-24 11:44:00.838 1718 2690 W ActivityManager: Scheduling restart of crashed service com.google.android.gms/.clearcut.uploader.QosUploaderService in 220999ms
07-24 11:44:00.838 1718 2690 W ActivityManager: Scheduling restart of crashed service com.google.android.gms/com.google.android.location.internal.server.HardwareArProviderService in 220999ms
07-24 11:44:00.839 2639 2639 I ActivityThread: Removing dead content provider:android.content.ContentProviderProxy@33279f7
07-24 11:44:00.839 8273 8273 I ActivityThread: Removing dead content provider:android.content.ContentProviderProxy@92993a7
07-24 11:44:00.839 8273 8273 I ActivityThread: Removing dead content provider:android.content.ContentProviderProxy@92993a7
07-24 11:44:00.839 6573 6573 I ActivityThread: Removing dead content provider:android.content.ContentProviderProxy@740df9e
07-24 11:44:00.839 2639 2639 I ActivityThread: Removing dead content provider:android.content.ContentProviderProxy@33279f7
07-24 11:44:00.840 2124 2124 I ActivityThread: Removing dead content provider:android.content.ContentProviderProxy@7d88603
07-24 11:44:00.840 2124 2124 I ActivityThread: Removing dead content provider:android.content.ContentProviderProxy@7d88603
07-24 11:44:00.840 3485 3485 I ActivityThread: Removing dead content provider:android.content.ContentProviderProxy@9640a73
07-24 11:44:00.854 1718 2795 I ActivityManager: Start proc 8946:com.google.android.gms.persistent/u0a20 for content provider com.google.android.gms/.chimera.container.GmsModuleProvider
07-24 11:44:00.861 1718 2797 D ConnectivityService: ConnectivityService NetworkRequestInfo binderDied(NetworkRequest [ LISTEN id=21, [ Capabilities: INTERNET&NOT_RESTRICTED&TRUSTED&NOT_VPN] ], android.os.BinderProxy@89964d0)
07-24 11:44:00.862 1718 2010 E ConnectivityService: RemoteException caught trying to send a callback msg for NetworkRequest [ LISTEN id=21, [ Capabilities: INTERNET&NOT_RESTRICTED&TRUSTED&NOT_VPN] ]
07-24 11:44:00.863 1718 1890 I ActivityManager: Process com.google.android.gms (pid 3010) has died
07-24 11:44:00.863 1718 1890 D ActivityManager: cleanUpApplicationRecord -- 3010
07-24 11:44:00.866 1718 1890 W ActivityManager: Scheduling restart of crashed service com.google.android.gms/.chimera.GmsBoundBrokerService in 40971ms
07-24 11:44:00.866 1718 1890 W ActivityManager: Scheduling restart of crashed service com.google.android.gms/.checkin.CheckinService in 230971ms
07-24 11:44:00.866 1718 1890 W ActivityManager: Scheduling restart of crashed service com.google.android.gms/.chimera.container.FileApkIntentOperation$ExternalFileApkService in 240971ms
07-24 11:44:00.866 1718 1890 W ActivityManager: Scheduling restart of crashed service com.google.android.gms/.chimera.GmsIntentOperationService in 250971ms
07-24 11:44:00.866 1718 1890 W ActivityManager: Scheduling restart of crashed service com.google.android.gms/.update.SystemUpdateService in 260971ms
07-24 11:44:00.866 1718 1890 W ActivityManager: Scheduling restart of crashed service com.google.android.gms/.measurement.service.MeasurementBrokerService in 260971ms
07-24 11:44:00.866 1718 1890 W ActivityManager: Scheduling restart of crashed service com.google.android.gms/.analytics.service.AnalyticsService in 270971ms
07-24 11:44:00.985 4869 4869 I ActivityThread: Removing dead content provider:android.content.ContentProviderProxy@5d22c75
07-24 11:44:02.319 1718 1718 V BackupManagerService: Connected to transport ComponentInfo{com.google.android.gms/com.google.android.gms.backup.BackupTransportService}
07-24 11:44:02.320 1718 1718 V BackupManagerService: Registering transport com.google.android.gms/.backup.BackupTransportService::com.google.android.gms/.backup.BackupTransportService = com.android.internal.backup.IBackupTransport$Stub$Proxy@966ef77
07-24 11:44:02.328 1718 1987 I ActivityManager: START u0 {act=android.intent.action.MAIN cat=[android.intent.category.HOME] flg=0x10200000 cmp=com.android.launcher3/.Launcher (has extras)} from uid 1000 on display 0
07-24 11:44:02.590 1718 1807 D BluetoothManagerService: Message: 20
07-24 11:44:02.590 1718 1807 D BluetoothManagerService: Added callback: android.bluetooth.IBluetoothManagerCallback$Stub$Proxy@8bca467:true
07-24 11:44:02.640 1718 1747 I ActivityManager: Setting hasTopUi=false for pid=2060
07-24 11:44:02.773 1718 2836 I ActivityManager: Start proc 9044:com.google.android.gms/u0a20 for service com.google.android.gms/.chimera.GmsIntentOperationService
07-24 11:44:03.316 1718 2826 W ActivityManager: Unable to start service Intent { cmp=com.google.android.gms/.analytics.service.RefreshEnabledStateService } U=0: not found
07-24 11:44:05.893 1718 2690 I ActivityManager: START u0 {act=android.intent.action.MAIN cat=[android.intent.category.LAUNCHER] flg=0x10200000 cmp=com.android.documentsui/.LauncherActivity bnds=[540,1011][796,1377] (has extras)} from uid 10026 on display 0
07-24 11:44:05.951 1718 2826 I ActivityManager: START u0 {dat=//com.android.documentsui.launchControl flg=0x10200000 cmp=com.android.documentsui/.FilesActivity} from uid 10013 on display 0
07-24 11:44:07.079 1718 2749 I ActivityManager: START u0 {act=android.provider.action.MANAGE_DOCUMENT dat=content://com.android.providers.downloads.documents/document/156 cmp=com.android.providers.downloads.ui/.TrampolineActivity} from uid 10013 on display 0
07-24 11:44:07.127 1718 2902 I ActivityManager: START u0 {act=android.intent.action.VIEW dat=content://com.android.providers.downloads.documents/document/156 typ=application/vnd.android.package-archive flg=0x3 cmp=com.google.android.packageinstaller/com.android.packageinstaller.PackageInstallerActivity (has extras)} from uid 10012 on display 0
07-24 11:44:08.436 1718 2285 I ActivityManager: START u0 {dat=file:///data/user_de/0/com.google.android.packageinstaller/cache/package2022947207.apk cmp=com.google.android.packageinstaller/com.android.packageinstaller.InstallAppProgress (has extras)} from uid 10024 on display 0
07-24 11:44:08.661 1718 1908 E PackageInstaller: Commit of session 1895729667 failed: Package /data/app/vmdl1895729667.tmp/PackageInstaller has no certificates at entry AndroidManifest.xml
07-24 11:44:13.497 1718 8944 I ActivityManager: START u0 {act=android.intent.action.MAIN cat=[android.intent.category.LAUNCHER] flg=0x10200000 pkg=com.android.chrome cmp=com.android.chrome/com.google.android.apps.chrome.Main bnds=[840,1688][1035,1928] (has extras)} from uid 10026 on display 0
07-24 11:44:15.931 1718 2518 W InputMethodManagerService: Window already focused, ignoring focus gain of: com.android.internal.view.IInputMethodClient$Stub$Proxy@399727c attribute=null, token = android.os.BinderProxy@bbdb925
07-24 11:44:19.297 1718 1772 I ActivityManager: Waited long enough for: ServiceRecord{427def u0 com.google.android.gms/.update.SystemUpdateService}
07-24 11:44:25.341 1718 2928 I ActivityManager: START u0 {act=android.intent.action.VIEW dat=content://com.android.chrome.FileProvider/downloads/app-arm64-v8a-release-unsigned.apk typ=application/vnd.android.package-archive flg=0x10000003 cmp=com.google.android.packageinstaller/com.android.packageinstaller.PackageInstallerActivity (has extras)} from uid 10076 on display 0
07-24 11:44:26.991 1718 2795 I ActivityManager: START u0 {dat=file:///data/user_de/0/com.google.android.packageinstaller/cache/package1073316026.apk cmp=com.google.android.packageinstaller/com.android.packageinstaller.InstallAppProgress (has extras)} from uid 10024 on display 0
07-24 11:44:27.160 1718 1908 E PackageInstaller: Commit of session 1382462805 failed: Package /data/app/vmdl1382462805.tmp/PackageInstaller has no certificates at entry AndroidManifest.xml
07-24 11:44:30.918 1718 2928 I ActivityManager: Setting hasTopUi=true for pid=2060
07-24 11:44:33.890 1718 1718 D ConditionProviders.SCP: onReceive android.intent.action.TIME_SET
07-24 11:44:33.901 1718 1718 D ConditionProviders.SCP: notifyCondition condition://android/schedule?days=6.7&start=23.30&end=10.0&exitAtAlarm=false STATE_FALSE reason=!meetsSchedule
07-24 11:44:33.902 1718 1718 D ConditionProviders.SCP: notifyCondition condition://android/schedule?days=1.2.3.4.5&start=22.0&end=7.0&exitAtAlarm=false STATE_FALSE reason=!meetsSchedule
07-24 11:44:33.903 1718 1718 D ConditionProviders.SCP: Scheduling evaluate for Tue Jul 24 22:00:00 EDT 2018 (1532484000000), in +10h15m26s109ms, now=Tue Jul 24 11:44:33 EDT 2018 (1532447073891)
07-24 11:44:33.926 1718 2836 I ActivityManager: Start proc 9598:com.android.timerswitch/1000 for broadcast com.android.timerswitch/.TimerSwitchInitReceiver
07-24 11:44:33.935 1718 1771 I UsageStatsService: Time changed in UsageStats by 2 seconds
07-24 11:44:33.935 1718 1771 I UsageStatsService: User[0] Flushing usage stats to disk
07-24 11:44:33.975 1718 1771 I UsageStatsDatabase: Time changed by +2s770ms. files deleted: 0 files moved: 10
07-24 11:44:33.987 1718 1771 I UsageStatsService: User[0] Rollover scheduled @ 2018-07-25 11:42:11(1532533331078)
07-24 11:44:34.064 1718 8945 I ActivityManager: Start proc 9623:com.google.android.deskclock/u0a65 for broadcast com.google.android.deskclock/com.android.deskclock.AlarmInitReceiver
07-24 11:44:34.262 1718 2927 I ActivityManager: Killing 6968:com.android.musicfx/u0a31 (adj 904): empty #31
07-24 11:44:34.293 1718 2898 D ActivityManager: cleanUpApplicationRecord -- 6968
07-24 11:44:34.320 1718 1747 I ActivityManager: Start proc 9665:com.qualcomm.timeservice/1000 for broadcast com.qualcomm.timeservice/.TimeServiceBroadcastReceiver
07-24 11:44:34.409 1718 2826 I ActivityManager: Start proc 9687:com.sonimtech.warrantyregapp.xp8/1000 for broadcast com.sonimtech.warrantyregapp.xp8/com.sonimtech.warrantyregapp.SimStateChangeReceive
07-24 11:44:34.415 1718 2826 I ActivityManager: Killing 3125:android.process.acore/u0a0 (adj 904): empty #31
07-24 11:44:34.439 1718 8141 D ActivityManager: cleanUpApplicationRecord -- 3125
07-24 11:44:34.486 1718 2797 I ActivityManager: Killing 5439:com.google.process.gapps/u0a70 (adj 904): empty #31
07-24 11:44:34.517 1718 1748 D ActivityManager: cleanUpApplicationRecord -- 5439
07-24 11:44:34.551 1718 2898 W InputMethodManagerService: Window already focused, ignoring focus gain of: com.android.internal.view.IInputMethodClient$Stub$Proxy@66290da attribute=null, token = android.os.BinderProxy@bbdb925
07-24 11:44:34.564 1718 1747 I ActivityManager: Setting hasTopUi=false for pid=2060
07-24 11:44:35.210 1718 1987 I ActivityManager: START u0 {act=android.intent.action.MAIN cat=[android.intent.category.HOME] flg=0x10200000 cmp=com.android.launcher3/.Launcher (has extras)} from uid 1000 on display 0
07-24 11:44:35.325 1718 2902 I ActivityManager: Process com.android.chrome:sandboxed_process0 (pid 5025) has died
07-24 11:44:35.325 1718 2902 D ActivityManager: cleanUpApplicationRecord -- 5025
07-24 11:44:35.325 1718 2902 W ActivityManager: Scheduling restart of crashed service com.android.chrome/org.chromium.content.app.SandboxedProcessService0 in 1000ms
07-24 11:44:35.328 1718 1778 E KernelUidCpuTimeReader: Failed to read uid_cputime: /proc/uid_cputime/show_uid_stat (No such file or directory)
07-24 11:44:35.340 1718 1778 E KernelUidCpuTimeReader: failed to remove uid from uid_cputime module
07-24 11:44:35.340 1718 1778 E KernelUidCpuTimeReader: java.io.FileNotFoundException: /proc/uid_cputime/remove_uid_range (No such file or directory)
07-24 11:44:35.340 1718 1778 E KernelUidCpuTimeReader: at java.io.FileOutputStream.open(Native Method)
07-24 11:44:35.340 1718 1778 E KernelUidCpuTimeReader: at java.io.FileOutputStream.(FileOutputStream.java:221)
07-24 11:44:35.340 1718 1778 E KernelUidCpuTimeReader: at java.io.FileOutputStream.(FileOutputStream.java:108)
07-24 11:44:35.340 1718 1778 E KernelUidCpuTimeReader: at java.io.FileWriter.(FileWriter.java:63)
07-24 11:44:35.340 1718 1778 E KernelUidCpuTimeReader: at com.android.internal.os.KernelUidCpuTimeReader.removeUid(KernelUidCpuTimeReader.java:158)
07-24 11:44:35.340 1718 1778 E KernelUidCpuTimeReader: at com.android.internal.os.BatteryStatsImpl.removeIsolatedUidLocked(BatteryStatsImpl.java:3143)
07-24 11:44:35.340 1718 1778 E KernelUidCpuTimeReader: at com.android.server.am.BatteryStatsService$BatteryStatsHandler.handleMessage(BatteryStatsService.java:141)
07-24 11:44:35.340 1718 1778 E KernelUidCpuTimeReader: at android.os.Handler.dispatchMessage(Handler.java:102)
07-24 11:44:35.340 1718 1778 E KernelUidCpuTimeReader: at android.os.Looper.loop(Looper.java:154)
07-24 11:44:35.340 1718 1778 E KernelUidCpuTimeReader: at android.os.HandlerThread.run(HandlerThread.java:61)
07-24 11:44:35.340 1718 1778 E KernelUidCpuTimeReader: at com.android.server.ServiceThread.run(ServiceThread.java:46)
07-24 11:44:54.759 1718 1772 I ActivityManager: Killing 7071:com.android.mtp/u0a12 (adj 904): empty #31
07-24 11:44:54.762 1718 1772 I ActivityManager: Killing 7054:com.android.externalstorage/u0a16 (adj 906): empty #32
07-24 11:44:54.765 1718 1772 I ActivityManager: Killing 6988:com.att.mobile.android.vvm/u0a52 (adj 906): empty #33
07-24 11:44:54.794 1718 1994 D VoldConnector: SND -> {10 appfuse unmount 10012 7071 MtpDocumentsProvider}
07-24 11:44:54.795 1718 2284 D ActivityManager: cleanUpApplicationRecord -- 7071
07-24 11:44:54.795 561 574 E vold : Failed to readlink for /proc/7071/ns/mnt
07-24 11:44:54.795 1718 1995 D VoldConnector: RCV <- {400 10 Command failed}
07-24 11:44:54.797 1718 2902 D ActivityManager: cleanUpApplicationRecord -- 6988
07-24 11:44:54.799 1718 2836 D ActivityManager: cleanUpApplicationRecord -- 7054
07-24 11:45:27.095 1718 8945 I ActivityManager: Process net.aetherpal.device (pid 3569) has died
07-24 11:45:27.095 1718 8945 D ActivityManager: cleanUpApplicationRecord -- 3569
07-24 11:45:36.406 1718 1772 E KernelUidCpuTimeReader: Failed to read uid_cputime: /proc/uid_cputime/show_uid_stat (No such file or directory)
07-24 11:45:36.407 1718 1778 E BatteryStatsService: no controller energy info supplied
07-24 11:45:36.417 1718 1778 E KernelUidCpuTimeReader: Failed to read uid_cputime: /proc/uid_cputime/show_uid_stat (No such file or directory)
07-24 11:47:18.384 1718 2797 I ActivityManager: START u0 {act=android.search.action.GLOBAL_SEARCH cat=[com.google.android.googlequicksearchbox.category.SEARCH_WIDGET] flg=0x10008000 cmp=com.google.android.googlequicksearchbox/com.google.android.apps.gsa.searchnow.SearchNowActivity bnds=[71,218][335,364] (has extras)} from uid 10053 on display 0
07-24 11:47:19.483 1718 2795 I ActivityManager: START u0 {cmp=com.google.android.googlequicksearchbox/com.google.android.apps.gsa.sidekick.main.optin.OptInActivity (has extras)} from uid 10053 on display 0
07-24 11:47:19.518 1718 2748 I ActivityManager: Start proc 10439:android.process.acore/u0a0 for content provider com.android.providers.contacts/.ContactsProvider2
07-24 11:47:19.782 1718 2795 W InputMethodManagerService: Window already focused, ignoring focus gain of: com.android.internal.view.IInputMethodClient$Stub$Proxy@4a24fc2 attribute=null, token = android.os.BinderProxy@183edee
07-24 11:47:20.186 8946 8946 E ActivityThread: Failed to find provider info for com.google.android.gms.common.phenotype
07-24 11:47:20.263 1718 2835 D BluetoothManagerService: Registered for death Notification
07-24 11:47:20.263 1718 2835 D BluetoothManagerService: Updated BleAppCount1
07-24 11:47:20.263 1718 2928 D BluetoothManagerService: checkIfCallerIsForegroundUser: valid=true callingUser=0 parentUser=-10000 foregroundUser=0
07-24 11:47:20.263 1718 2928 D BluetoothManagerService: isBleAppPresent() count: 1
07-24 11:47:20.264 1718 2928 D BluetoothManagerService: enable(): mBluetooth =null mBinding = false mState = 10
07-24 11:47:20.264 1718 2928 D BluetoothManagerService: enable returning
07-24 11:47:20.264 1718 1807 D BluetoothManagerService: Message: 1
07-24 11:47:20.264 1718 1807 D BluetoothManagerService: MESSAGE_ENABLE: mBluetooth = null
07-24 11:47:20.286 1718 1807 I ActivityManager: Start proc 10476:com.android.bluetooth/1002 for service com.android.bluetooth/.btservice.AdapterService
07-24 11:47:20.502 1718 1807 D BluetoothManagerService: Message: 20
07-24 11:47:20.503 1718 1807 D BluetoothManagerService: Added callback: android.bluetooth.IBluetoothManagerCallback$Stub$Proxy@f65d8f6:true
07-24 11:47:20.528 1718 1718 D BluetoothManagerService: Bluetooth Adapter name changed to XP8800
07-24 11:47:20.529 1718 1718 D BluetoothManagerService: Stored Bluetooth name: XP8800
07-24 11:47:20.538 1718 1718 D BluetoothManagerService: BluetoothServiceConnection: com.android.bluetooth.btservice.AdapterService
07-24 11:47:20.538 1718 1807 D BluetoothManagerService: Message: 40
07-24 11:47:20.539 1718 1807 D BluetoothManagerService: MESSAGE_BLUETOOTH_SERVICE_CONNECTED: 1
07-24 11:47:20.542 1718 1807 D BluetoothManagerService: Calling onBluetoothServiceUp callbacks
07-24 11:47:20.542 1718 1807 D BluetoothManagerService: Broadcasting onBluetoothServiceUp() to 10 receivers.
07-24 11:47:20.549 1718 1807 D BluetoothManagerService: Message: 60
07-24 11:47:20.549 1718 1807 D BluetoothManagerService: MESSAGE_BLUETOOTH_STATE_CHANGE: prevState = 10, newState =14
07-24 11:47:20.549 1718 1807 D BluetoothManagerService: bluetoothStateChangeHandler: 10 -> 14
07-24 11:47:20.549 1718 1807 D BluetoothManagerService: BLE State Change Intent: 10 -> 14
07-24 11:47:21.445 1718 1718 D BluetoothManagerService: Bluetooth Adapter name changed to XP8800
07-24 11:47:21.446 1718 1718 D BluetoothManagerService: Stored Bluetooth name: XP8800
07-24 11:47:21.450 1718 1807 D BluetoothManagerService: Message: 60
07-24 11:47:21.450 1718 1807 D BluetoothManagerService: MESSAGE_BLUETOOTH_STATE_CHANGE: prevState = 14, newState =15
07-24 11:47:21.450 1718 1807 D BluetoothManagerService: bluetoothStateChangeHandler: 14 -> 15
07-24 11:47:21.450 1718 1807 D BluetoothManagerService: Bluetooth is in LE only mode
07-24 11:47:21.450 1718 1807 D BluetoothManagerService: Binding Bluetooth GATT service
07-24 11:47:21.451 1718 1807 D BluetoothManagerService: BLE State Change Intent: 14 -> 15
07-24 11:47:21.454 1718 1718 D BluetoothManagerService: BluetoothServiceConnection: com.android.bluetooth.gatt.GattService
07-24 11:47:21.454 1718 1807 D BluetoothManagerService: Message: 40
07-24 11:47:21.454 1718 1807 D BluetoothManagerService: MESSAGE_BLUETOOTH_SERVICE_CONNECTED: 2
07-24 11:47:21.455 1718 1807 D BluetoothManagerService: BluetoothGatt Service is Up
07-24 11:47:21.461 1718 8141 D BluetoothManagerService: Unregistered for death Notification
07-24 11:47:21.461 1718 8141 D BluetoothManagerService: Updated BleAppCount0
07-24 11:47:21.462 1718 8141 D BluetoothManagerService: Reseting the mEnable flag for clean disable
07-24 11:47:21.464 1718 1807 D BluetoothManagerService: Message: 60
07-24 11:47:21.464 1718 1807 D BluetoothManagerService: MESSAGE_BLUETOOTH_STATE_CHANGE: prevState = 15, newState =16
07-24 11:47:21.464 1718 1807 D BluetoothManagerService: bluetoothStateChangeHandler: 15 -> 16
07-24 11:47:21.464 1718 1807 D BluetoothManagerService: BLE State Change Intent: 15 -> 16
07-24 11:47:21.846 1718 1807 D BluetoothManagerService: Message: 60
07-24 11:47:21.846 1718 1807 D BluetoothManagerService: MESSAGE_BLUETOOTH_STATE_CHANGE: prevState = 16, newState =10
07-24 11:47:21.846 1718 1807 D BluetoothManagerService: bluetoothStateChangeHandler: 16 -> 10
07-24 11:47:21.846 1718 1807 D BluetoothManagerService: Bluetooth is complete turn off
07-24 11:47:21.846 1718 1807 D BluetoothManagerService: Calling onBluetoothServiceDown callbacks
07-24 11:47:21.846 1718 1807 D BluetoothManagerService: Broadcasting onBluetoothServiceDown() to 10 receivers.
07-24 11:47:21.847 1718 1807 D BluetoothManagerService: unbindAndFinish(): android.bluetooth.IBluetooth$Stub$Proxy@df061c9 mBinding = false
07-24 11:47:21.848 1718 1807 D BluetoothManagerService: Sending unbind request.
07-24 11:47:21.855 1718 1807 D BluetoothManagerService: BLE State Change Intent: 16 -> 10
07-24 11:47:21.916 1718 2797 I ActivityManager: Process com.android.bluetooth (pid 10476) has died
07-24 11:47:21.917 1718 2797 D ActivityManager: cleanUpApplicationRecord -- 10476
07-24 11:47:23.038 1718 1718 W WindowManager: Attempted to remove non-existing token: android.os.Binder@d7d2626
07-24 11:47:24.484 1718 1987 I ActivityManager: START u0 {act=android.intent.action.MAIN cat=[android.intent.category.HOME] flg=0x10200000 cmp=com.android.launcher3/.Launcher (has extras)} from uid 1000 on display 0
07-24 11:47:58.114 1718 1983 I ActivityManager: Start proc 10927:com.qualcomm.qti.qdma/1000 for service com.qualcomm.qti.qdma/.app.ActiveCareService
07-24 11:47:58.195 1718 2518 I ActivityManager: Killing 7284:com.aetherpal.sonim:messaging/u0a30 (adj 906): empty #31
07-24 11:47:58.225 1718 8142 D ActivityManager: cleanUpApplicationRecord -- 7284
07-24 11:47:58.318 1718 8142 I ActivityManager: Killing 4804:com.google.android.gm/u0a72 (adj 906): empty #31
07-24 11:47:58.338 1718 1748 D ActivityManager: cleanUpApplicationRecord -- 4804
07-24 11:48:36.476 1718 2902 I ActivityManager: Start proc 11187:com.android.chrome:sandboxed_process3/u0i3 for service com.android.chrome/org.chromium.content.app.SandboxedProcessService3
07-24 11:48:36.646 1718 2836 I ActivityManager: Process com.android.chrome:sandboxed_process3 (pid 11187) has died
07-24 11:48:36.646 1718 2836 D ActivityManager: cleanUpApplicationRecord -- 11187
07-24 11:48:36.646 1718 2836 W ActivityManager: Scheduling restart of crashed service com.android.chrome/org.chromium.content.app.SandboxedProcessService3 in 1000ms
07-24 11:48:36.648 1718 1778 E KernelUidCpuTimeReader: Failed to read uid_cputime: /proc/uid_cputime/show_uid_stat (No such file or directory)
07-24 11:48:36.658 1718 1778 E KernelUidCpuTimeReader: failed to remove uid from uid_cputime module
07-24 11:48:36.658 1718 1778 E KernelUidCpuTimeReader: java.io.FileNotFoundException: /proc/uid_cputime/remove_uid_range (No such file or directory)
07-24 11:48:36.658 1718 1778 E KernelUidCpuTimeReader: at java.io.FileOutputStream.open(Native Method)
07-24 11:48:36.658 1718 1778 E KernelUidCpuTimeReader: at java.io.FileOutputStream.(FileOutputStream.java:221)
07-24 11:48:36.658 1718 1778 E KernelUidCpuTimeReader: at java.io.FileOutputStream.(FileOutputStream.java:108)
07-24 11:48:36.658 1718 1778 E KernelUidCpuTimeReader: at java.io.FileWriter.(FileWriter.java:63)
07-24 11:48:36.658 1718 1778 E KernelUidCpuTimeReader: at com.android.internal.os.KernelUidCpuTimeReader.removeUid(KernelUidCpuTimeReader.java:158)
07-24 11:48:36.658 1718 1778 E KernelUidCpuTimeReader: at com.android.internal.os.BatteryStatsImpl.removeIsolatedUidLocked(BatteryStatsImpl.java:3143)
07-24 11:48:36.658 1718 1778 E KernelUidCpuTimeReader: at com.android.server.am.BatteryStatsService$BatteryStatsHandler.handleMessage(BatteryStatsService.java:141)
07-24 11:48:36.658 1718 1778 E KernelUidCpuTimeReader: at android.os.Handler.dispatchMessage(Handler.java:102)
07-24 11:48:36.658 1718 1778 E KernelUidCpuTimeReader: at android.os.Looper.loop(Looper.java:154)
07-24 11:48:36.658 1718 1778 E KernelUidCpuTimeReader: at android.os.HandlerThread.run(HandlerThread.java:61)
07-24 11:48:36.658 1718 1778 E KernelUidCpuTimeReader: at com.android.server.ServiceThread.run(ServiceThread.java:46)
07-24 11:48:55.394 1718 2748 I ActivityManager: Setting hasTopUi=true for pid=2060
07-24 11:50:52.857 1718 2795 W InputMethodManagerService: Window already focused, ignoring focus gain of: com.android.internal.view.IInputMethodClient$Stub$Proxy@8cc99be attribute=null, token = android.os.BinderProxy@89f5240
07-24 11:50:52.877 1718 2899 I ActivityManager: Setting hasTopUi=false for pid=2060
07-24 11:53:27.165 1718 1718 I JobServiceContext: Client timed out while executing (no jobFinished received). sending onStop. d19b3a #u0a29/1 com.att.eptt/.receivers.NetworkJobScheduler
07-24 11:53:27.190 1718 2795 I ActivityManager: Killing 7357:com.google.android.videos/u0a115 (adj 906): empty #31
07-24 11:53:27.218 1718 1747 D ActivityManager: cleanUpApplicationRecord -- 7357
07-24 11:58:50.779 1718 1811 I PowerManagerService: Going to sleep due to screen timeout (uid 1000)...
07-24 11:58:51.508 1718 1811 E KernelUidCpuTimeReader: Failed to read uid_cputime: /proc/uid_cputime/show_uid_stat (No such file or directory)
07-24 11:58:51.576 1718 1808 I DisplayManagerService: Display device changed state: "Built-in Screen", OFF
07-24 11:58:51.741 1718 1811 I DreamManagerService: Entering dreamland.
07-24 11:58:51.742 1718 1811 I PowerManagerService: Dozing...
07-24 11:58:51.742 1718 1806 I DreamController: Starting dream: name=ComponentInfo{com.android.systemui/com.android.systemui.doze.DozeService}, isTest=false, canDoze=true, userId=0
07-24 11:58:55.860 1718 2836 I ActivityManager: Setting hasTopUi=true for pid=2060
07-24 11:58:55.892 2060 2060 V KeyguardStatusView: refresh statusview showing:true
07-24 11:58:55.902 2060 2060 V KeyguardDisplayManager: show
07-24 11:58:56.578 1718 1772 E KernelUidCpuTimeReader: Failed to read uid_cputime: /proc/uid_cputime/show_uid_stat (No such file or directory)
07-24 11:58:58.823 1718 8141 I ActivityManager: Process com.qualcomm.qti.qdma (pid 10927) has died
07-24 11:58:58.823 1718 8141 D ActivityManager: cleanUpApplicationRecord -- 10927
07-24 11:59:03.739 1718 1772 E KernelUidCpuTimeReader: Failed to read uid_cputime: /proc/uid_cputime/show_uid_stat (No such file or directory)
07-24 12:00:11.084 1718 1772 E KernelUidCpuTimeReader: Failed to read uid_cputime: /proc/uid_cputime/show_uid_stat (No such file or directory)
07-24 12:02:05.017 1718 1772 E KernelUidCpuTimeReader: Failed to read uid_cputime: /proc/uid_cputime/show_uid_stat (No such file or directory)
07-24 12:02:11.179 1718 1771 I UsageStatsService: User[0] Flushing usage stats to disk
07-24 12:05:04.188 1718 1718 I JobServiceContext: Client timed out while executing (no jobFinished received). sending onStop. d252891 #u0a29/1 com.att.eptt/.receivers.NetworkJobScheduler
07-24 12:05:39.802 1718 1778 E KernelUidCpuTimeReader: Failed to read uid_cputime: /proc/uid_cputime/show_uid_stat (No such file or directory)
07-24 12:05:39.889 1718 1778 E KernelUidCpuTimeReader: Failed to read uid_cputime: /proc/uid_cputime/show_uid_stat (No such file or directory)
07-24 12:06:10.480 1718 1778 E KernelUidCpuTimeReader: Failed to read uid_cputime: /proc/uid_cputime/show_uid_stat (No such file or directory)
07-24 12:07:05.204 1718 1778 E KernelUidCpuTimeReader: Failed to read uid_cputime: /proc/uid_cputime/show_uid_stat (No such file or directory)
07-24 12:07:24.593 1718 1778 E KernelUidCpuTimeReader: Failed to read uid_cputime: /proc/uid_cputime/show_uid_stat (No such file or directory)
07-24 12:11:59.977 920 920 E TLOC : [TLOCChannel]"Can't receive message due to timeout"
07-24 12:11:59.977 920 920 I TLOC : [TLOCDaemon ]"timeout passed - start periodic warm-up"
07-24 12:11:59.978 920 920 I TLOC : [ModemComm ]"Start a session successfully"
07-24 12:11:59.979 920 920 D TLOC : [TLOCDaemon ]"The command finished successfully"
07-24 12:11:59.979 920 920 D TLOC : [TLOCDaemon ]"waiting for command"
07-24 12:11:59.979 920 920 D TLOC : [TLOCChannel] "Going to receive message for TLOCD"
07-24 12:11:59.979 920 920 D TLOC : [TLOCChannel] "wait for message for user TLOCD"
07-24 12:12:02.205 1718 1772 E KernelUidCpuTimeReader: Failed to read uid_cputime: /proc/uid_cputime/show_uid_stat (No such file or directory)
07-24 12:12:20.922 920 920 E TLOC : [TLOCChannel]"Can't receive message due to timeout"
07-24 12:12:20.922 920 920 I TLOC : [TLOCDaemon ]"timeout passed with no location fix - close the session"
07-24 12:12:20.924 920 997 I TLOC : [Modem ]"Received event indication of position report with status GENERAL_FAILURE"
07-24 12:12:20.924 920 920 I TLOC : [ModemComm ]"Stopped the session successfully"
07-24 12:12:20.924 920 920 D TLOC : [TLOCDaemon ]"The command finished successfully"
07-24 12:12:20.924 920 920 D TLOC : [TLOCDaemon ]"waiting for command"
07-24 12:12:20.924 920 920 D TLOC : [TLOCChannel] "Going to receive message for TLOCD"
07-24 12:12:20.924 920 920 D TLOC : [TLOCChannel] "wait for message for user TLOCD"
07-24 12:12:20.947 1718 1778 E KernelUidCpuTimeReader: Failed to read uid_cputime: /proc/uid_cputime/show_uid_stat (No such file or directory)
07-24 12:12:20.980 1718 1778 E KernelUidCpuTimeReader: Failed to read uid_cputime: /proc/uid_cputime/show_uid_stat (No such file or directory)
07-24 12:12:22.426 1718 1778 E KernelUidCpuTimeReader: Failed to read uid_cputime: /proc/uid_cputime/show_uid_stat (No such file or directory)
07-24 12:12:25.936 1718 1772 E KernelUidCpuTimeReader: Failed to read uid_cputime: /proc/uid_cputime/show_uid_stat (No such file or directory)
07-24 12:12:42.168 1718 1778 E KernelUidCpuTimeReader: Failed to read uid_cputime: /proc/uid_cputime/show_uid_stat (No such file or directory)
07-24 12:12:42.626 1718 2010 D ConnectivityService: NetworkAgentInfo [WIFI () - 103] EVENT_NETWORK_INFO_CHANGED, going from CONNECTED to DISCONNECTED
07-24 12:12:42.626 1718 2010 D ConnectivityService: NetworkAgentInfo [WIFI () - 103] got DISCONNECTED, was satisfying 15
07-24 12:12:42.716 1718 2010 D ConnectivityService: Sending DISCONNECTED broadcast for type 1 NetworkAgentInfo [WIFI () - 103] isDefaultNetwork=true
07-24 12:12:44.848 1718 2003 D ConnectivityService: registerNetworkAgent NetworkAgentInfo{ ni{[type: WIFI[], state: CONNECTING/CONNECTING, reason: (unspecified), extra: "NIST-Guest", failover: false, available: true, roaming: false, metered: false]} network{104} nethandle{446693034718} lp{{LinkAddresses: [] Routes: [] DnsAddresses: [] Domains: null MTU: 0}} nc{[ Transports: WIFI Capabilities: NOT_METERED&INTERNET&NOT_RESTRICTED&TRUSTED&NOT_VPN LinkUpBandwidth>=1048576Kbps LinkDnBandwidth>=1048576Kbps]} Score{20} everValidated{false} lastValidated{false} created{false} lingering{false} explicitlySelected{false} acceptUnvalidated{false} everCaptivePortalDetected{false} lastCaptivePortalDetected{false} }
07-24 12:12:44.848 1718 2010 D ConnectivityService: NetworkAgentInfo [WIFI () - 104] EVENT_NETWORK_INFO_CHANGED, going from null to CONNECTING
07-24 12:12:46.156 1718 2010 D ConnectivityService: NetworkAgentInfo [WIFI () - 104] EVENT_NETWORK_INFO_CHANGED, going from CONNECTING to CONNECTED
07-24 12:12:46.159 1718 2010 D ConnectivityService: Adding iface wlan0 to network 104
07-24 12:12:46.223 1718 2010 D ConnectivityService: Setting DNS servers for network 104 to [/129.6.13.2, /132.163.4.9]
07-24 12:12:46.251 1718 2010 D ConnectivityService: Switching to new default network: NetworkAgentInfo{ ni{[type: WIFI[], state: CONNECTED/CONNECTED, reason: (unspecified), extra: "NIST-Guest", failover: false, available: true, roaming: false, metered: false]} network{104} nethandle{446693034718} lp{{InterfaceName: wlan0 LinkAddresses: [fe80::224:a3ff:fe79:7859/64,172.22.41.87/17,] Routes: [fe80::/64 -> :: wlan0,172.22.0.0/17 -> 0.0.0.0 wlan0,0.0.0.0/0 -> 172.22.127.254 wlan0,] DnsAddresses: [129.6.13.2,132.163.4.9,] Domains: null MTU: 0 TcpBufferSizes: 524288,1048576,2097152,262144,524288,1048576}} nc{[ Transports: WIFI Capabilities: NOT_METERED&INTERNET&NOT_RESTRICTED&TRUSTED&NOT_VPN&FOREGROUND LinkUpBandwidth>=1048576Kbps LinkDnBandwidth>=1048576Kbps]} Score{20} everValidated{false} lastValidated{false} created{true} lingering{false} explicitlySelected{true} acceptUnvalidated{false} everCaptivePortalDetected{false} lastCaptivePortalDetected{false} }
07-24 12:12:46.349 1718 1778 E KernelUidCpuTimeReader: Failed to read uid_cputime: /proc/uid_cputime/show_uid_stat (No such file or directory)
07-24 12:12:46.358 1718 2010 D ConnectivityService: Sending CONNECTED broadcast for type 1 NetworkAgentInfo [WIFI () - 104] isDefaultNetwork=true
07-24 12:12:46.378 1718 2795 D ConnectivityService: Returning blocked NetworkInfo to uid=10057
07-24 12:12:46.378 1718 8142 D ConnectivityService: Returning blocked NetworkInfo to uid=10117
07-24 12:12:46.380 1718 2899 D ConnectivityService: Returning blocked NetworkInfo to uid=10086
07-24 12:12:46.380 1718 2928 D ConnectivityService: Returning blocked NetworkInfo to uid=10051
07-24 12:12:46.381 1718 2797 D ConnectivityService: Returning blocked NetworkInfo to uid=10076
07-24 12:12:46.384 1718 1890 D ConnectivityService: Returning blocked NetworkInfo to uid=10069
07-24 12:12:46.386 1718 2928 D ConnectivityService: Returning blocked NetworkInfo to uid=10118
07-24 12:12:46.387 1718 8142 D ConnectivityService: Returning blocked NetworkInfo to uid=10116
07-24 12:12:46.400 1718 8141 D ConnectivityService: Returning blocked NetworkInfo to uid=10067
07-24 12:12:46.407 1718 2284 V BackupManagerService: Scheduling immediate backup pass
07-24 12:12:46.428 1718 1718 V BackupManagerService: Running a backup pass
07-24 12:12:46.430 1718 2611 V BackupManagerService: clearing pending backups
07-24 12:12:46.432 1718 2611 V PerformBackupTask: Beginning backup of 34 targets
07-24 12:12:46.452 1718 2611 D PerformBackupTask: invokeAgentForBackup on @pm@
07-24 12:12:46.466 1718 2611 I BackupRestoreController: Getting widget state for user: 0
07-24 12:12:46.640 1718 2010 D NetworkNotificationManager: clearNotification id=104
07-24 12:12:46.640 1718 2010 D ConnectivityService: NetworkAgentInfo [WIFI () - 104] validation passed
07-24 12:12:47.055 1718 2611 V KeyValueBackupJob: Scheduling k/v pass in 719 minutes
07-24 12:12:47.136 1718 1772 E KernelUidCpuTimeReader: Failed to read uid_cputime: /proc/uid_cputime/show_uid_stat (No such file or directory)
07-24 12:12:47.249 1718 2611 I BackupManagerService: K/V backup pass finished.
07-24 12:12:49.514 1718 2795 D ConnectivityService: Returning unblocked NetworkInfo to uid=10051
07-24 12:12:50.311 1718 1747 D ConnectivityService: Returning unblocked NetworkInfo to uid=10086
07-24 12:12:52.253 1718 1772 E KernelUidCpuTimeReader: Failed to read uid_cputime: /proc/uid_cputime/show_uid_stat (No such file or directory)
07-24 12:12:57.374 1718 1772 E KernelUidCpuTimeReader: Failed to read uid_cputime: /proc/uid_cputime/show_uid_stat (No such file or directory)
07-24 12:13:06.077 1718 1772 E KernelUidCpuTimeReader: Failed to read uid_cputime: /proc/uid_cputime/show_uid_stat (No such file or directory)
07-24 12:13:31.375 1718 1772 E KernelUidCpuTimeReader: Failed to read uid_cputime: /proc/uid_cputime/show_uid_stat (No such file or directory)
07-24 12:13:32.908 1718 1837 I ActivityManager: Start proc 13199:com.android.defcontainer/u0a9 for service com.android.defcontainer/.DefaultContainerService
07-24 12:13:33.046 1718 1772 I ActivityManager: Start proc 13214:com.qualcomm.qti.seemp.service:seemp_service/1000 for broadcast com.qualcomm.qti.seemp.service/.SeempBroadcastReceiver
07-24 12:13:33.132 1718 1837 W PackageManager: Package com.google.android.gms desires unavailable shared library com.google.android.ble; ignoring!
07-24 12:13:33.132 1718 1837 W PackageManager: Package com.google.android.gms desires unavailable shared library com.google.android.wearable; ignoring!
07-24 12:13:39.418 1718 2749 D ConnectivityService: ConnectivityService NetworkRequestInfo binderDied(NetworkRequest [ LISTEN id=10, [ Capabilities: INTERNET&NOT_RESTRICTED&TRUSTED] ], android.os.BinderProxy@327d086)
07-24 12:13:39.418 1718 2285 I ActivityManager: Process com.android.vending (pid 3331) has died
07-24 12:13:39.418 1718 2285 D ActivityManager: cleanUpApplicationRecord -- 3331
07-24 12:13:39.419 1718 2010 E ConnectivityService: RemoteException caught trying to send a callback msg for NetworkRequest [ LISTEN id=10, [ Capabilities: INTERNET&NOT_RESTRICTED&TRUSTED] ]
07-24 12:13:39.419 1718 2836 I WindowManager: WIN DEATH: Window{d285d71 u0 com.android.vending/com.android.vending.AssetBrowserActivity}
07-24 12:13:47.745 1718 1772 E KernelUidCpuTimeReader: Failed to read uid_cputime: /proc/uid_cputime/show_uid_stat (No such file or directory)
07-24 12:13:54.316 1718 1772 E KernelUidCpuTimeReader: Failed to read uid_cputime: /proc/uid_cputime/show_uid_stat (No such file or directory)
07-24 12:13:59.358 1718 1772 I ActivityManager: Force stopping com.google.android.gms appid=10020 user=-1: installPackageLI
07-24 12:13:59.358 1718 1772 I ActivityManager: Killing 5577:com.google.android.youtube/u0a118 (adj 904): stop com.google.android.gms
07-24 12:13:59.359 1718 1772 D ActivityManager: cleanUpApplicationRecord -- 5577
07-24 12:13:59.360 1718 1772 I ActivityManager: Killing 8946:com.google.android.gms.persistent/u0a20 (adj 100): stop com.google.android.gms
07-24 12:13:59.361 1718 1772 D ActivityManager: cleanUpApplicationRecord -- 8946
07-24 12:13:59.362 1718 1772 W ActivityManager: Scheduling restart of crashed service com.google.android.gms/com.google.android.location.places.service.PlaceDetectionAsyncService in 1000ms
07-24 12:13:59.362 1718 1772 W ActivityManager: Scheduling restart of crashed service com.google.android.gms/.auth.setup.devicesignals.LockScreenService in 11000ms
07-24 12:13:59.362 1718 1772 W ActivityManager: Scheduling restart of crashed service com.google.android.gms/.usagereporting.service.UsageReportingService in 21000ms
07-24 12:13:59.362 1718 1772 W ActivityManager: Scheduling restart of crashed service com.google.android.gms/com.google.android.contextmanager.service.ContextManagerService in 31000ms
07-24 12:13:59.362 1718 1772 W ActivityManager: Scheduling restart of crashed service com.google.android.gms/.instantapps.service.InstantAppsService in 41000ms
07-24 12:13:59.362 1718 1772 W ActivityManager: Scheduling restart of crashed service com.google.android.gms/com.google.android.location.internal.PendingIntentCallbackService in 51000ms
07-24 12:13:59.362 1718 1772 W ActivityManager: Scheduling restart of crashed service com.google.android.gms/.deviceconnection.service.DeviceConnectionWatcherService in 51000ms
07-24 12:13:59.362 1718 1772 W ActivityManager: Scheduling restart of crashed service com.google.android.gms/com.google.android.location.fused.service.FusedProviderService in 61000ms
07-24 12:13:59.362 1718 1772 W ActivityManager: Scheduling restart of crashed service com.google.android.gms/com.google.android.location.internal.GoogleLocationManagerService in 70999ms
07-24 12:13:59.362 1718 1772 W ActivityManager: Scheduling restart of crashed service com.google.android.gms/.gcm.GcmService in 80999ms
07-24 12:13:59.362 1718 1772 W ActivityManager: Scheduling restart of crashed service com.google.android.gms/.tapandpay.hce.service.TpHceService in 90999ms
07-24 12:13:59.362 1718 1772 W ActivityManager: Scheduling restart of crashed service com.google.android.gms/.backup.BackupTransportService in 100999ms
07-24 12:13:59.362 1718 1772 W ActivityManager: Scheduling restart of crashed service com.google.android.gms/.clearcut.service.ClearcutLoggerService in 110999ms
07-24 12:13:59.363 1718 1772 W ActivityManager: Scheduling restart of crashed service com.google.android.gms/com.google.android.location.network.NetworkLocationService in 120999ms
07-24 12:13:59.363 1718 1772 W ActivityManager: Scheduling restart of crashed service com.google.android.gms/.phenotype.service.PhenotypeService in 130999ms
07-24 12:13:59.363 1718 1772 W ActivityManager: Scheduling restart of crashed service com.google.android.gms/com.google.android.location.internal.server.GoogleLocationService in 140999ms
07-24 12:13:59.363 1718 1772 W ActivityManager: Scheduling restart of crashed service com.google.android.gms/.thunderbird.OutgoingSmsListenerService in 150999ms
07-24 12:13:59.363 1718 1772 W ActivityManager: Scheduling restart of crashed service com.google.android.gms/com.google.android.location.geocode.GeocodeService in 160999ms
07-24 12:13:59.363 1718 1772 W ActivityManager: Scheduling restart of crashed service com.google.android.gms/com.google.android.location.geofencer.service.GeofenceProviderService in 170999ms
07-24 12:13:59.363 1718 1772 W ActivityManager: Scheduling restart of crashed service com.google.android.gms/.common.stats.GmsCoreStatsService in 180999ms
07-24 12:13:59.363 1718 1772 W ActivityManager: Scheduling restart of crashed service com.google.android.gms/com.google.android.location.internal.server.HardwareArProviderService in 190999ms
07-24 12:13:59.364 9044 9044 I ActivityThread: Removing dead content provider:android.content.ContentProviderProxy@4ae584a
07-24 12:13:59.364 1718 1772 I ActivityManager: Killing 2639:com.google.android.googlequicksearchbox:search/u0a53 (adj 700): stop com.google.android.gms
07-24 12:13:59.365 1718 1772 D ActivityManager: cleanUpApplicationRecord -- 2639
07-24 12:13:59.368 1718 1772 I ActivityManager: Killing 3485:com.google.android.gms.unstable/u0a20 (adj 902): stop com.google.android.gms
07-24 12:13:59.369 1718 1772 D ActivityManager: cleanUpApplicationRecord -- 3485
07-24 12:13:59.369 1718 1772 I ActivityManager: Killing 7093:com.google.android.apps.docs/u0a69 (adj 904): stop com.google.android.gms
07-24 12:13:59.370 1718 1772 D ActivityManager: cleanUpApplicationRecord -- 7093
07-24 12:13:59.370 1718 1772 I ActivityManager: Killing 6786:com.google.android.apps.maps/u0a116 (adj 906): stop com.google.android.gms
07-24 12:13:59.371 1718 1772 D ActivityManager: cleanUpApplicationRecord -- 6786
07-24 12:13:59.371 1718 1772 I ActivityManager: Killing 9044:com.google.android.gms/u0a20 (adj 0): stop com.google.android.gms
07-24 12:13:59.372 1718 1772 D ActivityManager: cleanUpApplicationRecord -- 9044
07-24 12:13:59.372 1718 1772 W ActivityManager: Scheduling restart of crashed service com.google.android.gms/.analytics.service.AnalyticsService in 200990ms
07-24 12:13:59.372 1718 1772 W ActivityManager: Scheduling restart of crashed service com.google.android.gms/.update.SystemUpdateService in 210989ms
07-24 12:13:59.373 1718 1772 I ActivityManager: Killing 6650:com.google.android.apps.walletnfcrel/u0a73 (adj 900): stop com.google.android.gms
07-24 12:13:59.373 1718 1772 D ActivityManager: cleanUpApplicationRecord -- 6650
07-24 12:13:59.374 1718 1772 I ActivityManager: Killing 4677:com.google.android.calendar/u0a66 (adj 902): stop com.google.android.gms
07-24 12:13:59.375 1718 1772 D ActivityManager: cleanUpApplicationRecord -- 4677
07-24 12:13:59.388 1718 1772 I ActivityManager: Force stopping service ServiceRecord{69129a8 u0 com.google.android.gms/.backup.BackupTransportService}
07-24 12:13:59.389 1718 1772 I ActivityManager: Force stopping service ServiceRecord{fd7684 u0 com.google.android.gms/com.google.android.location.internal.server.HardwareArProviderService}
07-24 12:13:59.389 1718 1772 I ActivityManager: Force stopping service ServiceRecord{622d890 u0 com.google.android.gms/.clearcut.service.ClearcutLoggerService}
07-24 12:13:59.389 1718 1772 I ActivityManager: Force stopping service ServiceRecord{1cc38b5 u0 com.google.android.gms/.common.stats.GmsCoreStatsService}
07-24 12:13:59.389 1718 1772 I ActivityManager: Force stopping service ServiceRecord{87ebb8b u0 com.google.android.gms/com.google.android.location.internal.GoogleLocationManagerService}
07-24 12:13:59.389 1718 1772 I ActivityManager: Force stopping service ServiceRecord{5df53ea u0 com.google.android.gms/com.google.android.location.network.NetworkLocationService}
07-24 12:13:59.389 1718 1772 I ActivityManager: Force stopping service ServiceRecord{ed24523 u0 com.google.android.gms/com.google.android.contextmanager.service.ContextManagerService}
07-24 12:13:59.389 1718 1772 I ActivityManager: Force stopping service ServiceRecord{4b23389 u0 com.google.android.gms/com.google.android.location.internal.server.GoogleLocationService}
07-24 12:13:59.389 1718 1772 I ActivityManager: Force stopping service ServiceRecord{2957031 u0 com.google.android.gms/com.google.android.location.geofencer.service.GeofenceProviderService}
07-24 12:13:59.389 1718 1772 I ActivityManager: Force stopping service ServiceRecord{9474c4a u0 com.google.android.gms/com.google.android.location.fused.service.FusedProviderService}
07-24 12:13:59.389 1718 1772 I ActivityManager: Force stopping service ServiceRecord{837da13 u0 com.google.android.gms/.gcm.GcmService}
07-24 12:13:59.389 1718 1772 I ActivityManager: Force stopping service ServiceRecord{f34e0da u0 com.google.android.gms/.auth.setup.devicesignals.LockScreenService}
07-24 12:13:59.389 1718 1772 I ActivityManager: Force stopping service ServiceRecord{4614975 u0 com.google.android.gms/.thunderbird.OutgoingSmsListenerService}
07-24 12:13:59.389 1718 1772 I ActivityManager: Force stopping service ServiceRecord{445309f u0 com.google.android.gms/com.google.android.location.geocode.GeocodeService}
07-24 12:13:59.389 1718 1772 I ActivityManager: Force stopping service ServiceRecord{ea4b745 u0 com.google.android.gms/.instantapps.service.InstantAppsService}
07-24 12:13:59.389 1718 1772 I ActivityManager: Force stopping service ServiceRecord{6e8e23c u0 com.google.android.gms/.tapandpay.hce.service.TpHceService}
07-24 12:13:59.389 1718 1772 I ActivityManager: Force stopping service ServiceRecord{fb9184b u0 com.google.android.gms/com.google.android.location.places.service.PlaceDetectionAsyncService}
07-24 12:13:59.389 1718 1772 I ActivityManager: Force stopping service ServiceRecord{e397b4a u0 com.google.android.gms/.deviceconnection.service.DeviceConnectionWatcherService}
07-24 12:13:59.391 1718 1718 V BackupManagerService: Disconnected from transport ComponentInfo{com.google.android.gms/com.google.android.gms.backup.BackupTransportService}
07-24 12:13:59.391 1718 1718 V BackupManagerService: Registering transport com.google.android.gms/.backup.BackupTransportService::null = null
07-24 12:13:59.398 1718 1837 W PackageManager: Trying to update system app code path from /data/app/com.google.android.gms-1 to /data/app/com.google.android.gms-2
07-24 12:13:59.399 1718 1837 W PackageManager: Package com.google.android.gms desires unavailable shared library com.google.android.ble; ignoring!
07-24 12:13:59.399 1718 1837 W PackageManager: Package com.google.android.gms desires unavailable shared library com.google.android.wearable; ignoring!
07-24 12:13:59.401 1718 1837 W PackageManager: Code path for com.google.android.gms changing from /data/app/com.google.android.gms-1 to /data/app/com.google.android.gms-2
07-24 12:13:59.401 1718 1837 W PackageManager: Resource path for com.google.android.gms changing from /data/app/com.google.android.gms-1 to /data/app/com.google.android.gms-2
07-24 12:13:59.404 1718 2749 D ConnectivityService: ConnectivityService NetworkRequestInfo binderDied(NetworkRequest [ LISTEN id=16, [ Capabilities: INTERNET&NOT_RESTRICTED&TRUSTED&FOREGROUND] ], android.os.BinderProxy@c596984)
07-24 12:13:59.406 1718 2010 E ConnectivityService: RemoteException caught trying to send a callback msg for NetworkRequest [ LISTEN id=16, [ Capabilities: INTERNET&NOT_RESTRICTED&TRUSTED&FOREGROUND] ]
07-24 12:13:59.430 1718 2009 D RttService: Client connection lost with reason: 4
07-24 12:13:59.430 1718 2009 D RttService: closing client android.os.Messenger@36b08b2
07-24 12:13:59.444 1718 1837 W PackageManager: Permission com.google.android.gms.permission.ACTIVITY_RECOGNITION from package com.google.android.gms in an unknown group android.permission-group.PERSONAL_INFO
07-24 12:13:59.481 1718 2928 D ConnectivityService: ConnectivityService NetworkRequestInfo binderDied(NetworkRequest [ LISTEN id=22, [ Capabilities: INTERNET&NOT_RESTRICTED&TRUSTED&FOREGROUND] ], android.os.BinderProxy@4380f4)
07-24 12:13:59.482 1718 2010 E ConnectivityService: RemoteException caught trying to send a callback msg for NetworkRequest [ LISTEN id=22, [ Capabilities: INTERNET&NOT_RESTRICTED&TRUSTED&FOREGROUND] ]
07-24 12:13:59.508 1718 2928 D ConnectivityService: ConnectivityService NetworkRequestInfo binderDied(NetworkRequest [ LISTEN id=20, [ Capabilities: INTERNET&NOT_RESTRICTED&TRUSTED] ], android.os.BinderProxy@ec0701d)
07-24 12:13:59.508 1718 1747 I WindowManager: WIN DEATH: Window{bbf028f u0 com.google.android.googlequicksearchbox/com.google.android.apps.gsa.searchnow.SearchNowActivity}
07-24 12:13:59.509 1718 2010 E ConnectivityService: RemoteException caught trying to send a callback msg for NetworkRequest [ LISTEN id=20, [ Capabilities: INTERNET&NOT_RESTRICTED&TRUSTED] ]
07-24 12:13:59.820 1718 1837 W PackageManager: Unknown permission android.permission.FOREGROUND_SERVICE in package com.google.android.gms
07-24 12:13:59.820 1718 1837 W PackageManager: Unknown permission android.permission.RECOVER_KEYSTORE in package com.google.android.gms
07-24 12:13:59.820 1718 1837 W PackageManager: Unknown permission android.permission.PRE_FACTORY_RESET in package com.google.android.gms
