--------- beginning of system
07-24 11:42:09.709 561 575 D vold : e4crypt_unlock_user_key 0 serial=0 token_present=0
07-24 11:42:09.710 1718 1996 I chatty : uid=1000(system) CryptdConnector expire 1 line
07-24 11:42:09.711 1718 1994 I chatty : uid=1000(system) MountService expire 4 lines
07-24 11:42:09.712 1718 1772 I chatty : uid=1000(system) ActivityManager expire 1 line
07-24 11:42:09.712 1718 1995 I chatty : uid=1000(system) VoldConnector expire 11 lines
07-24 11:42:09.714 1718 1806 I chatty : uid=1000(system) android.fg expire 2 lines
07-24 11:42:09.715 1718 1807 I chatty : uid=1000(system) android.io expire 4 lines
07-24 11:42:09.715 1718 1718 I chatty : uid=1000 system_server expire 58 lines
07-24 11:42:09.718 1718 2017 I chatty : uid=1000(system) AudioService expire 1 line
07-24 11:42:09.718 561 574 V vold : Waiting for FUSE to spin up...
07-24 11:42:10.132 1718 1747 I chatty : uid=1000(system) Binder:1718_1 expire 6 lines
07-24 11:42:10.132 561 575 D VoldCryptCmdListener: cryptfs getpw
07-24 11:42:10.132 1718 1996 I chatty : uid=1000(system) CryptdConnector expire 3 lines
07-24 11:42:10.134 561 575 D VoldCryptCmdListener: cryptfs clearpw
07-24 11:42:10.189 1718 1890 I chatty : uid=1000(system) Binder:1718_3 expire 4 lines
07-24 11:42:10.279 1718 1718 I chatty : uid=1000 system_server expire 125 lines
07-24 11:42:10.403 1718 1772 I chatty : uid=1000(system) ActivityManager expire 11 lines
07-24 11:42:10.466 1718 1771 I chatty : uid=1000(system) android.bg expire 7 lines
07-24 11:42:10.510 1718 1774 I chatty : uid=1000(system) android.ui expire 1 line
07-24 11:42:10.591 1718 1807 I chatty : uid=1000(system) android.io expire 13 lines
07-24 11:42:10.631 1718 2404 I chatty : uid=1000(system) uteStateMachine expire 1 line
07-24 11:42:10.640 1718 2406 I chatty : uid=1000(system) CallAudioModeSt expire 1 line
07-24 11:42:10.647 2060 2060 I StatusBar: isKeyguardShowing() called before startKeyguard(), returning true
07-24 11:42:10.649 2060 2060 W StatusBar: isKeyguardSecure() called before startKeyguard(), returning false
07-24 11:42:10.649 2060 2060 W StatusBar: java.lang.Throwable
07-24 11:42:10.649 2060 2060 W StatusBar: at com.android.systemui.statusbar.BaseStatusBar.isKeyguardSecure(BaseStatusBar.java:2647)
07-24 11:42:10.649 2060 2060 W StatusBar: at com.android.systemui.statusbar.BaseStatusBar.isCameraAllowedByAdmin(BaseStatusBar.java:2670)
07-24 11:42:10.649 2060 2060 W StatusBar: at com.android.systemui.statusbar.phone.KeyguardBottomAreaView.updateCameraVisibility(KeyguardBottomAreaView.java:315)
07-24 11:42:10.649 2060 2060 W StatusBar: at com.android.systemui.statusbar.phone.KeyguardBottomAreaView.setPhoneStatusBar(KeyguardBottomAreaView.java:278)
07-24 11:42:10.649 2060 2060 W StatusBar: at com.android.systemui.statusbar.phone.PhoneStatusBar.makeStatusBarView(PhoneStatusBar.java:956)
07-24 11:42:10.649 2060 2060 W StatusBar: at com.android.systemui.statusbar.phone.PhoneStatusBar.addStatusBarWindow(PhoneStatusBar.java:3516)
07-24 11:42:10.649 2060 2060 W StatusBar: at com.android.systemui.statusbar.phone.PhoneStatusBar.createAndAddWindows(PhoneStatusBar.java:3512)
07-24 11:42:10.649 2060 2060 W StatusBar: at com.android.systemui.statusbar.BaseStatusBar.start(BaseStatusBar.java:765)
07-24 11:42:10.649 2060 2060 W StatusBar: at com.android.systemui.statusbar.phone.PhoneStatusBar.start(PhoneStatusBar.java:707)
07-24 11:42:10.649 2060 2060 W StatusBar: at com.android.systemui.statusbar.SystemBars.createStatusBarFromConfig(SystemBars.java:106)
07-24 11:42:10.649 2060 2060 W StatusBar: at com.android.systemui.statusbar.SystemBars.onNoService(SystemBars.java:58)
07-24 11:42:10.649 2060 2060 W StatusBar: at com.android.systemui.statusbar.ServiceMonitor.startService(ServiceMonitor.java:230)
07-24 11:42:10.649 2060 2060 W StatusBar: at com.android.systemui.statusbar.ServiceMonitor.-wrap5(ServiceMonitor.java)
07-24 11:42:10.649 2060 2060 W StatusBar: at com.android.systemui.statusbar.ServiceMonitor$1.handleMessage(ServiceMonitor.java:73)
07-24 11:42:10.649 2060 2060 W StatusBar: at android.os.Handler.dispatchMessage(Handler.java:102)
07-24 11:42:10.649 2060 2060 W StatusBar: at android.os.Looper.loop(Looper.java:154)
07-24 11:42:10.649 2060 2060 W StatusBar: at android.app.ActivityThread.main(ActivityThread.java:6145)
07-24 11:42:10.649 2060 2060 W StatusBar: at java.lang.reflect.Method.invoke(Native Method)
07-24 11:42:10.649 2060 2060 W StatusBar: at com.android.internal.os.ZygoteInit$MethodAndArgsCaller.run(ZygoteInit.java:886)
07-24 11:42:10.649 2060 2060 W StatusBar: at com.android.internal.os.ZygoteInit.main(ZygoteInit.java:776)
07-24 11:42:10.650 1718 2409 I chatty : uid=1000(system) AsyncQueryWorke expire 1 line
07-24 11:42:10.651 2060 2060 I StatusBar: isKeyguardShowing() called before startKeyguard(), returning true
07-24 11:42:10.652 2060 2060 W StatusBar: isKeyguardSecure() called before startKeyguard(), returning false
07-24 11:42:10.652 2060 2060 W StatusBar: java.lang.Throwable
07-24 11:42:10.652 2060 2060 W StatusBar: at com.android.systemui.statusbar.BaseStatusBar.isKeyguardSecure(BaseStatusBar.java:2647)
07-24 11:42:10.652 2060 2060 W StatusBar: at com.android.systemui.statusbar.BaseStatusBar.isCameraAllowedByAdmin(BaseStatusBar.java:2670)
07-24 11:42:10.652 2060 2060 W StatusBar: at com.android.systemui.statusbar.phone.KeyguardBottomAreaView.updateCameraVisibility(KeyguardBottomAreaView.java:315)
07-24 11:42:10.652 2060 2060 W StatusBar: at com.android.systemui.statusbar.phone.KeyguardBottomAreaView.setUserSetupComplete(KeyguardBottomAreaView.java:287)
07-24 11:42:10.652 2060 2060 W StatusBar: at com.android.systemui.statusbar.phone.PhoneStatusBar.makeStatusBarView(PhoneStatusBar.java:957)
07-24 11:42:10.652 2060 2060 W StatusBar: at com.android.systemui.statusbar.phone.PhoneStatusBar.addStatusBarWindow(PhoneStatusBar.java:3516)
07-24 11:42:10.652 2060 2060 W StatusBar: at com.android.systemui.statusbar.phone.PhoneStatusBar.createAndAddWindows(PhoneStatusBar.java:3512)
07-24 11:42:10.652 2060 2060 W StatusBar: at com.android.systemui.statusbar.BaseStatusBar.start(BaseStatusBar.java:765)
07-24 11:42:10.652 2060 2060 W StatusBar: at com.android.systemui.statusbar.phone.PhoneStatusBar.start(PhoneStatusBar.java:707)
07-24 11:42:10.652 2060 2060 W StatusBar: at com.android.systemui.statusbar.SystemBars.createStatusBarFromConfig(SystemBars.java:106)
07-24 11:42:10.652 2060 2060 W StatusBar: at com.android.systemui.statusbar.SystemBars.onNoService(SystemBars.java:58)
07-24 11:42:10.652 2060 2060 W StatusBar: at com.android.systemui.statusbar.ServiceMonitor.startService(ServiceMonitor.java:230)
07-24 11:42:10.652 2060 2060 W StatusBar: at com.android.systemui.statusbar.ServiceMonitor.-wrap5(ServiceMonitor.java)
07-24 11:42:10.652 2060 2060 W StatusBar: at com.android.systemui.statusbar.ServiceMonitor$1.handleMessage(ServiceMonitor.java:73)
07-24 11:42:10.652 2060 2060 W StatusBar: at android.os.Handler.dispatchMessage(Handler.java:102)
07-24 11:42:10.652 2060 2060 W StatusBar: at android.os.Looper.loop(Looper.java:154)
07-24 11:42:10.652 2060 2060 W StatusBar: at android.app.ActivityThread.main(ActivityThread.java:6145)
07-24 11:42:10.652 2060 2060 W StatusBar: at java.lang.reflect.Method.invoke(Native Method)
07-24 11:42:10.652 2060 2060 W StatusBar: at com.android.internal.os.ZygoteInit$MethodAndArgsCaller.run(ZygoteInit.java:886)
07-24 11:42:10.652 2060 2060 W StatusBar: at com.android.internal.os.ZygoteInit.main(ZygoteInit.java:776)
07-24 11:42:10.680 1718 1778 I chatty : uid=1000(system) batterystats-sy expire 2 lines
07-24 11:42:10.728 2060 2060 I StatusBar: isKeyguardShowing() called before startKeyguard(), returning true
07-24 11:42:10.729 2060 2418 E ActivityThread: Failed to find provider info for com.android.contacts
07-24 11:42:10.729 2060 2060 W StatusBar: isKeyguardSecure() called before startKeyguard(), returning false
07-24 11:42:10.729 2060 2060 W StatusBar: java.lang.Throwable
07-24 11:42:10.729 2060 2060 W StatusBar: at com.android.systemui.statusbar.BaseStatusBar.isKeyguardSecure(BaseStatusBar.java:2647)
07-24 11:42:10.729 2060 2060 W StatusBar: at com.android.systemui.statusbar.BaseStatusBar.isCameraAllowedByAdmin(BaseStatusBar.java:2670)
07-24 11:42:10.729 2060 2060 W StatusBar: at com.android.systemui.statusbar.phone.KeyguardBottomAreaView.updateCameraVisibility(KeyguardBottomAreaView.java:315)
07-24 11:42:10.729 2060 2060 W StatusBar: at com.android.systemui.statusbar.phone.KeyguardBottomAreaView.setUserSetupComplete(KeyguardBottomAreaView.java:287)
07-24 11:42:10.729 2060 2060 W StatusBar: at com.android.systemui.statusbar.phone.PhoneStatusBar$1.onChange(PhoneStatusBar.java:455)
07-24 11:42:10.729 2060 2060 W StatusBar: at com.android.systemui.statusbar.phone.PhoneStatusBar.resetUserSetupObserver(PhoneStatusBar.java:3760)
07-24 11:42:10.729 2060 2060 W StatusBar: at com.android.systemui.statusbar.phone.PhoneStatusBar.makeStatusBarView(PhoneStatusBar.java:1062)
07-24 11:42:10.729 2060 2060 W StatusBar: at com.android.systemui.statusbar.phone.PhoneStatusBar.addStatusBarWindow(PhoneStatusBar.java:3516)
07-24 11:42:10.729 2060 2060 W StatusBar: at com.android.systemui.statusbar.phone.PhoneStatusBar.createAndAddWindows(PhoneStatusBar.java:3512)
07-24 11:42:10.729 2060 2060 W StatusBar: at com.android.systemui.statusbar.BaseStatusBar.start(BaseStatusBar.java:765)
07-24 11:42:10.729 2060 2060 W StatusBar: at com.android.systemui.statusbar.phone.PhoneStatusBar.start(PhoneStatusBar.java:707)
07-24 11:42:10.729 2060 2060 W StatusBar: at com.android.systemui.statusbar.SystemBars.createStatusBarFromConfig(SystemBars.java:106)
07-24 11:42:10.729 2060 2060 W StatusBar: at com.android.systemui.statusbar.SystemBars.onNoService(SystemBars.java:58)
07-24 11:42:10.729 2060 2060 W StatusBar: at com.android.systemui.statusbar.ServiceMonitor.startService(ServiceMonitor.java:230)
07-24 11:42:10.729 2060 2060 W StatusBar: at com.android.systemui.statusbar.ServiceMonitor.-wrap5(ServiceMonitor.java)
07-24 11:42:10.729 2060 2060 W StatusBar: at com.android.systemui.statusbar.ServiceMonitor$1.handleMessage(ServiceMonitor.java:73)
07-24 11:42:10.729 2060 2060 W StatusBar: at android.os.Handler.dispatchMessage(Handler.java:102)
07-24 11:42:10.729 2060 2060 W StatusBar: at android.os.Looper.loop(Looper.java:154)
07-24 11:42:10.729 2060 2060 W StatusBar: at android.app.ActivityThread.main(ActivityThread.java:6145)
07-24 11:42:10.729 2060 2060 W StatusBar: at java.lang.reflect.Method.invoke(Native Method)
07-24 11:42:10.729 2060 2060 W StatusBar: at com.android.internal.os.ZygoteInit$MethodAndArgsCaller.run(ZygoteInit.java:886)
07-24 11:42:10.729 2060 2060 W StatusBar: at com.android.internal.os.ZygoteInit.main(ZygoteInit.java:776)
07-24 11:42:10.774 1718 2016 I chatty : uid=1000(system) onProviders.ECP expire 2 lines
07-24 11:42:10.791 1718 2284 I chatty : uid=1000(system) Binder:1718_4 expire 1 line
07-24 11:42:10.834 2060 2060 V KeyguardDisplayManager: show
07-24 11:42:11.000 1718 2010 I chatty : uid=1000(system) ConnectivitySer expire 5 lines
07-24 11:42:11.031 2364 2482 E ActivityThread: Failed to find provider info for com.android.contacts
07-24 11:42:11.149 1718 2002 I chatty : uid=1000(system) WifiService expire 1 line
07-24 11:42:11.313 1718 1748 I chatty : uid=1000(system) Binder:1718_2 expire 4 lines
07-24 11:42:11.535 1718 1808 I chatty : uid=1000(system) android.display expire 9 lines
07-24 11:42:11.562 561 575 D vold : e4crypt_prepare_user_storage for volume null, user 0, serial 0, flags 2
07-24 11:42:11.562 561 575 D vold : Preparing: /data/system_ce/0
07-24 11:42:11.563 561 575 D vold : Preparing: /data/misc_ce/0
07-24 11:42:11.563 561 575 D vold : Preparing: /data/media/0
07-24 11:42:11.563 561 575 D vold : Preparing: /data/data
07-24 11:42:12.076 561 574 D vold : Linking /storage/emulated/0 to /mnt/user/0/primary
07-24 11:42:12.077 1718 1995 I chatty : uid=1000(system) VoldConnector expire 1 line
07-24 11:42:12.078 1718 1994 I chatty : uid=1000(system) MountService expire 1 line
07-24 11:42:12.266 1718 2518 I chatty : uid=1000(system) Binder:1718_6 expire 6 lines
07-24 11:42:12.440 1718 2285 I chatty : uid=1000(system) Binder:1718_5 expire 3 lines
07-24 11:42:12.595 1718 2690 I chatty : uid=1000(system) Binder:1718_7 expire 4 lines
07-24 11:42:12.636 2364 2364 D MccTable: updateMccMncConfiguration mccmnc='' fromServiceState=false
07-24 11:42:12.636 1718 2611 I chatty : uid=1000(system) backup expire 2 lines
07-24 11:42:12.936 1718 1747 I chatty : uid=1000(system) Binder:1718_1 expire 11 lines
07-24 11:42:12.950 1718 1772 I chatty : uid=1000(system) ActivityManager expire 16 lines
07-24 11:42:13.069 1718 1718 I chatty : uid=1000 system_server expire 13 lines
07-24 11:42:13.126 1718 1771 I chatty : uid=1000(system) android.bg expire 1 line
07-24 11:42:13.154 1718 2413 I chatty : uid=1000 system_server expire 1 line
07-24 11:42:13.178 1718 2284 I chatty : uid=1000(system) Binder:1718_4 expire 10 lines
07-24 11:42:13.182 1718 2690 I chatty : uid=1000(system) Binder:1718_7 expire 8 lines
07-24 11:42:13.205 1718 2748 I chatty : uid=1000(system) Binder:1718_8 expire 5 lines
07-24 11:42:13.227 1718 2518 I chatty : uid=1000(system) Binder:1718_6 expire 11 lines
07-24 11:42:13.227 561 575 D VoldCryptCmdListener: cryptfs getpwtype
07-24 11:42:13.228 1718 1996 I chatty : uid=1000(system) CryptdConnector expire 2 lines
07-24 11:42:13.231 1718 1807 I chatty : uid=1000(system) android.io expire 10 lines
07-24 11:42:13.232 1718 2749 I chatty : uid=1000(system) Binder:1718_9 expire 5 lines
07-24 11:42:13.477 1718 2835 I chatty : uid=1000(system) Binder:1718_D expire 8 lines
07-24 11:42:13.494 1718 1890 I chatty : uid=1000(system) Binder:1718_3 expire 4 lines
07-24 11:42:13.683 2751 2751 W KeyphraseEnrollmentInfo: No Enrollment application supports the given keyphrase/locale
07-24 11:42:13.698 1718 2797 I chatty : uid=1000(system) Binder:1718_B expire 11 lines
07-24 11:42:14.077 3083 3101 E ActivityThread: Failed to find provider info for com.android.email.provider
07-24 11:42:14.419 1718 2795 I chatty : uid=1000(system) Binder:1718_A expire 5 lines
07-24 11:42:14.518 1718 2902 I chatty : uid=1000(system) Binder:1718_11 expire 5 lines
07-24 11:42:14.837 1718 2826 I chatty : uid=1000(system) Binder:1718_C expire 5 lines
07-24 11:42:15.028 1718 2928 I chatty : uid=1000(system) Binder:1718_13 expire 7 lines
07-24 11:42:15.092 1718 2836 I chatty : uid=1000(system) Binder:1718_E expire 10 lines
07-24 11:42:16.010 3415 3415 W ContextImpl: Calling a method in the system process without a qualified user: android.app.ContextImpl.startService:1357 android.content.ContextWrapper.startService:613 android.content.ContextWrapper.startService:613 com.qualcomm.simcontacts.SimStateReceiver.sendSimState:83 com.qualcomm.simcontacts.SimStateReceiver.onReceive:53
07-24 11:42:16.323 3415 3415 W ContextImpl: Calling a method in the system process without a qualified user: android.app.ContextImpl.startService:1357 android.content.ContextWrapper.startService:613 android.content.ContextWrapper.startService:613 com.qualcomm.simcontacts.SimStateReceiver.sendSimState:83 com.qualcomm.simcontacts.SimStateReceiver.onReceive:53
07-24 11:42:17.000 2849 2849 W ContextImpl: Calling a method in the system process without a qualified user: android.app.ContextImpl.startService:1357 android.content.ContextWrapper.startService:613 android.content.ContextWrapper.startService:613 com.qualcomm.qti.services.secureui.BootReceiver.onReceive:30 android.app.ActivityThread.handleReceiver:3044
07-24 11:42:17.021 1718 3563 I chatty : uid=1000 system_server expire 2 lines
07-24 11:42:17.027 2350 2350 W ContextImpl: Calling a method in the system process without a qualified user: android.app.ContextImpl.startService:1357 android.content.ContextWrapper.startService:613 android.content.ContextWrapper.startService:613 com.qualcomm.qti.tetherservice.TetherReceiver.onReceive:32 android.app.ActivityThread.handleReceiver:3044
07-24 11:42:17.180 3604 3604 W ContextImpl: Calling a method in the system process without a qualified user: android.app.ContextImpl.startService:1357 android.content.ContextWrapper.startService:613 android.content.ContextWrapper.startService:613 com.qualcomm.cabl.CABLReceiver.onReceive:33 android.app.ActivityThread.handleReceiver:3044
07-24 11:42:17.264 3604 3604 W ContextImpl: Calling a method in the system process without a qualified user: android.app.ContextImpl.startService:1357 android.content.ContextWrapper.startService:613 android.content.ContextWrapper.startService:613 com.qualcomm.svi.SVIReceiver.onReceive:33 android.app.ActivityThread.handleReceiver:3044
07-24 11:42:17.570 1718 2927 I chatty : uid=1000(system) Binder:1718_12 expire 5 lines
07-24 11:42:17.626 3696 3696 W ContextImpl: Calling a method in the system process without a qualified user: android.app.ContextImpl.startService:1357 android.content.ContextWrapper.startService:613 android.content.ContextWrapper.startService:613 com.qualcomm.qti.qs.QSBroadcastReceiver.onReceive:22 android.app.ActivityThread.handleReceiver:3044
07-24 11:42:17.654 1718 2285 I chatty : uid=1000(system) Binder:1718_5 expire 9 lines
07-24 11:42:17.740 3696 3696 W ContextImpl: Calling a method in the system process without a qualified user: android.app.ContextImpl.sendBroadcast:877 android.content.ContextWrapper.sendBroadcast:421 com.qualcomm.qti.qs.tiles.AudioProfileTile.handleUpdateState:82 com.qualcomm.qti.qs.tiles.AudioProfileTile.:37 com.qualcomm.qti.qs.QSService.createTile:60
07-24 11:42:17.782 3696 3696 W ContextImpl: Calling a method in the system process without a qualified user: android.app.ContextImpl.sendBroadcast:877 android.content.ContextWrapper.sendBroadcast:421 com.qualcomm.qti.qs.tiles.ApnTile.handleUpdateState:94 com.qualcomm.qti.qs.QSService.onStartCommand:108 android.app.ActivityThread.handleServiceArgs:3330
07-24 11:42:17.811 3696 3696 W ContextImpl: Calling a method in the system process without a qualified user: android.app.ContextImpl.sendBroadcast:877 android.content.ContextWrapper.sendBroadcast:421 com.qualcomm.qti.qs.tiles.DataTile.handleUpdateState:77 com.qualcomm.qti.qs.QSService.onStartCommand:108 android.app.ActivityThread.handleServiceArgs:3330
07-24 11:42:17.823 3696 3696 W ContextImpl: Calling a method in the system process without a qualified user: android.app.ContextImpl.sendBroadcast:877 android.content.ContextWrapper.sendBroadcast:421 com.qualcomm.qti.qs.tiles.DdsTile.handleUpdateState:102 com.qualcomm.qti.qs.QSService.onStartCommand:108 android.app.ActivityThread.handleServiceArgs:3330
07-24 11:42:17.831 3696 3696 W ContextImpl: Calling a method in the system process without a qualified user: android.app.ContextImpl.sendBroadcast:877 android.content.ContextWrapper.sendBroadcast:421 com.qualcomm.qti.qs.tiles.RoamingTile.handleUpdateState:75 com.qualcomm.qti.qs.QSService.onStartCommand:108 android.app.ActivityThread.handleServiceArgs:3330
07-24 11:42:17.840 3696 3696 W ContextImpl: Calling a method in the system process without a qualified user: android.app.ContextImpl.sendBroadcast:877 android.content.ContextWrapper.sendBroadcast:421 com.qualcomm.qti.qs.tiles.AudioProfileTile.handleUpdateState:82 com.qualcomm.qti.qs.QSService.onStartCommand:108 android.app.ActivityThread.handleServiceArgs:3330
07-24 11:42:17.856 3696 3696 W ContextImpl: Calling a method in the system process without a qualified user: android.app.ContextImpl.sendBroadcast:877 android.content.ContextWrapper.sendBroadcast:421 com.qualcomm.qti.qs.tiles.AudioProfileTile.handleUpdateState:82 com.qualcomm.qti.qs.tiles.AudioProfileTile$1.onReceive:30 android.app.LoadedApk$ReceiverDispatcher$Args.run:1122
07-24 11:42:18.210 2060 2060 V KeyguardDisplayManager: hide
07-24 11:42:18.347 1718 2003 I chatty : uid=1000(system) WifiStateMachin expire 1 line
07-24 11:42:18.348 1718 2010 I chatty : uid=1000(system) ConnectivitySer expire 3 lines
07-24 11:42:20.394 1718 2898 I chatty : uid=1000(system) Binder:1718_F expire 7 lines
07-24 11:42:29.273 1718 2899 I chatty : uid=1000(system) Binder:1718_10 expire 6 lines
07-24 11:42:30.959 1718 1837 I chatty : uid=1000(system) PackageManager expire 3 lines
07-24 11:42:31.102 1718 1748 I chatty : uid=1000(system) Binder:1718_2 expire 2 lines
07-24 11:42:31.719 4804 4804 D ActivityThread: Loading provider com.google.android.gm.sapi: com.google.android.gm.sapi.SapiUiProvider
07-24 11:42:31.831 1718 1772 I chatty : uid=1000(system) ActivityManager expire 6 lines
07-24 11:42:32.588 561 575 D VoldCryptCmdListener: cryptfs getpwtype
07-24 11:42:34.465 1718 1718 I chatty : uid=1000 system_server expire 3 lines
07-24 11:42:34.821 2683 2683 E ActivityThread: Failed to find provider info for com.google.android.gms.common.phenotype
07-24 11:42:36.930 2350 2350 W ContextImpl: Calling a method in the system process without a qualified user: android.app.ContextImpl.startService:1357 android.content.ContextWrapper.startService:613 android.content.ContextWrapper.startService:613 com.qti.dpmserviceapp.DpmServiceAppReceiver.onReceive:33 android.app.ActivityThread.handleReceiver:3044
07-24 11:42:37.021 5740 5740 W ContextImpl: Calling a method in the system process without a qualified user: android.app.ContextImpl.startService:1357 android.content.ContextWrapper.startService:613 android.content.ContextWrapper.startService:613 com.qti.smq.receiver.lifecycle.BootReceiver.onReceive:21 android.app.ActivityThread.handleReceiver:3044
07-24 11:42:37.059 3415 3415 W ContextImpl: Calling a method in the system process without a qualified user: android.app.ContextImpl.startService:1357 android.content.ContextWrapper.startService:613 android.content.ContextWrapper.startService:613 com.qualcomm.atfwd.AtFwdAutoboot.onReceive:24 android.app.ActivityThread.handleReceiver:3044
07-24 11:42:37.081 3415 3415 E ActivityThread: Failed to find provider info for com.android.XMLAtSettingProvider
07-24 11:42:37.083 3415 3415 E ActivityThread: Failed to find provider info for com.android.XMLAtSettingProvider
07-24 11:42:37.147 1718 2797 I chatty : uid=1000(system) Binder:1718_B expire 4 lines
07-24 11:42:37.312 1718 1747 I chatty : uid=1000(system) Binder:1718_1 expire 3 lines
07-24 11:42:37.437 5845 5845 W ContextImpl: Calling a method in the system process without a qualified user: android.app.ContextImpl.startService:1357 android.content.ContextWrapper.startService:613 android.content.ContextWrapper.startService:613 com.qualcomm.qti.appnetaccess.AppNetAccessReceiver.onReceive:24 android.app.ActivityThread.handleReceiver:3044
07-24 11:42:37.558 1718 2518 I chatty : uid=1000(system) Binder:1718_6 expire 1 line
07-24 11:42:37.588 5884 5884 W ContextImpl: Calling a method in the system process without a qualified user: android.app.ContextImpl.startService:1357 android.content.ContextWrapper.startService:613 com.qualcomm.qcrilhook.QcRilHook.:102 com.qualcomm.qti.modemtestmode.MbnAppGlobals.onCreate:32 android.app.Instrumentation.callApplicationOnCreate:1025
07-24 11:42:37.591 5884 5884 W ContextImpl: Calling a method in the system process without a qualified user: android.app.ContextImpl.bindService:1421 android.content.ContextWrapper.bindService:636 com.qualcomm.qcrilhook.QcRilHook.:104 com.qualcomm.qti.modemtestmode.MbnAppGlobals.onCreate:32 android.app.Instrumentation.callApplicationOnCreate:1025
07-24 11:42:37.602 5884 5884 W ContextImpl: Calling a method in the system process without a qualified user: android.app.ContextImpl.startService:1357 android.content.ContextWrapper.startService:613 android.content.ContextWrapper.startService:613 com.qualcomm.qti.modemtestmode.DefaultReceiver.onReceive:36 android.app.ActivityThread.handleReceiver:3044
07-24 11:42:37.609 5884 5884 W ContextImpl: Calling a method in the system process without a qualified user: android.app.ContextImpl.bindService:1421 android.content.ContextWrapper.bindService:636 com.qualcomm.qti.modemtestmode.MbnSystemService.onCreate:101 android.app.ActivityThread.handleCreateService:3195 android.app.ActivityThread.-wrap5:-1
07-24 11:42:37.771 5902 5902 W ContextImpl: Calling a method in the system process without a qualified user: android.app.ContextImpl.startService:1357 android.content.ContextWrapper.startService:613 android.content.ContextWrapper.startService:613 com.qualcomm.qti.qdma.app.BootReceiver.onBootReceived:59 com.qualcomm.qti.innodme.InnoBootReceiver.onReceive:22
07-24 11:42:37.839 1718 2836 I chatty : uid=1000(system) Binder:1718_E expire 1 line
07-24 11:42:37.860 5921 5921 W ContextImpl: Calling a method in the system process without a qualified user: android.app.ContextImpl.startService:1357 android.content.ContextWrapper.startService:613 android.content.ContextWrapper.startService:613 com.qualcomm.qti.smcinvokepkgmgr.SmcInvokeBroadcastReceiver.onReceive:22 android.app.ActivityThread.handleReceiver:3044
07-24 11:42:37.869 3415 3415 W ContextImpl: Calling a method in the system process without a qualified user: android.app.ContextImpl.startService:1357 android.content.ContextWrapper.startService:613 android.content.ContextWrapper.startService:613 com.qualcomm.simcontacts.SimStateReceiver.sendPhoneBoot:74 com.qualcomm.simcontacts.SimStateReceiver.onReceive:55
07-24 11:42:37.961 1718 1807 I chatty : uid=1000(system) android.io expire 4 lines
07-24 11:42:38.545 1718 2285 I chatty : uid=1000(system) Binder:1718_5 expire 10 lines
07-24 11:42:38.554 1718 2518 I chatty : uid=1000(system) Binder:1718_6 expire 3 lines
07-24 11:42:38.612 1718 2899 I chatty : uid=1000(system) Binder:1718_10 expire 7 lines
07-24 11:42:38.830 1718 2284 I chatty : uid=1000(system) Binder:1718_4 expire 7 lines
07-24 11:42:38.855 1718 2902 I chatty : uid=1000(system) Binder:1718_11 expire 6 lines
07-24 11:42:39.095 1718 2797 I chatty : uid=1000(system) Binder:1718_B expire 12 lines
07-24 11:42:39.172 1718 1778 I chatty : uid=1000(system) batterystats-sy expire 8 lines
07-24 11:42:42.925 1718 2002 I chatty : uid=1000(system) WifiService expire 3 lines
07-24 11:42:42.946 1718 2835 I chatty : uid=1000(system) Binder:1718_D expire 4 lines
07-24 11:42:42.981 1718 2010 I chatty : uid=1000(system) ConnectivitySer expire 16 lines
07-24 11:42:45.129 1718 2003 I chatty : uid=1000(system) WifiStateMachin expire 2 lines
07-24 11:42:45.136 1718 1718 I chatty : uid=1000 system_server expire 4 lines
07-24 11:42:45.430 1718 2928 I chatty : uid=1000(system) Binder:1718_13 expire 8 lines
07-24 11:42:45.439 1718 2611 I chatty : uid=1000(system) backup expire 6 lines
07-24 11:42:48.015 1718 2748 I chatty : uid=1000(system) Binder:1718_8 expire 4 lines
07-24 11:42:48.053 1718 2690 I chatty : uid=1000(system) Binder:1718_7 expire 9 lines
07-24 11:42:50.285 1718 1748 I chatty : uid=1000(system) Binder:1718_2 expire 4 lines
07-24 11:42:51.900 1718 1772 I chatty : uid=1000(system) ActivityManager expire 14 lines
07-24 11:42:52.263 6444 6444 W ContextImpl: Calling a method in the system process without a qualified user: android.app.ContextImpl.startService:1357 android.content.ContextWrapper.startService:613 android.content.ContextWrapper.startService:613 com.sonim.scout.receivers.BootCompletedReceiver.onReceive:28 android.app.ActivityThread.handleReceiver:3044
07-24 11:42:52.281 1718 2898 I chatty : uid=1000(system) Binder:1718_F expire 8 lines
07-24 11:42:52.320 1718 2836 I chatty : uid=1000(system) Binder:1718_E expire 3 lines
07-24 11:42:52.342 6444 6444 W ContextImpl: Calling a method in the system process without a qualified user: android.app.ContextImpl.startService:1357 android.content.ContextWrapper.startService:613 com.sonim.scout.service.ScoutService.startIntentService:226 com.sonim.scout.service.ScoutService.executeOnStartCmndOrSysEventsListener:460 com.sonim.scout.service.ScoutService.onNetworkConnectionChanged:160
07-24 11:42:52.358 1718 2826 I chatty : uid=1000(system) Binder:1718_C expire 11 lines
07-24 11:42:52.456 1718 1890 I chatty : uid=1000(system) Binder:1718_3 expire 7 lines
07-24 11:42:52.530 6497 6497 W ContextImpl: Calling a method in the system process without a qualified user: android.app.ContextImpl.startService:1357 android.content.ContextWrapper.startService:613 android.content.ContextWrapper.startService:613 com.sonimtech.cit.verifier.BootCompleteReceiver.onReceive:12 android.app.ActivityThread.handleReceiver:3044
07-24 11:42:52.537 6497 6497 W ContextImpl: Calling a method in the system process without a qualified user: android.app.ContextImpl.startService:1357 android.content.ContextWrapper.startService:613 com.qualcomm.qcrilhook.QcRilHook.:102 com.example.field_test.OemModemManager.:52 com.sonimtech.cit.verifier.StoreFactoryData1.onCreate:43
07-24 11:42:52.539 3049 3049 W ContextImpl: Calling a method in the system process without a qualified user: android.app.ContextImpl.sendBroadcast:877 android.content.ContextWrapper.sendBroadcast:421 android.content.ContextWrapper.sendBroadcast:421 com.sonimtech.spccservice.receivers.BootCompleteReceiver.sendStartIntent:33 com.sonimtech.spccservice.receivers.BootCompleteReceiver.onReceive:24
07-24 11:42:52.541 6497 6497 W ContextImpl: Calling a method in the system process without a qualified user: android.app.ContextImpl.bindService:1421 android.content.ContextWrapper.bindService:636 com.qualcomm.qcrilhook.QcRilHook.:104 com.example.field_test.OemModemManager.:52 com.sonimtech.cit.verifier.StoreFactoryData1.onCreate:43
07-24 11:42:52.651 2815 2815 W ContextImpl: Calling a method in the system process without a qualified user: android.app.ContextImpl.startService:1357 android.content.ContextWrapper.startService:613 android.content.ContextWrapper.startService:613 com.thundersoft.dmc.tsoft.BootReceiver.a:-1 com.thundersoft.dmc.tsoft.BootReceiver.onReceive:-1
07-24 11:42:52.710 2815 2815 W ContextImpl: Calling a method in the system process without a qualified user: android.app.ContextImpl.startService:1357 android.content.ContextWrapper.startService:613 com.abupdate.ABUpdateService.c:-1 com.thundersoft.dmc.tsoft.DMService.onStart:-1 android.app.Service.onStartCommand:509
07-24 11:42:52.745 1718 1747 I chatty : uid=1000(system) Binder:1718_1 expire 4 lines
07-24 11:42:53.104 1718 2795 I chatty : uid=1000(system) Binder:1718_A expire 4 lines
07-24 11:42:53.206 3415 3415 W ContextImpl: Calling a method in the system process without a qualified user: android.app.ContextImpl.startService:1357 android.content.ContextWrapper.startService:613 android.content.ContextWrapper.startService:613 com.qualcomm.simcontacts.SimStateReceiver.sendSimState:83 com.qualcomm.simcontacts.SimStateReceiver.onReceive:53
07-24 11:42:53.230 6511 6511 W ContextImpl: Calling a method in the system process without a qualified user: android.app.ContextImpl.startService:1357 android.content.ContextWrapper.startService:613 android.content.ContextWrapper.startService:613 com.sonimtech.warrantyregapp.SimStateChangeReceive.takeActionIrrespectiveOfDataConnected:148 com.sonimtech.warrantyregapp.SimStateChangeReceive.onReceive:76
07-24 11:42:53.348 3415 3415 W ContextImpl: Calling a method in the system process without a qualified user: android.app.ContextImpl.startService:1357 android.content.ContextWrapper.startService:613 android.content.ContextWrapper.startService:613 com.qualcomm.simcontacts.SimStateReceiver.sendSimState:83 com.qualcomm.simcontacts.SimStateReceiver.onReceive:53
07-24 11:42:55.179 1718 2010 I chatty : uid=1000(system) ConnectivitySer expire 13 lines
07-24 11:42:55.344 1718 2927 I chatty : uid=1000(system) Binder:1718_12 expire 5 lines
07-24 11:42:55.439 6444 6444 W ContextImpl: Calling a method in the system process without a qualified user: android.app.ContextImpl.startService:1357 android.content.ContextWrapper.startService:613 com.sonim.scout.service.ScoutService.startIntentService:226 com.sonim.scout.service.ScoutService.executeOnStartCmndOrSysEventsListener:460 com.sonim.scout.service.ScoutService.onNetworkConnectionChanged:160
07-24 11:42:55.553 1718 2749 I chatty : uid=1000(system) Binder:1718_9 expire 6 lines
07-24 11:42:55.681 1718 1771 I chatty : uid=1000(system) android.bg expire 1 line
07-24 11:42:56.748 6953 6953 W ContextImpl: Calling a method in the system process without a qualified user: android.app.ContextImpl.startService:1357 android.content.ContextWrapper.startService:613 android.content.ContextWrapper.startService:613 com.android.keychain.KeyChainBroadcastReceiver.onReceive:12 android.app.ActivityThread.handleReceiver:3044
07-24 11:42:57.220 5845 5845 W ContextImpl: Calling a method in the system process without a qualified user: android.app.ContextImpl.startService:1357 android.content.ContextWrapper.startService:613 android.content.ContextWrapper.startService:613 com.qualcomm.qti.appnetaccess.AppNetAccessReceiver.onReceive:24 android.app.ActivityThread.handleReceiver:3044
07-24 11:42:57.347 7018 7018 W ContextImpl: Calling a method in the system process without a qualified user: android.app.ContextImpl.startService:1357 android.content.ContextWrapper.startService:613 android.content.ContextWrapper.startService:613 com.qualcomm.qti.seemp.service.SeempBroadcastReceiver.onReceive:61 android.app.ActivityThread.handleReceiver:3044
07-24 11:42:57.416 6444 6444 W ContextImpl: Calling a method in the system process without a qualified user: android.app.ContextImpl.startService:1357 android.content.ContextWrapper.startService:613 com.sonim.scout.service.ScoutService.startIntentService:226 com.sonim.scout.service.ScoutService.executealarmTimeChangedAndPkgListenerRequest:482 com.sonim.scout.service.ScoutService.executeOnPkgUnInstalled:476
07-24 11:42:57.797 1718 1995 I chatty : uid=1000(system) VoldConnector expire 1 line
07-24 11:42:57.996 1718 6389 I chatty : uid=1000 system_server expire 1 line
07-24 11:43:07.418 561 575 D VoldCryptCmdListener: cryptfs getpwtype
07-24 11:43:07.418 1718 1996 I chatty : uid=1000(system) CryptdConnector expire 1 line
07-24 11:43:07.534 1718 1772 I chatty : uid=1000(system) ActivityManager expire 4 lines
07-24 11:43:08.397 1718 1987 I chatty : uid=1000(system) InputDispatcher expire 2 lines
07-24 11:43:16.005 6444 6444 W ContextImpl: Calling a method in the system process without a qualified user: android.app.ContextImpl.startService:1357 android.content.ContextWrapper.startService:613 com.sonim.scout.service.ScoutService.startIntentService:226 com.sonim.scout.service.ScoutService.executeOnStartCmndOrSysEventsListener:460 com.sonim.scout.service.ScoutService.onNetworkConnectionChanged:160
07-24 11:43:18.409 1718 2797 I chatty : uid=1000(system) Binder:1718_B expire 2 lines
07-24 11:43:23.483 1718 1747 W InputMethodManagerService: Window already focused, ignoring focus gain of: com.android.internal.view.IInputMethodClient$Stub$Proxy@7d9b640 attribute=null, token = android.os.BinderProxy@bbdb925
07-24 11:43:23.498 1718 2285 I ActivityManager: Setting hasTopUi=false for pid=2060
07-24 11:43:23.530 1718 2003 D ConnectivityService: registerNetworkAgent NetworkAgentInfo{ ni{[type: WIFI[], state: CONNECTING/CONNECTING, reason: (unspecified), extra: "NIST-Guest", failover: false, available: true, roaming: false, metered: false]} network{103} nethandle{442398067422} lp{{LinkAddresses: [] Routes: [] DnsAddresses: [] Domains: null MTU: 0}} nc{[ Transports: WIFI Capabilities: NOT_METERED&INTERNET&NOT_RESTRICTED&TRUSTED&NOT_VPN LinkUpBandwidth>=1048576Kbps LinkDnBandwidth>=1048576Kbps]} Score{20} everValidated{false} lastValidated{false} created{false} lingering{false} explicitlySelected{false} acceptUnvalidated{false} everCaptivePortalDetected{false} lastCaptivePortalDetected{false} }
07-24 11:43:23.531 1718 2010 D ConnectivityService: NetworkAgentInfo [WIFI () - 103] EVENT_NETWORK_INFO_CHANGED, going from null to CONNECTING
07-24 11:43:23.535 1718 2748 I ActivityManager: Setting hasTopUi=true for pid=2060
07-24 11:43:23.712 1718 2010 D ConnectivityService: NetworkAgentInfo [WIFI () - 103] EVENT_NETWORK_INFO_CHANGED, going from CONNECTING to CONNECTED
07-24 11:43:23.715 1718 2010 D ConnectivityService: Adding iface wlan0 to network 103
07-24 11:43:23.764 1718 2010 D ConnectivityService: Setting DNS servers for network 103 to [/129.6.13.2, /132.163.4.9]
07-24 11:43:23.785 1718 2010 D ConnectivityService: Switching to new default network: NetworkAgentInfo{ ni{[type: WIFI[], state: CONNECTED/CONNECTED, reason: (unspecified), extra: "NIST-Guest", failover: false, available: true, roaming: false, metered: false]} network{103} nethandle{442398067422} lp{{InterfaceName: wlan0 LinkAddresses: [172.22.41.87/17,] Routes: [fe80::/64 -> :: wlan0,172.22.0.0/17 -> 0.0.0.0 wlan0,0.0.0.0/0 -> 172.22.127.254 wlan0,] DnsAddresses: [129.6.13.2,132.163.4.9,] Domains: null MTU: 0 TcpBufferSizes: 524288,1048576,2097152,262144,524288,1048576}} nc{[ Transports: WIFI Capabilities: NOT_METERED&INTERNET&NOT_RESTRICTED&TRUSTED&NOT_VPN&FOREGROUND LinkUpBandwidth>=1048576Kbps LinkDnBandwidth>=1048576Kbps SignalStrength: -68]} Score{16} everValidated{false} lastValidated{false} created{true} lingering{false} explicitlySelected{true} acceptUnvalidated{false} everCaptivePortalDetected{false} lastCaptivePortalDetected{false} }
07-24 11:43:23.847 1718 1778 E KernelUidCpuTimeReader: Failed to read uid_cputime: /proc/uid_cputime/show_uid_stat (No such file or directory)
07-24 11:43:23.848 1718 2010 D ConnectivityService: Sending CONNECTED broadcast for type 1 NetworkAgentInfo [WIFI () - 103] isDefaultNetwork=true
07-24 11:43:23.918 1718 1718 I ActivityManager: Start proc 8045:com.att.eptt/u0a29 for service com.att.eptt/.receivers.NetworkJobScheduler
07-24 11:43:23.926 6444 6444 W ContextImpl: Calling a method in the system process without a qualified user: android.app.ContextImpl.startService:1357 android.content.ContextWrapper.startService:613 com.sonim.scout.service.ScoutService.startIntentService:226 com.sonim.scout.service.ScoutService.executeOnStartCmndOrSysEventsListener:460 com.sonim.scout.service.ScoutService.onNetworkConnectionChanged:160
07-24 11:43:24.133 1718 2748 W AppOps : Bad call: specified package com.google.android.gms under uid 10087 but it is really 10020
07-24 11:43:24.133 1718 2748 W AppOps : java.lang.RuntimeException: here
07-24 11:43:24.133 1718 2748 W AppOps : at com.android.server.AppOpsService.getOpsRawLocked(AppOpsService.java:1302)
07-24 11:43:24.133 1718 2748 W AppOps : at com.android.server.AppOpsService.checkPackage(AppOpsService.java:998)
07-24 11:43:24.133 1718 2748 W AppOps : at com.android.internal.app.IAppOpsService$Stub.onTransact(IAppOpsService.java:169)
07-24 11:43:24.133 1718 2748 W AppOps : at android.os.Binder.execTransact(Binder.java:565)
07-24 11:43:24.168 1718 2797 D ConnectivityService: reportNetworkConnectivity(103, true) by 10020
07-24 11:43:24.181 1718 2748 D ConnectivityService: reportNetworkConnectivity(103, true) by 10020
07-24 11:43:24.188 1718 2010 D NetworkNotificationManager: clearNotification id=103
07-24 11:43:24.188 1718 2010 D ConnectivityService: NetworkAgentInfo [WIFI () - 103] validation passed
07-24 11:43:24.233 1718 2010 D NetworkNotificationManager: clearNotification id=103
07-24 11:43:24.233 1718 2010 D ConnectivityService: NetworkAgentInfo [WIFI () - 103] validation passed
07-24 11:43:25.059 6444 8065 W ContextImpl: Calling a method in the system process without a qualified user: android.app.ContextImpl.sendBroadcast:877 android.content.ContextWrapper.sendBroadcast:421 com.sonim.scout.utils.ScoutJsonParser.parseRespose:81 com.sonim.scout.service.ScoutIntentService.onHandleIntent:58 android.app.IntentService$ServiceHandler.handleMessage:68
07-24 11:43:25.073 6444 8065 W ContextImpl: Calling a method in the system process without a qualified user: android.app.ContextImpl.sendBroadcast:877 android.content.ContextWrapper.sendBroadcast:421 com.sonim.scout.utils.ScoutJsonParser.parseWarrantyData:556 com.sonim.scout.utils.ScoutJsonParser.parseRespose:101 com.sonim.scout.service.ScoutIntentService.onHandleIntent:58
07-24 11:43:25.109 6444 8065 W ContextImpl: Calling a method in the system process without a qualified user: android.app.ContextImpl.sendBroadcast:877 android.content.ContextWrapper.sendBroadcast:421 com.sonim.scout.utils.ScoutJsonParser.parseRespose:125 com.sonim.scout.service.ScoutIntentService.onHandleIntent:58 android.app.IntentService$ServiceHandler.handleMessage:68
07-24 11:43:25.843 1718 2836 W InputMethodManagerService: Window already focused, ignoring focus gain of: com.android.internal.view.IInputMethodClient$Stub$Proxy@d597402 attribute=null, token = android.os.BinderProxy@bbdb925
07-24 11:43:25.868 1718 2797 I ActivityManager: Setting hasTopUi=false for pid=2060
07-24 11:43:28.045 1718 1748 I ActivityManager: Start proc 8211:com.android.vending:instant_app_installer/u0a51 for broadcast com.android.vending/com.google.android.finsky.instantapps.PhenotypeUpdateReceiver
07-24 11:43:28.506 1718 2690 I ActivityManager: Start proc 8273:com.google.android.apps.tachyon/u0a67 for broadcast com.google.android.apps.tachyon/.util.pheno.PhenotypeBroadcastReceiver
07-24 11:43:33.282 1718 2797 I ActivityManager: START u0 {act=android.content.pm.action.REQUEST_PERMISSIONS pkg=com.google.android.packageinstaller cmp=com.google.android.packageinstaller/com.android.packageinstaller.permission.ui.GrantPermissionsActivity (has extras)} from uid 10076 on display 0
07-24 11:43:33.344 1718 2748 I ActivityManager: Start proc 8443:com.google.android.packageinstaller/u0a24 for activity com.google.android.packageinstaller/com.android.packageinstaller.permission.ui.GrantPermissionsActivity
07-24 11:43:34.748 1718 2902 D VoldConnector: SND -> {8 volume remount_uid 10076 read}
07-24 11:43:34.749 561 574 D vold : Remounting 10076 as mode read
07-24 11:43:34.768 561 574 D vold : Found matching PID 4869
07-24 11:43:34.773 561 574 D vold : Found matching PID 5098
07-24 11:43:34.777 1718 1995 D VoldConnector: RCV <- {200 8 Command succeeded}
07-24 11:43:34.778 1718 2898 D VoldConnector: SND -> {9 volume remount_uid 10076 write}
07-24 11:43:34.779 561 574 D vold : Remounting 10076 as mode write
07-24 11:43:34.790 561 574 D vold : Found matching PID 4869
07-24 11:43:34.793 561 574 D vold : Found matching PID 5098
07-24 11:43:34.796 1718 1995 D VoldConnector: RCV <- {200 9 Command succeeded}
07-24 11:43:34.840 1718 2927 I ActivityManager: Killing 6511:com.sonimtech.warrantyregapp.xp8/1000 (adj 904): empty #31
07-24 11:43:34.884 1718 2795 I ActivityManager: Killing 6529:org.codeaurora.ims/1001 (adj 904): empty #31
07-24 11:43:34.893 1718 2927 D ActivityManager: cleanUpApplicationRecord -- 6511
07-24 11:43:34.906 1718 2690 D ActivityManager: cleanUpApplicationRecord -- 6529
07-24 11:43:38.899 1718 1890 I ActivityManager: Killing 6722:com.google.android.deskclock/u0a65 (adj 904): empty #31
07-24 11:43:38.924 1718 2836 D ActivityManager: cleanUpApplicationRecord -- 6722
07-24 11:43:40.787 1718 2797 I ActivityManager: Killing 6544:org.simalliance.openmobileapi.service/1000 (adj 904): empty #31
07-24 11:43:40.797 1718 8141 D ActivityManager: cleanUpApplicationRecord -- 6544
07-24 11:43:43.252 1718 8142 I ActivityManager: Setting hasTopUi=true for pid=2060
07-24 11:43:44.649 1718 2748 I ActivityManager: Killing 6953:com.android.keychain/1000 (adj 904): empty #31
07-24 11:43:44.713 1718 2284 D ActivityManager: cleanUpApplicationRecord -- 6953
07-24 11:43:45.408 1718 1747 W InputMethodManagerService: Window already focused, ignoring focus gain of: com.android.internal.view.IInputMethodClient$Stub$Proxy@5c9e45c attribute=null, token = android.os.BinderProxy@bbdb925
07-24 11:43:45.420 1718 2795 I ActivityManager: Setting hasTopUi=false for pid=2060
07-24 11:43:50.797 1718 2284 I ActivityManager: START u0 {act=android.intent.action.VIEW dat=content://com.android.chrome.FileProvider/downloads/app-armeabi-v7a-release-unsigned.apk typ=application/vnd.android.package-archive flg=0x10000003 cmp=com.google.android.packageinstaller/com.android.packageinstaller.PackageInstallerActivity (has extras)} from uid 10076 on display 0
07-24 11:43:52.882 1718 2690 I ActivityManager: START u0 {act=android.settings.SECURITY_SETTINGS cmp=com.android.settings/.Settings$SecuritySettingsActivity} from uid 10024 on display 0
07-24 11:43:52.977 1718 2826 E UserRestrictionsUtils: Unknown restriction: null
07-24 11:43:53.005 1718 2284 E UserRestrictionsUtils: Unknown restriction: null
07-24 11:43:53.005 1718 2690 E UserRestrictionsUtils: Unknown restriction: null
07-24 11:43:53.006 1718 2927 E UserRestrictionsUtils: Unknown restriction: null
07-24 11:43:53.007 1718 2898 E UserRestrictionsUtils: Unknown restriction: null
07-24 11:43:53.007 1718 2899 E UserRestrictionsUtils: Unknown restriction: null
07-24 11:43:53.060 1718 2284 D CryptdConnector: SND -> {9 cryptfs getpwtype}
07-24 11:43:53.060 561 575 D VoldCryptCmdListener: cryptfs getpwtype
07-24 11:43:53.061 1718 1996 D CryptdConnector: RCV <- {213 9 default}
07-24 11:43:55.130 1718 1983 W ActivityManager: Unable to start service Intent { act=com.google.android.gms.drive.ApiService.RESET_AFTER_BOOT flg=0x4 cmp=com.google.android.gms/.drive.api.ApiService (has extras) } U=0: not found
07-24 11:43:55.156 1718 1772 I ActivityManager: Start proc 8725:com.sonim.sonimcustomercare/u0a40 for broadcast com.sonim.sonimcustomercare/.powerstation.Alarm
07-24 11:43:57.332 1718 2518 W InputMethodManagerService: Window already focused, ignoring focus gain of: com.android.internal.view.IInputMethodClient$Stub$Proxy@fb08526 attribute=null, token = android.os.BinderProxy@e428077
07-24 11:43:59.698 1718 1772 I ActivityManager: Start proc 8854:com.google.android.configupdater/u0a6 for broadcast com.google.android.configupdater/.CertPin.CertPinUpdateRequestReceiver
07-24 11:43:59.968 1718 2795 I ActivityManager: Setting hasTopUi=true for pid=2060
07-24 11:44:00.327 1718 2748 I ActivityManager: Start proc 8909:com.google.android.partnersetup/u0a25 for broadcast com.google.android.partnersetup/.RlzPingBroadcastReceiver
07-24 11:44:00.794 1718 1747 W ActivityManager: Permission Denial: getIntentSender() from pid=5577, uid=10118, (need uid=10020) is not allowed to send as package com.google.android.gms
07-24 11:44:00.813 1718 2285 I ActivityManager: Process com.google.android.gms.ui (pid 7247) has died
07-24 11:44:00.814 1718 2285 D ActivityManager: cleanUpApplicationRecord -- 7247
07-24 11:44:00.834 4869 4869 I ActivityThread: Removing dead content provider:android.content.ContentProviderProxy@37045fe
07-24 11:44:00.834 4869 4869 I ActivityThread: Removing dead content provider:android.content.ContentProviderProxy@37045fe
07-24 11:44:00.835 6786 6786 I ActivityThread: Removing dead content provider:android.content.ContentProviderProxy@f3bdda4
07-24 11:44:00.836 6786 6786 I ActivityThread: Removing dead content provider:android.content.ContentProviderProxy@f3bdda4
07-24 11:44:00.836 1718 2690 I ActivityManager: Process com.google.android.gms.persistent (pid 2683) has died
07-24 11:44:00.836 1718 2690 D ActivityManager: cleanUpApplicationRecord -- 2683
07-24 11:44:00.837 1718 2690 W ActivityManager: Scheduling restart of crashed service com.google.android.gms/.auth.setup.devicesignals.LockScreenService in 1000ms
07-24 11:44:00.837 1718 2690 W ActivityManager: Scheduling restart of crashed service com.google.android.gms/com.google.android.contextmanager.service.ContextManagerService in 11000ms
07-24 11:44:00.837 1718 2690 W ActivityManager: Scheduling restart of crashed service com.google.android.gms/.instantapps.service.InstantAppsService in 21000ms
07-24 11:44:00.837 1718 2009 D RttService: Client connection lost with reason: 4
07-24 11:44:00.837 1718 2009 D RttService: closing client android.os.Messenger@5d7aa4a
07-24 11:44:00.837 1718 2690 W ActivityManager: Scheduling restart of crashed service com.google.android.gms/.deviceconnection.service.DeviceConnectionWatcherService in 31000ms
07-24 11:44:00.837 1718 1718 V BackupManagerService: Disconnected from transport ComponentInfo{com.google.android.gms/com.google.android.gms.backup.BackupTransportService}
07-24 11:44:00.837 1718 2690 W ActivityManager: Scheduling restart of crashed service com.google.android.gms/.auth.GetToken in 41000ms
07-24 11:44:00.837 1718 2690 W ActivityManager: Scheduling restart of crashed service com.google.android.gms/com.google.android.location.internal.PendingIntentCallbackService in 51000ms
07-24 11:44:00.837 1718 1718 V BackupManagerService: Registering transport com.google.android.gms/.backup.BackupTransportService::null = null
07-24 11:44:00.837 1718 2690 W ActivityManager: Scheduling restart of crashed service com.google.android.gms/.usagereporting.service.UsageReportingService in 51000ms
07-24 11:44:00.837 1718 2690 W ActivityManager: Scheduling restart of crashed service com.google.android.gms/com.google.android.location.fused.service.FusedProviderService in 61000ms
07-24 11:44:00.837 1718 2690 W ActivityManager: Scheduling restart of crashed service com.google.android.gms/com.google.android.location.internal.GoogleLocationManagerService in 71000ms
07-24 11:44:00.837 1718 2690 W ActivityManager: Scheduling restart of crashed service com.google.android.gms/.gcm.GcmService in 81000ms
07-24 11:44:00.837 1718 2690 W ActivityManager: Scheduling restart of crashed service com.google.android.gms/.tapandpay.hce.service.TpHceService in 91000ms
07-24 11:44:00.837 1718 2690 W ActivityManager: Scheduling restart of crashed service com.google.android.gms/.backup.BackupTransportService in 101000ms
07-24 11:44:00.837 1718 2690 W ActivityManager: Scheduling restart of crashed service com.google.android.gms/.clearcut.service.ClearcutLoggerService in 111000ms
07-24 11:44:00.837 1718 2690 W ActivityManager: Scheduling restart of crashed service com.google.android.gms/com.google.android.location.network.NetworkLocationService in 121000ms
07-24 11:44:00.837 1718 2690 W ActivityManager: Scheduling restart of crashed service com.google.android.gms/.chimera.PersistentBoundBrokerService in 131000ms
