07-24 13:16:41.000 22192 22192 F DEBUG : Build fingerprint: 'Sonim/XP8812/XP8800:7.1.1/8A.0.0-02-7.1.1-10.01.60/157:user/release-keys'
07-24 13:16:41.000 22192 22192 F DEBUG : Revision: '0'
07-24 13:16:41.000 22192 22192 F DEBUG : ABI: 'arm'
07-24 13:16:41.000 22192 22192 F DEBUG : pid: 22167, tid: 22190, name: vice.NfdService >>> net.named_data.nfd.service.NfdService <<<
07-24 13:16:41.000 22192 22192 F DEBUG : signal 11 (SIGSEGV), code 1 (SEGV_MAPERR), fault addr 0xc00f04e
07-24 13:16:41.000 22192 22192 F DEBUG : r0 f0a773a0 r1 0c00f04f r2 d88d75b4 r3 d8377b08
07-24 13:16:41.000 22192 22192 F DEBUG : r4 d88d75b4 r5 00000002 r6 00000000 r7 d88d76f8
07-24 13:16:41.000 22192 22192 F DEBUG : r8 00000001 r9 ea59f1e8 sl ea59f1e8 fp d88d7628
07-24 13:16:41.000 22192 22192 F DEBUG : ip f0a79148 sp d88d75a0 lr d8377b34 pc 0c00f04e cpsr a00f0030
07-24 13:16:41.005 22192 22192 F DEBUG :
07-24 13:16:41.005 22192 22192 F DEBUG : backtrace:
07-24 13:16:41.005 22192 22192 F DEBUG : #00 pc 0c00f04e
07-24 13:16:41.005 22192 22192 F DEBUG : #01 pc 001f3b30 /data/app/net.named_data.nfd-1/lib/arm/libndn-cxx.so (_ZN5boost15throw_exceptionINS_16exception_detail19error_info_injectorIN3ndn8security3pib3Pib5ErrorEEEEEvRKT_+240)
07-24 13:16:41.005 22192 22192 F DEBUG : #02 pc 001f378c /data/app/net.named_data.nfd-1/lib/arm/libndn-cxx.so (_ZN5boost16exception_detail16throw_exception_IN3ndn8security3pib3Pib5ErrorEEEvRKT_PKcSB_i+80)
07-24 13:16:41.005 22192 22192 F DEBUG : #03 pc 001fed44 /data/app/net.named_data.nfd-1/lib/arm/libndn-cxx.so (_ZNK3ndn8security3pib3Pib13getTpmLocatorEv+196)
07-24 13:16:41.005 22192 22192 F DEBUG : #04 pc 0022f8b4 /data/app/net.named_data.nfd-1/lib/arm/libndn-cxx.so (_ZN3ndn8security2v28KeyChainC1ERKNSt6__ndk112basic_stringIcNS3_11char_traitsIcEENS3_9allocatorIcEEEESB_b+400)
07-24 13:16:41.005 22192 22192 F DEBUG : #05 pc 0001a8c3 /data/app/net.named_data.nfd-1/lib/arm/libnfd-wrapper.so (_ZN3nfd6RunnerC2Ev+34)
07-24 13:16:41.006 22192 22192 F DEBUG : #06 pc 0001978d /data/app/net.named_data.nfd-1/lib/arm/libnfd-wrapper.so
07-24 13:16:41.006 22192 22192 F DEBUG : #07 pc 0000fb68 /data/app/net.named_data.nfd-1/lib/arm/libboost_thread.so
07-24 13:16:41.006 22192 22192 F DEBUG : #08 pc 000477a3 /system/lib/libc.so (_ZL15__pthread_startPv+22)
07-24 13:16:41.006 22192 22192 F DEBUG : #09 pc 00019eb1 /system/lib/libc.so (__start_thread+6)
07-24 13:16:41.600 1718 22207 W ActivityManager: Process net.named_data.nfd has crashed too many times: killing!
07-24 13:16:41.600 1718 22207 I ActivityManager: Killing 22167:net.named_data.nfd.service.NfdService/u0a125 (adj 0): crash
07-24 13:16:41.600 1718 22207 D ActivityManager: cleanUpApplicationRecord -- 22167
07-24 13:16:41.608 1718 1803 I BootReceiver: Copying /data/tombstones/tombstone_01 to DropBox (SYSTEM_TOMBSTONE)
07-24 13:16:42.641 1718 2928 I ActivityManager: Start proc 22212:net.named_data.nfd.service.NfdService/u0a125 for service net.named_data.nfd/.service.NfdService
07-24 13:16:56.192 22212 22233 F libc : Fatal signal 11 (SIGSEGV), code 1, fault addr 0xc00f04e in tid 22233 (vice.NfdService)
07-24 13:16:56.315 22234 22234 F DEBUG : *** *** *** *** *** *** *** *** *** *** *** *** *** *** *** ***
07-24 13:16:56.315 22234 22234 F DEBUG : Build fingerprint: 'Sonim/XP8812/XP8800:7.1.1/8A.0.0-02-7.1.1-10.01.60/157:user/release-keys'
07-24 13:16:56.315 22234 22234 F DEBUG : Revision: '0'
07-24 13:16:56.315 22234 22234 F DEBUG : ABI: 'arm'
07-24 13:16:56.316 22234 22234 F DEBUG : pid: 22212, tid: 22233, name: vice.NfdService >>> net.named_data.nfd.service.NfdService <<<
07-24 13:16:56.316 22234 22234 F DEBUG : signal 11 (SIGSEGV), code 1 (SEGV_MAPERR), fault addr 0xc00f04e
07-24 13:16:56.316 22234 22234 F DEBUG : r0 f0a7e3a0 r1 0c00f04f r2 d88d75b4 r3 d7c31b08
07-24 13:16:56.316 22234 22234 F DEBUG : r4 d88d75b4 r5 00000002 r6 00000000 r7 d88d76f8
07-24 13:16:56.316 22234 22234 F DEBUG : r8 00000001 r9 ea59f1e8 sl ea59f1e8 fp d88d7628
07-24 13:16:56.316 22234 22234 F DEBUG : ip f0a80148 sp d88d75a0 lr d7c31b34 pc 0c00f04e cpsr a00f0030
07-24 13:16:56.321 22234 22234 F DEBUG :
07-24 13:16:56.321 22234 22234 F DEBUG : backtrace:
07-24 13:16:56.321 22234 22234 F DEBUG : #00 pc 0c00f04e
07-24 13:16:56.321 22234 22234 F DEBUG : #01 pc 001f3b30 /data/app/net.named_data.nfd-1/lib/arm/libndn-cxx.so (_ZN5boost15throw_exceptionINS_16exception_detail19error_info_injectorIN3ndn8security3pib3Pib5ErrorEEEEEvRKT_+240)
07-24 13:16:56.321 22234 22234 F DEBUG : #02 pc 001f378c /data/app/net.named_data.nfd-1/lib/arm/libndn-cxx.so (_ZN5boost16exception_detail16throw_exception_IN3ndn8security3pib3Pib5ErrorEEEvRKT_PKcSB_i+80)
07-24 13:16:56.321 22234 22234 F DEBUG : #03 pc 001fed44 /data/app/net.named_data.nfd-1/lib/arm/libndn-cxx.so (_ZNK3ndn8security3pib3Pib13getTpmLocatorEv+196)
07-24 13:16:56.321 22234 22234 F DEBUG : #04 pc 0022f8b4 /data/app/net.named_data.nfd-1/lib/arm/libndn-cxx.so (_ZN3ndn8security2v28KeyChainC1ERKNSt6__ndk112basic_stringIcNS3_11char_traitsIcEENS3_9allocatorIcEEEESB_b+400)
07-24 13:16:56.321 22234 22234 F DEBUG : #05 pc 0001a8c3 /data/app/net.named_data.nfd-1/lib/arm/libnfd-wrapper.so (_ZN3nfd6RunnerC2Ev+34)
07-24 13:16:56.321 22234 22234 F DEBUG : #06 pc 0001978d /data/app/net.named_data.nfd-1/lib/arm/libnfd-wrapper.so
07-24 13:16:56.321 22234 22234 F DEBUG : #07 pc 0000fb68 /data/app/net.named_data.nfd-1/lib/arm/libboost_thread.so
07-24 13:16:56.321 22234 22234 F DEBUG : #08 pc 000477a3 /system/lib/libc.so (_ZL15__pthread_startPv+22)
07-24 13:16:56.321 22234 22234 F DEBUG : #09 pc 00019eb1 /system/lib/libc.so (__start_thread+6)
07-24 13:16:56.924 1718 1803 I BootReceiver: Copying /data/tombstones/tombstone_02 to DropBox (SYSTEM_TOMBSTONE)
07-24 13:16:56.938 1718 1748 I ActivityManager: Process net.named_data.nfd.service.NfdService (pid 22212) has died
07-24 13:16:56.938 1718 1748 D ActivityManager: cleanUpApplicationRecord -- 22212
07-24 13:16:56.938 1718 1748 W ActivityManager: Scheduling restart of crashed service net.named_data.nfd/.service.NfdService in 1000ms
07-24 13:16:57.971 1718 1772 I ActivityManager: Start proc 22261:net.named_data.nfd.service.NfdService/u0a125 for service net.named_data.nfd/.service.NfdService
07-24 13:16:58.251 22261 22277 F libc : Fatal signal 11 (SIGSEGV), code 1, fault addr 0xc00f04e in tid 22277 (vice.NfdService)
07-24 13:16:58.319 22278 22278 F DEBUG : *** *** *** *** *** *** *** *** *** *** *** *** *** *** *** ***
07-24 13:16:58.320 22278 22278 F DEBUG : Build fingerprint: 'Sonim/XP8812/XP8800:7.1.1/8A.0.0-02-7.1.1-10.01.60/157:user/release-keys'
07-24 13:16:58.320 22278 22278 F DEBUG : Revision: '0'
07-24 13:16:58.320 22278 22278 F DEBUG : ABI: 'arm'
07-24 13:16:58.320 22278 22278 F DEBUG : pid: 22261, tid: 22277, name: vice.NfdService >>> net.named_data.nfd.service.NfdService <<<
07-24 13:16:58.320 22278 22278 F DEBUG : signal 11 (SIGSEGV), code 1 (SEGV_MAPERR), fault addr 0xc00f04e
07-24 13:16:58.320 22278 22278 F DEBUG : r0 f0aa83a0 r1 0c00f04f r2 d88d75b4 r3 d7d17b08
07-24 13:16:58.320 22278 22278 F DEBUG : r4 d88d75b4 r5 00000002 r6 00000000 r7 d88d76f8
07-24 13:16:58.320 22278 22278 F DEBUG : r8 00000001 r9 ea59f1e8 sl ea59f1e8 fp d88d7628
07-24 13:16:58.320 22278 22278 F DEBUG : ip f0aaa148 sp d88d75a0 lr d7d17b34 pc 0c00f04e cpsr a00f0030
07-24 13:16:58.324 22278 22278 F DEBUG :
07-24 13:16:58.324 22278 22278 F DEBUG : backtrace:
07-24 13:16:58.325 22278 22278 F DEBUG : #00 pc 0c00f04e
07-24 13:16:58.325 22278 22278 F DEBUG : #01 pc 001f3b30 /data/app/net.named_data.nfd-1/lib/arm/libndn-cxx.so (_ZN5boost15throw_exceptionINS_16exception_detail19error_info_injectorIN3ndn8security3pib3Pib5ErrorEEEEEvRKT_+240)
07-24 13:16:58.325 22278 22278 F DEBUG : #02 pc 001f378c /data/app/net.named_data.nfd-1/lib/arm/libndn-cxx.so (_ZN5boost16exception_detail16throw_exception_IN3ndn8security3pib3Pib5ErrorEEEvRKT_PKcSB_i+80)
07-24 13:16:58.325 22278 22278 F DEBUG : #03 pc 001fed44 /data/app/net.named_data.nfd-1/lib/arm/libndn-cxx.so (_ZNK3ndn8security3pib3Pib13getTpmLocatorEv+196)
07-24 13:16:58.325 22278 22278 F DEBUG : #04 pc 0022f8b4 /data/app/net.named_data.nfd-1/lib/arm/libndn-cxx.so (_ZN3ndn8security2v28KeyChainC1ERKNSt6__ndk112basic_stringIcNS3_11char_traitsIcEENS3_9allocatorIcEEEESB_b+400)
07-24 13:16:58.325 22278 22278 F DEBUG : #05 pc 0001a8c3 /data/app/net.named_data.nfd-1/lib/arm/libnfd-wrapper.so (_ZN3nfd6RunnerC2Ev+34)
07-24 13:16:58.325 22278 22278 F DEBUG : #06 pc 0001978d /data/app/net.named_data.nfd-1/lib/arm/libnfd-wrapper.so
07-24 13:16:58.325 22278 22278 F DEBUG : #07 pc 0000fb68 /data/app/net.named_data.nfd-1/lib/arm/libboost_thread.so
07-24 13:16:58.325 22278 22278 F DEBUG : #08 pc 000477a3 /system/lib/libc.so (_ZL15__pthread_startPv+22)
07-24 13:16:58.325 22278 22278 F DEBUG : #09 pc 00019eb1 /system/lib/libc.so (__start_thread+6)
07-24 13:16:58.598 1718 1803 I BootReceiver: Copying /data/tombstones/tombstone_03 to DropBox (SYSTEM_TOMBSTONE)
07-24 13:16:58.614 1718 2797 I ActivityManager: Process net.named_data.nfd.service.NfdService (pid 22261) has died
07-24 13:16:58.614 1718 2797 D ActivityManager: cleanUpApplicationRecord -- 22261
07-24 13:16:58.614 1718 2797 W ActivityManager: Service crashed 2 times, stopping: ServiceRecord{7911074 u0 net.named_data.nfd/.service.NfdService}
07-24 13:16:58.941 1718 22279 W ActivityManager: Ignoring remove of inactive process: ProcessRecord{c946c07 0:net.named_data.nfd.service.NfdService/u0a125}
07-24 13:16:59.129 1718 1808 W AppOps : Finishing op nesting under-run: uid 1000 pkg android code 24 time=0 duration=0 nesting=0
07-24 13:16:59.649 1718 13283 I ActivityManager: Start proc 22305:net.named_data.nfd.service.NfdService/u0a125 for service net.named_data.nfd/.service.NfdService
07-24 13:16:59.808 1718 22237 W ActivityManager: Ignoring remove of inactive process: ProcessRecord{a369059 0:net.named_data.nfd.service.NfdService/u0a125}
07-24 13:16:59.818 1718 2748 W InputMethodManagerService: Window already focused, ignoring focus gain of: com.android.internal.view.IInputMethodClient$Stub$Proxy@164d4ff attribute=null, token = android.os.BinderProxy@5748c3b
07-24 13:16:59.996 1718 1808 W AppOps : Finishing op nesting under-run: uid 1000 pkg android code 24 time=0 duration=0 nesting=0
07-24 13:17:00.655 1718 1987 I ActivityManager: START u0 {act=android.intent.action.MAIN cat=[android.intent.category.HOME] flg=0x10200000 cmp=com.android.launcher3/.Launcher (has extras)} from uid 1000 on display 0
07-24 13:17:01.497 1718 8945 I ActivityManager: START u0 {act=android.intent.action.MAIN cat=[android.intent.category.LAUNCHER] flg=0x10200000 cmp=net.named_data.nfd/.MainActivity bnds=[24,474][282,840] (has extras)} from uid 10026 on display 0
07-24 13:17:03.882 22305 22371 F libc : Fatal signal 11 (SIGSEGV), code 1, fault addr 0xc00f04e in tid 22371 (vice.NfdService)
07-24 13:17:03.963 22372 22372 F DEBUG : *** *** *** *** *** *** *** *** *** *** *** *** *** *** *** ***
07-24 13:17:03.964 22372 22372 F DEBUG : Build fingerprint: 'Sonim/XP8812/XP8800:7.1.1/8A.0.0-02-7.1.1-10.01.60/157:user/release-keys'
07-24 13:17:03.964 22372 22372 F DEBUG : Revision: '0'
07-24 13:17:03.964 22372 22372 F DEBUG : ABI: 'arm'
07-24 13:17:03.964 22372 22372 F DEBUG : pid: 22305, tid: 22371, name: vice.NfdService >>> net.named_data.nfd.service.NfdService <<<
07-24 13:17:03.964 22372 22372 F DEBUG : signal 11 (SIGSEGV), code 1 (SEGV_MAPERR), fault addr 0xc00f04e
07-24 13:17:03.964 22372 22372 F DEBUG : r0 f0a7a3a0 r1 0c00f04f r2 d87d85b4 r3 d7dc6b08
07-24 13:17:03.964 22372 22372 F DEBUG : r4 d87d85b4 r5 00000002 r6 00000000 r7 d87d86f8
07-24 13:17:03.964 22372 22372 F DEBUG : r8 00000001 r9 e793e0e0 sl e793e0e0 fp d87d8628
07-24 13:17:03.964 22372 22372 F DEBUG : ip f0a7c148 sp d87d85a0 lr d7dc6b34 pc 0c00f04e cpsr a00f0030
07-24 13:17:03.971 22372 22372 F DEBUG :
07-24 13:17:03.971 22372 22372 F DEBUG : backtrace:
07-24 13:17:03.971 22372 22372 F DEBUG : #00 pc 0c00f04e
07-24 13:17:03.971 22372 22372 F DEBUG : #01 pc 001f3b30 /data/app/net.named_data.nfd-1/lib/arm/libndn-cxx.so (_ZN5boost15throw_exceptionINS_16exception_detail19error_info_injectorIN3ndn8security3pib3Pib5ErrorEEEEEvRKT_+240)
07-24 13:17:03.971 22372 22372 F DEBUG : #02 pc 001f378c /data/app/net.named_data.nfd-1/lib/arm/libndn-cxx.so (_ZN5boost16exception_detail16throw_exception_IN3ndn8security3pib3Pib5ErrorEEEvRKT_PKcSB_i+80)
07-24 13:17:03.971 22372 22372 F DEBUG : #03 pc 001fed44 /data/app/net.named_data.nfd-1/lib/arm/libndn-cxx.so (_ZNK3ndn8security3pib3Pib13getTpmLocatorEv+196)
07-24 13:17:03.971 22372 22372 F DEBUG : #04 pc 0022f8b4 /data/app/net.named_data.nfd-1/lib/arm/libndn-cxx.so (_ZN3ndn8security2v28KeyChainC1ERKNSt6__ndk112basic_stringIcNS3_11char_traitsIcEENS3_9allocatorIcEEEESB_b+400)
07-24 13:17:03.971 22372 22372 F DEBUG : #05 pc 0001a8c3 /data/app/net.named_data.nfd-1/lib/arm/libnfd-wrapper.so (_ZN3nfd6RunnerC2Ev+34)
07-24 13:17:03.971 22372 22372 F DEBUG : #06 pc 0001978d /data/app/net.named_data.nfd-1/lib/arm/libnfd-wrapper.so
07-24 13:17:03.972 22372 22372 F DEBUG : #07 pc 0000fb68 /data/app/net.named_data.nfd-1/lib/arm/libboost_thread.so
07-24 13:17:03.972 22372 22372 F DEBUG : #08 pc 000477a3 /system/lib/libc.so (_ZL15__pthread_startPv+22)
07-24 13:17:03.972 22372 22372 F DEBUG : #09 pc 00019eb1 /system/lib/libc.so (__start_thread+6)
07-24 13:17:04.559 1718 22373 W ActivityManager: Process net.named_data.nfd has crashed too many times: killing!
07-24 13:17:04.559 1718 22373 I ActivityManager: Killing 22305:net.named_data.nfd.service.NfdService/u0a125 (adj 0): crash
07-24 13:17:04.559 1718 22373 D ActivityManager: cleanUpApplicationRecord -- 22305
07-24 13:17:04.567 1718 1803 I BootReceiver: Copying /data/tombstones/tombstone_04 to DropBox (SYSTEM_TOMBSTONE)
07-24 13:17:05.607 1718 8141 I ActivityManager: Start proc 22382:net.named_data.nfd.service.NfdService/u0a125 for service net.named_data.nfd/.service.NfdService
07-24 13:17:07.458 22382 22399 F libc : Fatal signal 11 (SIGSEGV), code 1, fault addr 0xc00f04e in tid 22399 (vice.NfdService)
07-24 13:17:07.547 22400 22400 F DEBUG : *** *** *** *** *** *** *** *** *** *** *** *** *** *** *** ***
07-24 13:17:07.547 22400 22400 F DEBUG : Build fingerprint: 'Sonim/XP8812/XP8800:7.1.1/8A.0.0-02-7.1.1-10.01.60/157:user/release-keys'
07-24 13:17:07.547 22400 22400 F DEBUG : Revision: '0'
07-24 13:17:07.547 22400 22400 F DEBUG : ABI: 'arm'
07-24 13:17:07.547 22400 22400 F DEBUG : pid: 22382, tid: 22399, name: vice.NfdService >>> net.named_data.nfd.service.NfdService <<<
07-24 13:17:07.548 22400 22400 F DEBUG : signal 11 (SIGSEGV), code 1 (SEGV_MAPERR), fault addr 0xc00f04e
07-24 13:17:07.548 22400 22400 F DEBUG : r0 ea3873a0 r1 0c00f04f r2 d88d75b4 r3 d84abb08
07-24 13:17:07.548 22400 22400 F DEBUG : r4 d88d75b4 r5 00000002 r6 00000000 r7 d88d76f8
07-24 13:17:07.548 22400 22400 F DEBUG : r8 00000001 r9 ea59f1e8 sl ea59f1e8 fp d88d7628
07-24 13:17:07.548 22400 22400 F DEBUG : ip ea389148 sp d88d75a0 lr d84abb34 pc 0c00f04e cpsr a00f0030
07-24 13:17:07.553 22400 22400 F DEBUG :
07-24 13:17:07.553 22400 22400 F DEBUG : backtrace:
07-24 13:17:07.554 22400 22400 F DEBUG : #00 pc 0c00f04e
07-24 13:17:07.554 22400 22400 F DEBUG : #01 pc 001f3b30 /data/app/net.named_data.nfd-1/lib/arm/libndn-cxx.so (_ZN5boost15throw_exceptionINS_16exception_detail19error_info_injectorIN3ndn8security3pib3Pib5ErrorEEEEEvRKT_+240)
07-24 13:17:07.554 22400 22400 F DEBUG : #02 pc 001f378c /data/app/net.named_data.nfd-1/lib/arm/libndn-cxx.so (_ZN5boost16exception_detail16throw_exception_IN3ndn8security3pib3Pib5ErrorEEEvRKT_PKcSB_i+80)
07-24 13:17:07.554 22400 22400 F DEBUG : #03 pc 001fed44 /data/app/net.named_data.nfd-1/lib/arm/libndn-cxx.so (_ZNK3ndn8security3pib3Pib13getTpmLocatorEv+196)
07-24 13:17:07.554 22400 22400 F DEBUG : #04 pc 0022f8b4 /data/app/net.named_data.nfd-1/lib/arm/libndn-cxx.so (_ZN3ndn8security2v28KeyChainC1ERKNSt6__ndk112basic_stringIcNS3_11char_traitsIcEENS3_9allocatorIcEEEESB_b+400)
07-24 13:17:07.554 22400 22400 F DEBUG : #05 pc 0001a8c3 /data/app/net.named_data.nfd-1/lib/arm/libnfd-wrapper.so (_ZN3nfd6RunnerC2Ev+34)
07-24 13:17:07.554 22400 22400 F DEBUG : #06 pc 0001978d /data/app/net.named_data.nfd-1/lib/arm/libnfd-wrapper.so
07-24 13:17:07.554 22400 22400 F DEBUG : #07 pc 0000fb68 /data/app/net.named_data.nfd-1/lib/arm/libboost_thread.so
07-24 13:17:07.554 22400 22400 F DEBUG : #08 pc 000477a3 /system/lib/libc.so (_ZL15__pthread_startPv+22)
07-24 13:17:07.554 22400 22400 F DEBUG : #09 pc 00019eb1 /system/lib/libc.so (__start_thread+6)
07-24 13:17:08.161 1718 1803 I BootReceiver: Copying /data/tombstones/tombstone_05 to DropBox (SYSTEM_TOMBSTONE)
07-24 13:17:08.174 1718 2518 I ActivityManager: Process net.named_data.nfd.service.NfdService (pid 22382) has died
07-24 13:17:08.175 1718 2518 D ActivityManager: cleanUpApplicationRecord -- 22382
07-24 13:17:08.175 1718 2518 W ActivityManager: Scheduling restart of crashed service net.named_data.nfd/.service.NfdService in 1432ms
07-24 13:17:09.212 1718 8141 I ActivityManager: Start proc 22425:net.named_data.nfd.service.NfdService/u0a125 for service net.named_data.nfd/.service.NfdService
07-24 13:17:09.444 22425 22443 F libc : Fatal signal 11 (SIGSEGV), code 1, fault addr 0xc00f04e in tid 22443 (vice.NfdService)
07-24 13:17:09.460 22444 22444 F DEBUG : *** *** *** *** *** *** *** *** *** *** *** *** *** *** *** ***
07-24 13:17:09.460 22444 22444 F DEBUG : Build fingerprint: 'Sonim/XP8812/XP8800:7.1.1/8A.0.0-02-7.1.1-10.01.60/157:user/release-keys'
07-24 13:17:09.461 22444 22444 F DEBUG : Revision: '0'
07-24 13:17:09.461 22444 22444 F DEBUG : ABI: 'arm'
07-24 13:17:09.461 22444 22444 F DEBUG : pid: 22425, tid: 22443, name: vice.NfdService >>> net.named_data.nfd.service.NfdService <<<
07-24 13:17:09.461 22444 22444 F DEBUG : signal 11 (SIGSEGV), code 1 (SEGV_MAPERR), fault addr 0xc00f04e
07-24 13:17:09.461 22444 22444 F DEBUG : r0 f0a783a0 r1 0c00f04f r2 d88d75b4 r3 d7b7eb08
07-24 13:17:09.461 22444 22444 F DEBUG : r4 d88d75b4 r5 00000002 r6 00000000 r7 d88d76f8
07-24 13:17:09.461 22444 22444 F DEBUG : r8 00000001 r9 ea59f1e8 sl ea59f1e8 fp d88d7628
07-24 13:17:09.461 22444 22444 F DEBUG : ip f0a7a148 sp d88d75a0 lr d7b7eb34 pc 0c00f04e cpsr a00f0030
07-24 13:17:09.463 22444 22444 F DEBUG :
07-24 13:17:09.463 22444 22444 F DEBUG : backtrace:
07-24 13:17:09.463 22444 22444 F DEBUG : #00 pc 0c00f04e
07-24 13:17:09.463 22444 22444 F DEBUG : #01 pc 001f3b30 /data/app/net.named_data.nfd-1/lib/arm/libndn-cxx.so (_ZN5boost15throw_exceptionINS_16exception_detail19error_info_injectorIN3ndn8security3pib3Pib5ErrorEEEEEvRKT_+240)
07-24 13:17:09.463 22444 22444 F DEBUG : #02 pc 001f378c /data/app/net.named_data.nfd-1/lib/arm/libndn-cxx.so (_ZN5boost16exception_detail16throw_exception_IN3ndn8security3pib3Pib5ErrorEEEvRKT_PKcSB_i+80)
07-24 13:17:09.463 22444 22444 F DEBUG : #03 pc 001fed44 /data/app/net.named_data.nfd-1/lib/arm/libndn-cxx.so (_ZNK3ndn8security3pib3Pib13getTpmLocatorEv+196)
07-24 13:17:09.463 22444 22444 F DEBUG : #04 pc 0022f8b4 /data/app/net.named_data.nfd-1/lib/arm/libndn-cxx.so (_ZN3ndn8security2v28KeyChainC1ERKNSt6__ndk112basic_stringIcNS3_11char_traitsIcEENS3_9allocatorIcEEEESB_b+400)
07-24 13:17:09.463 22444 22444 F DEBUG : #05 pc 0001a8c3 /data/app/net.named_data.nfd-1/lib/arm/libnfd-wrapper.so (_ZN3nfd6RunnerC2Ev+34)
07-24 13:17:09.463 22444 22444 F DEBUG : #06 pc 0001978d /data/app/net.named_data.nfd-1/lib/arm/libnfd-wrapper.so
07-24 13:17:09.463 22444 22444 F DEBUG : #07 pc 0000fb68 /data/app/net.named_data.nfd-1/lib/arm/libboost_thread.so
07-24 13:17:09.463 22444 22444 F DEBUG : #08 pc 000477a3 /system/lib/libc.so (_ZL15__pthread_startPv+22)
07-24 13:17:09.464 22444 22444 F DEBUG : #09 pc 00019eb1 /system/lib/libc.so (__start_thread+6)
07-24 13:17:09.548 1718 22403 W ActivityManager: Ignoring remove of inactive process: ProcessRecord{58673e1 0:net.named_data.nfd.service.NfdService/u0a125}
07-24 13:17:09.558 1718 2749 W InputMethodManagerService: Window already focused, ignoring focus gain of: com.android.internal.view.IInputMethodClient$Stub$Proxy@10a51f4 attribute=null, token = android.os.BinderProxy@5748c3b
07-24 13:17:09.740 1718 1808 W AppOps : Finishing op nesting under-run: uid 1000 pkg android code 24 time=0 duration=0 nesting=0
07-24 13:17:10.052 1718 22467 W ActivityManager: Process net.named_data.nfd has crashed too many times: killing!
07-24 13:17:10.052 1718 22467 I ActivityManager: Killing 22425:net.named_data.nfd.service.NfdService/u0a125 (adj 0): crash
07-24 13:17:10.053 1718 22467 D ActivityManager: cleanUpApplicationRecord -- 22425
07-24 13:17:10.059 1718 1803 I BootReceiver: Copying /data/tombstones/tombstone_06 to DropBox (SYSTEM_TOMBSTONE)
07-24 13:17:11.085 1718 2749 I ActivityManager: Start proc 22471:net.named_data.nfd.service.NfdService/u0a125 for service net.named_data.nfd/.service.NfdService
07-24 13:17:11.110 1718 8944 I ActivityManager: START u0 {flg=0x10804000 cmp=com.android.systemui/.recents.RecentsActivity} from uid 10046 on display 0
07-24 13:17:11.398 20873 20873 E ActivityThread: Activity net.named_data.nfd.MainActivity has leaked ServiceConnection net.named_data.nfd.MainFragment$3@ee6380f that was originally bound here
07-24 13:17:11.398 20873 20873 E ActivityThread: android.app.ServiceConnectionLeaked: Activity net.named_data.nfd.MainActivity has leaked ServiceConnection net.named_data.nfd.MainFragment$3@ee6380f that was originally bound here
07-24 13:17:11.398 20873 20873 E ActivityThread: at android.app.LoadedApk$ServiceDispatcher.(LoadedApk.java:1336)
07-24 13:17:11.398 20873 20873 E ActivityThread: at android.app.LoadedApk.getServiceDispatcher(LoadedApk.java:1231)
07-24 13:17:11.398 20873 20873 E ActivityThread: at android.app.ContextImpl.bindServiceCommon(ContextImpl.java:1450)
07-24 13:17:11.398 20873 20873 E ActivityThread: at android.app.ContextImpl.bindService(ContextImpl.java:1422)
07-24 13:17:11.398 20873 20873 E ActivityThread: at android.content.ContextWrapper.bindService(ContextWrapper.java:636)
07-24 13:17:11.398 20873 20873 E ActivityThread: at net.named_data.nfd.MainFragment.bindNfdService(MainFragment.java:183)
07-24 13:17:11.398 20873 20873 E ActivityThread: at net.named_data.nfd.MainFragment.onResume(MainFragment.java:163)
07-24 13:17:11.398 20873 20873 E ActivityThread: at android.support.v4.app.Fragment.performResume(Fragment.java:2401)
07-24 13:17:11.398 20873 20873 E ActivityThread: at android.support.v4.app.FragmentManagerImpl.moveToState(FragmentManager.java:1465)
07-24 13:17:11.398 20873 20873 E ActivityThread: at android.support.v4.app.FragmentManagerImpl.moveFragmentToExpectedState(FragmentManager.java:1740)
07-24 13:17:11.398 20873 20873 E ActivityThread: at android.support.v4.app.FragmentManagerImpl.moveToState(FragmentManager.java:1809)
07-24 13:17:11.398 20873 20873 E ActivityThread: at android.support.v4.app.FragmentManagerImpl.dispatchStateChange(FragmentManager.java:3217)
07-24 13:17:11.398 20873 20873 E ActivityThread: at android.support.v4.app.FragmentManagerImpl.dispatchResume(FragmentManager.java:3181)
07-24 13:17:11.398 20873 20873 E ActivityThread: at android.support.v4.app.FragmentController.dispatchResume(FragmentController.java:214)
07-24 13:17:11.398 20873 20873 E ActivityThread: at android.support.v4.app.FragmentActivity.onResumeFragments(FragmentActivity.java:470)
07-24 13:17:11.398 20873 20873 E ActivityThread: at android.support.v4.app.FragmentActivity.onPostResume(FragmentActivity.java:459)
07-24 13:17:11.398 20873 20873 E ActivityThread: at android.support.v7.app.AppCompatActivity.onPostResume(AppCompatActivity.java:171)
07-24 13:17:11.398 20873 20873 E ActivityThread: at android.app.Activity.performResume(Activity.java:6848)
07-24 13:17:11.398 20873 20873 E ActivityThread: at android.app.ActivityThread.performResumeActivity(ActivityThread.java:3410)
07-24 13:17:11.398 20873 20873 E ActivityThread: at android.app.ActivityThread.handleResumeActivity(ActivityThread.java:3473)
07-24 13:17:11.398 20873 20873 E ActivityThread: at android.app.ActivityThread$H.handleMessage(ActivityThread.java:1531)
07-24 13:17:11.398 20873 20873 E ActivityThread: at android.os.Handler.dispatchMessage(Handler.java:102)
07-24 13:17:11.398 20873 20873 E ActivityThread: at android.os.Looper.loop(Looper.java:154)
07-24 13:17:11.398 20873 20873 E ActivityThread: at android.app.ActivityThread.main(ActivityThread.java:6145)
07-24 13:17:11.398 20873 20873 E ActivityThread: at java.lang.reflect.Method.invoke(Native Method)
07-24 13:17:11.398 20873 20873 E ActivityThread: at com.android.internal.os.ZygoteInit$MethodAndArgsCaller.run(ZygoteInit.java:886)
07-24 13:17:11.398 20873 20873 E ActivityThread: at com.android.internal.os.ZygoteInit.main(ZygoteInit.java:776)
07-24 13:17:11.701 1718 2797 I ActivityManager: START u0 {cmp=com.android.systemui/.stackdivider.ForcedResizableInfoActivity} from uid 10046 on display 0
07-24 13:17:11.704 1718 2797 W ActivityManager: startActivity called from non-Activity context; forcing Intent.FLAG_ACTIVITY_NEW_TASK for: Intent { flg=0x800000 cmp=com.android.systemui/.stackdivider.ForcedResizableInfoActivity }
07-24 13:17:11.721 1718 1747 E ActivityManager: applyOptionsLocked: Unknown animationType=0
07-24 13:17:11.735 1718 13284 W InputMethodManagerService: Focus gain on non-focused client com.android.internal.view.IInputMethodClient$Stub$Proxy@46f97cb (uid=10125 pid=20873)
07-24 13:17:11.825 1718 2898 E ActivityManager: applyOptionsLocked: Unknown animationType=0
07-24 13:17:11.863 2060 2060 W ViewRootImpl[RecentsActivity]: Dropping event due to no window focus: MotionEvent { action=ACTION_MOVE, actionButton=0, id[0]=0, x[0]=835.0, y[0]=628.0, toolType[0]=TOOL_TYPE_FINGER, buttonState=0, metaState=0, flags=0x0, edgeFlags=0x0, pointerCount=1, historySize=0, eventTime=4737848, downTime=4737822, deviceId=11, source=0x5002 }
07-24 13:17:11.880 2060 2060 W ViewRootImpl[RecentsActivity]: Dropping event due to no window focus: MotionEvent { action=ACTION_MOVE, actionButton=0, id[0]=0, x[0]=746.81555, y[0]=626.7875, toolType[0]=TOOL_TYPE_FINGER, buttonState=0, metaState=0, flags=0x0, edgeFlags=0x0, pointerCount=1, historySize=1, eventTime=4737871, downTime=4737822, deviceId=11, source=0x5002 }
07-24 13:17:11.885 1718 2928 I ActivityManager: Start proc 22511:com.qti.smq.qualcommFeedback/1000 for content provider com.qti.smq.qualcommFeedback/com.qti.smq.providers.SMQContentProvider
07-24 13:17:11.896 2060 2060 W ViewRootImpl[RecentsActivity]: Dropping event due to no window focus: MotionEvent { action=ACTION_MOVE, actionButton=0, id[0]=0, x[0]=651.42584, y[0]=629.1188, toolType[0]=TOOL_TYPE_FINGER, buttonState=0, metaState=0, flags=0x0, edgeFlags=0x0, pointerCount=1, historySize=2, eventTime=4737887, downTime=4737822, deviceId=11, source=0x5002 }
07-24 13:17:11.914 2060 2060 W ViewRootImpl[RecentsActivity]: Dropping event due to no window focus: MotionEvent { action=ACTION_MOVE, actionButton=0, id[0]=0, x[0]=520.5563, y[0]=634.4724, toolType[0]=TOOL_TYPE_FINGER, buttonState=0, metaState=0, flags=0x0, edgeFlags=0x0, pointerCount=1, historySize=1, eventTime=4737904, downTime=4737822, deviceId=11, source=0x5002 }
07-24 13:17:11.929 2060 2060 W ViewRootImpl[RecentsActivity]: Dropping event due to no window focus: MotionEvent { action=ACTION_MOVE, actionButton=0, id[0]=0, x[0]=415.45435, y[0]=640.58057, toolType[0]=TOOL_TYPE_FINGER, buttonState=0, metaState=0, flags=0x0, edgeFlags=0x0, pointerCount=1, historySize=1, eventTime=4737921, downTime=4737822, deviceId=11, source=0x5002 }
07-24 13:17:11.946 2060 2060 W ViewRootImpl[RecentsActivity]: Dropping event due to no window focus: MotionEvent { action=ACTION_MOVE, actionButton=0, id[0]=0, x[0]=312.57782, y[0]=647.6478, toolType[0]=TOOL_TYPE_FINGER, buttonState=0, metaState=0, flags=0x0, edgeFlags=0x0, pointerCount=1, historySize=1, eventTime=4737937, downTime=4737822, deviceId=11, source=0x5002 }
07-24 13:17:11.963 2060 2060 W ViewRootImpl[RecentsActivity]: Dropping event due to no window focus: MotionEvent { action=ACTION_MOVE, actionButton=0, id[0]=0, x[0]=235.8195, y[0]=660.03, toolType[0]=TOOL_TYPE_FINGER, buttonState=0, metaState=0, flags=0x0, edgeFlags=0x0, pointerCount=1, historySize=2, eventTime=4737954, downTime=4737822, deviceId=11, source=0x5002 }
07-24 13:17:11.964 1718 2927 I ActivityManager: Start proc 22527:com.android.cellbroadcastreceiver/u0a5 for content provider com.android.cellbroadcastreceiver/.CellBroadcastSearchIndexableProvider
07-24 13:17:11.968 2060 2060 W ViewRootImpl[RecentsActivity]: Cancelling event due to no window focus: MotionEvent { action=ACTION_CANCEL, actionButton=0, id[0]=0, x[0]=235.8195, y[0]=660.03, toolType[0]=TOOL_TYPE_FINGER, buttonState=0, metaState=0, flags=0x0, edgeFlags=0x0, pointerCount=1, historySize=0, eventTime=4737964, downTime=4737822, deviceId=11, source=0x5002 }
07-24 13:17:11.968 2060 2060 W ViewRootImpl[RecentsActivity]: Cancelling event due to no window focus: MotionEvent { action=ACTION_CANCEL, actionButton=0, id[0]=0, x[0]=235.8195, y[0]=660.03, toolType[0]=TOOL_TYPE_FINGER, buttonState=0, metaState=0, flags=0x0, edgeFlags=0x0, pointerCount=1, historySize=0, eventTime=4737964, downTime=4737822, deviceId=11, source=0x5002 }
07-24 13:17:11.968 2060 2060 W ViewRootImpl[RecentsActivity]: Cancelling event due to no window focus: MotionEvent { action=ACTION_CANCEL, actionButton=0, id[0]=0, x[0]=235.8195, y[0]=660.03, toolType[0]=TOOL_TYPE_FINGER, buttonState=0, metaState=0, flags=0x0, edgeFlags=0x0, pointerCount=1, historySize=0, eventTime=4737964, downTime=4737822, deviceId=11, source=0x5002 }
07-24 13:17:12.086 1718 2284 E BatteryStatsService: no controller energy info supplied
07-24 13:17:12.091 1718 2284 E KernelUidCpuTimeReader: Failed to read uid_cputime: /proc/uid_cputime/show_uid_stat (No such file or directory)
07-24 13:17:13.440 1718 2284 E ActivityManager: applyOptionsLocked: Unknown animationType=0
07-24 13:17:13.474 1718 1748 W ActivityManager: Duplicate finish request for ActivityRecord{5154fbc u0 com.android.systemui/.stackdivider.ForcedResizableInfoActivity t70 f}
07-24 13:17:13.491 1718 2826 W ActivityManager: Duplicate finish request for ActivityRecord{5154fbc u0 com.android.systemui/.stackdivider.ForcedResizableInfoActivity t70 f}
07-24 13:17:13.495 1718 8142 W ActivityManager: Duplicate finish request for ActivityRecord{5154fbc u0 com.android.systemui/.stackdivider.ForcedResizableInfoActivity t70 f}
07-24 13:17:16.261 1718 2748 I WindowManager: Failed to capture screenshot of Token{df7ab2c ActivityRecord{41b92df u0 com.android.settings/.Settings t62}} appWin=Window{4d5206d u0 com.android.settings/com.android.settings.Settings} drawState=4
07-24 13:17:16.318 1718 2928 I WindowManager: Failed to capture screenshot of Token{c79bf1a ActivityRecord{296b83c u0 net.named_data.nfd/.MainActivity t70}} appWin=Window{5fbdf58 u0 net.named_data.nfd/net.named_data.nfd.MainActivity} drawState=1
07-24 13:17:16.412 1718 8944 I ActivityManager: START u0 {flg=0x10804000 cmp=com.android.systemui/.recents.RecentsActivity} from uid 10046 on display 0
07-24 13:17:17.807 1718 2284 I ActivityManager: Killing 22471:net.named_data.nfd.service.NfdService/u0a125 (adj 900): remove task
07-24 13:17:17.807 1718 2284 I ActivityManager: Killing 20873:net.named_data.nfd/u0a125 (adj 900): remove task
07-24 13:17:17.830 1718 2797 D ActivityManager: cleanUpApplicationRecord -- 22471
07-24 13:17:17.844 1718 1748 I WindowManager: WIN DEATH: Window{5fbdf58 u0 net.named_data.nfd/net.named_data.nfd.MainActivity}
07-24 13:17:17.845 1718 13284 D ActivityManager: cleanUpApplicationRecord -- 20873
07-24 13:17:18.464 1718 2749 I ActivityManager: START u0 {act=android.intent.action.MAIN cat=[android.intent.category.HOME] flg=0x10200000 cmp=com.android.launcher3/.Launcher} from uid 10046 on display 0
07-24 13:17:19.257 1718 2927 I ActivityManager: START u0 {act=android.intent.action.MAIN cat=[android.intent.category.LAUNCHER] flg=0x10200000 cmp=net.named_data.nfd/.MainActivity bnds=[24,474][282,840] (has extras)} from uid 10026 on display 0
07-24 13:17:19.297 1718 1747 I ActivityManager: Start proc 22707:net.named_data.nfd/u0a125 for activity net.named_data.nfd/.MainActivity
07-24 13:17:23.466 1718 1747 I ActivityManager: Start proc 22750:net.named_data.nfd.service.NfdService/u0a125 for service net.named_data.nfd/.service.NfdService
07-24 13:17:23.542 1718 1747 I ActivityManager: Setting hasTopUi=true for pid=2060
07-24 13:17:27.181 1718 2795 W InputMethodManagerService: Window already focused, ignoring focus gain of: com.android.internal.view.IInputMethodClient$Stub$Proxy@5201126 attribute=null, token = android.os.BinderProxy@3ff187c
07-24 13:17:27.189 1718 8142 I ActivityManager: Setting hasTopUi=false for pid=2060
07-24 13:17:28.337 22750 22844 F libc : Fatal signal 11 (SIGSEGV), code 1, fault addr 0xc00f04e in tid 22844 (vice.NfdService)
07-24 13:17:28.419 22845 22845 F DEBUG : *** *** *** *** *** *** *** *** *** *** *** *** *** *** *** ***
07-24 13:17:28.419 22845 22845 F DEBUG : Build fingerprint: 'Sonim/XP8812/XP8800:7.1.1/8A.0.0-02-7.1.1-10.01.60/157:user/release-keys'
07-24 13:17:28.419 22845 22845 F DEBUG : Revision: '0'
07-24 13:17:28.419 22845 22845 F DEBUG : ABI: 'arm'
07-24 13:17:28.419 22845 22845 F DEBUG : pid: 22750, tid: 22844, name: vice.NfdService >>> net.named_data.nfd.service.NfdService <<<
07-24 13:17:28.419 22845 22845 F DEBUG : signal 11 (SIGSEGV), code 1 (SEGV_MAPERR), fault addr 0xc00f04e
07-24 13:17:28.419 22845 22845 F DEBUG : r0 f0abe3a0 r1 0c00f04f r2 d87d85b4 r3 d7b13b08
07-24 13:17:28.420 22845 22845 F DEBUG : r4 d87d85b4 r5 00000002 r6 00000000 r7 d87d86f8
07-24 13:17:28.420 22845 22845 F DEBUG : r8 00000001 r9 e793e0e0 sl e793e0e0 fp d87d8628
07-24 13:17:28.420 22845 22845 F DEBUG : ip f0ac0148 sp d87d85a0 lr d7b13b34 pc 0c00f04e cpsr a00f0030
07-24 13:17:28.426 22845 22845 F DEBUG :
07-24 13:17:28.426 22845 22845 F DEBUG : backtrace:
07-24 13:17:28.426 22845 22845 F DEBUG : #00 pc 0c00f04e
07-24 13:17:28.426 22845 22845 F DEBUG : #01 pc 001f3b30 /data/app/net.named_data.nfd-1/lib/arm/libndn-cxx.so (_ZN5boost15throw_exceptionINS_16exception_detail19error_info_injectorIN3ndn8security3pib3Pib5ErrorEEEEEvRKT_+240)
07-24 13:17:28.426 22845 22845 F DEBUG : #02 pc 001f378c /data/app/net.named_data.nfd-1/lib/arm/libndn-cxx.so (_ZN5boost16exception_detail16throw_exception_IN3ndn8security3pib3Pib5ErrorEEEvRKT_PKcSB_i+80)
07-24 13:17:28.426 22845 22845 F DEBUG : #03 pc 001fed44 /data/app/net.named_data.nfd-1/lib/arm/libndn-cxx.so (_ZNK3ndn8security3pib3Pib13getTpmLocatorEv+196)
07-24 13:17:28.426 22845 22845 F DEBUG : #04 pc 0022f8b4 /data/app/net.named_data.nfd-1/lib/arm/libndn-cxx.so (_ZN3ndn8security2v28KeyChainC1ERKNSt6__ndk112basic_stringIcNS3_11char_traitsIcEENS3_9allocatorIcEEEESB_b+400)
07-24 13:17:28.427 22845 22845 F DEBUG : #05 pc 0001a8c3 /data/app/net.named_data.nfd-1/lib/arm/libnfd-wrapper.so (_ZN3nfd6RunnerC2Ev+34)
07-24 13:17:28.427 22845 22845 F DEBUG : #06 pc 0001978d /data/app/net.named_data.nfd-1/lib/arm/libnfd-wrapper.so
07-24 13:17:28.427 22845 22845 F DEBUG : #07 pc 0000fb68 /data/app/net.named_data.nfd-1/lib/arm/libboost_thread.so
07-24 13:17:28.427 22845 22845 F DEBUG : #08 pc 000477a3 /system/lib/libc.so (_ZL15__pthread_startPv+22)
07-24 13:17:28.427 22845 22845 F DEBUG : #09 pc 00019eb1 /system/lib/libc.so (__start_thread+6)
07-24 13:17:29.020 1718 1803 I BootReceiver: Copying /data/tombstones/tombstone_07 to DropBox (SYSTEM_TOMBSTONE)
07-24 13:17:29.032 1718 8944 I ActivityManager: Process net.named_data.nfd.service.NfdService (pid 22750) has died
07-24 13:17:29.032 1718 8944 D ActivityManager: cleanUpApplicationRecord -- 22750
07-24 13:17:29.032 1718 8944 W ActivityManager: Scheduling restart of crashed service net.named_data.nfd/.service.NfdService in 1000ms
07-24 13:17:30.066 1718 1772 I ActivityManager: Start proc 22881:net.named_data.nfd.service.NfdService/u0a125 for service net.named_data.nfd/.service.NfdService
07-24 13:17:30.113 1718 22848 W ActivityManager: Ignoring remove of inactive process: ProcessRecord{4e8bdf8 0:net.named_data.nfd.service.NfdService/u0a125}
07-24 13:17:30.124 1718 2690 W InputMethodManagerService: Window already focused, ignoring focus gain of: com.android.internal.view.IInputMethodClient$Stub$Proxy@d2c9837 attribute=null, token = android.os.BinderProxy@3ff187c
07-24 13:17:30.310 22881 22904 F libc : Fatal signal 11 (SIGSEGV), code 1, fault addr 0xc00f04e in tid 22904 (vice.NfdService)
07-24 13:17:30.320 1718 1808 W AppOps : Finishing op nesting under-run: uid 1000 pkg android code 24 time=0 duration=0 nesting=0
07-24 13:17:30.379 22905 22905 F DEBUG : *** *** *** *** *** *** *** *** *** *** *** *** *** *** *** ***
07-24 13:17:30.379 22905 22905 F DEBUG : Build fingerprint: 'Sonim/XP8812/XP8800:7.1.1/8A.0.0-02-7.1.1-10.01.60/157:user/release-keys'
07-24 13:17:30.379 22905 22905 F DEBUG : Revision: '0'
07-24 13:17:30.379 22905 22905 F DEBUG : ABI: 'arm'
07-24 13:17:30.379 22905 22905 F DEBUG : pid: 22881, tid: 22904, name: vice.NfdService >>> net.named_data.nfd.service.NfdService <<<
07-24 13:17:30.379 22905 22905 F DEBUG : signal 11 (SIGSEGV), code 1 (SEGV_MAPERR), fault addr 0xc00f04e
07-24 13:17:30.379 22905 22905 F DEBUG : r0 e5c783a0 r1 0c00f04f r2 d88d75b4 r3 d7c73b08
07-24 13:17:30.379 22905 22905 F DEBUG : r4 d88d75b4 r5 00000002 r6 00000000 r7 d88d76f8
07-24 13:17:30.379 22905 22905 F DEBUG : r8 00000001 r9 ea59f1e8 sl ea59f1e8 fp d88d7628
07-24 13:17:30.379 22905 22905 F DEBUG : ip e5c7a148 sp d88d75a0 lr d7c73b34 pc 0c00f04e cpsr a00f0030
07-24 13:17:30.384 22905 22905 F DEBUG :
07-24 13:17:30.384 22905 22905 F DEBUG : backtrace:
07-24 13:17:30.384 22905 22905 F DEBUG : #00 pc 0c00f04e
07-24 13:17:30.384 22905 22905 F DEBUG : #01 pc 001f3b30 /data/app/net.named_data.nfd-1/lib/arm/libndn-cxx.so (_ZN5boost15throw_exceptionINS_16exception_detail19error_info_injectorIN3ndn8security3pib3Pib5ErrorEEEEEvRKT_+240)
07-24 13:17:30.384 22905 22905 F DEBUG : #02 pc 001f378c /data/app/net.named_data.nfd-1/lib/arm/libndn-cxx.so (_ZN5boost16exception_detail16throw_exception_IN3ndn8security3pib3Pib5ErrorEEEvRKT_PKcSB_i+80)
07-24 13:17:30.384 22905 22905 F DEBUG : #03 pc 001fed44 /data/app/net.named_data.nfd-1/lib/arm/libndn-cxx.so (_ZNK3ndn8security3pib3Pib13getTpmLocatorEv+196)
07-24 13:17:30.384 22905 22905 F DEBUG : #04 pc 0022f8b4 /data/app/net.named_data.nfd-1/lib/arm/libndn-cxx.so (_ZN3ndn8security2v28KeyChainC1ERKNSt6__ndk112basic_stringIcNS3_11char_traitsIcEENS3_9allocatorIcEEEESB_b+400)
07-24 13:17:30.384 22905 22905 F DEBUG : #05 pc 0001a8c3 /data/app/net.named_data.nfd-1/lib/arm/libnfd-wrapper.so (_ZN3nfd6RunnerC2Ev+34)
07-24 13:17:30.384 22905 22905 F DEBUG : #06 pc 0001978d /data/app/net.named_data.nfd-1/lib/arm/libnfd-wrapper.so
07-24 13:17:30.385 22905 22905 F DEBUG : #07 pc 0000fb68 /data/app/net.named_data.nfd-1/lib/arm/libboost_thread.so
07-24 13:17:30.385 22905 22905 F DEBUG : #08 pc 000477a3 /system/lib/libc.so (_ZL15__pthread_startPv+22)
07-24 13:17:30.385 22905 22905 F DEBUG : #09 pc 00019eb1 /system/lib/libc.so (__start_thread+6)
07-24 13:17:30.968 1718 22920 W ActivityManager: Process net.named_data.nfd has crashed too many times: killing!
07-24 13:17:30.968 1718 22920 I ActivityManager: Killing 22881:net.named_data.nfd.service.NfdService/u0a125 (adj 0): crash
07-24 13:17:30.968 1718 22920 D ActivityManager: cleanUpApplicationRecord -- 22881
07-24 13:17:30.975 1718 1803 I BootReceiver: Copying /data/tombstones/tombstone_08 to DropBox (SYSTEM_TOMBSTONE)
07-24 13:17:31.990 1718 1748 I ActivityManager: Start proc 22924:net.named_data.nfd.service.NfdService/u0a125 for service net.named_data.nfd/.service.NfdService
07-24 13:17:33.446 1718 2797 I ActivityManager: START u0 {flg=0x10804000 cmp=com.android.systemui/.recents.RecentsActivity} from uid 10046 on display 0
07-24 13:17:33.994 1718 2284 I ActivityManager: START u0 {cmp=com.android.systemui/.stackdivider.ForcedResizableInfoActivity} from uid 10046 on display 0
07-24 13:17:33.995 1718 2284 W ActivityManager: startActivity called from non-Activity context; forcing Intent.FLAG_ACTIVITY_NEW_TASK for: Intent { flg=0x800000 cmp=com.android.systemui/.stackdivider.ForcedResizableInfoActivity }
07-24 13:17:34.008 1718 2795 E ActivityManager: applyOptionsLocked: Unknown animationType=0
07-24 13:17:34.109 1718 2748 E ActivityManager: applyOptionsLocked: Unknown animationType=0
07-24 13:17:34.465 1718 2795 I ActivityManager: Start proc 22971:com.android.partnerbrowsercustomizations/u0a60 for content provider com.android.partnerbrowsercustomizations/.SonimBrowserCustomizations
07-24 13:17:34.508 1718 2285 I ActivityManager: Start proc 22990:com.android.chrome:sandboxed_process0/u0i4 for service com.android.chrome/org.chromium.content.app.SandboxedProcessService0
07-24 13:17:34.656 1718 13283 I ActivityManager: Start proc 23018:com.android.chrome:privileged_process0/u0a76 for service com.android.chrome/org.chromium.content.app.PrivilegedProcessService0
07-24 13:17:34.749 1718 2902 D ConnectivityService: Returning unblocked NetworkInfo to uid=10076
07-24 13:17:34.762 1718 1807 D BluetoothManagerService: Message: 20
07-24 13:17:34.762 1718 1807 D BluetoothManagerService: Added callback: android.bluetooth.IBluetoothManagerCallback$Stub$Proxy@3539ccd:true
07-24 13:17:34.899 1718 2690 I ActivityManager: Start proc 23066:com.android.chrome:sandboxed_process1/u0i5 for service com.android.chrome/org.chromium.content.app.SandboxedProcessService1
07-24 13:17:35.665 1718 1890 W ActivityManager: Duplicate finish request for ActivityRecord{49dfd27 u0 com.android.systemui/.stackdivider.ForcedResizableInfoActivity t71 f}
07-24 13:17:35.690 1718 2836 W ActivityManager: Duplicate finish request for ActivityRecord{49dfd27 u0 com.android.systemui/.stackdivider.ForcedResizableInfoActivity t71 f}
07-24 13:17:35.692 1718 2928 E ActivityManager: applyOptionsLocked: Unknown animationType=0
07-24 13:17:35.723 1718 13284 W ActivityManager: Duplicate finish request for ActivityRecord{49dfd27 u0 com.android.systemui/.stackdivider.ForcedResizableInfoActivity t71 f}
07-24 13:17:35.728 1718 8945 W ActivityManager: Duplicate finish request for ActivityRecord{49dfd27 u0 com.android.systemui/.stackdivider.ForcedResizableInfoActivity t71 f}
07-24 13:17:37.402 1718 2795 I WindowManager: Failed to capture screenshot of Token{c9c0f56 ActivityRecord{1afa718 u0 com.android.chrome/com.google.android.apps.chrome.Main t53}} appWin=Window{af165f2 u0 SurfaceView - com.android.chrome/com.google.android.apps.chrome.Main} drawState=4
07-24 13:17:37.488 1718 2285 I WindowManager: Failed to capture screenshot of Token{c531c7f ActivityRecord{e31799e u0 net.named_data.nfd/.MainActivity t71}} appWin=Window{8fb6505 u0 net.named_data.nfd/net.named_data.nfd.MainActivity} drawState=4
07-24 13:17:37.565 1718 2826 I ActivityManager: START u0 {flg=0x10804000 cmp=com.android.systemui/.recents.RecentsActivity} from uid 10046 on display 0
07-24 13:17:38.312 1718 8945 I ActivityManager: Killing 23018:com.android.chrome:privileged_process0/u0a76 (adj 900): remove task
07-24 13:17:38.312 1718 8945 I ActivityManager: Killing 13985:com.android.chrome/u0a76 (adj 900): remove task
07-24 13:17:38.313 1718 8945 I ActivityManager: Killing 22990:com.android.chrome:sandboxed_process0/u0a76i4 (adj 900): remove task
07-24 13:17:38.314 1718 8945 I ActivityManager: Killing 23066:com.android.chrome:sandboxed_process1/u0a76i5 (adj 900): remove task
07-24 13:17:38.340 1718 2928 D ActivityManager: cleanUpApplicationRecord -- 23066
07-24 13:17:38.340 1718 2928 W ActivityManager: Scheduling restart of crashed service com.android.chrome/org.chromium.content.app.SandboxedProcessService1 in 1000ms
07-24 13:17:38.342 1718 1778 E KernelUidCpuTimeReader: Failed to read uid_cputime: /proc/uid_cputime/show_uid_stat (No such file or directory)
07-24 13:17:38.352 1718 1778 E KernelUidCpuTimeReader: failed to remove uid from uid_cputime module
07-24 13:17:38.352 1718 1778 E KernelUidCpuTimeReader: java.io.FileNotFoundException: /proc/uid_cputime/remove_uid_range (No such file or directory)
07-24 13:17:38.352 1718 1778 E KernelUidCpuTimeReader: at java.io.FileOutputStream.open(Native Method)
07-24 13:17:38.352 1718 1778 E KernelUidCpuTimeReader: at java.io.FileOutputStream.(FileOutputStream.java:221)
07-24 13:17:38.352 1718 1778 E KernelUidCpuTimeReader: at java.io.FileOutputStream.(FileOutputStream.java:108)
07-24 13:17:38.352 1718 1778 E KernelUidCpuTimeReader: at java.io.FileWriter.(FileWriter.java:63)
07-24 13:17:38.352 1718 1778 E KernelUidCpuTimeReader: at com.android.internal.os.KernelUidCpuTimeReader.removeUid(KernelUidCpuTimeReader.java:158)
07-24 13:17:38.352 1718 1778 E KernelUidCpuTimeReader: at com.android.internal.os.BatteryStatsImpl.removeIsolatedUidLocked(BatteryStatsImpl.java:3143)
07-24 13:17:38.352 1718 1778 E KernelUidCpuTimeReader: at com.android.server.am.BatteryStatsService$BatteryStatsHandler.handleMessage(BatteryStatsService.java:141)
07-24 13:17:38.352 1718 1778 E KernelUidCpuTimeReader: at android.os.Handler.dispatchMessage(Handler.java:102)
07-24 13:17:38.352 1718 1778 E KernelUidCpuTimeReader: at android.os.Looper.loop(Looper.java:154)
07-24 13:17:38.352 1718 1778 E KernelUidCpuTimeReader: at android.os.HandlerThread.run(HandlerThread.java:61)
07-24 13:17:38.352 1718 1778 E KernelUidCpuTimeReader: at com.android.server.ServiceThread.run(ServiceThread.java:46)
07-24 13:17:38.352 1718 8944 D ActivityManager: cleanUpApplicationRecord -- 23018
07-24 13:17:38.352 1718 8944 W ActivityManager: Scheduling restart of crashed service com.android.chrome/org.chromium.content.app.PrivilegedProcessService0 in 10988ms
07-24 13:17:38.360 1718 2795 D ActivityManager: cleanUpApplicationRecord -- 22990
07-24 13:17:38.360 1718 2795 W ActivityManager: Scheduling restart of crashed service com.android.chrome/org.chromium.content.app.SandboxedProcessService0 in 20980ms
07-24 13:17:38.362 1718 1778 E KernelUidCpuTimeReader: Failed to read uid_cputime: /proc/uid_cputime/show_uid_stat (No such file or directory)
07-24 13:17:38.370 1718 1778 E KernelUidCpuTimeReader: failed to remove uid from uid_cputime module
07-24 13:17:38.370 1718 1778 E KernelUidCpuTimeReader: java.io.FileNotFoundException: /proc/uid_cputime/remove_uid_range (No such file or directory)
07-24 13:17:38.370 1718 1778 E KernelUidCpuTimeReader: at java.io.FileOutputStream.open(Native Method)
07-24 13:17:38.370 1718 1778 E KernelUidCpuTimeReader: at java.io.FileOutputStream.(FileOutputStream.java:221)
07-24 13:17:38.370 1718 1778 E KernelUidCpuTimeReader: at java.io.FileOutputStream.(FileOutputStream.java:108)
07-24 13:17:38.370 1718 1778 E KernelUidCpuTimeReader: at java.io.FileWriter.(FileWriter.java:63)
07-24 13:17:38.370 1718 1778 E KernelUidCpuTimeReader: at com.android.internal.os.KernelUidCpuTimeReader.removeUid(KernelUidCpuTimeReader.java:158)
07-24 13:17:38.370 1718 1778 E KernelUidCpuTimeReader: at com.android.internal.os.BatteryStatsImpl.removeIsolatedUidLocked(BatteryStatsImpl.java:3143)
07-24 13:17:38.370 1718 1778 E KernelUidCpuTimeReader: at com.android.server.am.BatteryStatsService$BatteryStatsHandler.handleMessage(BatteryStatsService.java:141)
07-24 13:17:38.370 1718 1778 E KernelUidCpuTimeReader: at android.os.Handler.dispatchMessage(Handler.java:102)
07-24 13:17:38.370 1718 1778 E KernelUidCpuTimeReader: at android.os.Looper.loop(Looper.java:154)
07-24 13:17:38.370 1718 1778 E KernelUidCpuTimeReader: at android.os.HandlerThread.run(HandlerThread.java:61)
07-24 13:17:38.370 1718 1778 E KernelUidCpuTimeReader: at com.android.server.ServiceThread.run(ServiceThread.java:46)
07-24 13:17:38.389 1718 1890 D ConnectivityService: ConnectivityService NetworkRequestInfo binderDied(NetworkRequest [ LISTEN id=42, [ Capabilities: INTERNET&NOT_RESTRICTED&TRUSTED&FOREGROUND] ], android.os.BinderProxy@eea08bb)
07-24 13:17:38.389 1718 13283 I WindowManager: WIN DEATH: Window{5f81a70 u0 com.android.chrome/com.google.android.apps.chrome.Main}
07-24 13:17:38.390 1718 13283 W WindowManager: Force-removing child win Window{af165f2 u0 SurfaceView - com.android.chrome/com.google.android.apps.chrome.Main} from container Window{5f81a70 u0 com.android.chrome/com.google.android.apps.chrome.Main}
07-24 13:17:38.390 1718 8944 D ActivityManager: cleanUpApplicationRecord -- 13985
07-24 13:17:38.390 1718 2928 D ConnectivityService: ConnectivityService NetworkRequestInfo binderDied(NetworkRequest [ LISTEN id=43, [ Capabilities: INTERNET&NOT_RESTRICTED&TRUSTED&FOREGROUND] ], android.os.BinderProxy@3f0e1d8)
07-24 13:17:38.391 1718 2010 E ConnectivityService: RemoteException caught trying to send a callback msg for NetworkRequest [ LISTEN id=42, [ Capabilities: INTERNET&NOT_RESTRICTED&TRUSTED&FOREGROUND] ]
07-24 13:17:38.392 1718 2010 E ConnectivityService: RemoteException caught trying to send a callback msg for NetworkRequest [ LISTEN id=43, [ Capabilities: INTERNET&NOT_RESTRICTED&TRUSTED&FOREGROUND] ]
07-24 13:17:38.397 1718 2748 W WindowManager: Failed looking up window
07-24 13:17:38.397 1718 2748 W WindowManager: java.lang.IllegalArgumentException: Requested window android.os.BinderProxy@3d0c788 does not exist
07-24 13:17:38.397 1718 2748 W WindowManager: at com.android.server.wm.WindowManagerService.windowForClientLocked(WindowManagerService.java:9564)
07-24 13:17:38.397 1718 2748 W WindowManager: at com.android.server.wm.WindowManagerService.windowForClientLocked(WindowManagerService.java:9555)
07-24 13:17:38.397 1718 2748 W WindowManager: at com.android.server.wm.WindowState$DeathRecipient.binderDied(WindowState.java:1815)
07-24 13:17:38.397 1718 2748 W WindowManager: at android.os.BinderProxy.sendDeathNotice(Binder.java:688)
07-24 13:17:38.397 1718 2748 I WindowManager: WIN DEATH: null
07-24 13:17:39.368 1718 1772 I ActivityManager: Start proc 23244:com.android.chrome/u0a76 for broadcast com.android.chrome/com.google.ipc.invalidation.external.client.contrib.AndroidListener$AlarmReceiver
