07-24 13:23:21.592 26679 26699 V nfd.InternalForwarderTransport: [id=1,local=internal://,remote=internal://] doSend
07-24 13:23:21.592 26679 26699 D nfd.BestRouteStrategy2: /localhost/nfd/status/general?ndn.ChildSelector=1&ndn.MustBeFresh=1&ndn.InterestLifetime=2000&ndn.Nonce=4118341260 from=263 newPitEntry-to=1
07-24 13:23:21.596 26679 26699 V nfd.InternalForwarderTransport: [id=1,local=internal://,remote=internal://] receiveFromLink
07-24 13:23:21.596 26679 26699 V nfd.LinkService: [id=1,local=internal://,remote=internal://] receiveData
07-24 13:23:21.596 26679 26699 D nfd.Forwarder: onIncomingData face=1 data=/localhost/nfd/status/general/%FD%00%00%01d%CDQ%19x/%00%00
07-24 13:23:21.596 26679 26699 V nfd.NameTreeHashtable: not-found /localhost/nfd/status/general/%FD%00%00%01d%CDQ%19x/%00%00 hash=15448211266079911002 bucket=90
07-24 13:23:21.596 26679 26699 V nfd.NameTreeHashtable: not-found /localhost/nfd/status/general/%FD%00%00%01d%CDQ%19x hash=16452948720816593404 bucket=508
07-24 13:23:21.596 26679 26699 V nfd.NameTreeHashtable: found /localhost/nfd/status/general hash=15786105481587299406 bucket=78
07-24 13:23:21.596 26679 26699 V nfd.NameTreeIterator: initialized entry=/localhost/nfd/status/general ref=/localhost/nfd/status/general state=0
07-24 13:23:21.596 26679 26699 V nfd.NameTreeIterator: advanced end
07-24 13:23:21.597 26679 26699 D nfd.ContentStore: insert /localhost/nfd/status/general/%FD%00%00%01d%CDQ%19x/%00%00
07-24 13:23:21.597 26679 26699 D nfd.Forwarder: onIncomingData matching=/localhost/nfd/status/general
07-24 13:23:21.597 26679 26699 D nfd.Strategy: afterReceiveData pitEntry=/localhost/nfd/status/general inFace=1 data=/localhost/nfd/status/general/%FD%00%00%01d%CDQ%19x/%00%00
07-24 13:23:21.597 26679 26699 D nfd.Strategy: beforeSatisfyInterest pitEntry=/localhost/nfd/status/general inFace=1 data=/localhost/nfd/status/general/%FD%00%00%01d%CDQ%19x/%00%00
07-24 13:23:21.597 26679 26699 D nfd.Forwarder: onOutgoingData face=263 data=/localhost/nfd/status/general/%FD%00%00%01d%CDQ%19x/%00%00
07-24 13:23:21.597 26679 26699 V nfd.LinkService: [id=263,local=tcp4://127.0.0.1:6363,remote=tcp4://127.0.0.1:43990] sendData
07-24 13:23:21.597 26679 26699 W nfd.TcpTransport: [id=263,local=tcp4://127.0.0.1:6363,remote=tcp4://127.0.0.1:43990] Failed to obtain send queue length from socket: Permission denied
07-24 13:23:21.597 26679 26699 V nfd.TcpTransport: [id=263,local=tcp4://127.0.0.1:6363,remote=tcp4://127.0.0.1:43990] doSend
07-24 13:23:21.598 26679 26699 V nfd.TcpTransport: [id=263,local=tcp4://127.0.0.1:6363,remote=tcp4://127.0.0.1:43990] Successfully sent: 177 bytes
07-24 13:23:21.598 26679 26699 D nfd.Forwarder: onInterestFinalize interest=/localhost/nfd/status/general satisfied
07-24 13:23:21.598 26679 26699 V nfd.NameTreeHashtable: erase /localhost/nfd/status/general hash=15786105481587299406 bucket=78
07-24 13:23:21.598 26679 26699 V nfd.NameTreeHashtable: erase /localhost/nfd/status hash=9656543652499869234 bucket=562
07-24 13:23:21.634 26679 26699 V nfd.TcpTransport: [id=263,local=tcp4://127.0.0.1:6363,remote=tcp4://127.0.0.1:43990] processErrorCode
07-24 13:23:21.635 26679 26699 I nfd.Transport: [id=263,local=tcp4://127.0.0.1:6363,remote=tcp4://127.0.0.1:43990] setState UP -> CLOSING
07-24 13:23:21.635 26679 26699 V nfd.TcpTransport: [id=263,local=tcp4://127.0.0.1:6363,remote=tcp4://127.0.0.1:43990] doClose
07-24 13:23:21.635 26679 26699 V nfd.TcpTransport: [id=263,local=tcp4://127.0.0.1:6363,remote=tcp4://127.0.0.1:43990] deferredClose
07-24 13:23:21.635 26679 26699 I nfd.Transport: [id=263,local=tcp4://127.0.0.1:6363,remote=tcp4://127.0.0.1:43990] setState CLOSING -> CLOSED
07-24 13:23:21.636 26679 26699 V nfd.NameTreeIterator: initialized entry=/ ref=null state=0
07-24 13:23:21.636 26679 26699 V nfd.NameTreeIterator: advanced entry=/localhost/nfd/rib ref=null state=0
07-24 13:23:21.636 26679 26699 V nfd.NameTreeIterator: advanced entry=/ndn ref=null state=0
07-24 13:23:21.636 26679 26699 V nfd.NameTreeIterator: advanced entry=/localhost/nfd/faces/events ref=null state=0
07-24 13:23:21.636 26679 26699 V nfd.NameTreeIterator: advanced entry=/localhost ref=null state=0
07-24 13:23:21.636 26679 26699 V nfd.NameTreeIterator: advanced entry=/ndn/multicast ref=null state=0
07-24 13:23:21.636 26679 26699 V nfd.NameTreeIterator: advanced entry=/ndn/broadcast ref=null state=0
07-24 13:23:21.636 26679 26699 V nfd.NameTreeIterator: advanced entry=/localhost/nfd/faces/events/%FE%0D ref=null state=0
07-24 13:23:21.636 26679 26699 V nfd.NameTreeIterator: advanced entry=/localhost/nfd/faces ref=null state=0
07-24 13:23:21.636 26679 26699 V nfd.NameTreeIterator: advanced entry=/localhost/nfd ref=null state=0
07-24 13:23:21.636 26679 26699 V nfd.NameTreeIterator: advanced end
07-24 13:23:21.636 26679 26699 V nfd.NameTree: not-erase /localhost/nfd/faces/events
07-24 13:23:21.636 26679 26699 V nfd.NameTree: not-erase /localhost/nfd/faces
07-24 13:23:21.636 26679 26699 V nfd.NameTree: not-erase /ndn
07-24 13:23:21.643 26679 26699 I nfd.FaceTable: Removed face id=263 remote=tcp4://127.0.0.1:43990 local=tcp4://127.0.0.1:6363
07-24 13:23:21.644 26679 26699 V nfd.InternalForwarderTransport: [id=1,local=internal://,remote=internal://] receiveFromLink
07-24 13:23:21.644 26679 26699 V nfd.LinkService: [id=1,local=internal://,remote=internal://] receiveData
07-24 13:23:21.644 26679 26699 D nfd.Forwarder: onIncomingData face=1 data=/localhost/nfd/faces/events/%FE%0D
07-24 13:23:21.644 26679 26699 V nfd.NameTreeHashtable: found /localhost/nfd/faces/events/%FE%0D hash=10860890427149925777 bucket=401
07-24 13:23:21.644 26679 26699 V nfd.NameTreeIterator: initialized entry=/localhost/nfd/faces/events/%FE%0D ref=/localhost/nfd/faces/events/%FE%0D state=0
07-24 13:23:21.644 26679 26699 V nfd.NameTreeIterator: advanced end
07-24 13:23:21.644 26679 26699 D nfd.ContentStore: insert /localhost/nfd/faces/events/%FE%0D
07-24 13:23:21.644 26679 26699 D nfd.Forwarder: onIncomingData matching=/localhost/nfd/faces/events/%FE%0D
07-24 13:23:21.645 26679 26699 D nfd.Strategy: afterReceiveData pitEntry=/localhost/nfd/faces/events/%FE%0D inFace=1 data=/localhost/nfd/faces/events/%FE%0D
07-24 13:23:21.645 26679 26699 D nfd.Strategy: beforeSatisfyInterest pitEntry=/localhost/nfd/faces/events/%FE%0D inFace=1 data=/localhost/nfd/faces/events/%FE%0D
07-24 13:23:21.637 26699 26699 W vice.NfdService: type=1400 audit(0.0:328): avc: denied { ioctl } for path="socket:[171196]" dev="sockfs" ino=171196 ioctlcmd=894b scontext=u:r:untrusted_app:s0:c512,c768 tcontext=u:r:untrusted_app:s0:c512,c768 tclass=tcp_socket permissive=0
07-24 13:23:21.645 26679 26699 D nfd.Forwarder: onOutgoingData face=256 data=/localhost/nfd/faces/events/%FE%0D
07-24 13:23:21.645 26679 26699 V nfd.LinkService: [id=256,local=tcp4://127.0.0.1:6363,remote=tcp4://127.0.0.1:43966] sendData
07-24 13:23:21.646 26679 26699 W nfd.TcpTransport: [id=256,local=tcp4://127.0.0.1:6363,remote=tcp4://127.0.0.1:43966] Failed to obtain send queue length from socket: Permission denied
07-24 13:23:21.646 26679 26699 V nfd.TcpTransport: [id=256,local=tcp4://127.0.0.1:6363,remote=tcp4://127.0.0.1:43966] doSend
07-24 13:23:21.646 26679 26699 V nfd.TcpTransport: [id=256,local=tcp4://127.0.0.1:6363,remote=tcp4://127.0.0.1:43966] Successfully sent: 163 bytes
07-24 13:23:21.647 26679 26699 V nfd.RibManager: onNotification: FaceEvent(Kind: destroyed,
07-24 13:23:21.647 26679 26699 V nfd.RibManager: FaceId: 263,
07-24 13:23:21.647 26679 26699 V nfd.RibManager: RemoteUri: tcp4://127.0.0.1:43990,
07-24 13:23:21.647 26679 26699 V nfd.RibManager: LocalUri: tcp4://127.0.0.1:6363,
07-24 13:23:21.647 26679 26699 V nfd.RibManager: FaceScope: local,
07-24 13:23:21.647 26679 26699 V nfd.RibManager: FacePersistency: on-demand,
07-24 13:23:21.647 26679 26699 V nfd.RibManager: LinkType: point-to-point,
07-24 13:23:21.647 26679 26699 V nfd.RibManager: Flags: 0x4
07-24 13:23:21.647 26679 26699 V nfd.RibManager: )
07-24 13:23:21.647 26679 26699 D nfd.RibManager: Received notification for destroyed faceId: 263
07-24 13:23:21.647 26679 26699 D nfd.Forwarder: onInterestFinalize interest=/localhost/nfd/faces/events/%FE%0D satisfied
07-24 13:23:21.647 26679 26699 V nfd.NameTreeHashtable: erase /localhost/nfd/faces/events/%FE%0D hash=10860890427149925777 bucket=401
07-24 13:23:21.647 26679 26699 V nfd.NameTreeHashtable: erase /localhost/nfd/faces/events hash=1233637898983554347 bucket=299
07-24 13:23:21.647 26679 26699 V nfd.NameTreeHashtable: erase /localhost/nfd/faces hash=4081254122302803360 bucket=416
07-24 13:23:21.649 26679 26699 V nfd.TcpChannel: [tcp4://0.0.0.0:6363] Incoming connection from 127.0.0.1:43992
07-24 13:23:21.650 26679 26699 I nfd.TcpTransport: [id=0,local=tcp4://127.0.0.1:6363,remote=tcp4://127.0.0.1:43992] Creating transport
07-24 13:23:21.650 26679 26699 I nfd.FaceTable: Added face id=264 remote=tcp4://127.0.0.1:43992 local=tcp4://127.0.0.1:6363
07-24 13:23:21.657 26679 26699 V nfd.TcpTransport: [id=256,local=tcp4://127.0.0.1:6363,remote=tcp4://127.0.0.1:43966] Received: 49 bytes
07-24 13:23:21.657 26679 26699 V nfd.LinkService: [id=256,local=tcp4://127.0.0.1:6363,remote=tcp4://127.0.0.1:43966] receiveInterest
07-24 13:23:21.657 26679 26699 D nfd.Forwarder: onIncomingInterest face=256 interest=/localhost/nfd/faces/events/%FE%0E
07-24 13:23:21.658 26679 26699 V nfd.NameTree: lookup(/localhost/nfd/faces/events/%FE%0E, 5)
07-24 13:23:21.658 26679 26699 V nfd.NameTreeHashtable: found / hash=0 bucket=0
07-24 13:23:21.658 26679 26699 V nfd.NameTreeHashtable: found /localhost hash=10937169108514740553 bucket=329
07-24 13:23:21.658 26679 26699 V nfd.NameTreeHashtable: found /localhost/nfd hash=3626199823732152002 bucket=706
07-24 13:23:21.658 26679 26699 V nfd.NameTreeHashtable: insert /localhost/nfd/faces hash=4081254122302803360 bucket=416
07-24 13:23:21.658 26679 26699 V nfd.NameTreeHashtable: insert /localhost/nfd/faces/events hash=1233637898983554347 bucket=299
07-24 13:23:21.658 26679 26699 V nfd.NameTreeHashtable: insert /localhost/nfd/faces/events/%FE%0E hash=13152906516984135944 bucket=264
07-24 13:23:21.658 26679 26699 D nfd.ContentStore: find /localhost/nfd/faces/events/%FE%0E L
07-24 13:23:21.658 26679 26699 D nfd.ContentStore: no-match
07-24 13:23:21.658 26679 26699 D nfd.Forwarder: onContentStoreMiss interest=/localhost/nfd/faces/events/%FE%0E
07-24 13:23:21.658 26679 26699 V nfd.Strategy: lookupFib noForwardingHint found=/localhost/nfd
07-24 13:23:21.659 26679 26699 D nfd.Forwarder: onOutgoingInterest face=1 interest=/localhost/nfd/faces/events/%FE%0E
07-24 13:23:21.659 26679 26699 V nfd.LinkService: [id=1,local=internal://,remote=internal://] sendInterest
07-24 13:23:21.659 26679 26699 V nfd.InternalForwarderTransport: [id=1,local=internal://,remote=internal://] doSend
07-24 13:23:21.659 26679 26699 D nfd.BestRouteStrategy2: /localhost/nfd/faces/events/%FE%0E?ndn.InterestLifetime=60000&ndn.Nonce=1987580166 from=256 newPitEntry-to=1
07-24 13:23:21.659 26679 26699 V nfd.TcpTransport: [id=264,local=tcp4://127.0.0.1:6363,remote=tcp4://127.0.0.1:43992] Received: 54 bytes
07-24 13:23:21.660 26679 26699 V nfd.LinkService: [id=264,local=tcp4://127.0.0.1:6363,remote=tcp4://127.0.0.1:43992] receiveInterest
07-24 13:23:21.660 26679 26699 D nfd.Forwarder: onIncomingInterest face=264 interest=/localhost/nfd/status/general
07-24 13:23:21.660 26679 26699 V nfd.NameTree: lookup(/localhost/nfd/status/general, 4)
07-24 13:23:21.660 26679 26699 V nfd.NameTreeHashtable: found / hash=0 bucket=0
07-24 13:23:21.660 26679 26699 V nfd.NameTreeHashtable: found /localhost hash=10937169108514740553 bucket=329
07-24 13:23:21.660 26679 26699 V nfd.NameTreeHashtable: found /localhost/nfd hash=3626199823732152002 bucket=706
07-24 13:23:21.660 26679 26699 V nfd.NameTreeHashtable: insert /localhost/nfd/status hash=9656543652499869234 bucket=562
07-24 13:23:21.660 26679 26699 V nfd.NameTreeHashtable: insert /localhost/nfd/status/general hash=15786105481587299406 bucket=78
07-24 13:23:21.660 26679 26699 D nfd.ContentStore: find /localhost/nfd/status/general R
07-24 13:23:21.660 26679 26699 D nfd.ContentStore: no-match
07-24 13:23:21.660 26679 26699 D nfd.Forwarder: onContentStoreMiss interest=/localhost/nfd/status/general
07-24 13:23:21.661 26679 26699 V nfd.Strategy: lookupFib noForwardingHint found=/localhost/nfd
07-24 13:23:21.661 26679 26699 D nfd.Forwarder: onOutgoingInterest face=1 interest=/localhost/nfd/status/general
07-24 13:23:21.661 26679 26699 V nfd.LinkService: [id=1,local=internal://,remote=internal://] sendInterest
07-24 13:23:21.661 26679 26699 V nfd.InternalForwarderTransport: [id=1,local=internal://,remote=internal://] doSend
07-24 13:23:21.661 26679 26699 D nfd.BestRouteStrategy2: /localhost/nfd/status/general?ndn.ChildSelector=1&ndn.MustBeFresh=1&ndn.InterestLifetime=2000&ndn.Nonce=382179078 from=264 newPitEntry-to=1
07-24 13:23:21.661 26679 26699 V nfd.InternalForwarderTransport: [id=1,local=internal://,remote=internal://] receiveFromLink
07-24 13:23:21.662 26679 26699 V nfd.LinkService: [id=1,local=internal://,remote=internal://] receiveData
07-24 13:23:21.662 26679 26699 D nfd.Forwarder: onIncomingData face=1 data=/localhost/nfd/faces/events/%FE%0E
07-24 13:23:21.657 26699 26699 W vice.NfdService: type=1400 audit(0.0:329): avc: denied { ioctl } for path="socket:[171196]" dev="sockfs" ino=171196 ioctlcmd=894b scontext=u:r:untrusted_app:s0:c512,c768 tcontext=u:r:untrusted_app:s0:c512,c768 tclass=tcp_socket permissive=0
07-24 13:23:21.662 26679 26699 V nfd.NameTreeHashtable: found /localhost/nfd/faces/events/%FE%0E hash=13152906516984135944 bucket=264
07-24 13:23:21.662 26679 26699 V nfd.NameTreeIterator: initialized entry=/localhost/nfd/faces/events/%FE%0E ref=/localhost/nfd/faces/events/%FE%0E state=0
07-24 13:23:21.662 26679 26699 V nfd.NameTreeIterator: advanced end
07-24 13:23:21.662 26679 26699 D nfd.ContentStore: insert /localhost/nfd/faces/events/%FE%0E
07-24 13:23:21.662 26679 26699 D nfd.Forwarder: onIncomingData matching=/localhost/nfd/faces/events/%FE%0E
07-24 13:23:21.662 26679 26699 D nfd.Strategy: afterReceiveData pitEntry=/localhost/nfd/faces/events/%FE%0E inFace=1 data=/localhost/nfd/faces/events/%FE%0E
07-24 13:23:21.662 26679 26699 D nfd.Strategy: beforeSatisfyInterest pitEntry=/localhost/nfd/faces/events/%FE%0E inFace=1 data=/localhost/nfd/faces/events/%FE%0E
07-24 13:23:21.662 26679 26699 D nfd.Forwarder: onOutgoingData face=256 data=/localhost/nfd/faces/events/%FE%0E
07-24 13:23:21.662 26679 26699 V nfd.LinkService: [id=256,local=tcp4://127.0.0.1:6363,remote=tcp4://127.0.0.1:43966] sendData
07-24 13:23:21.663 26679 26699 W nfd.TcpTransport: [id=256,local=tcp4://127.0.0.1:6363,remote=tcp4://127.0.0.1:43966] Failed to obtain send queue length from socket: Permission denied
07-24 13:23:21.663 26679 26699 V nfd.TcpTransport: [id=256,local=tcp4://127.0.0.1:6363,remote=tcp4://127.0.0.1:43966] doSend
07-24 13:23:21.664 26679 26699 V nfd.TcpTransport: [id=256,local=tcp4://127.0.0.1:6363,remote=tcp4://127.0.0.1:43966] Successfully sent: 163 bytes
07-24 13:23:21.664 26679 26699 V nfd.RibManager: onNotification: FaceEvent(Kind: created,
07-24 13:23:21.664 26679 26699 V nfd.RibManager: FaceId: 264,
07-24 13:23:21.664 26679 26699 V nfd.RibManager: RemoteUri: tcp4://127.0.0.1:43992,
07-24 13:23:21.664 26679 26699 V nfd.RibManager: LocalUri: tcp4://127.0.0.1:6363,
07-24 13:23:21.664 26679 26699 V nfd.RibManager: FaceScope: local,
07-24 13:23:21.664 26679 26699 V nfd.RibManager: FacePersistency: on-demand,
07-24 13:23:21.664 26679 26699 V nfd.RibManager: LinkType: point-to-point,
07-24 13:23:21.664 26679 26699 V nfd.RibManager: Flags: 0x4
07-24 13:23:21.664 26679 26699 V nfd.RibManager: )
07-24 13:23:21.665 26679 26699 D nfd.Forwarder: onInterestFinalize interest=/localhost/nfd/faces/events/%FE%0E satisfied
07-24 13:23:21.665 26679 26699 V nfd.NameTreeHashtable: erase /localhost/nfd/faces/events/%FE%0E hash=13152906516984135944 bucket=264
07-24 13:23:21.665 26679 26699 V nfd.NameTreeHashtable: erase /localhost/nfd/faces/events hash=1233637898983554347 bucket=299
07-24 13:23:21.665 26679 26699 V nfd.NameTreeHashtable: erase /localhost/nfd/faces hash=4081254122302803360 bucket=416
07-24 13:23:21.665 26679 26699 V nfd.InternalForwarderTransport: [id=1,local=internal://,remote=internal://] receiveFromLink
07-24 13:23:21.665 26679 26699 V nfd.LinkService: [id=1,local=internal://,remote=internal://] receiveData
07-24 13:23:21.665 26679 26699 D nfd.Forwarder: onIncomingData face=1 data=/localhost/nfd/faces/events/%FE%0E
07-24 13:23:21.665 26679 26699 V nfd.NameTreeHashtable: not-found /localhost/nfd/faces/events/%FE%0E hash=13152906516984135944 bucket=264
07-24 13:23:21.665 26679 26699 V nfd.NameTreeHashtable: not-found /localhost/nfd/faces/events hash=1233637898983554347 bucket=299
07-24 13:23:21.665 26679 26699 V nfd.NameTreeHashtable: not-found /localhost/nfd/faces hash=4081254122302803360 bucket=416
07-24 13:23:21.665 26679 26699 V nfd.NameTreeHashtable: found /localhost/nfd hash=3626199823732152002 bucket=706
07-24 13:23:21.665 26679 26699 V nfd.NameTreeHashtable: found /localhost hash=10937169108514740553 bucket=329
07-24 13:23:21.665 26679 26699 V nfd.NameTreeHashtable: found / hash=0 bucket=0
07-24 13:23:21.665 26679 26699 V nfd.NameTreeIterator: initialized end
07-24 13:23:21.665 26679 26699 D nfd.Forwarder: onDataUnsolicited face=1 data=/localhost/nfd/faces/events/%FE%0E decision=drop
07-24 13:23:21.665 26679 26699 V nfd.InternalForwarderTransport: [id=1,local=internal://,remote=internal://] receiveFromLink
07-24 13:23:21.666 26679 26699 V nfd.LinkService: [id=1,local=internal://,remote=internal://] receiveData
07-24 13:23:21.666 26679 26699 D nfd.Forwarder: onIncomingData face=1 data=/localhost/nfd/status/general/%FD%00%00%01d%CDQ%19x/%00%00
07-24 13:23:21.666 26679 26699 V nfd.NameTreeHashtable: not-found /localhost/nfd/status/general/%FD%00%00%01d%CDQ%19x/%00%00 hash=15448211266079911002 bucket=90
07-24 13:23:21.666 26679 26699 V nfd.NameTreeHashtable: not-found /localhost/nfd/status/general/%FD%00%00%01d%CDQ%19x hash=16452948720816593404 bucket=508
07-24 13:23:21.657 26699 26699 W vice.NfdService: type=1400 audit(0.0:330): avc: denied { ioctl } for path="socket:[171407]" dev="sockfs" ino=171407 ioctlcmd=894b scontext=u:r:untrusted_app:s0:c512,c768 tcontext=u:r:untrusted_app:s0:c512,c768 tclass=tcp_socket permissive=0
07-24 13:23:21.666 26679 26699 V nfd.NameTreeHashtable: found /localhost/nfd/status/general hash=15786105481587299406 bucket=78
07-24 13:23:21.666 26679 26699 V nfd.NameTreeIterator: initialized entry=/localhost/nfd/status/general ref=/localhost/nfd/status/general state=0
07-24 13:23:21.666 26679 26699 V nfd.NameTreeIterator: advanced end
07-24 13:23:21.666 26679 26699 D nfd.ContentStore: insert /localhost/nfd/status/general/%FD%00%00%01d%CDQ%19x/%00%00
07-24 13:23:21.666 26679 26699 D nfd.Forwarder: onIncomingData matching=/localhost/nfd/status/general
07-24 13:23:21.666 26679 26699 D nfd.Strategy: afterReceiveData pitEntry=/localhost/nfd/status/general inFace=1 data=/localhost/nfd/status/general/%FD%00%00%01d%CDQ%19x/%00%00
07-24 13:23:21.666 26679 26699 D nfd.Strategy: beforeSatisfyInterest pitEntry=/localhost/nfd/status/general inFace=1 data=/localhost/nfd/status/general/%FD%00%00%01d%CDQ%19x/%00%00
07-24 13:23:21.666 26679 26699 D nfd.Forwarder: onOutgoingData face=264 data=/localhost/nfd/status/general/%FD%00%00%01d%CDQ%19x/%00%00
07-24 13:23:21.666 26679 26699 V nfd.LinkService: [id=264,local=tcp4://127.0.0.1:6363,remote=tcp4://127.0.0.1:43992] sendData
07-24 13:23:21.666 26679 26699 W nfd.TcpTransport: [id=264,local=tcp4://127.0.0.1:6363,remote=tcp4://127.0.0.1:43992] Failed to obtain send queue length from socket: Permission denied
07-24 13:23:21.667 26679 26699 V nfd.TcpTransport: [id=264,local=tcp4://127.0.0.1:6363,remote=tcp4://127.0.0.1:43992] doSend
07-24 13:23:21.667 26679 26699 V nfd.TcpTransport: [id=264,local=tcp4://127.0.0.1:6363,remote=tcp4://127.0.0.1:43992] Successfully sent: 177 bytes
07-24 13:23:21.668 26679 26699 V nfd.TcpTransport: [id=256,local=tcp4://127.0.0.1:6363,remote=tcp4://127.0.0.1:43966] Received: 49 bytes
07-24 13:23:21.668 26679 26699 V nfd.LinkService: [id=256,local=tcp4://127.0.0.1:6363,remote=tcp4://127.0.0.1:43966] receiveInterest
07-24 13:23:21.668 26679 26699 D nfd.Forwarder: onIncomingInterest face=256 interest=/localhost/nfd/faces/events/%FE%0F
07-24 13:23:21.668 26679 26699 V nfd.NameTree: lookup(/localhost/nfd/faces/events/%FE%0F, 5)
07-24 13:23:21.668 26679 26699 V nfd.NameTreeHashtable: found / hash=0 bucket=0
07-24 13:23:21.668 26679 26699 V nfd.NameTreeHashtable: found /localhost hash=10937169108514740553 bucket=329
07-24 13:23:21.668 26679 26699 V nfd.NameTreeHashtable: found /localhost/nfd hash=3626199823732152002 bucket=706
07-24 13:23:21.668 26679 26699 V nfd.NameTreeHashtable: insert /localhost/nfd/faces hash=4081254122302803360 bucket=416
07-24 13:23:21.668 26679 26699 V nfd.NameTreeHashtable: insert /localhost/nfd/faces/events hash=1233637898983554347 bucket=299
07-24 13:23:21.668 26679 26699 V nfd.NameTreeHashtable: insert /localhost/nfd/faces/events/%FE%0F hash=17173197232452658939 bucket=763
07-24 13:23:21.668 26679 26699 D nfd.ContentStore: find /localhost/nfd/faces/events/%FE%0F L
07-24 13:23:21.668 26679 26699 D nfd.ContentStore: no-match
07-24 13:23:21.669 26679 26699 D nfd.Forwarder: onContentStoreMiss interest=/localhost/nfd/faces/events/%FE%0F
07-24 13:23:21.669 26679 26699 V nfd.Strategy: lookupFib noForwardingHint found=/localhost/nfd
07-24 13:23:21.669 26679 26699 D nfd.Forwarder: onOutgoingInterest face=1 interest=/localhost/nfd/faces/events/%FE%0F
07-24 13:23:21.669 26679 26699 V nfd.LinkService: [id=1,local=internal://,remote=internal://] sendInterest
07-24 13:23:21.669 26679 26699 V nfd.InternalForwarderTransport: [id=1,local=internal://,remote=internal://] doSend
07-24 13:23:21.669 26679 26699 D nfd.BestRouteStrategy2: /localhost/nfd/faces/events/%FE%0F?ndn.InterestLifetime=60000&ndn.Nonce=1772642536 from=256 newPitEntry-to=1
07-24 13:23:21.669 26679 26699 D nfd.Forwarder: onInterestFinalize interest=/localhost/nfd/status/general satisfied
07-24 13:23:21.669 26679 26699 V nfd.NameTreeHashtable: erase /localhost/nfd/status/general hash=15786105481587299406 bucket=78
07-24 13:23:21.669 26679 26699 V nfd.NameTreeHashtable: erase /localhost/nfd/status hash=9656543652499869234 bucket=562
07-24 13:23:21.696 26679 26699 V nfd.TcpTransport: [id=264,local=tcp4://127.0.0.1:6363,remote=tcp4://127.0.0.1:43992] processErrorCode
07-24 13:23:21.696 26679 26699 I nfd.Transport: [id=264,local=tcp4://127.0.0.1:6363,remote=tcp4://127.0.0.1:43992] setState UP -> CLOSING
07-24 13:23:21.696 26679 26699 V nfd.TcpTransport: [id=264,local=tcp4://127.0.0.1:6363,remote=tcp4://127.0.0.1:43992] doClose
07-24 13:23:21.696 26679 26699 V nfd.TcpTransport: [id=264,local=tcp4://127.0.0.1:6363,remote=tcp4://127.0.0.1:43992] deferredClose
07-24 13:23:21.696 26679 26699 I nfd.Transport: [id=264,local=tcp4://127.0.0.1:6363,remote=tcp4://127.0.0.1:43992] setState CLOSING -> CLOSED
07-24 13:23:21.697 26679 26699 V nfd.NameTreeIterator: initialized entry=/ ref=null state=0
07-24 13:23:21.697 26679 26699 V nfd.NameTreeIterator: advanced entry=/localhost/nfd/rib ref=null state=0
07-24 13:23:21.697 26679 26699 V nfd.NameTreeIterator: advanced entry=/ndn ref=null state=0
07-24 13:23:21.697 26679 26699 V nfd.NameTreeIterator: advanced entry=/localhost/nfd/faces/events ref=null state=0
07-24 13:23:21.697 26679 26699 V nfd.NameTreeIterator: advanced entry=/localhost ref=null state=0
07-24 13:23:21.697 26679 26699 V nfd.NameTreeIterator: advanced entry=/ndn/multicast ref=null state=0
07-24 13:23:21.697 26679 26699 V nfd.NameTreeIterator: advanced entry=/ndn/broadcast ref=null state=0
07-24 13:23:21.697 26679 26699 V nfd.NameTreeIterator: advanced entry=/localhost/nfd/faces ref=null state=0
07-24 13:23:21.697 26679 26699 V nfd.NameTreeIterator: advanced entry=/localhost/nfd ref=null state=0
07-24 13:23:21.697 26679 26699 V nfd.NameTreeIterator: advanced entry=/localhost/nfd/faces/events/%FE%0F ref=null state=0
07-24 13:23:21.697 26679 26699 V nfd.NameTreeIterator: advanced end
07-24 13:23:21.697 26679 26699 V nfd.NameTree: not-erase /localhost/nfd/faces/events
07-24 13:23:21.697 26679 26699 V nfd.NameTree: not-erase /localhost/nfd/faces
07-24 13:23:21.697 26679 26699 V nfd.NameTree: not-erase /ndn
07-24 13:23:21.704 26679 26699 I nfd.FaceTable: Removed face id=264 remote=tcp4://127.0.0.1:43992 local=tcp4://127.0.0.1:6363
07-24 13:23:21.705 26679 26699 V nfd.InternalForwarderTransport: [id=1,local=internal://,remote=internal://] receiveFromLink
07-24 13:23:21.706 26679 26699 V nfd.LinkService: [id=1,local=internal://,remote=internal://] receiveData
07-24 13:23:21.706 26679 26699 D nfd.Forwarder: onIncomingData face=1 data=/localhost/nfd/faces/events/%FE%0F
07-24 13:23:21.706 26679 26699 V nfd.NameTreeHashtable: found /localhost/nfd/faces/events/%FE%0F hash=17173197232452658939 bucket=763
07-24 13:23:21.706 26679 26699 V nfd.NameTreeIterator: initialized entry=/localhost/nfd/faces/events/%FE%0F ref=/localhost/nfd/faces/events/%FE%0F state=0
07-24 13:23:21.706 26679 26699 V nfd.NameTreeIterator: advanced end
07-24 13:23:21.706 26679 26699 D nfd.ContentStore: insert /localhost/nfd/faces/events/%FE%0F
07-24 13:23:21.706 26679 26699 D nfd.Forwarder: onIncomingData matching=/localhost/nfd/faces/events/%FE%0F
07-24 13:23:21.706 26679 26699 D nfd.Strategy: afterReceiveData pitEntry=/localhost/nfd/faces/events/%FE%0F inFace=1 data=/localhost/nfd/faces/events/%FE%0F
07-24 13:23:21.706 26679 26699 D nfd.Strategy: beforeSatisfyInterest pitEntry=/localhost/nfd/faces/events/%FE%0F inFace=1 data=/localhost/nfd/faces/events/%FE%0F
07-24 13:23:21.707 26679 26699 D nfd.Forwarder: onOutgoingData face=256 data=/localhost/nfd/faces/events/%FE%0F
07-24 13:23:21.708 26679 26699 V nfd.LinkService: [id=256,local=tcp4://127.0.0.1:6363,remote=tcp4://127.0.0.1:43966] sendData
07-24 13:23:21.709 26679 26699 W nfd.TcpTransport: [id=256,local=tcp4://127.0.0.1:6363,remote=tcp4://127.0.0.1:43966] Failed to obtain send queue length from socket: Permission denied
07-24 13:23:21.709 26679 26699 V nfd.TcpTransport: [id=256,local=tcp4://127.0.0.1:6363,remote=tcp4://127.0.0.1:43966] doSend
07-24 13:23:21.697 26699 26699 W vice.NfdService: type=1400 audit(0.0:331): avc: denied { ioctl } for path="socket:[171196]" dev="sockfs" ino=171196 ioctlcmd=894b scontext=u:r:untrusted_app:s0:c512,c768 tcontext=u:r:untrusted_app:s0:c512,c768 tclass=tcp_socket permissive=0
07-24 13:23:21.710 26679 26699 V nfd.TcpTransport: [id=256,local=tcp4://127.0.0.1:6363,remote=tcp4://127.0.0.1:43966] Successfully sent: 163 bytes
07-24 13:23:21.710 26679 26699 V nfd.RibManager: onNotification: FaceEvent(Kind: destroyed,
07-24 13:23:21.710 26679 26699 V nfd.RibManager: FaceId: 264,
07-24 13:23:21.710 26679 26699 V nfd.RibManager: RemoteUri: tcp4://127.0.0.1:43992,
07-24 13:23:21.710 26679 26699 V nfd.RibManager: LocalUri: tcp4://127.0.0.1:6363,
07-24 13:23:21.710 26679 26699 V nfd.RibManager: FaceScope: local,
07-24 13:23:21.710 26679 26699 V nfd.RibManager: FacePersistency: on-demand,
07-24 13:23:21.710 26679 26699 V nfd.RibManager: LinkType: point-to-point,
07-24 13:23:21.710 26679 26699 V nfd.RibManager: Flags: 0x4
07-24 13:23:21.710 26679 26699 V nfd.RibManager: )
07-24 13:23:21.710 26679 26699 D nfd.RibManager: Received notification for destroyed faceId: 264
07-24 13:23:21.710 26679 26699 D nfd.Forwarder: onInterestFinalize interest=/localhost/nfd/faces/events/%FE%0F satisfied
07-24 13:23:21.710 26679 26699 V nfd.NameTreeHashtable: erase /localhost/nfd/faces/events/%FE%0F hash=17173197232452658939 bucket=763
07-24 13:23:21.711 26679 26699 V nfd.NameTreeHashtable: erase /localhost/nfd/faces/events hash=1233637898983554347 bucket=299
07-24 13:23:21.711 26679 26699 V nfd.NameTreeHashtable: erase /localhost/nfd/faces hash=4081254122302803360 bucket=416
07-24 13:23:21.711 26679 26699 V nfd.TcpTransport: [id=256,local=tcp4://127.0.0.1:6363,remote=tcp4://127.0.0.1:43966] Received: 49 bytes
07-24 13:23:21.712 26679 26699 V nfd.LinkService: [id=256,local=tcp4://127.0.0.1:6363,remote=tcp4://127.0.0.1:43966] receiveInterest
07-24 13:23:21.712 26679 26699 D nfd.Forwarder: onIncomingInterest face=256 interest=/localhost/nfd/faces/events/%FE%10
07-24 13:23:21.712 26679 26699 V nfd.NameTree: lookup(/localhost/nfd/faces/events/%FE%10, 5)
07-24 13:23:21.712 26679 26699 V nfd.NameTreeHashtable: found / hash=0 bucket=0
07-24 13:23:21.712 26679 26699 V nfd.NameTreeHashtable: found /localhost hash=10937169108514740553 bucket=329
07-24 13:23:21.712 26679 26699 V nfd.NameTreeHashtable: found /localhost/nfd hash=3626199823732152002 bucket=706
07-24 13:23:21.712 26679 26699 V nfd.NameTreeHashtable: insert /localhost/nfd/faces hash=4081254122302803360 bucket=416
07-24 13:23:21.712 26679 26699 V nfd.NameTreeHashtable: insert /localhost/nfd/faces/events hash=1233637898983554347 bucket=299
07-24 13:23:21.713 26679 26699 V nfd.NameTreeHashtable: insert /localhost/nfd/faces/events/%FE%10 hash=16800909568297189670 bucket=294
07-24 13:23:21.713 26679 26699 D nfd.ContentStore: find /localhost/nfd/faces/events/%FE%10 L
07-24 13:23:21.713 26679 26699 D nfd.ContentStore: no-match
07-24 13:23:21.713 26679 26699 D nfd.Forwarder: onContentStoreMiss interest=/localhost/nfd/faces/events/%FE%10
07-24 13:23:21.713 26679 26699 V nfd.Strategy: lookupFib noForwardingHint found=/localhost/nfd
07-24 13:23:21.713 26679 26699 D nfd.Forwarder: onOutgoingInterest face=1 interest=/localhost/nfd/faces/events/%FE%10
07-24 13:23:21.713 26679 26699 V nfd.LinkService: [id=1,local=internal://,remote=internal://] sendInterest
07-24 13:23:21.714 26679 26699 V nfd.InternalForwarderTransport: [id=1,local=internal://,remote=internal://] doSend
07-24 13:23:21.714 26679 26699 D nfd.BestRouteStrategy2: /localhost/nfd/faces/events/%FE%10?ndn.InterestLifetime=60000&ndn.Nonce=1024720569 from=256 newPitEntry-to=1
07-24 13:23:21.867 26679 26699 V nfd.DeadNonceList: adjustCapacity DOWN capacity=115
07-24 13:23:21.873 26679 26699 V nfd.DeadNonceList: mark nMarks=10
07-24 13:23:22.565 2338 2338 D wpa_supplicant: wlan0: Control interface command 'SIGNAL_POLL'
07-24 13:23:22.571 2338 2338 D wpa_supplicant: CTRL-DEBUG: global_ctrl_sock-sendto: sock=8 sndbuf=212992 outq=0 send_len=62
07-24 13:23:23.001 26660 26660 D NFDService: onCreateOptionsMenutrue
07-24 13:23:23.074 26679 26699 V nfd.DeadNonceList: mark nMarks=11
07-24 13:23:23.424 13530 13530 I GoogleInputMethod: onFinishInput() : Dummy InputConnection bound
07-24 13:23:23.425 13530 13530 I GoogleInputMethod: onStartInput() : Dummy InputConnection bound
07-24 13:23:23.434 26660 26660 D NFDService: onCreateOptionsMenufalse
07-24 13:23:23.462 711 838 E libnav : CablComputeBacklightLevel(): UpdateType = DifferentSceneUpdate
07-24 13:23:24.275 26679 26699 V nfd.DeadNonceList: mark nMarks=12
07-24 13:23:25.478 26679 26699 V nfd.DeadNonceList: mark nMarks=13
07-24 13:23:25.596 2338 2338 D wpa_supplicant: wlan0: Control interface command 'SIGNAL_POLL'
07-24 13:23:25.611 2338 2338 D wpa_supplicant: CTRL-DEBUG: global_ctrl_sock-sendto: sock=8 sndbuf=212992 outq=0 send_len=62
07-24 13:23:26.663 26679 26699 V nfd.TcpChannel: [tcp4://0.0.0.0:6363] Incoming connection from 127.0.0.1:43994
07-24 13:23:26.664 26679 26699 I nfd.TcpTransport: [id=0,local=tcp4://127.0.0.1:6363,remote=tcp4://127.0.0.1:43994] Creating transport
07-24 13:23:26.665 26679 26699 I nfd.FaceTable: Added face id=265 remote=tcp4://127.0.0.1:43994 local=tcp4://127.0.0.1:6363
07-24 13:23:26.677 26679 26699 V nfd.InternalForwarderTransport: [id=1,local=internal://,remote=internal://] receiveFromLink
07-24 13:23:26.678 26679 26699 V nfd.LinkService: [id=1,local=internal://,remote=internal://] receiveData
07-24 13:23:26.679 26679 26699 D nfd.Forwarder: onIncomingData face=1 data=/localhost/nfd/faces/events/%FE%10
07-24 13:23:26.679 26679 26699 V nfd.NameTreeHashtable: found /localhost/nfd/faces/events/%FE%10 hash=16800909568297189670 bucket=294
07-24 13:23:26.679 26679 26699 V nfd.NameTreeIterator: initialized entry=/localhost/nfd/faces/events/%FE%10 ref=/localhost/nfd/faces/events/%FE%10 state=0
07-24 13:23:26.679 26679 26699 V nfd.NameTreeIterator: advanced end
07-24 13:23:26.679 26679 26699 D nfd.ContentStore: insert /localhost/nfd/faces/events/%FE%10
07-24 13:23:26.679 26679 26699 D nfd.Forwarder: onIncomingData matching=/localhost/nfd/faces/events/%FE%10
07-24 13:23:26.680 26679 26699 D nfd.Strategy: afterReceiveData pitEntry=/localhost/nfd/faces/events/%FE%10 inFace=1 data=/localhost/nfd/faces/events/%FE%10
07-24 13:23:26.680 26679 26699 D nfd.Strategy: beforeSatisfyInterest pitEntry=/localhost/nfd/faces/events/%FE%10 inFace=1 data=/localhost/nfd/faces/events/%FE%10
07-24 13:23:26.667 26699 26699 W vice.NfdService: type=1400 audit(0.0:332): avc: denied { ioctl } for path="socket:[171196]" dev="sockfs" ino=171196 ioctlcmd=894b scontext=u:r:untrusted_app:s0:c512,c768 tcontext=u:r:untrusted_app:s0:c512,c768 tclass=tcp_socket permissive=0
07-24 13:23:26.681 26679 26699 D nfd.Forwarder: onOutgoingData face=256 data=/localhost/nfd/faces/events/%FE%10
07-24 13:23:26.681 26679 26699 V nfd.LinkService: [id=256,local=tcp4://127.0.0.1:6363,remote=tcp4://127.0.0.1:43966] sendData
07-24 13:23:26.682 26679 26699 W nfd.TcpTransport: [id=256,local=tcp4://127.0.0.1:6363,remote=tcp4://127.0.0.1:43966] Failed to obtain send queue length from socket: Permission denied
07-24 13:23:26.682 26679 26699 V nfd.TcpTransport: [id=256,local=tcp4://127.0.0.1:6363,remote=tcp4://127.0.0.1:43966] doSend
07-24 13:23:26.683 26679 26699 V nfd.TcpTransport: [id=256,local=tcp4://127.0.0.1:6363,remote=tcp4://127.0.0.1:43966] Successfully sent: 163 bytes
07-24 13:23:26.683 26679 26699 V nfd.TcpTransport: [id=265,local=tcp4://127.0.0.1:6363,remote=tcp4://127.0.0.1:43994] Received: 54 bytes
07-24 13:23:26.684 26679 26699 V nfd.LinkService: [id=265,local=tcp4://127.0.0.1:6363,remote=tcp4://127.0.0.1:43994] receiveInterest
07-24 13:23:26.684 26679 26699 D nfd.Forwarder: onIncomingInterest face=265 interest=/localhost/nfd/status/general
07-24 13:23:26.684 26679 26699 V nfd.NameTree: lookup(/localhost/nfd/status/general, 4)
07-24 13:23:26.684 26679 26699 V nfd.NameTreeHashtable: found / hash=0 bucket=0
07-24 13:23:26.684 26679 26699 V nfd.NameTreeHashtable: found /localhost hash=10937169108514740553 bucket=329
07-24 13:23:26.684 26679 26699 V nfd.NameTreeHashtable: found /localhost/nfd hash=3626199823732152002 bucket=706
07-24 13:23:26.684 26679 26699 V nfd.NameTreeHashtable: insert /localhost/nfd/status hash=9656543652499869234 bucket=562
07-24 13:23:26.684 26679 26699 V nfd.NameTreeHashtable: insert /localhost/nfd/status/general hash=15786105481587299406 bucket=78
07-24 13:23:26.684 26679 26699 D nfd.ContentStore: find /localhost/nfd/status/general R
07-24 13:23:26.684 26679 26699 D nfd.ContentStore: no-match
07-24 13:23:26.684 26679 26699 D nfd.Forwarder: onContentStoreMiss interest=/localhost/nfd/status/general
07-24 13:23:26.685 26679 26699 V nfd.Strategy: lookupFib noForwardingHint found=/localhost/nfd
07-24 13:23:26.685 26679 26699 D nfd.Forwarder: onOutgoingInterest face=1 interest=/localhost/nfd/status/general
07-24 13:23:26.685 26679 26699 V nfd.LinkService: [id=1,local=internal://,remote=internal://] sendInterest
07-24 13:23:26.685 26679 26699 V nfd.InternalForwarderTransport: [id=1,local=internal://,remote=internal://] doSend
07-24 13:23:26.685 26679 26699 D nfd.BestRouteStrategy2: /localhost/nfd/status/general?ndn.ChildSelector=1&ndn.MustBeFresh=1&ndn.InterestLifetime=2000&ndn.Nonce=575413737 from=265 newPitEntry-to=1
07-24 13:23:26.685 26679 26699 V nfd.RibManager: onNotification: FaceEvent(Kind: created,
07-24 13:23:26.685 26679 26699 V nfd.RibManager: FaceId: 265,
07-24 13:23:26.685 26679 26699 V nfd.RibManager: RemoteUri: tcp4://127.0.0.1:43994,
07-24 13:23:26.685 26679 26699 V nfd.RibManager: LocalUri: tcp4://127.0.0.1:6363,
07-24 13:23:26.685 26679 26699 V nfd.RibManager: FaceScope: local,
07-24 13:23:26.685 26679 26699 V nfd.RibManager: FacePersistency: on-demand,
07-24 13:23:26.685 26679 26699 V nfd.RibManager: LinkType: point-to-point,
07-24 13:23:26.685 26679 26699 V nfd.RibManager: Flags: 0x4
07-24 13:23:26.685 26679 26699 V nfd.RibManager: )
07-24 13:23:26.686 26679 26699 V nfd.DeadNonceList: mark nMarks=14
07-24 13:23:26.686 26679 26699 D nfd.Forwarder: onInterestFinalize interest=/localhost/nfd/faces/events/%FE%10 satisfied
07-24 13:23:26.686 26679 26699 V nfd.NameTreeHashtable: erase /localhost/nfd/faces/events/%FE%10 hash=16800909568297189670 bucket=294
07-24 13:23:26.686 26679 26699 V nfd.NameTreeHashtable: erase /localhost/nfd/faces/events hash=1233637898983554347 bucket=299
07-24 13:23:26.686 26679 26699 V nfd.NameTreeHashtable: erase /localhost/nfd/faces hash=4081254122302803360 bucket=416
07-24 13:23:26.691 26679 26699 V nfd.TcpTransport: [id=256,local=tcp4://127.0.0.1:6363,remote=tcp4://127.0.0.1:43966] Received: 49 bytes
07-24 13:23:26.691 26679 26699 V nfd.LinkService: [id=256,local=tcp4://127.0.0.1:6363,remote=tcp4://127.0.0.1:43966] receiveInterest
07-24 13:23:26.691 26679 26699 D nfd.Forwarder: onIncomingInterest face=256 interest=/localhost/nfd/faces/events/%FE%11
07-24 13:23:26.692 26679 26699 V nfd.NameTree: lookup(/localhost/nfd/faces/events/%FE%11, 5)
07-24 13:23:26.692 26679 26699 V nfd.NameTreeHashtable: found / hash=0 bucket=0
07-24 13:23:26.692 26679 26699 V nfd.NameTreeHashtable: found /localhost hash=10937169108514740553 bucket=329
07-24 13:23:26.692 26679 26699 V nfd.NameTreeHashtable: found /localhost/nfd hash=3626199823732152002 bucket=706
07-24 13:23:26.692 26679 26699 V nfd.NameTreeHashtable: insert /localhost/nfd/faces hash=4081254122302803360 bucket=416
07-24 13:23:26.692 26679 26699 V nfd.NameTreeHashtable: insert /localhost/nfd/faces/events hash=1233637898983554347 bucket=299
07-24 13:23:26.692 26679 26699 V nfd.NameTreeHashtable: insert /localhost/nfd/faces/events/%FE%11 hash=18348493790740343142 bucket=358
07-24 13:23:26.692 26679 26699 D nfd.ContentStore: find /localhost/nfd/faces/events/%FE%11 L
07-24 13:23:26.692 26679 26699 D nfd.ContentStore: no-match
07-24 13:23:26.692 26679 26699 D nfd.Forwarder: onContentStoreMiss interest=/localhost/nfd/faces/events/%FE%11
07-24 13:23:26.692 26679 26699 V nfd.Strategy: lookupFib noForwardingHint found=/localhost/nfd
07-24 13:23:26.692 26679 26699 D nfd.Forwarder: onOutgoingInterest face=1 interest=/localhost/nfd/faces/events/%FE%11
07-24 13:23:26.692 26679 26699 V nfd.LinkService: [id=1,local=internal://,remote=internal://] sendInterest
07-24 13:23:26.693 26679 26699 V nfd.InternalForwarderTransport: [id=1,local=internal://,remote=internal://] doSend
07-24 13:23:26.693 26679 26699 D nfd.BestRouteStrategy2: /localhost/nfd/faces/events/%FE%11?ndn.InterestLifetime=60000&ndn.Nonce=3634561480 from=256 newPitEntry-to=1
07-24 13:23:26.693 26679 26699 V nfd.InternalForwarderTransport: [id=1,local=internal://,remote=internal://] receiveFromLink
07-24 13:23:26.693 26679 26699 V nfd.LinkService: [id=1,local=internal://,remote=internal://] receiveData
07-24 13:23:26.693 26679 26699 D nfd.Forwarder: onIncomingData face=1 data=/localhost/nfd/status/general/%FD%00%00%01d%CDQ-%5E/%00%00
07-24 13:23:26.693 26679 26699 V nfd.NameTreeHashtable: not-found /localhost/nfd/status/general/%FD%00%00%01d%CDQ-%5E/%00%00 hash=16552800382316337477 bucket=325
07-24 13:23:26.693 26679 26699 V nfd.NameTreeHashtable: not-found /localhost/nfd/status/general/%FD%00%00%01d%CDQ-%5E hash=15528644351859535075 bucket=227
07-24 13:23:26.694 26679 26699 V nfd.NameTreeHashtable: found /localhost/nfd/status/general hash=15786105481587299406 bucket=78
07-24 13:23:26.694 26679 26699 V nfd.NameTreeIterator: initialized entry=/localhost/nfd/status/general ref=/localhost/nfd/status/general state=0
07-24 13:23:26.694 26679 26699 V nfd.NameTreeIterator: advanced end
07-24 13:23:26.694 26679 26699 D nfd.ContentStore: insert /localhost/nfd/status/general/%FD%00%00%01d%CDQ-%5E/%00%00
07-24 13:23:26.694 26679 26699 D nfd.Forwarder: onIncomingData matching=/localhost/nfd/status/general
07-24 13:23:26.694 26679 26699 D nfd.Strategy: afterReceiveData pitEntry=/localhost/nfd/status/general inFace=1 data=/localhost/nfd/status/general/%FD%00%00%01d%CDQ-%5E/%00%00
07-24 13:23:26.694 26679 26699 D nfd.Strategy: beforeSatisfyInterest pitEntry=/localhost/nfd/status/general inFace=1 data=/localhost/nfd/status/general/%FD%00%00%01d%CDQ-%5E/%00%00
07-24 13:23:26.694 26679 26699 D nfd.Forwarder: onOutgoingData face=265 data=/localhost/nfd/status/general/%FD%00%00%01d%CDQ-%5E/%00%00
07-24 13:23:26.694 26679 26699 V nfd.LinkService: [id=265,local=tcp4://127.0.0.1:6363,remote=tcp4://127.0.0.1:43994] sendData
07-24 13:23:26.694 26679 26699 W nfd.TcpTransport: [id=265,local=tcp4://127.0.0.1:6363,remote=tcp4://127.0.0.1:43994] Failed to obtain send queue length from socket: Permission denied
07-24 13:23:26.694 26679 26699 V nfd.TcpTransport: [id=265,local=tcp4://127.0.0.1:6363,remote=tcp4://127.0.0.1:43994] doSend
07-24 13:23:26.687 26699 26699 W vice.NfdService: type=1400 audit(0.0:333): avc: denied { ioctl } for path="socket:[172187]" dev="sockfs" ino=172187 ioctlcmd=894b scontext=u:r:untrusted_app:s0:c512,c768 tcontext=u:r:untrusted_app:s0:c512,c768 tclass=tcp_socket permissive=0
07-24 13:23:26.695 26679 26699 V nfd.TcpTransport: [id=265,local=tcp4://127.0.0.1:6363,remote=tcp4://127.0.0.1:43994] Successfully sent: 177 bytes
07-24 13:23:26.696 26679 26699 D nfd.Forwarder: onInterestFinalize interest=/localhost/nfd/status/general satisfied
07-24 13:23:26.696 26679 26699 V nfd.NameTreeHashtable: erase /localhost/nfd/status/general hash=15786105481587299406 bucket=78
07-24 13:23:26.696 26679 26699 V nfd.NameTreeHashtable: erase /localhost/nfd/status hash=9656543652499869234 bucket=562
07-24 13:23:26.722 26679 26699 V nfd.TcpTransport: [id=265,local=tcp4://127.0.0.1:6363,remote=tcp4://127.0.0.1:43994] processErrorCode
07-24 13:23:26.722 26679 26699 I nfd.Transport: [id=265,local=tcp4://127.0.0.1:6363,remote=tcp4://127.0.0.1:43994] setState UP -> CLOSING
07-24 13:23:26.722 26679 26699 V nfd.TcpTransport: [id=265,local=tcp4://127.0.0.1:6363,remote=tcp4://127.0.0.1:43994] doClose
07-24 13:23:26.723 26679 26699 V nfd.TcpTransport: [id=265,local=tcp4://127.0.0.1:6363,remote=tcp4://127.0.0.1:43994] deferredClose
07-24 13:23:26.723 26679 26699 I nfd.Transport: [id=265,local=tcp4://127.0.0.1:6363,remote=tcp4://127.0.0.1:43994] setState CLOSING -> CLOSED
07-24 13:23:26.723 26679 26699 V nfd.NameTreeIterator: initialized entry=/ ref=null state=0
07-24 13:23:26.723 26679 26699 V nfd.NameTreeIterator: advanced entry=/localhost/nfd/rib ref=null state=0
07-24 13:23:26.723 26679 26699 V nfd.NameTreeIterator: advanced entry=/ndn ref=null state=0
07-24 13:23:26.724 26679 26699 V nfd.NameTreeIterator: advanced entry=/localhost/nfd/faces/events ref=null state=0
07-24 13:23:26.724 26679 26699 V nfd.NameTreeIterator: advanced entry=/localhost ref=null state=0
07-24 13:23:26.724 26679 26699 V nfd.NameTreeIterator: advanced entry=/localhost/nfd/faces/events/%FE%11 ref=null state=0
07-24 13:23:26.724 26679 26699 V nfd.NameTreeIterator: advanced entry=/ndn/multicast ref=null state=0
07-24 13:23:26.724 26679 26699 V nfd.NameTreeIterator: advanced entry=/ndn/broadcast ref=null state=0
07-24 13:23:26.724 26679 26699 V nfd.NameTreeIterator: advanced entry=/localhost/nfd/faces ref=null state=0
07-24 13:23:26.724 26679 26699 V nfd.NameTreeIterator: advanced entry=/localhost/nfd ref=null state=0
07-24 13:23:26.724 26679 26699 V nfd.NameTreeIterator: advanced end
07-24 13:23:26.724 26679 26699 V nfd.NameTree: not-erase /localhost/nfd/faces/events
07-24 13:23:26.724 26679 26699 V nfd.NameTree: not-erase /localhost/nfd/faces
07-24 13:23:26.724 26679 26699 V nfd.NameTree: not-erase /ndn
07-24 13:23:26.730 26679 26699 I nfd.FaceTable: Removed face id=265 remote=tcp4://127.0.0.1:43994 local=tcp4://127.0.0.1:6363
07-24 13:23:26.732 26679 26699 V nfd.TcpChannel: [tcp4://0.0.0.0:6363] Incoming connection from 127.0.0.1:43996
07-24 13:23:26.733 26679 26699 I nfd.TcpTransport: [id=0,local=tcp4://127.0.0.1:6363,remote=tcp4://127.0.0.1:43996] Creating transport
07-24 13:23:26.733 26679 26699 I nfd.FaceTable: Added face id=266 remote=tcp4://127.0.0.1:43996 local=tcp4://127.0.0.1:6363
07-24 13:23:26.740 26679 26699 V nfd.InternalForwarderTransport: [id=1,local=internal://,remote=internal://] receiveFromLink
07-24 13:23:26.741 26679 26699 V nfd.LinkService: [id=1,local=internal://,remote=internal://] receiveData
07-24 13:23:26.741 26679 26699 D nfd.Forwarder: onIncomingData face=1 data=/localhost/nfd/faces/events/%FE%11
07-24 13:23:26.741 26679 26699 V nfd.NameTreeHashtable: found /localhost/nfd/faces/events/%FE%11 hash=18348493790740343142 bucket=358
07-24 13:23:26.741 26679 26699 V nfd.NameTreeIterator: initialized entry=/localhost/nfd/faces/events/%FE%11 ref=/localhost/nfd/faces/events/%FE%11 state=0
07-24 13:23:26.741 26679 26699 V nfd.NameTreeIterator: advanced end
07-24 13:23:26.741 26679 26699 D nfd.ContentStore: insert /localhost/nfd/faces/events/%FE%11
07-24 13:23:26.741 26679 26699 D nfd.Forwarder: onIncomingData matching=/localhost/nfd/faces/events/%FE%11
07-24 13:23:26.742 26679 26699 D nfd.Strategy: afterReceiveData pitEntry=/localhost/nfd/faces/events/%FE%11 inFace=1 data=/localhost/nfd/faces/events/%FE%11
07-24 13:23:26.742 26679 26699 D nfd.Strategy: beforeSatisfyInterest pitEntry=/localhost/nfd/faces/events/%FE%11 inFace=1 data=/localhost/nfd/faces/events/%FE%11
07-24 13:23:26.742 26679 26699 D nfd.Forwarder: onOutgoingData face=256 data=/localhost/nfd/faces/events/%FE%11
07-24 13:23:26.742 26679 26699 V nfd.LinkService: [id=256,local=tcp4://127.0.0.1:6363,remote=tcp4://127.0.0.1:43966] sendData
07-24 13:23:26.743 26679 26699 W nfd.TcpTransport: [id=256,local=tcp4://127.0.0.1:6363,remote=tcp4://127.0.0.1:43966] Failed to obtain send queue length from socket: Permission denied
07-24 13:23:26.743 26679 26699 V nfd.TcpTransport: [id=256,local=tcp4://127.0.0.1:6363,remote=tcp4://127.0.0.1:43966] doSend
07-24 13:23:26.744 26679 26699 V nfd.TcpTransport: [id=266,local=tcp4://127.0.0.1:6363,remote=tcp4://127.0.0.1:43996] Received: 54 bytes
07-24 13:23:26.744 26679 26699 V nfd.LinkService: [id=266,local=tcp4://127.0.0.1:6363,remote=tcp4://127.0.0.1:43996] receiveInterest
07-24 13:23:26.744 26679 26699 D nfd.Forwarder: onIncomingInterest face=266 interest=/localhost/nfd/status/general
07-24 13:23:26.744 26679 26699 V nfd.NameTree: lookup(/localhost/nfd/status/general, 4)
07-24 13:23:26.744 26679 26699 V nfd.NameTreeHashtable: found / hash=0 bucket=0
07-24 13:23:26.744 26679 26699 V nfd.NameTreeHashtable: found /localhost hash=10937169108514740553 bucket=329
07-24 13:23:26.744 26679 26699 V nfd.NameTreeHashtable: found /localhost/nfd hash=3626199823732152002 bucket=706
07-24 13:23:26.744 26679 26699 V nfd.NameTreeHashtable: insert /localhost/nfd/status hash=9656543652499869234 bucket=562
07-24 13:23:26.744 26679 26699 V nfd.NameTreeHashtable: insert /localhost/nfd/status/general hash=15786105481587299406 bucket=78
07-24 13:23:26.744 26679 26699 D nfd.ContentStore: find /localhost/nfd/status/general R
07-24 13:23:26.744 26679 26699 D nfd.ContentStore: no-match
07-24 13:23:26.744 26679 26699 D nfd.Forwarder: onContentStoreMiss interest=/localhost/nfd/status/general
07-24 13:23:26.745 26679 26699 V nfd.Strategy: lookupFib noForwardingHint found=/localhost/nfd
07-24 13:23:26.745 26679 26699 D nfd.Forwarder: onOutgoingInterest face=1 interest=/localhost/nfd/status/general
07-24 13:23:26.745 26679 26699 V nfd.LinkService: [id=1,local=internal://,remote=internal://] sendInterest
07-24 13:23:26.745 26679 26699 V nfd.InternalForwarderTransport: [id=1,local=internal://,remote=internal://] doSend
07-24 13:23:26.745 26679 26699 D nfd.BestRouteStrategy2: /localhost/nfd/status/general?ndn.ChildSelector=1&ndn.MustBeFresh=1&ndn.InterestLifetime=2000&ndn.Nonce=2927165000 from=266 newPitEntry-to=1
07-24 13:23:26.746 26679 26699 V nfd.TcpTransport: [id=256,local=tcp4://127.0.0.1:6363,remote=tcp4://127.0.0.1:43966] Successfully sent: 163 bytes
07-24 13:23:26.746 26679 26699 V nfd.InternalForwarderTransport: [id=1,local=internal://,remote=internal://] receiveFromLink
07-24 13:23:26.747 26679 26699 V nfd.LinkService: [id=1,local=internal://,remote=internal://] receiveData
07-24 13:23:26.747 26679 26699 D nfd.Forwarder: onIncomingData face=1 data=/localhost/nfd/faces/events/%FE%12
07-24 13:23:26.747 26679 26699 V nfd.NameTreeHashtable: not-found /localhost/nfd/faces/events/%FE%12 hash=8356347949250112511 bucket=1023
07-24 13:23:26.747 26679 26699 V nfd.NameTreeHashtable: found /localhost/nfd/faces/events hash=1233637898983554347 bucket=299
07-24 13:23:26.747 26679 26699 V nfd.NameTreeHashtable: found /localhost/nfd/faces hash=4081254122302803360 bucket=416
07-24 13:23:26.747 26679 26699 V nfd.NameTreeHashtable: found /localhost/nfd hash=3626199823732152002 bucket=706
07-24 13:23:26.747 26679 26699 V nfd.NameTreeHashtable: found /localhost hash=10937169108514740553 bucket=329
07-24 13:23:26.747 26679 26699 V nfd.NameTreeHashtable: found / hash=0 bucket=0
07-24 13:23:26.747 26679 26699 V nfd.NameTreeIterator: initialized end
07-24 13:23:26.747 26679 26699 D nfd.Forwarder: onDataUnsolicited face=1 data=/localhost/nfd/faces/events/%FE%12 decision=drop
07-24 13:23:26.748 26679 26699 V nfd.RibManager: onNotification: FaceEvent(Kind: destroyed,
07-24 13:23:26.748 26679 26699 V nfd.RibManager: FaceId: 265,
07-24 13:23:26.748 26679 26699 V nfd.RibManager: RemoteUri: tcp4://127.0.0.1:43994,
07-24 13:23:26.748 26679 26699 V nfd.RibManager: LocalUri: tcp4://127.0.0.1:6363,
07-24 13:23:26.748 26679 26699 V nfd.RibManager: FaceScope: local,
07-24 13:23:26.748 26679 26699 V nfd.RibManager: FacePersistency: on-demand,
07-24 13:23:26.748 26679 26699 V nfd.RibManager: LinkType: point-to-point,
