07-24 13:22:49.503 2338 2338 D wpa_supplicant: nl80211: Drv Event 103 (NL80211_CMD_VENDOR) received for wlan0
07-24 13:22:49.503 2338 2338 D wpa_supplicant: nl80211: Vendor event: wiphy=0 vendor_id=0x1374 subcmd=106
07-24 13:22:49.503 2338 2338 D wpa_supplicant: nl80211: Vendor data - hexdump(len=12): 0c 00 07 00 00 24 2b c2 ce ff ff ff
07-24 13:22:49.504 1718 2334 I WifiHAL : event received NL80211_CMD_VENDOR, vendor_id = 0x1374, subcmd = 0x6a
07-24 13:22:49.511 1718 1987 D WindowManager: passKeyEventSOSApp title = com.android.systemui/com.android.systemui.recents.RecentsActivity
07-24 13:22:49.515 1718 1772 D CompatibilityInfo: mCompatibilityFlags - 0
07-24 13:22:49.515 1718 1772 D CompatibilityInfo: applicationDensity - 480
07-24 13:22:49.515 1718 1772 D CompatibilityInfo: applicationScale - 1.0
07-24 13:22:49.521 2338 2338 D wpa_supplicant: wlan0: Event SCAN_STARTED (47) received
07-24 13:22:49.521 2338 2338 D wpa_supplicant: wlan0: Own scan request started a scan in 0.017547 seconds
07-24 13:22:49.521 2338 2338 D wpa_supplicant: CTRL-DEBUG: ctrl_sock-sendmsg: sock=8 sndbuf=212992 outq=0 send_len=24
07-24 13:22:49.521 2338 2338 D wpa_supplicant: CTRL_IFACE monitor sent successfully to /data/misc/wifi/sockets/wpa_ctrl_882-14\x00
07-24 13:22:49.521 2338 2338 D wpa_supplicant: CTRL-DEBUG: ctrl_sock-sendmsg: sock=8 sndbuf=212992 outq=768 send_len=24
07-24 13:22:49.521 2338 2338 D wpa_supplicant: CTRL_IFACE monitor sent successfully to /data/misc/wifi/sockets/wpa_ctrl_1718-2\x00
07-24 13:22:49.531 1718 2284 D CompatibilityInfo: mCompatibilityFlags - 0
07-24 13:22:49.531 1718 2284 D CompatibilityInfo: applicationDensity - 480
07-24 13:22:49.531 1718 2284 D CompatibilityInfo: applicationScale - 1.0
07-24 13:22:49.542 1718 1718 D CompatibilityInfo: mCompatibilityFlags - 0
07-24 13:22:49.542 1718 1718 D CompatibilityInfo: applicationDensity - 480
07-24 13:22:49.542 1718 1718 D CompatibilityInfo: applicationScale - 1.0
07-24 13:22:49.546 1718 1987 D WindowManager: passKeyEventSOSApp title = com.android.systemui/com.android.systemui.recents.RecentsActivity
07-24 13:22:49.548 1718 1987 I WindowManager: Intent SON_GREEN_KEY_UP
07-24 13:22:49.548 1718 1987 D WindowManager: postDelayed the runnable
07-24 13:22:49.556 14405 26334 I MS_RegisterService: Tachyon host: instantmessaging-pa.googleapis.com, Tachyon port: 443
07-24 13:22:49.563 1718 2284 D CompatibilityInfo: mCompatibilityFlags - 0
07-24 13:22:49.563 1718 2284 D CompatibilityInfo: applicationDensity - 480
07-24 13:22:49.563 1718 2284 D CompatibilityInfo: applicationScale - 1.0
07-24 13:22:49.574 1718 8141 D CompatibilityInfo: mCompatibilityFlags - 0
07-24 13:22:49.574 1718 8141 D CompatibilityInfo: applicationDensity - 480
07-24 13:22:49.574 1718 8141 D CompatibilityInfo: applicationScale - 1.0
07-24 13:22:49.591 1718 1811 E PowerManagerService: BatteryReceiver onReceive() status: 2 plugType:1
07-24 13:22:49.592 1718 1718 I RPS : onReceive IntentIntent { act=android.intent.action.BATTERY_CHANGED flg=0x60000010 (has extras) }
07-24 13:22:49.592 1718 1718 I RPS : Battery Level in percentage:93.0Level:93Scale100
07-24 13:22:49.592 1718 1718 I RPS : checkCallbacks
07-24 13:22:49.592 2815 2815 I tsdmc : BatteryMonitorService.checkFWUpdateWithBatteryEnough()
07-24 13:22:49.592 2815 2815 V tsdmc : mbatteryLevel = 93; bBatteryLow= false
07-24 13:22:49.592 2364 2364 I TelephonyManager: isMultiSimEnabled()- telephonyManager: uid= 1001
07-24 13:22:49.597 2364 2364 E QtiImsExtUtils: getConfigForPhoneId subId is invalid
07-24 13:22:49.597 2364 2364 E QtiImsExtUtils: isCarrierConfigEnabled bundle is null
07-24 13:22:49.606 1718 2797 D CompatibilityInfo: mCompatibilityFlags - 0
07-24 13:22:49.606 1718 2797 D CompatibilityInfo: applicationDensity - 480
07-24 13:22:49.606 1718 2797 D CompatibilityInfo: applicationScale - 1.0
07-24 13:22:49.608 2060 2060 D KeyguardUpdateMonitor: received broadcast android.intent.action.BATTERY_CHANGED
07-24 13:22:49.631 2060 2060 D KeyguardUpdateMonitor: handleBatteryUpdate
07-24 13:22:49.670 1718 1748 D CompatibilityInfo: mCompatibilityFlags - 0
07-24 13:22:49.670 1718 1748 D CompatibilityInfo: applicationDensity - 480
07-24 13:22:49.670 1718 1748 D CompatibilityInfo: applicationScale - 1.0
07-24 13:22:49.698 1718 1774 D WindowManager: In the runnable mAppSwitchDoubleTapTimeoutRunnable -> toggleRecentApps
07-24 13:22:49.699 14405 26340 I MS_RegisterService: RegisterService intent:Intent { act=com.google.android.gms.matchstick.register_intent_action cat=[targeted_intent_op_prefix:com.google.android.libraries.matchstick.net.SilentRegisterIntentOperation] flg=0x4 cmp=com.google.android.gms/.chimera.GmsIntentOperationService (has extras) } isPeriodic:false
07-24 13:22:49.702 1718 2285 D CompatibilityInfo: mCompatibilityFlags - 0
07-24 13:22:49.702 1718 2285 D CompatibilityInfo: applicationDensity - 480
07-24 13:22:49.702 1718 2285 D CompatibilityInfo: applicationScale - 1.0
07-24 13:22:49.730 2364 2377 I TelephonyManager: getMultiSimConfiguration(): uid =10020
07-24 13:22:49.732 1718 2902 D ActivityTrigger: activityResumeTrigger: Activity is not Triggerred in full screen ApplicationInfo{bc4987b com.android.settings}
07-24 13:22:49.733 1718 2902 D ActivityTrigger: ActivityTrigger activityPauseTrigger
07-24 13:22:49.742 1718 2749 W InputMethodManagerService: Focus gain on non-focused client com.android.internal.view.IInputMethodClient$Stub$Proxy@a94a6d (uid=10126 pid=24459)
07-24 13:22:49.747 1718 2899 D ActivityTrigger: activityResumeTrigger: Activity is not Triggerred in full screen ApplicationInfo{bc4987b com.android.settings}
07-24 13:22:49.747 1718 2899 D ActivityTrigger: activityResumeTrigger: Activity is not Triggerred in full screen ApplicationInfo{bc4987b com.android.settings}
07-24 13:22:49.750 1718 2928 D ActivityTrigger: activityResumeTrigger: Activity is not Triggerred in full screen ApplicationInfo{bc4987b com.android.settings}
07-24 13:22:49.750 1718 2928 E ActivityManager: applyOptionsLocked: Unknown animationType=0
07-24 13:22:49.767 2364 2471 I TelephonyManager: getMultiSimConfiguration(): uid =10020
07-24 13:22:49.770 2364 2731 I TelephonyManager: getMultiSimConfiguration(): uid =10020
07-24 13:22:49.770 14405 26340 W MS_RegisterService: Not eligible for registration.
07-24 13:22:49.791 1718 13283 D CompatibilityInfo: mCompatibilityFlags - 0
07-24 13:22:49.791 1718 13283 D CompatibilityInfo: applicationDensity - 480
07-24 13:22:49.791 1718 13283 D CompatibilityInfo: applicationScale - 1.0
07-24 13:22:49.806 1718 8945 D CompatibilityInfo: mCompatibilityFlags - 0
07-24 13:22:49.806 1718 8945 D CompatibilityInfo: applicationDensity - 480
07-24 13:22:49.807 1718 8945 D CompatibilityInfo: applicationScale - 1.0
07-24 13:22:49.894 1718 1730 I art : Background partial concurrent mark sweep GC freed 31480(3MB) AllocSpace objects, 16(888KB) LOS objects, 33% free, 22MB/33MB, paused 2.238ms total 125.901ms
07-24 13:22:49.916 5963 26344 I chatty : uid=1000(system) com.android.settings expire 1 line
07-24 13:22:49.933 1718 1987 D WindowManager: passKeyEventSOSApp title = com.android.settings/com.android.settings.Settings$DeviceInfoSettingsActivity
07-24 13:22:49.936 13530 13530 I GoogleInputMethod: onFinishInput() : Dummy InputConnection bound
07-24 13:22:49.937 13530 13530 I GoogleInputMethod: onStartInput() : Dummy InputConnection bound
07-24 13:22:49.957 1718 2927 I ActivityManager: START u0 {cmp=com.android.systemui/.stackdivider.ForcedResizableInfoActivity} from uid 10046 on display 0
07-24 13:22:49.958 1718 2927 W ActivityManager: startActivity called from non-Activity context; forcing Intent.FLAG_ACTIVITY_NEW_TASK for: Intent { flg=0x800000 cmp=com.android.systemui/.stackdivider.ForcedResizableInfoActivity }
07-24 13:22:49.961 1718 2927 D ActivityTrigger: activityResumeTrigger: Activity is not Triggerred in full screen ApplicationInfo{d525186 net.named_data.nfd}
07-24 13:22:49.961 1718 2927 D ActivityTrigger: ActivityTrigger activityPauseTrigger
07-24 13:22:49.965 577 2606 E ANDR-PERF-MPCTL: Invalid profile no. 0, total profiles 0 only
07-24 13:22:49.967 1718 2927 D ActivityTrigger: activityStartTrigger: Activity is not Triggerred in full screen ApplicationInfo{3f48de0 com.android.systemui}
07-24 13:22:49.967 1718 2927 D CompatibilityInfo: mCompatibilityFlags - 0
07-24 13:22:49.967 1718 2927 D CompatibilityInfo: applicationDensity - 480
07-24 13:22:49.967 1718 2927 D CompatibilityInfo: applicationScale - 1.0
07-24 13:22:49.969 1718 2927 D ActivityTrigger: activityResumeTrigger: Activity is not Triggerred in full screen ApplicationInfo{3f48de0 com.android.systemui}
07-24 13:22:49.974 1718 2284 W InputMethodManagerService: Focus gain on non-focused client com.android.internal.view.IInputMethodClient$Stub$Proxy@a94a6d (uid=10126 pid=24459)
07-24 13:22:49.974 1718 8945 D ActivityTrigger: activityResumeTrigger: Activity is not Triggerred in full screen ApplicationInfo{3f48de0 com.android.systemui}
07-24 13:22:49.974 1718 8945 E ActivityManager: applyOptionsLocked: Unknown animationType=0
07-24 13:22:49.981 1718 8945 D CompatibilityInfo: mCompatibilityFlags - 0
07-24 13:22:49.981 1718 8945 D CompatibilityInfo: applicationDensity - 480
07-24 13:22:49.981 1718 8945 D CompatibilityInfo: applicationScale - 1.0
07-24 13:22:49.984 1718 1987 I WindowManager: double tap behavior : 0 one hand opr status: false
07-24 13:22:50.015 1718 1772 D ActivityTrigger: ActivityTrigger activityStopTrigger
07-24 13:22:50.019 13530 13530 I GoogleInputMethod: onFinishInput() : Dummy InputConnection bound
07-24 13:22:50.020 13530 13530 I GoogleInputMethod: onStartInput() : Dummy InputConnection bound
07-24 13:22:50.035 1718 1808 I ActivityManager: Displayed com.android.systemui/.stackdivider.ForcedResizableInfoActivity: +60ms
07-24 13:22:50.036 577 2606 E ANDR-PERF-RESOURCEQS: Failed to reset optimization [3, 0]
07-24 13:22:50.164 1718 1987 D WindowManager: passKeyEventSOSApp title = com.android.systemui/com.android.systemui.stackdivider.ForcedResizableInfoActivity
07-24 13:22:50.317 711 838 E libnav : CablComputeBacklightLevel(): UpdateType = DifferentSceneUpdate
07-24 13:22:50.324 1718 1987 D WindowManager: passKeyEventSOSApp title = com.android.systemui/com.android.systemui.stackdivider.ForcedResizableInfoActivity
07-24 13:22:50.324 1718 1987 I WindowManager: double tap behavior : 0 one hand opr status: false
07-24 13:22:50.329 1718 1987 I ActivityManager: START u0 {act=android.intent.action.MAIN cat=[android.intent.category.HOME] flg=0x10200000 cmp=com.android.launcher3/.Launcher (has extras)} from uid 1000 on display 0
07-24 13:22:50.338 1718 1987 D ActivityTrigger: activityResumeTrigger: The activity in ApplicationInfo{d2b1328 com.android.launcher3} is now in focus and seems to be in full-screen mode
07-24 13:22:50.338 1718 1987 E ActivityTrigger: activityResumeTrigger: not whiteListedcom.android.launcher3/com.android.launcher3.Launcher/25
07-24 13:22:50.338 1718 1987 D ActivityTrigger: ActivityTrigger activityPauseTrigger
07-24 13:22:50.380 1718 1772 D ActivityTrigger: ActivityTrigger activityStopTrigger
07-24 13:22:50.384 1718 2797 I ActivityManager: START u0 {act=android.intent.action.MAIN cat=[android.intent.category.HOME] flg=0x10200000 cmp=com.android.launcher3/.Launcher} from uid 10046 on display 0
07-24 13:22:50.432 13530 13530 I GoogleInputMethod: onFinishInput() : Dummy InputConnection bound
07-24 13:22:50.432 13530 13530 I GoogleInputMethod: onStartInput() : Dummy InputConnection bound
07-24 13:22:50.476 1718 1730 I art : Background partial concurrent mark sweep GC freed 6629(614KB) AllocSpace objects, 0(0B) LOS objects, 33% free, 22MB/33MB, paused 1.687ms total 113.272ms
07-24 13:22:50.944 1718 1987 D WindowManager: passKeyEventSOSApp title = com.android.launcher3/com.android.launcher3.Launcher
07-24 13:22:50.952 2930 3090 W OpenGLRenderer: Incorrectly called buildLayer on View: ShortcutAndWidgetContainer, destroying layer...
07-24 13:22:51.114 1718 1987 D WindowManager: passKeyEventSOSApp title = com.android.launcher3/com.android.launcher3.Launcher
07-24 13:22:51.114 1718 1987 I WindowManager: double tap behavior : 0 one hand opr status: false
07-24 13:22:51.119 1718 1987 I ActivityManager: START u0 {act=android.intent.action.MAIN cat=[android.intent.category.HOME] flg=0x10200000 cmp=com.android.launcher3/.Launcher (has extras)} from uid 1000 on display 0
07-24 13:22:51.557 577 2606 E ANDR-PERF-MPCTL: Invalid profile no. 0, total profiles 0 only
07-24 13:22:51.557 577 2606 E ANDR-PERF-RESOURCEQS: Failed to apply optimization [3, 0]
07-24 13:22:51.558 577 2606 E ANDR-PERF-RESOURCEQS: Failed to apply optimization [5, 0]
07-24 13:22:51.571 13530 13530 I GoogleInputMethod: onFinishInput() : Dummy InputConnection bound
07-24 13:22:51.572 13530 13530 I GoogleInputMethod: onStartInput() : Dummy InputConnection bound
07-24 13:22:52.178 711 838 E libnav : CablComputeBacklightLevel(): UpdateType = DifferentSceneUpdate
07-24 13:22:52.244 711 838 E libnav : CablComputeBacklightLevel(): UpdateType = DifferentSceneUpdate
07-24 13:22:52.350 577 2606 E ANDR-PERF-MPCTL: Invalid profile no. 0, total profiles 0 only
07-24 13:22:52.350 577 2606 E ANDR-PERF-RESOURCEQS: Failed to apply optimization [3, 0]
07-24 13:22:52.351 577 2606 E ANDR-PERF-RESOURCEQS: Failed to apply optimization [5, 0]
07-24 13:22:52.373 2338 2338 D wpa_supplicant: wlan0: Control interface command 'SIGNAL_POLL'
07-24 13:22:52.376 2338 2338 D wpa_supplicant: CTRL-DEBUG: global_ctrl_sock-sendto: sock=8 sndbuf=212992 outq=0 send_len=62
07-24 13:22:52.497 577 2606 E ANDR-PERF-MPCTL: Invalid profile no. 0, total profiles 0 only
07-24 13:22:52.497 577 2606 E ANDR-PERF-RESOURCEQS: Failed to apply optimization [3, 0]
07-24 13:22:52.498 577 2606 E ANDR-PERF-RESOURCEQS: Failed to apply optimization [5, 0]
07-24 13:22:52.515 1718 2836 W ActivityManager: Duplicate finish request for ActivityRecord{967564c u0 com.android.systemui/.stackdivider.ForcedResizableInfoActivity t77 f}
07-24 13:22:52.847 577 2606 E ANDR-PERF-MPCTL: Invalid profile no. 0, total profiles 0 only
07-24 13:22:52.848 577 2606 E ANDR-PERF-RESOURCEQS: Failed to apply optimization [3, 0]
07-24 13:22:52.849 577 2606 E ANDR-PERF-RESOURCEQS: Failed to apply optimization [5, 0]
07-24 13:22:53.798 577 2606 E ANDR-PERF-MPCTL: Invalid profile no. 0, total profiles 0 only
07-24 13:22:53.798 577 2606 E ANDR-PERF-RESOURCEQS: Failed to apply optimization [3, 0]
07-24 13:22:53.799 577 2606 E ANDR-PERF-RESOURCEQS: Failed to apply optimization [5, 0]
07-24 13:22:53.821 2930 3090 W OpenGLRenderer: Incorrectly called buildLayer on View: QsbContainerView, destroying layer...
07-24 13:22:54.116 2338 2338 D wpa_supplicant: nl80211: Event message available
07-24 13:22:54.116 1718 2334 I WifiHAL : event received NL80211_CMD_VENDOR, vendor_id = 0x1374, subcmd = 0x6b
07-24 13:22:54.116 2338 2338 D wpa_supplicant: nl80211: Drv Event 103 (NL80211_CMD_VENDOR) received for wlan0
07-24 13:22:54.116 2338 2338 D wpa_supplicant: nl80211: Vendor event: wiphy=0 vendor_id=0x1374 subcmd=107
07-24 13:22:54.116 2338 2338 D wpa_supplicant: nl80211: Vendor data - hexdump(len=420): 04 00 03 00 74 01 02 00 08 00 00 00 6c 09 00 00 08 00 01 00 71 09 00 00 08 00 02 00 76 09 00 00 ...
07-24 13:22:54.123 2338 2338 D wpa_supplicant: nl80211: Scan included frequencies: 2412 2417 2422 2427 2432 2437 2442 2447 2452 2457 2462 5180 5200 5220 5240 5260 5280 5300 5320 5500 5520 5540 5560 5580 5600 5620 5640 5660 5680 5700 5720 5745 5765 5785 5805 5825 5852 5860 5870 5875 5880 5890 5900 5905 5910 5920
07-24 13:22:54.123 2338 2338 D wpa_supplicant: wlan0: Event SCAN_RESULTS (3) received
07-24 13:22:54.123 2338 2338 D wpa_supplicant: wlan0: Scan completed in 4.602222 seconds
07-24 13:22:54.123 2338 2338 D wpa_supplicant: nl80211: Associated on 5500 MHz
07-24 13:22:54.123 2338 2338 D wpa_supplicant: nl80211: Associated with cc:d5:39:bb:d6:de
07-24 13:22:54.124 2338 2338 D wpa_supplicant: nl80211: Received scan results (23 BSSes)
07-24 13:22:54.124 2338 2338 D wpa_supplicant: nl80211: Scan results indicate BSS status with cc:d5:39:bb:d6:de as associated
07-24 13:22:54.124 2338 2338 D wpa_supplicant: wlan0: BSS: Start scan result update 72
07-24 13:22:54.125 980 2329 I LOWI-8.1.1.0.h: [LOWI-Scan] lowi_close_record:Scan completed in 6040977ms and Recieved 23 APs scan results
07-24 13:22:54.126 2338 2338 D wpa_supplicant: wlan0: BSS: Add new id 560 BSSID cc:d5:39:bb:d6:da SSID '\x00' freq 5500
07-24 13:22:54.126 2338 2338 D wpa_supplicant: CTRL-DEBUG: ctrl_sock-sendmsg: sock=8 sndbuf=212992 outq=0 send_len=42
07-24 13:22:54.127 2338 2338 D wpa_supplicant: CTRL_IFACE monitor sent successfully to /data/misc/wifi/sockets/wpa_ctrl_882-14\x00
07-24 13:22:54.127 2338 2338 D wpa_supplicant: CTRL-DEBUG: ctrl_sock-sendmsg: sock=8 sndbuf=212992 outq=768 send_len=42
07-24 13:22:54.127 2338 2338 D wpa_supplicant: CTRL_IFACE monitor sent successfully to /data/misc/wifi/sockets/wpa_ctrl_1718-2\x00
07-24 13:22:54.127 2338 2338 D wpa_supplicant: wlan0: BSS: Add new id 561 BSSID cc:d5:39:bb:d6:dc SSID '\x00' freq 5500
07-24 13:22:54.127 2338 2338 D wpa_supplicant: CTRL-DEBUG: ctrl_sock-sendmsg: sock=8 sndbuf=212992 outq=1536 send_len=42
07-24 13:22:54.127 2338 2338 D wpa_supplicant: CTRL_IFACE monitor sent successfully to /data/misc/wifi/sockets/wpa_ctrl_882-14\x00
07-24 13:22:54.127 2338 2338 D wpa_supplicant: CTRL-DEBUG: ctrl_sock-sendmsg: sock=8 sndbuf=212992 outq=2304 send_len=42
07-24 13:22:54.127 2338 2338 D wpa_supplicant: CTRL_IFACE monitor sent successfully to /data/misc/wifi/sockets/wpa_ctrl_1718-2\x00
07-24 13:22:54.127 2338 2338 D wpa_supplicant: wlan0: BSS: Add new id 562 BSSID cc:d5:39:bb:d6:dd SSID '\x00' freq 5500
07-24 13:22:54.127 2338 2338 D wpa_supplicant: CTRL-DEBUG: ctrl_sock-sendmsg: sock=8 sndbuf=212992 outq=3072 send_len=42
07-24 13:22:54.127 2338 2338 D wpa_supplicant: CTRL_IFACE monitor sent successfully to /data/misc/wifi/sockets/wpa_ctrl_882-14\x00
07-24 13:22:54.127 2338 2338 D wpa_supplicant: CTRL-DEBUG: ctrl_sock-sendmsg: sock=8 sndbuf=212992 outq=3840 send_len=42
07-24 13:22:54.127 2338 2338 D wpa_supplicant: CTRL_IFACE monitor sent successfully to /data/misc/wifi/sockets/wpa_ctrl_1718-2\x00
07-24 13:22:54.127 2338 2338 D wpa_supplicant: wlan0: BSS: Add new id 563 BSSID cc:d5:39:bb:d6:df SSID 'NISTNet' freq 5500
07-24 13:22:54.127 2338 2338 D wpa_supplicant: CTRL-DEBUG: ctrl_sock-sendmsg: sock=8 sndbuf=212992 outq=4608 send_len=42
07-24 13:22:54.127 2338 2338 D wpa_supplicant: CTRL_IFACE monitor sent successfully to /data/misc/wifi/sockets/wpa_ctrl_882-14\x00
07-24 13:22:54.127 2338 2338 D wpa_supplicant: CTRL-DEBUG: ctrl_sock-sendmsg: sock=8 sndbuf=212992 outq=5376 send_len=42
07-24 13:22:54.127 2338 2338 D wpa_supplicant: CTRL_IFACE monitor sent successfully to /data/misc/wifi/sockets/wpa_ctrl_1718-2\x00
07-24 13:22:54.127 2338 2338 D wpa_supplicant: wlan0: BSS: Add new id 564 BSSID 2a:56:5a:20:60:74 SSID 'DIRECT-74-HP M477 LaserJet' freq 2437
07-24 13:22:54.127 2338 2338 D wpa_supplicant: CTRL-DEBUG: ctrl_sock-sendmsg: sock=8 sndbuf=212992 outq=6144 send_len=42
07-24 13:22:54.127 2338 2338 D wpa_supplicant: CTRL_IFACE monitor sent successfully to /data/misc/wifi/sockets/wpa_ctrl_882-14\x00
07-24 13:22:54.127 2338 2338 D wpa_supplicant: CTRL-DEBUG: ctrl_sock-sendmsg: sock=8 sndbuf=212992 outq=6912 send_len=42
07-24 13:22:54.127 2338 2338 D wpa_supplicant: CTRL_IFACE monitor sent successfully to /data/misc/wifi/sockets/wpa_ctrl_1718-2\x00
07-24 13:22:54.127 2338 2338 D wpa_supplicant: wlan0: BSS: Add new id 565 BSSID 88:75:56:c7:d9:2d SSID '\x00' freq 5240
07-24 13:22:54.127 2338 2338 D wpa_supplicant: CTRL-DEBUG: ctrl_sock-sendmsg: sock=8 sndbuf=212992 outq=7680 send_len=42
07-24 13:22:54.128 2338 2338 D wpa_supplicant: CTRL_IFACE monitor sent successfully to /data/misc/wifi/sockets/wpa_ctrl_882-14\x00
07-24 13:22:54.128 2338 2338 D wpa_supplicant: CTRL-DEBUG: ctrl_sock-sendmsg: sock=8 sndbuf=212992 outq=8448 send_len=42
07-24 13:22:54.128 2338 2338 D wpa_supplicant: CTRL_IFACE monitor sent successfully to /data/misc/wifi/sockets/wpa_ctrl_1718-2\x00
07-24 13:22:54.128 2338 2338 D wpa_supplicant: wlan0: BSS: Add new id 566 BSSID 88:75:56:c7:d9:25 SSID '\x00' freq 2412
07-24 13:22:54.128 2338 2338 D wpa_supplicant: CTRL-DEBUG: ctrl_sock-sendmsg: sock=8 sndbuf=212992 outq=6912 send_len=42
07-24 13:22:54.128 2338 2338 D wpa_supplicant: CTRL_IFACE monitor sent successfully to /data/misc/wifi/sockets/wpa_ctrl_882-14\x00
07-24 13:22:54.128 2338 2338 D wpa_supplicant: CTRL-DEBUG: ctrl_sock-sendmsg: sock=8 sndbuf=212992 outq=6144 send_len=42
07-24 13:22:54.128 2338 2338 D wpa_supplicant: CTRL_IFACE monitor sent successfully to /data/misc/wifi/sockets/wpa_ctrl_1718-2\x00
07-24 13:22:54.128 2338 2338 D wpa_supplicant: wlan0: BSS: Add new id 567 BSSID 88:75:56:c7:d9:20 SSID 'NISTNet' freq 2412
07-24 13:22:54.128 2338 2338 D wpa_supplicant: CTRL-DEBUG: ctrl_sock-sendmsg: sock=8 sndbuf=212992 outq=5376 send_len=42
07-24 13:22:54.128 2338 2338 D wpa_supplicant: CTRL_IFACE monitor sent successfully to /data/misc/wifi/sockets/wpa_ctrl_882-14\x00
07-24 13:22:54.128 2338 2338 D wpa_supplicant: CTRL-DEBUG: ctrl_sock-sendmsg: sock=8 sndbuf=212992 outq=6144 send_len=42
07-24 13:22:54.128 2338 2338 D wpa_supplicant: CTRL_IFACE monitor sent successfully to /data/misc/wifi/sockets/wpa_ctrl_1718-2\x00
07-24 13:22:54.128 2338 2338 D wpa_supplicant: wlan0: BSS: Add new id 568 BSSID 88:75:56:c7:d9:2f SSID 'NISTNet' freq 5240
07-24 13:22:54.128 2338 2338 D wpa_supplicant: CTRL-DEBUG: ctrl_sock-sendmsg: sock=8 sndbuf=212992 outq=6912 send_len=42
07-24 13:22:54.128 2338 2338 D wpa_supplicant: CTRL_IFACE monitor sent successfully to /data/misc/wifi/sockets/wpa_ctrl_882-14\x00
07-24 13:22:54.128 2338 2338 D wpa_supplicant: CTRL-DEBUG: ctrl_sock-sendmsg: sock=8 sndbuf=212992 outq=7680 send_len=42
07-24 13:22:54.128 2338 2338 D wpa_supplicant: CTRL_IFACE monitor sent successfully to /data/misc/wifi/sockets/wpa_ctrl_1718-2\x00
07-24 13:22:54.128 2338 2338 D wpa_supplicant: wlan0: BSS: Add new id 569 BSSID a0:d3:c1:d6:61:5d SSID 'HP-Print-5D-Officejet Pro 8630' freq 2437
07-24 13:22:54.128 2338 2338 D wpa_supplicant: CTRL-DEBUG: ctrl_sock-sendmsg: sock=8 sndbuf=212992 outq=6912 send_len=42
07-24 13:22:54.128 2338 2338 D wpa_supplicant: CTRL_IFACE monitor sent successfully to /data/misc/wifi/sockets/wpa_ctrl_882-14\x00
07-24 13:22:54.128 2338 2338 D wpa_supplicant: CTRL-DEBUG: ctrl_sock-sendmsg: sock=8 sndbuf=212992 outq=6912 send_len=42
07-24 13:22:54.128 2338 2338 D wpa_supplicant: CTRL_IFACE monitor sent successfully to /data/misc/wifi/sockets/wpa_ctrl_1718-2\x00
07-24 13:22:54.128 2338 2338 D wpa_supplicant: wlan0: BSS: Add new id 570 BSSID 20:3a:07:9e:16:3d SSID '\x00' freq 5320
07-24 13:22:54.128 980 1090 I LOWI-8.1.1.0.h: [LOWIUtils] responseToOutPostcard - TO: FreeWifiScanObserver, FROM: LOWI-SERVER, RESP: LOWI_ASYNC_DISCOVERY_SCAN_RESULTS
07-24 13:22:54.128 2338 2338 D wpa_supplicant: CTRL-DEBUG: ctrl_sock-sendmsg: sock=8 sndbuf=212992 outq=6144 send_len=42
07-24 13:22:54.128 2338 2338 D wpa_supplicant: CTRL_IFACE monitor sent successfully to /data/misc/wifi/sockets/wpa_ctrl_882-14\x00
07-24 13:22:54.128 2338 2338 D wpa_supplicant: CTRL-DEBUG: ctrl_sock-sendmsg: sock=8 sndbuf=212992 outq=5376 send_len=42
07-24 13:22:54.128 2338 2338 D wpa_supplicant: CTRL_IFACE monitor sent successfully to /data/misc/wifi/sockets/wpa_ctrl_1718-2\x00
07-24 13:22:54.129 2338 2338 D wpa_supplicant: wlan0: BSS: Add new id 571 BSSID 20:3a:07:9f:ec:9d SSID '\x00' freq 5660
07-24 13:22:54.129 2338 2338 D wpa_supplicant: CTRL-DEBUG: ctrl_sock-sendmsg: sock=8 sndbuf=212992 outq=1536 send_len=42
07-24 13:22:54.129 2338 2338 D wpa_supplicant: CTRL_IFACE monitor sent successfully to /data/misc/wifi/sockets/wpa_ctrl_882-14\x00
07-24 13:22:54.129 2338 2338 D wpa_supplicant: CTRL-DEBUG: ctrl_sock-sendmsg: sock=8 sndbuf=212992 outq=2304 send_len=42
07-24 13:22:54.129 2338 2338 D wpa_supplicant: CTRL_IFACE monitor sent successfully to /data/misc/wifi/sockets/wpa_ctrl_1718-2\x00
07-24 13:22:54.129 2338 2338 D wpa_supplicant: wlan0: BSS: Add new id 572 BSSID 20:3a:07:9f:ec:92 SSID '\x00' freq 2412
07-24 13:22:54.129 2338 2338 D wpa_supplicant: CTRL-DEBUG: ctrl_sock-sendmsg: sock=8 sndbuf=212992 outq=3072 send_len=42
07-24 13:22:54.129 2338 2338 D wpa_supplicant: CTRL_IFACE monitor sent successfully to /data/misc/wifi/sockets/wpa_ctrl_882-14\x00
07-24 13:22:54.129 2338 2338 D wpa_supplicant: CTRL-DEBUG: ctrl_sock-sendmsg: sock=8 sndbuf=212992 outq=3840 send_len=42
07-24 13:22:54.129 2338 2338 D wpa_supplicant: CTRL_IFACE monitor sent successfully to /data/misc/wifi/sockets/wpa_ctrl_1718-2\x00
07-24 13:22:54.129 2338 2338 D wpa_supplicant: wlan0: BSS: Add new id 573 BSSID bc:30:7e:a6:4b:c4 SSID 'ClickShare-1871915262' freq 5180
07-24 13:22:54.129 2338 2338 D wpa_supplicant: CTRL-DEBUG: ctrl_sock-sendmsg: sock=8 sndbuf=212992 outq=3072 send_len=42
07-24 13:22:54.129 2338 2338 D wpa_supplicant: CTRL_IFACE monitor sent successfully to /data/misc/wifi/sockets/wpa_ctrl_882-14\x00
07-24 13:22:54.129 2338 2338 D wpa_supplicant: CTRL-DEBUG: ctrl_sock-sendmsg: sock=8 sndbuf=212992 outq=3840 send_len=42
07-24 13:22:54.129 2338 2338 D wpa_supplicant: CTRL_IFACE monitor sent successfully to /data/misc/wifi/sockets/wpa_ctrl_1718-2\x00
07-24 13:22:54.129 2338 2338 D wpa_supplicant: wlan0: BSS: Add new id 574 BSSID 28:24:ff:69:50:59 SSID 'ClickShare-1872166989' freq 5180
07-24 13:22:54.129 2338 2338 D wpa_supplicant: CTRL-DEBUG: ctrl_sock-sendmsg: sock=8 sndbuf=212992 outq=1536 send_len=42
07-24 13:22:54.129 2338 2338 D wpa_supplicant: CTRL_IFACE monitor sent successfully to /data/misc/wifi/sockets/wpa_ctrl_882-14\x00
07-24 13:22:54.129 2338 2338 D wpa_supplicant: CTRL-DEBUG: ctrl_sock-sendmsg: sock=8 sndbuf=212992 outq=1536 send_len=42
07-24 13:22:54.129 2338 2338 D wpa_supplicant: CTRL_IFACE monitor sent successfully to /data/misc/wifi/sockets/wpa_ctrl_1718-2\x00
07-24 13:22:54.129 2338 2338 D wpa_supplicant: wlan0: BSS: Add new id 575 BSSID 34:a8:4e:3a:9c:e3 SSID '\x00' freq 2412
07-24 13:22:54.129 2338 2338 D wpa_supplicant: CTRL-DEBUG: ctrl_sock-sendmsg: sock=8 sndbuf=212992 outq=1536 send_len=42
07-24 13:22:54.129 2338 2338 D wpa_supplicant: CTRL_IFACE monitor sent successfully to /data/misc/wifi/sockets/wpa_ctrl_882-14\x00
07-24 13:22:54.129 2338 2338 D wpa_supplicant: CTRL-DEBUG: ctrl_sock-sendmsg: sock=8 sndbuf=212992 outq=2304 send_len=42
07-24 13:22:54.129 2338 2338 D wpa_supplicant: CTRL_IFACE monitor sent successfully to /data/misc/wifi/sockets/wpa_ctrl_1718-2\x00
07-24 13:22:54.129 2338 2338 D wpa_supplicant: wlan0: BSS: Add new id 576 BSSID 88:75:56:af:81:33 SSID '\x00' freq 2437
07-24 13:22:54.129 2338 2338 D wpa_supplicant: CTRL-DEBUG: ctrl_sock-sendmsg: sock=8 sndbuf=212992 outq=3072 send_len=42
07-24 13:22:54.129 2338 2338 D wpa_supplicant: CTRL_IFACE monitor sent successfully to /data/misc/wifi/sockets/wpa_ctrl_882-14\x00
07-24 13:22:54.130 2338 2338 D wpa_supplicant: CTRL-DEBUG: ctrl_sock-sendmsg: sock=8 sndbuf=212992 outq=3840 send_len=42
07-24 13:22:54.130 2338 2338 D wpa_supplicant: CTRL_IFACE monitor sent successfully to /data/misc/wifi/sockets/wpa_ctrl_1718-2\x00
07-24 13:22:54.130 2338 2338 D wpa_supplicant: wlan0: BSS: Add new id 577 BSSID 34:a8:4e:3a:9c:e0 SSID 'NISTNet' freq 2412
07-24 13:22:54.130 2338 2338 D wpa_supplicant: CTRL-DEBUG: ctrl_sock-sendmsg: sock=8 sndbuf=212992 outq=4608 send_len=42
07-24 13:22:54.130 2338 2338 D wpa_supplicant: CTRL_IFACE monitor sent successfully to /data/misc/wifi/sockets/wpa_ctrl_882-14\x00
07-24 13:22:54.130 2338 2338 D wpa_supplicant: CTRL-DEBUG: ctrl_sock-sendmsg: sock=8 sndbuf=212992 outq=5376 send_len=42
07-24 13:22:54.130 2338 2338 D wpa_supplicant: CTRL_IFACE monitor sent successfully to /data/misc/wifi/sockets/wpa_ctrl_1718-2\x00
07-24 13:22:54.130 2338 2338 D wpa_supplicant: wlan0: BSS: Add new id 578 BSSID 34:a8:4e:3a:9c:e5 SSID '\x00' freq 2412
07-24 13:22:54.130 2338 2338 D wpa_supplicant: CTRL-DEBUG: ctrl_sock-sendmsg: sock=8 sndbuf=212992 outq=6144 send_len=42
07-24 13:22:54.130 2338 2338 D wpa_supplicant: CTRL_IFACE monitor sent successfully to /data/misc/wifi/sockets/wpa_ctrl_882-14\x00
07-24 13:22:54.130 2338 2338 D wpa_supplicant: CTRL-DEBUG: ctrl_sock-sendmsg: sock=8 sndbuf=212992 outq=6912 send_len=42
07-24 13:22:54.130 2338 2338 D wpa_supplicant: CTRL_IFACE monitor sent successfully to /data/misc/wifi/sockets/wpa_ctrl_1718-2\x00
07-24 13:22:54.130 2338 2338 D wpa_supplicant: wlan0: BSS: Add new id 579 BSSID 88:75:56:c7:d9:2e SSID 'NIST-Guest' freq 5240
07-24 13:22:54.130 2338 2338 D wpa_supplicant: CTRL-DEBUG: ctrl_sock-sendmsg: sock=8 sndbuf=212992 outq=7680 send_len=42
07-24 13:22:54.130 2338 2338 D wpa_supplicant: CTRL_IFACE monitor sent successfully to /data/misc/wifi/sockets/wpa_ctrl_882-14\x00
07-24 13:22:54.130 2338 2338 D wpa_supplicant: CTRL-DEBUG: ctrl_sock-sendmsg: sock=8 sndbuf=212992 outq=8448 send_len=42
07-24 13:22:54.130 2338 2338 D wpa_supplicant: CTRL_IFACE monitor sent successfully to /data/misc/wifi/sockets/wpa_ctrl_1718-2\x00
07-24 13:22:54.130 2338 2338 D wpa_supplicant: wlan0: BSS: Add new id 580 BSSID 34:a8:4e:3a:9c:e1 SSID 'NIST-Guest' freq 2412
07-24 13:22:54.130 980 1090 I LOWI-8.1.1.0.h: [LOWIUtils] responseToOutPostcard - TO: GTP-FDAL, FROM: LOWI-SERVER, RESP: LOWI_ASYNC_DISCOVERY_SCAN_RESULTS
07-24 13:22:54.130 2338 2338 D wpa_supplicant: CTRL-DEBUG: ctrl_sock-sendmsg: sock=8 sndbuf=212992 outq=9216 send_len=42
07-24 13:22:54.130 2338 2338 D wpa_supplicant: CTRL_IFACE monitor sent successfully to /data/misc/wifi/sockets/wpa_ctrl_882-14\x00
07-24 13:22:54.130 2338 2338 D wpa_supplicant: CTRL-DEBUG: ctrl_sock-sendmsg: sock=8 sndbuf=212992 outq=9984 send_len=42
07-24 13:22:54.130 2338 2338 D wpa_supplicant: CTRL_IFACE monitor sent successfully to /data/misc/wifi/sockets/wpa_ctrl_1718-2\x00
07-24 13:22:54.130 2338 2338 D wpa_supplicant: wlan0: BSS: Add new id 581 BSSID 88:75:56:c7:d9:21 SSID 'NIST-Guest' freq 2412
07-24 13:22:54.130 2338 2338 D wpa_supplicant: CTRL-DEBUG: ctrl_sock-sendmsg: sock=8 sndbuf=212992 outq=10752 send_len=42
07-24 13:22:54.130 2338 2338 D wpa_supplicant: CTRL_IFACE monitor sent successfully to /data/misc/wifi/sockets/wpa_ctrl_882-14\x00
07-24 13:22:54.130 2338 2338 D wpa_supplicant: CTRL-DEBUG: ctrl_sock-sendmsg: sock=8 sndbuf=212992 outq=11520 send_len=42
07-24 13:22:54.130 2338 2338 D wpa_supplicant: CTRL_IFACE monitor sent successfully to /data/misc/wifi/sockets/wpa_ctrl_1718-2\x00
07-24 13:22:54.130 2338 2338 D wpa_supplicant: BSS: last_scan_res_used=23/128
07-24 13:22:54.131 2338 2338 D wpa_supplicant: wlan0: Scan-only results received
07-24 13:22:54.131 2338 2338 D wpa_supplicant: CTRL-DEBUG: ctrl_sock-sendmsg: sock=8 sndbuf=212992 outq=12288 send_len=24
07-24 13:22:54.131 2338 2338 D wpa_supplicant: CTRL_IFACE monitor sent successfully to /data/misc/wifi/sockets/wpa_ctrl_882-14\x00
07-24 13:22:54.131 2338 2338 D wpa_supplicant: CTRL-DEBUG: ctrl_sock-sendmsg: sock=8 sndbuf=212992 outq=13056 send_len=24
07-24 13:22:54.131 2338 2338 D wpa_supplicant: CTRL_IFACE monitor sent successfully to /data/misc/wifi/sockets/wpa_ctrl_1718-2\x00
07-24 13:22:54.131 2338 2338 D wpa_supplicant: wlan0: Radio work 'scan'@0x7fa202e3c0 done in 4.628040 seconds
07-24 13:22:54.131 2338 2338 D wpa_supplicant: wlan0: radio_work_free('scan'@0x7fa202e3c0: num_active_works --> 0
07-24 13:22:54.137 2338 2338 D wpa_supplicant: CTRL-DEBUG: global_ctrl_sock-sendto: sock=8 sndbuf=212992 outq=0 send_len=3550
07-24 13:22:54.137 2338 2338 D wpa_supplicant: wlan0: Control interface command 'SCAN_RESULTS'
07-24 13:22:54.137 1718 2322 W IzatSvc_Wiper: Num of elements returned by LOWI 23
07-24 13:22:54.139 2338 2338 D wpa_supplicant: CTRL-DEBUG: global_ctrl_sock-sendto: sock=8 sndbuf=212992 outq=0 send_len=1330
07-24 13:22:54.145 2338 2338 D wpa_supplicant: CTRL-DEBUG: global_ctrl_sock-sendto: sock=8 sndbuf=212992 outq=0 send_len=3550
07-24 13:22:54.147 2338 2338 D wpa_supplicant: wlan0: Control interface command 'SCAN_RESULTS'
07-24 13:22:54.148 2338 2338 D wpa_supplicant: CTRL-DEBUG: global_ctrl_sock-sendto: sock=8 sndbuf=212992 outq=0 send_len=1330
07-24 13:22:54.150 2338 2338 D wpa_supplicant: CTRL-DEBUG: global_ctrl_sock-sendto: sock=8 sndbuf=212992 outq=0 send_len=3619
07-24 13:22:54.159 2338 2338 D wpa_supplicant: CTRL-DEBUG: global_ctrl_sock-sendto: sock=8 sndbuf=212992 outq=0 send_len=3619
07-24 13:22:54.164 2338 2338 D wpa_supplicant: CTRL-DEBUG: global_ctrl_sock-sendto: sock=8 sndbuf=212992 outq=0 send_len=3866
07-24 13:22:54.167 2338 2338 D wpa_supplicant: CTRL-DEBUG: global_ctrl_sock-sendto: sock=8 sndbuf=212992 outq=0 send_len=3866
07-24 13:22:54.170 2338 2338 D wpa_supplicant: CTRL-DEBUG: global_ctrl_sock-sendto: sock=8 sndbuf=212992 outq=0 send_len=3512
07-24 13:22:54.173 2338 2338 D wpa_supplicant: CTRL-DEBUG: global_ctrl_sock-sendto: sock=8 sndbuf=212992 outq=0 send_len=3512
07-24 13:22:54.177 2338 2338 D wpa_supplicant: CTRL-DEBUG: global_ctrl_sock-sendto: sock=8 sndbuf=212992 outq=0 send_len=1306
07-24 13:22:54.179 2338 2338 D wpa_supplicant: CTRL-DEBUG: global_ctrl_sock-sendto: sock=8 sndbuf=212992 outq=0 send_len=1306
07-24 13:22:54.182 2338 2338 D wpa_supplicant: CTRL-DEBUG: global_ctrl_sock-sendto: sock=8 sndbuf=212992 outq=0 send_len=0
07-24 13:22:54.182 2338 2338 D wpa_supplicant: CTRL-DEBUG: global_ctrl_sock-sendto: sock=8 sndbuf=212992 outq=0 send_len=0
07-24 13:22:54.186 1718 2003 D WifiQualifiedNetworkSelector:: ==========start qualified Network Selection==========
07-24 13:22:54.187 1718 2003 D WifiQualifiedNetworkSelector:: Current network is: "NIST-Guest" ,ID is: 2
07-24 13:22:54.187 1718 2003 D WifiQualifiedNetworkSelector:: Current network is open network
07-24 13:22:54.187 1718 2003 D WifiQualifiedNetworkSelector:: Current network is not qualified
07-24 13:22:54.187 1718 2003 D WifiQualifiedNetworkSelector:: Last selection is "NIST-Guest" Time to now: 100 minutes
07-24 13:22:54.188 1718 2003 D WifiQualifiedNetworkSelector:: Saved Network List
07-24 13:22:54.188 1718 2003 D WifiQualifiedNetworkSelector:: "PSCR-NDN-1":1 User Preferred BSSID:null FQDN:null NETWORK_SELECTION_ENABLED Disable account: 0 0 0 0 0 0 0 0 0 0 Connect Choice:"NIST-Guest"NONE set time:1532446967668
07-24 13:22:54.188 1718 2003 D WifiQualifiedNetworkSelector:: "attwifi":0 User Preferred BSSID:null FQDN:null NETWORK_SELECTION_ENABLED Disable account: 0 0 0 0 0 0 0 0 0 0 Connect Choice:null set time:-1
07-24 13:22:54.188 1718 2003 D WifiQualifiedNetworkSelector:: "NIST-Guest":2 User Preferred BSSID:null FQDN:null NETWORK_SELECTION_ENABLED Disable account: 0 0 0 0 0 0 0 0 0 0 Connect Choice:null set time:-1
07-24 13:22:54.191 1718 2003 D WifiQualifiedNetworkSelector:: ClickShare-1871915262:bc:30:7e:a6:4b:c4(5GHz)-90 / ClickShare-1872166989:28:24:ff:69:50:59(5GHz)-90 / NISTNet:34:a8:4e:3a:9c:e0(2.4GHz)-89 / NIST-Guest:34:a8:4e:3a:9c:e1(2.4GHz)-86 / NIST-Guest:88:75:56:c7:d9:21(2.4GHz)-88 / skipped due to low signal
07-24 13:22:54.191 1718 2003 D WifiQualifiedNetworkSelector:: NISTNet:cc:d5:39:bb:d6:df / DIRECT-74-HP M477 LaserJet:2a:56:5a:20:60:74 / NISTNet:88:75:56:c7:d9:20 / NISTNet:88:75:56:c7:d9:2f / HP-Print-5D-Officejet Pro 8630:a0:d3:c1:d6:61:5d / skipped due to not saved
07-24 13:22:54.191 1718 2003 D WifiQualifiedNetworkSelector::
07-24 13:22:54.192 1718 2003 D WifiQualifiedNetworkSelector:: cc:d5:39:bb:d6:da / cc:d5:39:bb:d6:dc / cc:d5:39:bb:d6:dd / 88:75:56:c7:d9:2d / 88:75:56:c7:d9:25 / 20:3a:07:9e:16:3d / 20:3a:07:9f:ec:9d / 20:3a:07:9f:ec:92 / 34:a8:4e:3a:9c:e3 / 88:75:56:af:81:33 / 34:a8:4e:3a:9c:e5 / skipped due to not valid SSID
07-24 13:22:54.192 1718 2003 D WifiQualifiedNetworkSelector:: RSSI score: 100 5GHz bonus: 40 User selected it last time 100 minutes ago, bonus:380 Same network with current associated. Bonus: 16 Same BSSID with current association. Bonus: 24 Score for scanResult: SSID: NIST-Guest, BSSID: cc:d5:39:bb:d6:de, capabilities: [ESS], level: -51, frequency: 5500, timestamp: 6059604158, distance: ?(cm), distanceSd: ?(cm), passpoint: no, ChannelBandwidth: 1, centerFreq0: 5510, centerFreq1: 0, 80211mcResponder: is not supported and Network ID: 2 final score:560
07-24 13:22:54.192 1718 2003 D WifiQualifiedNetworkSelector::
07-24 13:22:54.192 1718 2003 D WifiQualifiedNetworkSelector:: RSSI score: 36 5GHz bonus: 40 User selected it last time 100 minutes ago, bonus:380 Same network with current associated. Bonus: 16 Score for scanResult: SSID: NIST-Guest, BSSID: 88:75:56:c7:d9:2e, capabilities: [ESS], level: -76, frequency: 5240, timestamp: 6056297589, distance: ?(cm), distanceSd: ?(cm), passpoint: no, ChannelBandwidth: 1, centerFreq0: 5230, centerFreq1: 0, 80211mcResponder: is not supported and Network ID: 2 final score:472
07-24 13:22:54.192 1718 2003 D WifiQualifiedNetworkSelector::
07-24 13:22:54.192 1718 2003 D WifiQualifiedNetworkSelector:: After user choice adjust, the final candidate is:"NIST-Guest":2 : cc:d5:39:bb:d6:de
07-24 13:22:54.193 1718 2003 D WifiQualifiedNetworkSelector:: "NIST-Guest":2 is already the best choice!
07-24 13:22:54.255 711 838 E libnav : CablComputeBacklightLevel(): UpdateType = DifferentSceneUpdate
07-24 13:22:54.853 711 838 E libnav : CablComputeBacklightLevel(): UpdateType = DifferentSceneUpdate
07-24 13:22:55.307 1718 8142 I ActivityManager: START u0 {act=android.settings.APPLICATION_DETAILS_SETTINGS dat=package:net.named_data.nfd flg=0x10008000 cmp=com.android.settings/.applications.InstalledAppDetails} from uid 1000 on display 0
07-24 13:22:55.316 577 2606 E ANDR-PERF-MPCTL: Invalid profile no. 0, total profiles 0 only
07-24 13:22:55.335 1718 8142 D ActivityTrigger: activityStartTrigger: Activity is not Triggerred in full screen ApplicationInfo{bc4987b com.android.settings}
07-24 13:22:55.335 1718 8142 D CompatibilityInfo: mCompatibilityFlags - 0
07-24 13:22:55.335 1718 8142 D CompatibilityInfo: applicationDensity - 480
07-24 13:22:55.336 1718 8142 D CompatibilityInfo: applicationScale - 1.0
07-24 13:22:55.337 1718 8142 D ActivityTrigger: activityResumeTrigger: Activity is not Triggerred in full screen ApplicationInfo{bc4987b com.android.settings}
07-24 13:22:55.337 1718 8142 D ActivityTrigger: ActivityTrigger activityPauseTrigger
07-24 13:22:55.347 1718 2826 D ActivityTrigger: activityResumeTrigger: Activity is not Triggerred in full screen ApplicationInfo{bc4987b com.android.settings}
07-24 13:22:55.356 1718 2826 D CompatibilityInfo: mCompatibilityFlags - 0
07-24 13:22:55.356 1718 2826 D CompatibilityInfo: applicationDensity - 480
07-24 13:22:55.356 1718 2826 D CompatibilityInfo: applicationScale - 1.0
07-24 13:22:55.386 2338 2338 D wpa_supplicant: wlan0: Control interface command 'SIGNAL_POLL'
07-24 13:22:55.389 2930 3090 W OpenGLRenderer: Incorrectly called buildLayer on View: QsbContainerView, destroying layer...
07-24 13:22:55.392 2338 2338 D wpa_supplicant: CTRL-DEBUG: global_ctrl_sock-sendto: sock=8 sndbuf=212992 outq=0 send_len=62
07-24 13:22:55.440 5963 26342 I chatty : uid=1000(system) AsyncTask #39 expire 3 lines
07-24 13:22:55.473 5963 5963 W ContextImpl: Calling a method in the system process without a qualified user: android.app.ContextImpl.bindService:1421 android.content.ContextWrapper.bindService:636 android.content.pm.permission.RuntimePermissionPresenter$RemoteService.processMessage:186 android.content.pm.permission.RuntimePermissionPresenter.getAppPermissions:127 com.android.settings.applications.PermissionsSummaryHelper.getPermissionSummary:34
07-24 13:22:55.476 1718 1837 D CompatibilityInfo: mCompatibilityFlags - 0
07-24 13:22:55.476 1718 1837 D CompatibilityInfo: applicationDensity - 480
07-24 13:22:55.477 1718 1837 D CompatibilityInfo: applicationScale - 1.0
07-24 13:22:55.480 1718 1890 D CompatibilityInfo: mCompatibilityFlags - 0
07-24 13:22:55.480 1718 1890 D CompatibilityInfo: applicationDensity - 480
07-24 13:22:55.480 1718 1890 D CompatibilityInfo: applicationScale - 1.0
07-24 13:22:55.504 1718 8142 E BatteryStatsService: no controller energy info supplied
07-24 13:22:55.509 1718 8142 E KernelUidCpuTimeReader: Failed to read uid_cputime: /proc/uid_cputime/show_uid_stat (No such file or directory)
07-24 13:22:55.567 1718 1808 I ActivityManager: Displayed com.android.settings/.applications.InstalledAppDetails: +220ms
07-24 13:22:55.568 13530 13530 I GoogleInputMethod: onFinishInput() : Dummy InputConnection bound
07-24 13:22:55.568 13530 13530 I GoogleInputMethod: onStartInput() : Dummy InputConnection bound
07-24 13:22:55.615 5963 26343 I chatty : uid=1000(system) AsyncTask #40 expire 280 lines
07-24 13:22:55.998 711 838 E libnav : CablComputeBacklightLevel(): UpdateType = DifferentSceneUpdate
07-24 13:22:56.119 1718 1772 D ActivityTrigger: ActivityTrigger activityStopTrigger
07-24 13:22:56.832 577 2606 E ANDR-PERF-OPTSHANDLER: perf_lock_rel: updated /sys/class/mmc_host/mmc0/clk_scaling/enable with 1
07-24 13:22:56.832 577 2606 E ANDR-PERF-OPTSHANDLER: return value 2
07-24 13:22:57.336 577 2606 E ANDR-PERF-RESOURCEQS: Failed to reset optimization [3, 0]
07-24 13:22:58.411 2338 2338 D wpa_supplicant: wlan0: Control interface command 'SIGNAL_POLL'
07-24 13:22:58.417 2338 2338 D wpa_supplicant: CTRL-DEBUG: global_ctrl_sock-sendto: sock=8 sndbuf=212992 outq=0 send_len=62
07-24 13:22:59.438 711 838 E libnav : CablComputeBacklightLevel(): UpdateType = DifferentSceneUpdate
07-24 13:22:59.814 1718 1890 I ActivityManager: Force stopping net.named_data.nfd appid=10126 user=0: from pid 5963
07-24 13:22:59.814 1718 1890 I ActivityManager: Killing 24478:net.named_data.nfd.service.NfdService/u0a126 (adj 500): stop net.named_data.nfd
07-24 13:22:59.815 1718 1890 D ActivityManager: cleanUpApplicationRecord -- 24478
07-24 13:22:59.815 1718 1890 W ActivityManager: Scheduling restart of crashed service net.named_data.nfd/.service.NfdService in 1000ms
07-24 13:22:59.816 1718 1890 I ActivityManager: Killing 24459:net.named_data.nfd/u0a126 (adj 101): stop net.named_data.nfd
07-24 13:22:59.817 1718 1890 D ActivityManager: cleanUpApplicationRecord -- 24459
07-24 13:22:59.818 1718 1890 W ActivityManager: Force removing ActivityRecord{c9dd261 u0 net.named_data.nfd/.MainActivity t77}: app died, no saved state
07-24 13:22:59.836 1718 1890 I ActivityManager: Force stopping service ServiceRecord{94dc337 u0 net.named_data.nfd/.service.NfdService}
07-24 13:22:59.850 5963 5963 I chatty : uid=1000(system) com.android.settings expire 7 lines
07-24 13:22:59.850 2364 2364 I TelephonyManager: getMultiSimConfiguration(): uid =1001
07-24 13:22:59.850 2364 2364 D CarrierSvcBindHelper: No carrier app for: 0
07-24 13:22:59.852 2364 2364 I TelephonyManager: getMultiSimConfiguration(): uid =1001
07-24 13:22:59.852 2364 2364 D CarrierSvcBindHelper: No carrier app for: 1
07-24 13:22:59.911 1718 1890 D GraphicsStats: Buffer count: 7
07-24 13:22:59.934 2765 2765 I chatty : uid=1027(nfc) com.android.nfc expire 354 lines
07-24 13:22:59.936 1718 1811 E PowerManagerService: BatteryReceiver onReceive() status: 2 plugType:1
07-24 13:22:59.938 1718 1718 I RPS : onReceive IntentIntent { act=android.intent.action.BATTERY_CHANGED flg=0x60000010 (has extras) }
07-24 13:22:59.938 2364 2364 I TelephonyManager: isMultiSimEnabled()- telephonyManager: uid= 1001
07-24 13:22:59.939 2815 2815 I tsdmc : BatteryMonitorService.checkFWUpdateWithBatteryEnough()
07-24 13:22:59.939 2815 2815 V tsdmc : mbatteryLevel = 93; bBatteryLow= false
07-24 13:22:59.940 1718 1718 I RPS : Battery Level in percentage:93.0Level:93Scale100
07-24 13:22:59.940 1718 1718 I RPS : checkCallbacks
07-24 13:22:59.946 2364 2364 E QtiImsExtUtils: getConfigForPhoneId subId is invalid
07-24 13:22:59.946 2364 2364 E QtiImsExtUtils: isCarrierConfigEnabled bundle is null
07-24 13:22:59.952 2060 2060 D KeyguardUpdateMonitor: received broadcast android.intent.action.BATTERY_CHANGED
07-24 13:22:59.953 711 838 E libnav : CablComputeBacklightLevel(): UpdateType = DifferentSceneUpdate
07-24 13:22:59.958 2060 2060 D KeyguardUpdateMonitor: handleBatteryUpdate
07-24 13:22:59.980 2765 3156 I chatty : uid=1027(nfc) AsyncTask #1 expire 237 lines
07-24 13:22:59.980 2765 3187 I chatty : uid=1027(nfc) AsyncTask #1 expire 32 lines
07-24 13:22:59.983 2765 3189 I chatty : uid=1027(nfc) AsyncTask #1 expire 14 lines
07-24 13:22:59.998 2765 3186 I chatty : uid=1027(nfc) AsyncTask #1 expire 22 lines
07-24 13:23:00.009 2060 2060 D KeyguardUpdateMonitor: received broadcast android.intent.action.TIME_TICK
07-24 13:23:00.009 2060 2060 D KeyguardUpdateMonitor: handleTimeUpdate
07-24 13:23:00.050 1718 1730 I art : Background partial concurrent mark sweep GC freed 80201(4MB) AllocSpace objects, 11(964KB) LOS objects, 33% free, 22MB/33MB, paused 2.081ms total 145.632ms
07-24 13:23:00.111 5963 26464 I chatty : uid=1000(system) AsyncTask #42 expire 148 lines
07-24 13:23:00.141 1718 8142 E BatteryStatsService: no controller energy info supplied
07-24 13:23:00.145 1718 2518 W InputMethodManagerService: Window already focused, ignoring focus gain of: com.android.internal.view.IInputMethodClient$Stub$Proxy@f5f1847 attribute=android.view.inputmethod.EditorInfo@2cd2874, token = android.os.BinderProxy@17d765e
07-24 13:23:00.146 13530 13530 I GoogleInputMethod: onFinishInput() : Dummy InputConnection bound
07-24 13:23:00.147 1718 8142 E KernelUidCpuTimeReader: Failed to read uid_cputime: /proc/uid_cputime/show_uid_stat (No such file or directory)
07-24 13:23:00.147 13530 13530 I GoogleInputMethod: onStartInput() : Dummy InputConnection bound
07-24 13:23:00.185 711 838 E libnav : CablComputeBacklightLevel(): UpdateType = DifferentSceneUpdate
07-24 13:23:00.344 5963 26464 W ProcStatsManager: No process com.sonimtech.warrantyregapp.xp8/1000 for service com.sonimtech.warrantyregapp.LauncherService
07-24 13:23:00.344 5963 26464 W ProcStatsManager: No process com.qualcomm.display/1000 for service com.qualcomm.svi.SVIService
07-24 13:23:00.345 5963 26464 W ProcStatsManager: No process com.android.vending/10051 for service com.google.android.finsky.hygiene.DailyHygiene$DailyHygieneService
07-24 13:23:00.345 5963 26464 W ProcStatsManager: No process com.android.vending:instant_app_installer/10051 for service com.google.android.finsky.instantapps.PhenotypeUpdateService
07-24 13:23:00.345 5963 26464 W ProcStatsManager: No process com.android.vending/10051 for service com.google.android.finsky.scheduler.JobSchedulerEngine$PhoneskyJobSchedulerJobService
07-24 13:23:00.345 5963 26464 W ProcStatsManager: No process com.android.vending/10051 for service com.google.android.finsky.flushlogs.FlushLogsReceiver$FlushLogsService
07-24 13:23:00.345 5963 26464 W ProcStatsManager: No process com.android.vending/10051 for service com.google.android.finsky.verifier.impl.PackageVerificationService
07-24 13:23:00.345 5963 26464 W ProcStatsManager: No process com.android.vending:instant_app_installer/10051 for service com.google.android.finsky.instantapps.statussync.StatusSyncService
07-24 13:23:00.345 5963 26464 W ProcStatsManager: No process com.android.vending/10051 for service com.google.android.finsky.heterodyne.HeterodyneSyncService
07-24 13:23:00.345 5963 26464 W ProcStatsManager: No process com.android.vending/10051 for service com.google.android.finsky.wear.WearSupportService
07-24 13:23:00.345 5963 26464 W ProcStatsManager: No process com.android.vending:instant_app_installer/10051 for service com.google.android.finsky.instantapps.metrics.LogFlushJob
07-24 13:23:00.345 5963 26464 W ProcStatsManager: No process com.android.vending/10051 for service com.google.android.finsky.zapp.PlayModuleService
07-24 13:23:00.345 5963 26464 W ProcStatsManager: No process com.android.vending/10051 for service com.google.android.finsky.contentfilterui.ContentFiltersService
07-24 13:23:00.345 5963 26464 W ProcStatsManager: No process com.qualcomm.display/1000 for service com.qualcomm.cabl.CABLService
07-24 13:23:00.345 5963 26464 W ProcStatsManager: No process com.android.carrierconfig/10004 for service com.android.carrierconfig.DefaultCarrierConfigService
07-24 13:23:00.345 5963 26464 W ProcStatsManager: No process com.google.android.gm/10072 for service com.google.android.gm.provider.MailSyncAdapterService
07-24 13:23:00.345 5963 26464 W ProcStatsManager: No process com.google.android.gm/10072 for service com.google.android.gm.GoogleMailSwitchService
07-24 13:23:00.345 5963 26464 W ProcStatsManager: No process com.google.android.gm/10072 for service com.android.mail.widget.BaseGmailWidgetProviderService
07-24 13:23:00.345 5963 26464 W ProcStatsManager: No process com.google.android.gm/10072 for service com.google.android.gm.GmailIntentService
07-24 13:23:00.345 5963 26464 W ProcStatsManager: No process com.google.android.gm/10072 for service com.android.email.service.EmailBroadcastProcessorService
07-24 13:23:00.345 5963 26464 W ProcStatsManager: No process com.google.android.gm/10072 for service com.android.exchange.service.RequestSyncDraftsTaskService
07-24 13:23:00.345 5963 26464 W ProcStatsManager: No process com.google.android.gm/10072 for service com.android.exchange.service.RequestSyncMailboxTaskService
07-24 13:23:00.345 5963 26464 W ProcStatsManager: No process com.google.android.gm/10072 for service com.google.android.gm.GoogleMailSwitchService
07-24 13:23:00.345 5963 26464 W ProcStatsManager: No process com.google.android.gm/10072 for service com.android.mail.widget.BaseGmailWidgetProviderService
07-24 13:23:00.345 5963 26464 W ProcStatsManager: No process com.google.android.gm/10072 for service com.google.android.gm.GmailIntentService
07-24 13:23:00.345 5963 26464 W ProcStatsManager: No process com.google.android.gm/10072 for service com.android.exchange.service.CheckBatteryOptimizationsTaskService
07-24 13:23:00.345 5963 26464 W ProcStatsManager: No process com.google.android.gm/10072 for service com.android.exchange.service.RequestPingTaskService
07-24 13:23:00.345 5963 26464 W ProcStatsManager: No process com.google.android.gm/10072 for service com.google.android.gm.GcmImapPurgeService
