07-24 13:23:17.669 26679 26699 D nfd.Forwarder: onOutgoingInterest face=1 interest=/localhost/nfd/faces/create/h%1Br%19udp4%3A%2F%2F129.10.224.42%3A6363/%00%00%01d%CDQ%0A%12/%84%C3%004S%B0IX/%166%1B%01%01%1C1%07%2F%08%0Ctmp-identity%08%03KEY%08%11ksk-1532452996873%08%07ID-CERT/%17%FD%01%00%23%B0%DFQ%F0%EE%D4%D2Tj%E6%08%BE%D9%DF%1A9%9C%9DBL%A8%5CJ%95ds%F2r%FF%B9%C7%2BF%D4%40%FB5%22x%2FY%11%8D%8B%13%0C%C5%C9%0F%CDH%18%8B%8D%FDi%92C%DE89%82%5E%88%10B6%EBA%23%B2%BD%B3g%F5%D6%C0%01%DFw%B9%EC8M%80%940%5B%29~%F7%95%EC%E1e%1E%98%7B%D0%19%1B%0D%1D%1B%3C%22%9C%E0~%F9%A1%8F%939%5B%BA%D0%8A%24J7%E2%A6%8Env%C0%3AL%FF%8A%B1Vn%11%80%E1%0C%88CR%25%81%82dz%08%5D%3Bh%F5%A5%B1Yh%3A%B4%9E%8DMM%B3%C7%C7%C2%25n%D4W%3CI%3D%F2%22z%9C%AE%A5%A9%FA%5C%20~%8D%9E%7C%99%F5%F6%B9%C6sC%B0%1C%C4%EB%DC%23%AF%B1%FDJ%F8%C0%E4%AE%BD%A1n%81LN%13%11%92w%D0%B2%1D%FB%23%BE%B2%8A%D1%88%84%D8%EF%A2%25%99%A2%F4%27%B6%9E%B7%29%B9F%81%87%EC%8E%89i%9E%AF%FC%B5C%CC%A4
07-24 13:23:17.669 26679 26699 V nfd.LinkService: [id=1,local=internal://,remote=internal://] sendInterest
07-24 13:23:17.670 26679 26699 V nfd.InternalForwarderTransport: [id=1,local=internal://,remote=internal://] doSend
07-24 13:23:17.671 26679 26699 D nfd.BestRouteStrategy2: /localhost/nfd/faces/create/h%1Br%19udp4%3A%2F%2F129.10.224.42%3A6363/%00%00%01d%CDQ%0A%12/%84%C3%004S%B0IX/%166%1B%01%01%1C1%07%2F%08%0Ctmp-identity%08%03KEY%08%11ksk-1532452996873%08%07ID-CERT/%17%FD%01%00%23%B0%DFQ%F0%EE%D4%D2Tj%E6%08%BE%D9%DF%1A9%9C%9DBL%A8%5CJ%95ds%F2r%FF%B9%C7%2BF%D4%40%FB5%22x%2FY%11%8D%8B%13%0C%C5%C9%0F%CDH%18%8B%8D%FDi%92C%DE89%82%5E%88%10B6%EBA%23%B2%BD%B3g%F5%D6%C0%01%DFw%B9%EC8M%80%940%5B%29~%F7%95%EC%E1e%1E%98%7B%D0%19%1B%0D%1D%1B%3C%22%9C%E0~%F9%A1%8F%939%5B%BA%D0%8A%24J7%E2%A6%8Env%C0%3AL%FF%8A%B1Vn%11%80%E1%0C%88CR%25%81%82dz%08%5D%3Bh%F5%A5%B1Yh%3A%B4%9E%8DMM%B3%C7%C7%C2%25n%D4W%3CI%3D%F2%22z%9C%AE%A5%A9%FA%5C%20~%8D%9E%7C%99%F5%F6%B9%C6sC%B0%1C%C4%EB%DC%23%AF%B1%FDJ%F8%C0%E4%AE%BD%A1n%81LN%13%11%92w%D0%B2%1D%FB%23%BE%B2%8A%D1%88%84%D8%EF%A2%25%99%A2%F4%27%B6%9E%B7%29%B9F%81%87%EC%8E%89i%9E%AF%FC%B5C%CC%A4?ndn.InterestLifetime=2000&ndn.Nonce=2620206923 from=262 newPitEntry-to=1
07-24 13:23:17.671 26679 26699 D nfd.CommandAuthenticator: accept /localhost/nfd/faces/create/h%1Br%19udp4%3A%2F%2F129.10.224.42%3A6363/%00%00%01d%CDQ%0A%12/%84%C3%004S%B0IX/%166%1B%01%01%1C1%07%2F%08%0Ctmp-identity%08%03KEY%08%11ksk-1532452996873%08%07ID-CERT/%17%FD%01%00%23%B0%DFQ%F0%EE%D4%D2Tj%E6%08%BE%D9%DF%1A9%9C%9DBL%A8%5CJ%95ds%F2r%FF%B9%C7%2BF%D4%40%FB5%22x%2FY%11%8D%8B%13%0C%C5%C9%0F%CDH%18%8B%8D%FDi%92C%DE89%82%5E%88%10B6%EBA%23%B2%BD%B3g%F5%D6%C0%01%DFw%B9%EC8M%80%940%5B%29~%F7%95%EC%E1e%1E%98%7B%D0%19%1B%0D%1D%1B%3C%22%9C%E0~%F9%A1%8F%939%5B%BA%D0%8A%24J7%E2%A6%8Env%C0%3AL%FF%8A%B1Vn%11%80%E1%0C%88CR%25%81%82dz%08%5D%3Bh%F5%A5%B1Yh%3A%B4%9E%8DMM%B3%C7%C7%C2%25n%D4W%3CI%3D%F2%22z%9C%AE%A5%A9%FA%5C%20~%8D%9E%7C%99%F5%F6%B9%C6sC%B0%1C%C4%EB%DC%23%AF%B1%FDJ%F8%C0%E4%AE%BD%A1n%81LN%13%11%92w%D0%B2%1D%FB%23%BE%B2%8A%D1%88%84%D8%EF%A2%25%99%A2%F4%27%B6%9E%B7%29%B9F%81%87%EC%8E%89i%9E%AF%FC%B5C%CC%A4 signer=*
07-24 13:23:17.672 26679 26699 V nfd.UdpChannel: [udp4://0.0.0.0:6363] Reusing existing face for 129.10.224.42:6363
07-24 13:23:17.672 26679 26699 V nfd.FaceManager: Attempted to create duplicate face of 261
07-24 13:23:17.667 26699 26699 W vice.NfdService: type=1400 audit(0.0:323): avc: denied { ioctl } for path="socket:[171196]" dev="sockfs" ino=171196 ioctlcmd=894b scontext=u:r:untrusted_app:s0:c512,c768 tcontext=u:r:untrusted_app:s0:c512,c768 tclass=tcp_socket permissive=0
07-24 13:23:17.677 26679 26699 V nfd.InternalForwarderTransport: [id=1,local=internal://,remote=internal://] receiveFromLink
07-24 13:23:17.678 26679 26699 V nfd.LinkService: [id=1,local=internal://,remote=internal://] receiveData
07-24 13:23:17.678 26679 26699 D nfd.Forwarder: onIncomingData face=1 data=/localhost/nfd/faces/events/%FE%0A
07-24 13:23:17.678 26679 26699 V nfd.NameTreeHashtable: found /localhost/nfd/faces/events/%FE%0A hash=9958661621874513940 bucket=20
07-24 13:23:17.678 26679 26699 V nfd.NameTreeIterator: initialized entry=/localhost/nfd/faces/events/%FE%0A ref=/localhost/nfd/faces/events/%FE%0A state=0
07-24 13:23:17.678 26679 26699 V nfd.NameTreeIterator: advanced end
07-24 13:23:17.678 26679 26699 D nfd.ContentStore: insert /localhost/nfd/faces/events/%FE%0A
07-24 13:23:17.678 26679 26699 D nfd.Forwarder: onIncomingData matching=/localhost/nfd/faces/events/%FE%0A
07-24 13:23:17.678 26679 26699 D nfd.Strategy: afterReceiveData pitEntry=/localhost/nfd/faces/events/%FE%0A inFace=1 data=/localhost/nfd/faces/events/%FE%0A
07-24 13:23:17.678 26679 26699 D nfd.Strategy: beforeSatisfyInterest pitEntry=/localhost/nfd/faces/events/%FE%0A inFace=1 data=/localhost/nfd/faces/events/%FE%0A
07-24 13:23:17.678 26679 26699 D nfd.Forwarder: onOutgoingData face=256 data=/localhost/nfd/faces/events/%FE%0A
07-24 13:23:17.678 26679 26699 V nfd.LinkService: [id=256,local=tcp4://127.0.0.1:6363,remote=tcp4://127.0.0.1:43966] sendData
07-24 13:23:17.678 26679 26699 W nfd.TcpTransport: [id=256,local=tcp4://127.0.0.1:6363,remote=tcp4://127.0.0.1:43966] Failed to obtain send queue length from socket: Permission denied
07-24 13:23:17.678 26679 26699 V nfd.TcpTransport: [id=256,local=tcp4://127.0.0.1:6363,remote=tcp4://127.0.0.1:43966] doSend
07-24 13:23:17.679 26679 26699 V nfd.TcpTransport: [id=256,local=tcp4://127.0.0.1:6363,remote=tcp4://127.0.0.1:43966] Successfully sent: 163 bytes
07-24 13:23:17.679 26679 26699 V nfd.RibManager: onNotification: FaceEvent(Kind: created,
07-24 13:23:17.679 26679 26699 V nfd.RibManager: FaceId: 262,
07-24 13:23:17.679 26679 26699 V nfd.RibManager: RemoteUri: tcp4://127.0.0.1:43978,
07-24 13:23:17.679 26679 26699 V nfd.RibManager: LocalUri: tcp4://127.0.0.1:6363,
07-24 13:23:17.679 26679 26699 V nfd.RibManager: FaceScope: local,
07-24 13:23:17.679 26679 26699 V nfd.RibManager: FacePersistency: on-demand,
07-24 13:23:17.679 26679 26699 V nfd.RibManager: LinkType: point-to-point,
07-24 13:23:17.679 26679 26699 V nfd.RibManager: Flags: 0x4
07-24 13:23:17.679 26679 26699 V nfd.RibManager: )
07-24 13:23:17.679 26679 26699 D nfd.Forwarder: onInterestFinalize interest=/localhost/nfd/faces/events/%FE%0A satisfied
07-24 13:23:17.679 26679 26699 V nfd.NameTreeHashtable: erase /localhost/nfd/faces/events/%FE%0A hash=9958661621874513940 bucket=20
07-24 13:23:17.679 26679 26699 V nfd.NameTreeHashtable: erase /localhost/nfd/faces/events hash=1233637898983554347 bucket=299
07-24 13:23:17.679 26679 26699 V nfd.InternalForwarderTransport: [id=1,local=internal://,remote=internal://] receiveFromLink
07-24 13:23:17.679 26679 26699 V nfd.LinkService: [id=1,local=internal://,remote=internal://] receiveData
07-24 13:23:17.680 26679 26699 D nfd.Forwarder: onIncomingData face=1 data=/localhost/nfd/faces/create/h%1Br%19udp4%3A%2F%2F129.10.224.42%3A6363/%00%00%01d%CDQ%0A%12/%84%C3%004S%B0IX/%166%1B%01%01%1C1%07%2F%08%0Ctmp-identity%08%03KEY%08%11ksk-1532452996873%08%07ID-CERT/%17%FD%01%00%23%B0%DFQ%F0%EE%D4%D2Tj%E6%08%BE%D9%DF%1A9%9C%9DBL%A8%5CJ%95ds%F2r%FF%B9%C7%2BF%D4%40%FB5%22x%2FY%11%8D%8B%13%0C%C5%C9%0F%CDH%18%8B%8D%FDi%92C%DE89%82%5E%88%10B6%EBA%23%B2%BD%B3g%F5%D6%C0%01%DFw%B9%EC8M%80%940%5B%29~%F7%95%EC%E1e%1E%98%7B%D0%19%1B%0D%1D%1B%3C%22%9C%E0~%F9%A1%8F%939%5B%BA%D0%8A%24J7%E2%A6%8Env%C0%3AL%FF%8A%B1Vn%11%80%E1%0C%88CR%25%81%82dz%08%5D%3Bh%F5%A5%B1Yh%3A%B4%9E%8DMM%B3%C7%C7%C2%25n%D4W%3CI%3D%F2%22z%9C%AE%A5%A9%FA%5C%20~%8D%9E%7C%99%F5%F6%B9%C6sC%B0%1C%C4%EB%DC%23%AF%B1%FDJ%F8%C0%E4%AE%BD%A1n%81LN%13%11%92w%D0%B2%1D%FB%23%BE%B2%8A%D1%88%84%D8%EF%A2%25%99%A2%F4%27%B6%9E%B7%29%B9F%81%87%EC%8E%89i%9E%AF%FC%B5C%CC%A4
07-24 13:23:17.680 26679 26699 V nfd.NameTreeHashtable: found /localhost/nfd/faces/create/h%1Br%19udp4%3A%2F%2F129.10.224.42%3A6363/%00%00%01d%CDQ%0A%12/%84%C3%004S%B0IX/%166%1B%01%01%1C1%07%2F%08%0Ctmp-identity%08%03KEY%08%11ksk-1532452996873%08%07ID-CERT/%17%FD%01%00%23%B0%DFQ%F0%EE%D4%D2Tj%E6%08%BE%D9%DF%1A9%9C%9DBL%A8%5CJ%95ds%F2r%FF%B9%C7%2BF%D4%40%FB5%22x%2FY%11%8D%8B%13%0C%C5%C9%0F%CDH%18%8B%8D%FDi%92C%DE89%82%5E%88%10B6%EBA%23%B2%BD%B3g%F5%D6%C0%01%DFw%B9%EC8M%80%940%5B%29~%F7%95%EC%E1e%1E%98%7B%D0%19%1B%0D%1D%1B%3C%22%9C%E0~%F9%A1%8F%939%5B%BA%D0%8A%24J7%E2%A6%8Env%C0%3AL%FF%8A%B1Vn%11%80%E1%0C%88CR%25%81%82dz%08%5D%3Bh%F5%A5%B1Yh%3A%B4%9E%8DMM%B3%C7%C7%C2%25n%D4W%3CI%3D%F2%22z%9C%AE%A5%A9%FA%5C%20~%8D%9E%7C%99%F5%F6%B9%C6sC%B0%1C%C4%EB%DC%23%AF%B1%FDJ%F8%C0%E4%AE%BD%A1n%81LN%13%11%92w%D0%B2%1D%FB%23%BE%B2%8A%D1%88%84%D8%EF%A2%25%99%A2%F4%27%B6%9E%B7%29%B9F%81%87%EC%8E%89i%9E%AF%FC%B5C%CC%A4 hash=6906555532433604757 bucket=149
07-24 13:23:17.680 26679 26699 V nfd.NameTreeIterator: initialized entry=/localhost/nfd/faces/create/h%1Br%19udp4%3A%2F%2F129.10.224.42%3A6363/%00%00%01d%CDQ%0A%12/%84%C3%004S%B0IX/%166%1B%01%01%1C1%07%2F%08%0Ctmp-identity%08%03KEY%08%11ksk-1532452996873%08%07ID-CERT/%17%FD%01%00%23%B0%DFQ%F0%EE%D4%D2Tj%E6%08%BE%D9%DF%1A9%9C%9DBL%A8%5CJ%95ds%F2r%FF%B9%C7%2BF%D4%40%FB5%22x%2FY%11%8D%8B%13%0C%C5%C9%0F%CDH%18%8B%8D%FDi%92C%DE89%82%5E%88%10B6%EBA%23%B2%BD%B3g%F5%D6%C0%01%DFw%B9%EC8M%80%940%5B%29~%F7%95%EC%E1e%1E%98%7B%D0%19%1B%0D%1D%1B%3C%22%9C%E0~%F9%A1%8F%939%5B%BA%D0%8A%24J7%E2%A6%8Env%C0%3AL%FF%8A%B1Vn%11%80%E1%0C%88CR%25%81%82dz%08%5D%3Bh%F5%A5%B1Yh%3A%B4%9E%8DMM%B3%C7%C7%C2%25n%D4W%3CI%3D%F2%22z%9C%AE%A5%A9%FA%5C%20~%8D%9E%7C%99%F5%F6%B9%C6sC%B0%1C%C4%EB%DC%23%AF%B1%FDJ%F8%C0%E4%AE%BD%A1n%81LN%13%11%92w%D0%B2%1D%FB%23%BE%B2%8A%D1%88%84%D8%EF%A2%25%99%A2%F4%27%B6%9E%B7%29%B9F%81%87%EC%8E%89i%9E%AF%FC%B5C%CC%A4 ref=/localhost/nfd/faces/create/h%1Br%19udp4%3A%2F%2F129.10.224.42%3A6363/%00%00%01d%CDQ%0A%12/%84%C3%004S%B0IX/%166%1B%01%01%1C1%07%2F%08%0Ctmp-identity
07-24 13:23:17.680 26679 26699 V nfd.NameTreeIterator: advanced end
07-24 13:23:17.680 26679 26699 D nfd.ContentStore: insert /localhost/nfd/faces/create/h%1Br%19udp4%3A%2F%2F129.10.224.42%3A6363/%00%00%01d%CDQ%0A%12/%84%C3%004S%B0IX/%166%1B%01%01%1C1%07%2F%08%0Ctmp-identity%08%03KEY%08%11ksk-1532452996873%08%07ID-CERT/%17%FD%01%00%23%B0%DFQ%F0%EE%D4%D2Tj%E6%08%BE%D9%DF%1A9%9C%9DBL%A8%5CJ%95ds%F2r%FF%B9%C7%2BF%D4%40%FB5%22x%2FY%11%8D%8B%13%0C%C5%C9%0F%CDH%18%8B%8D%FDi%92C%DE89%82%5E%88%10B6%EBA%23%B2%BD%B3g%F5%D6%C0%01%DFw%B9%EC8M%80%940%5B%29~%F7%95%EC%E1e%1E%98%7B%D0%19%1B%0D%1D%1B%3C%22%9C%E0~%F9%A1%8F%939%5B%BA%D0%8A%24J7%E2%A6%8Env%C0%3AL%FF%8A%B1Vn%11%80%E1%0C%88CR%25%81%82dz%08%5D%3Bh%F5%A5%B1Yh%3A%B4%9E%8DMM%B3%C7%C7%C2%25n%D4W%3CI%3D%F2%22z%9C%AE%A5%A9%FA%5C%20~%8D%9E%7C%99%F5%F6%B9%C6sC%B0%1C%C4%EB%DC%23%AF%B1%FDJ%F8%C0%E4%AE%BD%A1n%81LN%13%11%92w%D0%B2%1D%FB%23%BE%B2%8A%D1%88%84%D8%EF%A2%25%99%A2%F4%27%B6%9E%B7%29%B9F%81%87%EC%8E%89i%9E%AF%FC%B5C%CC%A4
07-24 13:23:17.680 26679 26699 D nfd.Forwarder: onIncomingData matching=/localhost/nfd/faces/create/h%1Br%19udp4%3A%2F%2F129.10.224.42%3A6363/%00%00%01d%CDQ%0A%12/%84%C3%004S%B0IX/%166%1B%01%01%1C1%07%2F%08%0Ctmp-identity%08%03KEY%08%11ksk-1532452996873%08%07ID-CERT/%17%FD%01%00%23%B0%DFQ%F0%EE%D4%D2Tj%E6%08%BE%D9%DF%1A9%9C%9DBL%A8%5CJ%95ds%F2r%FF%B9%C7%2BF%D4%40%FB5%22x%2FY%11%8D%8B%13%0C%C5%C9%0F%CDH%18%8B%8D%FDi%92C%DE89%82%5E%88%10B6%EBA%23%B2%BD%B3g%F5%D6%C0%01%DFw%B9%EC8M%80%940%5B%29~%F7%95%EC%E1e%1E%98%7B%D0%19%1B%0D%1D%1B%3C%22%9C%E0~%F9%A1%8F%939%5B%BA%D0%8A%24J7%E2%A6%8Env%C0%3AL%FF%8A%B1Vn%11%80%E1%0C%88CR%25%81%82dz%08%5D%3Bh%F5%A5%B1Yh%3A%B4%9E%8DMM%B3%C7%C7%C2%25n%D4W%3CI%3D%F2%22z%9C%AE%A5%A9%FA%5C%20~%8D%9E%7C%99%F5%F6%B9%C6sC%B0%1C%C4%EB%DC%23%AF%B1%FDJ%F8%C0%E4%AE%BD%A1n%81LN%13%11%92w%D0%B2%1D%FB%23%BE%B2%8A%D1%88%84%D8%EF%A2%25%99%A2%F4%27%B6%9E%B7%29%B9F%81%87%EC%8E%89i%9E%AF%FC%B5C%CC%A4
07-24 13:23:17.681 26679 26699 D nfd.Strategy: afterReceiveData pitEntry=/localhost/nfd/faces/create/h%1Br%19udp4%3A%2F%2F129.10.224.42%3A6363/%00%00%01d%CDQ%0A%12/%84%C3%004S%B0IX/%166%1B%01%01%1C1%07%2F%08%0Ctmp-identity%08%03KEY%08%11ksk-1532452996873%08%07ID-CERT/%17%FD%01%00%23%B0%DFQ%F0%EE%D4%D2Tj%E6%08%BE%D9%DF%1A9%9C%9DBL%A8%5CJ%95ds%F2r%FF%B9%C7%2BF%D4%40%FB5%22x%2FY%11%8D%8B%13%0C%C5%C9%0F%CDH%18%8B%8D%FDi%92C%DE89%82%5E%88%10B6%EBA%23%B2%BD%B3g%F5%D6%C0%01%DFw%B9%EC8M%80%940%5B%29~%F7%95%EC%E1e%1E%98%7B%D0%19%1B%0D%1D%1B%3C%22%9C%E0~%F9%A1%8F%939%5B%BA%D0%8A%24J7%E2%A6%8Env%C0%3AL%FF%8A%B1Vn%11%80%E1%0C%88CR%25%81%82dz%08%5D%3Bh%F5%A5%B1Yh%3A%B4%9E%8DMM%B3%C7%C7%C2%25n%D4W%3CI%3D%F2%22z%9C%AE%A5%A9%FA%5C%20~%8D%9E%7C%99%F5%F6%B9%C6sC%B0%1C%C4%EB%DC%23%AF%B1%FDJ%F8%C0%E4%AE%BD%A1n%81LN%13%11%92w%D0%B2%1D%FB%23%BE%B2%8A%D1%88%84%D8%EF%A2%25%99%A2%F4%27%B6%9E%B7%29%B9F%81%87%EC%8E%89i%9E%AF%FC%B5C%CC%A4 inFace=1 data=/localhost/nfd/faces/create/h%1Br%19udp4%3A%2F%2F129.10.224.42%3A6363/%00%00%01d%CDQ%0A%12/%84%C3%004S%B0IX/%166%1B%01%01%1C1%07%2F
07-24 13:23:17.667 26699 26699 W vice.NfdService: type=1400 audit(0.0:324): avc: denied { ioctl } for path="socket:[170930]" dev="sockfs" ino=170930 ioctlcmd=894b scontext=u:r:untrusted_app:s0:c512,c768 tcontext=u:r:untrusted_app:s0:c512,c768 tclass=tcp_socket permissive=0
07-24 13:23:17.681 26679 26699 D nfd.Strategy: beforeSatisfyInterest pitEntry=/localhost/nfd/faces/create/h%1Br%19udp4%3A%2F%2F129.10.224.42%3A6363/%00%00%01d%CDQ%0A%12/%84%C3%004S%B0IX/%166%1B%01%01%1C1%07%2F%08%0Ctmp-identity%08%03KEY%08%11ksk-1532452996873%08%07ID-CERT/%17%FD%01%00%23%B0%DFQ%F0%EE%D4%D2Tj%E6%08%BE%D9%DF%1A9%9C%9DBL%A8%5CJ%95ds%F2r%FF%B9%C7%2BF%D4%40%FB5%22x%2FY%11%8D%8B%13%0C%C5%C9%0F%CDH%18%8B%8D%FDi%92C%DE89%82%5E%88%10B6%EBA%23%B2%BD%B3g%F5%D6%C0%01%DFw%B9%EC8M%80%940%5B%29~%F7%95%EC%E1e%1E%98%7B%D0%19%1B%0D%1D%1B%3C%22%9C%E0~%F9%A1%8F%939%5B%BA%D0%8A%24J7%E2%A6%8Env%C0%3AL%FF%8A%B1Vn%11%80%E1%0C%88CR%25%81%82dz%08%5D%3Bh%F5%A5%B1Yh%3A%B4%9E%8DMM%B3%C7%C7%C2%25n%D4W%3CI%3D%F2%22z%9C%AE%A5%A9%FA%5C%20~%8D%9E%7C%99%F5%F6%B9%C6sC%B0%1C%C4%EB%DC%23%AF%B1%FDJ%F8%C0%E4%AE%BD%A1n%81LN%13%11%92w%D0%B2%1D%FB%23%BE%B2%8A%D1%88%84%D8%EF%A2%25%99%A2%F4%27%B6%9E%B7%29%B9F%81%87%EC%8E%89i%9E%AF%FC%B5C%CC%A4 inFace=1 data=/localhost/nfd/faces/create/h%1Br%19udp4%3A%2F%2F129.10.224.42%3A6363/%00%00%01d%CDQ%0A%12/%84%C3%004S%B0IX/%166%1B%01%01%1C1%
07-24 13:23:17.681 26679 26699 D nfd.Forwarder: onOutgoingData face=262 data=/localhost/nfd/faces/create/h%1Br%19udp4%3A%2F%2F129.10.224.42%3A6363/%00%00%01d%CDQ%0A%12/%84%C3%004S%B0IX/%166%1B%01%01%1C1%07%2F%08%0Ctmp-identity%08%03KEY%08%11ksk-1532452996873%08%07ID-CERT/%17%FD%01%00%23%B0%DFQ%F0%EE%D4%D2Tj%E6%08%BE%D9%DF%1A9%9C%9DBL%A8%5CJ%95ds%F2r%FF%B9%C7%2BF%D4%40%FB5%22x%2FY%11%8D%8B%13%0C%C5%C9%0F%CDH%18%8B%8D%FDi%92C%DE89%82%5E%88%10B6%EBA%23%B2%BD%B3g%F5%D6%C0%01%DFw%B9%EC8M%80%940%5B%29~%F7%95%EC%E1e%1E%98%7B%D0%19%1B%0D%1D%1B%3C%22%9C%E0~%F9%A1%8F%939%5B%BA%D0%8A%24J7%E2%A6%8Env%C0%3AL%FF%8A%B1Vn%11%80%E1%0C%88CR%25%81%82dz%08%5D%3Bh%F5%A5%B1Yh%3A%B4%9E%8DMM%B3%C7%C7%C2%25n%D4W%3CI%3D%F2%22z%9C%AE%A5%A9%FA%5C%20~%8D%9E%7C%99%F5%F6%B9%C6sC%B0%1C%C4%EB%DC%23%AF%B1%FDJ%F8%C0%E4%AE%BD%A1n%81LN%13%11%92w%D0%B2%1D%FB%23%BE%B2%8A%D1%88%84%D8%EF%A2%25%99%A2%F4%27%B6%9E%B7%29%B9F%81%87%EC%8E%89i%9E%AF%FC%B5C%CC%A4
07-24 13:23:17.681 26679 26699 V nfd.LinkService: [id=262,local=tcp4://127.0.0.1:6363,remote=tcp4://127.0.0.1:43978] sendData
07-24 13:23:17.682 26679 26699 W nfd.TcpTransport: [id=262,local=tcp4://127.0.0.1:6363,remote=tcp4://127.0.0.1:43978] Failed to obtain send queue length from socket: Permission denied
07-24 13:23:17.682 26679 26699 V nfd.TcpTransport: [id=262,local=tcp4://127.0.0.1:6363,remote=tcp4://127.0.0.1:43978] doSend
07-24 13:23:17.682 26679 26699 V nfd.TcpTransport: [id=262,local=tcp4://127.0.0.1:6363,remote=tcp4://127.0.0.1:43978] Successfully sent: 583 bytes
07-24 13:23:17.683 26679 26699 V nfd.TcpTransport: [id=256,local=tcp4://127.0.0.1:6363,remote=tcp4://127.0.0.1:43966] Received: 49 bytes
07-24 13:23:17.683 26679 26699 V nfd.LinkService: [id=256,local=tcp4://127.0.0.1:6363,remote=tcp4://127.0.0.1:43966] receiveInterest
07-24 13:23:17.683 26679 26699 D nfd.Forwarder: onIncomingInterest face=256 interest=/localhost/nfd/faces/events/%FE%0B
07-24 13:23:17.683 26679 26699 V nfd.NameTree: lookup(/localhost/nfd/faces/events/%FE%0B, 5)
07-24 13:23:17.683 26679 26699 V nfd.NameTreeHashtable: found / hash=0 bucket=0
07-24 13:23:17.683 26679 26699 V nfd.NameTreeHashtable: found /localhost hash=10937169108514740553 bucket=329
07-24 13:23:17.683 26679 26699 V nfd.NameTreeHashtable: found /localhost/nfd hash=3626199823732152002 bucket=706
07-24 13:23:17.683 26679 26699 V nfd.NameTreeHashtable: found /localhost/nfd/faces hash=4081254122302803360 bucket=416
07-24 13:23:17.683 26679 26699 V nfd.NameTreeHashtable: insert /localhost/nfd/faces/events hash=1233637898983554347 bucket=299
07-24 13:23:17.683 26679 26699 V nfd.NameTreeHashtable: insert /localhost/nfd/faces/events/%FE%0B hash=5092410048041941743 bucket=751
07-24 13:23:17.683 26679 26699 D nfd.ContentStore: find /localhost/nfd/faces/events/%FE%0B L
07-24 13:23:17.683 26679 26699 D nfd.ContentStore: no-match
07-24 13:23:17.683 26679 26699 D nfd.Forwarder: onContentStoreMiss interest=/localhost/nfd/faces/events/%FE%0B
07-24 13:23:17.684 26679 26699 V nfd.Strategy: lookupFib noForwardingHint found=/localhost/nfd
07-24 13:23:17.684 26679 26699 D nfd.Forwarder: onOutgoingInterest face=1 interest=/localhost/nfd/faces/events/%FE%0B
07-24 13:23:17.684 26679 26699 V nfd.LinkService: [id=1,local=internal://,remote=internal://] sendInterest
07-24 13:23:17.684 26679 26699 V nfd.InternalForwarderTransport: [id=1,local=internal://,remote=internal://] doSend
07-24 13:23:17.684 26679 26699 D nfd.BestRouteStrategy2: /localhost/nfd/faces/events/%FE%0B?ndn.InterestLifetime=60000&ndn.Nonce=2898280261 from=256 newPitEntry-to=1
07-24 13:23:17.684 26679 26699 D nfd.Forwarder: onInterestFinalize interest=/localhost/nfd/faces/create/h%1Br%19udp4%3A%2F%2F129.10.224.42%3A6363/%00%00%01d%CDQ%0A%12/%84%C3%004S%B0IX/%166%1B%01%01%1C1%07%2F%08%0Ctmp-identity%08%03KEY%08%11ksk-1532452996873%08%07ID-CERT/%17%FD%01%00%23%B0%DFQ%F0%EE%D4%D2Tj%E6%08%BE%D9%DF%1A9%9C%9DBL%A8%5CJ%95ds%F2r%FF%B9%C7%2BF%D4%40%FB5%22x%2FY%11%8D%8B%13%0C%C5%C9%0F%CDH%18%8B%8D%FDi%92C%DE89%82%5E%88%10B6%EBA%23%B2%BD%B3g%F5%D6%C0%01%DFw%B9%EC8M%80%940%5B%29~%F7%95%EC%E1e%1E%98%7B%D0%19%1B%0D%1D%1B%3C%22%9C%E0~%F9%A1%8F%939%5B%BA%D0%8A%24J7%E2%A6%8Env%C0%3AL%FF%8A%B1Vn%11%80%E1%0C%88CR%25%81%82dz%08%5D%3Bh%F5%A5%B1Yh%3A%B4%9E%8DMM%B3%C7%C7%C2%25n%D4W%3CI%3D%F2%22z%9C%AE%A5%A9%FA%5C%20~%8D%9E%7C%99%F5%F6%B9%C6sC%B0%1C%C4%EB%DC%23%AF%B1%FDJ%F8%C0%E4%AE%BD%A1n%81LN%13%11%92w%D0%B2%1D%FB%23%BE%B2%8A%D1%88%84%D8%EF%A2%25%99%A2%F4%27%B6%9E%B7%29%B9F%81%87%EC%8E%89i%9E%AF%FC%B5C%CC%A4 satisfied
07-24 13:23:17.684 26679 26699 V nfd.NameTreeHashtable: erase /localhost/nfd/faces/create/h%1Br%19udp4%3A%2F%2F129.10.224.42%3A6363/%00%00%01d%CDQ%0A%12/%84%C3%004S%B0IX/%166%1B%01%01%1C1%07%2F%08%0Ctmp-identity%08%03KEY%08%11ksk-1532452996873%08%07ID-CERT/%17%FD%01%00%23%B0%DFQ%F0%EE%D4%D2Tj%E6%08%BE%D9%DF%1A9%9C%9DBL%A8%5CJ%95ds%F2r%FF%B9%C7%2BF%D4%40%FB5%22x%2FY%11%8D%8B%13%0C%C5%C9%0F%CDH%18%8B%8D%FDi%92C%DE89%82%5E%88%10B6%EBA%23%B2%BD%B3g%F5%D6%C0%01%DFw%B9%EC8M%80%940%5B%29~%F7%95%EC%E1e%1E%98%7B%D0%19%1B%0D%1D%1B%3C%22%9C%E0~%F9%A1%8F%939%5B%BA%D0%8A%24J7%E2%A6%8Env%C0%3AL%FF%8A%B1Vn%11%80%E1%0C%88CR%25%81%82dz%08%5D%3Bh%F5%A5%B1Yh%3A%B4%9E%8DMM%B3%C7%C7%C2%25n%D4W%3CI%3D%F2%22z%9C%AE%A5%A9%FA%5C%20~%8D%9E%7C%99%F5%F6%B9%C6sC%B0%1C%C4%EB%DC%23%AF%B1%FDJ%F8%C0%E4%AE%BD%A1n%81LN%13%11%92w%D0%B2%1D%FB%23%BE%B2%8A%D1%88%84%D8%EF%A2%25%99%A2%F4%27%B6%9E%B7%29%B9F%81%87%EC%8E%89i%9E%AF%FC%B5C%CC%A4 hash=6906555532433604757 bucket=149
07-24 13:23:17.684 26679 26699 V nfd.NameTreeHashtable: erase /localhost/nfd/faces/create/h%1Br%19udp4%3A%2F%2F129.10.224.42%3A6363/%00%00%01d%CDQ%0A%12/%84%C3%004S%B0IX/%166%1B%01%01%1C1%07%2F%08%0Ctmp-identity%08%03KEY%08%11ksk-1532452996873%08%07ID-CERT hash=13687498270675205426 bucket=306
07-24 13:23:17.684 26679 26699 V nfd.NameTreeHashtable: erase /localhost/nfd/faces/create/h%1Br%19udp4%3A%2F%2F129.10.224.42%3A6363/%00%00%01d%CDQ%0A%12/%84%C3%004S%B0IX hash=10460703621063851143 bucket=135
07-24 13:23:17.684 26679 26699 V nfd.NameTreeHashtable: erase /localhost/nfd/faces/create/h%1Br%19udp4%3A%2F%2F129.10.224.42%3A6363/%00%00%01d%CDQ%0A%12 hash=4727342121388160465 bucket=465
07-24 13:23:17.684 26679 26699 V nfd.NameTreeHashtable: erase /localhost/nfd/faces/create/h%1Br%19udp4%3A%2F%2F129.10.224.42%3A6363 hash=5545918439951999271 bucket=295
07-24 13:23:17.684 26679 26699 V nfd.NameTreeHashtable: erase /localhost/nfd/faces/create hash=904326802705325154 bucket=98
07-24 13:23:17.707 26679 26720 D net.named_data.nfd.service.NfdService: Error in RouteCreateToConnectNearestHubAsyncTask: Action failed, forwarder returned: 409 Face with remote URI already exists
07-24 13:23:17.707 26679 26699 V nfd.TcpTransport: [id=262,local=tcp4://127.0.0.1:6363,remote=tcp4://127.0.0.1:43978] processErrorCode
07-24 13:23:17.707 26679 26699 I nfd.Transport: [id=262,local=tcp4://127.0.0.1:6363,remote=tcp4://127.0.0.1:43978] setState UP -> CLOSING
07-24 13:23:17.708 26679 26699 V nfd.TcpTransport: [id=262,local=tcp4://127.0.0.1:6363,remote=tcp4://127.0.0.1:43978] doClose
07-24 13:23:17.697 26699 26699 W vice.NfdService: type=1400 audit(0.0:325): avc: denied { ioctl } for path="socket:[171196]" dev="sockfs" ino=171196 ioctlcmd=894b scontext=u:r:untrusted_app:s0:c512,c768 tcontext=u:r:untrusted_app:s0:c512,c768 tclass=tcp_socket permissive=0
07-24 13:23:17.708 26679 26699 V nfd.TcpTransport: [id=262,local=tcp4://127.0.0.1:6363,remote=tcp4://127.0.0.1:43978] deferredClose
07-24 13:23:17.708 26679 26699 I nfd.Transport: [id=262,local=tcp4://127.0.0.1:6363,remote=tcp4://127.0.0.1:43978] setState CLOSING -> CLOSED
07-24 13:23:17.708 26679 26699 V nfd.NameTreeIterator: initialized entry=/ ref=null state=0
07-24 13:23:17.708 26679 26699 V nfd.NameTreeIterator: advanced entry=/localhost/nfd/rib ref=null state=0
07-24 13:23:17.708 26679 26699 V nfd.NameTreeIterator: advanced entry=/ndn ref=null state=0
07-24 13:23:17.708 26679 26699 V nfd.NameTreeIterator: advanced entry=/localhost/nfd/faces/events ref=null state=0
07-24 13:23:17.708 26679 26699 V nfd.NameTreeIterator: advanced entry=/localhost ref=null state=0
07-24 13:23:17.708 26679 26699 V nfd.NameTreeIterator: advanced entry=/ndn/multicast ref=null state=0
07-24 13:23:17.708 26679 26699 V nfd.NameTreeIterator: advanced entry=/ndn/broadcast ref=null state=0
07-24 13:23:17.708 26679 26699 V nfd.NameTreeIterator: advanced entry=/localhost/nfd/faces ref=null state=0
07-24 13:23:17.708 26679 26699 V nfd.NameTreeIterator: advanced entry=/localhost/nfd ref=null state=0
07-24 13:23:17.708 26679 26699 V nfd.NameTreeIterator: advanced entry=/localhost/nfd/faces/events/%FE%0B ref=null state=0
07-24 13:23:17.708 26679 26699 V nfd.NameTreeIterator: advanced end
07-24 13:23:17.708 26679 26699 V nfd.NameTree: not-erase /localhost/nfd/faces/events
07-24 13:23:17.708 26679 26699 V nfd.NameTree: not-erase /localhost/nfd/faces
07-24 13:23:17.708 26679 26699 V nfd.NameTree: not-erase /ndn
07-24 13:23:17.711 26679 26699 I nfd.FaceTable: Removed face id=262 remote=tcp4://127.0.0.1:43978 local=tcp4://127.0.0.1:6363
07-24 13:23:17.712 26679 26699 V nfd.InternalForwarderTransport: [id=1,local=internal://,remote=internal://] receiveFromLink
07-24 13:23:17.712 26679 26699 V nfd.LinkService: [id=1,local=internal://,remote=internal://] receiveData
07-24 13:23:17.712 26679 26699 D nfd.Forwarder: onIncomingData face=1 data=/localhost/nfd/faces/events/%FE%0B
07-24 13:23:17.712 26679 26699 V nfd.NameTreeHashtable: found /localhost/nfd/faces/events/%FE%0B hash=5092410048041941743 bucket=751
07-24 13:23:17.712 26679 26699 V nfd.NameTreeIterator: initialized entry=/localhost/nfd/faces/events/%FE%0B ref=/localhost/nfd/faces/events/%FE%0B state=0
07-24 13:23:17.712 26679 26699 V nfd.NameTreeIterator: advanced end
07-24 13:23:17.712 26679 26699 D nfd.ContentStore: insert /localhost/nfd/faces/events/%FE%0B
07-24 13:23:17.712 26679 26699 D nfd.Forwarder: onIncomingData matching=/localhost/nfd/faces/events/%FE%0B
07-24 13:23:17.712 26679 26699 D nfd.Strategy: afterReceiveData pitEntry=/localhost/nfd/faces/events/%FE%0B inFace=1 data=/localhost/nfd/faces/events/%FE%0B
07-24 13:23:17.712 26679 26699 D nfd.Strategy: beforeSatisfyInterest pitEntry=/localhost/nfd/faces/events/%FE%0B inFace=1 data=/localhost/nfd/faces/events/%FE%0B
07-24 13:23:17.712 26679 26699 D nfd.Forwarder: onOutgoingData face=256 data=/localhost/nfd/faces/events/%FE%0B
07-24 13:23:17.712 26679 26699 V nfd.LinkService: [id=256,local=tcp4://127.0.0.1:6363,remote=tcp4://127.0.0.1:43966] sendData
07-24 13:23:17.712 26679 26699 W nfd.TcpTransport: [id=256,local=tcp4://127.0.0.1:6363,remote=tcp4://127.0.0.1:43966] Failed to obtain send queue length from socket: Permission denied
07-24 13:23:17.713 26679 26699 V nfd.TcpTransport: [id=256,local=tcp4://127.0.0.1:6363,remote=tcp4://127.0.0.1:43966] doSend
07-24 13:23:17.713 26679 26699 V nfd.TcpTransport: [id=256,local=tcp4://127.0.0.1:6363,remote=tcp4://127.0.0.1:43966] Successfully sent: 163 bytes
07-24 13:23:17.713 26679 26699 V nfd.RibManager: onNotification: FaceEvent(Kind: destroyed,
07-24 13:23:17.713 26679 26699 V nfd.RibManager: FaceId: 262,
07-24 13:23:17.713 26679 26699 V nfd.RibManager: RemoteUri: tcp4://127.0.0.1:43978,
07-24 13:23:17.713 26679 26699 V nfd.RibManager: LocalUri: tcp4://127.0.0.1:6363,
07-24 13:23:17.713 26679 26699 V nfd.RibManager: FaceScope: local,
07-24 13:23:17.713 26679 26699 V nfd.RibManager: FacePersistency: on-demand,
07-24 13:23:17.713 26679 26699 V nfd.RibManager: LinkType: point-to-point,
07-24 13:23:17.713 26679 26699 V nfd.RibManager: Flags: 0x4
07-24 13:23:17.713 26679 26699 V nfd.RibManager: )
07-24 13:23:17.713 26679 26699 D nfd.RibManager: Received notification for destroyed faceId: 262
07-24 13:23:17.713 26679 26699 D nfd.Forwarder: onInterestFinalize interest=/localhost/nfd/faces/events/%FE%0B satisfied
07-24 13:23:17.713 26679 26699 V nfd.NameTreeHashtable: erase /localhost/nfd/faces/events/%FE%0B hash=5092410048041941743 bucket=751
07-24 13:23:17.713 26679 26699 V nfd.NameTreeHashtable: erase /localhost/nfd/faces/events hash=1233637898983554347 bucket=299
07-24 13:23:17.713 26679 26699 V nfd.NameTreeHashtable: erase /localhost/nfd/faces hash=4081254122302803360 bucket=416
07-24 13:23:17.714 26679 26699 V nfd.TcpTransport: [id=256,local=tcp4://127.0.0.1:6363,remote=tcp4://127.0.0.1:43966] Received: 49 bytes
07-24 13:23:17.714 26679 26699 V nfd.LinkService: [id=256,local=tcp4://127.0.0.1:6363,remote=tcp4://127.0.0.1:43966] receiveInterest
07-24 13:23:17.714 26679 26699 D nfd.Forwarder: onIncomingInterest face=256 interest=/localhost/nfd/faces/events/%FE%0C
07-24 13:23:17.714 26679 26699 V nfd.NameTree: lookup(/localhost/nfd/faces/events/%FE%0C, 5)
07-24 13:23:17.714 26679 26699 V nfd.NameTreeHashtable: found / hash=0 bucket=0
07-24 13:23:17.714 26679 26699 V nfd.NameTreeHashtable: found /localhost hash=10937169108514740553 bucket=329
07-24 13:23:17.714 26679 26699 V nfd.NameTreeHashtable: found /localhost/nfd hash=3626199823732152002 bucket=706
07-24 13:23:17.714 26679 26699 V nfd.NameTreeHashtable: insert /localhost/nfd/faces hash=4081254122302803360 bucket=416
07-24 13:23:17.714 26679 26699 V nfd.NameTreeHashtable: insert /localhost/nfd/faces/events hash=1233637898983554347 bucket=299
07-24 13:23:17.714 26679 26699 V nfd.NameTreeHashtable: insert /localhost/nfd/faces/events/%FE%0C hash=866248207710056959 bucket=511
07-24 13:23:17.714 26679 26699 D nfd.ContentStore: find /localhost/nfd/faces/events/%FE%0C L
07-24 13:23:17.714 26679 26699 D nfd.ContentStore: no-match
07-24 13:23:17.714 26679 26699 D nfd.Forwarder: onContentStoreMiss interest=/localhost/nfd/faces/events/%FE%0C
07-24 13:23:17.715 26679 26699 V nfd.Strategy: lookupFib noForwardingHint found=/localhost/nfd
07-24 13:23:17.715 26679 26699 D nfd.Forwarder: onOutgoingInterest face=1 interest=/localhost/nfd/faces/events/%FE%0C
07-24 13:23:17.715 26679 26699 V nfd.LinkService: [id=1,local=internal://,remote=internal://] sendInterest
07-24 13:23:17.715 26679 26699 V nfd.InternalForwarderTransport: [id=1,local=internal://,remote=internal://] doSend
07-24 13:23:17.715 26679 26699 D nfd.BestRouteStrategy2: /localhost/nfd/faces/events/%FE%0C?ndn.InterestLifetime=60000&ndn.Nonce=4186179672 from=256 newPitEntry-to=1
07-24 13:23:18.198 26660 26660 D NFDService: onCreateOptionsMenutrue
07-24 13:23:18.225 13530 13530 I GoogleInputMethod: onFinishInput() : Dummy InputConnection bound
07-24 13:23:18.226 13530 13530 I GoogleInputMethod: onStartInput() : Dummy InputConnection bound
07-24 13:23:18.268 26679 26699 V nfd.DeadNonceList: mark nMarks=7
07-24 13:23:18.631 26660 26660 D NFDService: onCreateOptionsMenutrue
07-24 13:23:18.660 711 838 E libnav : CablComputeBacklightLevel(): UpdateType = DifferentSceneUpdate
07-24 13:23:18.670 26660 26666 I art : Do partial code cache collection, code=20KB, data=29KB
07-24 13:23:18.670 26660 26666 I art : After code cache collection, code=20KB, data=29KB
07-24 13:23:18.670 26660 26666 I art : Increasing code cache capacity to 128KB
07-24 13:23:18.726 711 838 E libnav : CablComputeBacklightLevel(): UpdateType = DifferentSceneUpdate
07-24 13:23:19.016 1718 2795 D CompatibilityInfo: mCompatibilityFlags - 0
07-24 13:23:19.016 1718 2795 D CompatibilityInfo: applicationDensity - 480
07-24 13:23:19.016 1718 2795 D CompatibilityInfo: applicationScale - 1.0
07-24 13:23:19.029 1718 2797 D CompatibilityInfo: mCompatibilityFlags - 0
07-24 13:23:19.029 1718 2797 D CompatibilityInfo: applicationDensity - 480
07-24 13:23:19.029 1718 2797 D CompatibilityInfo: applicationScale - 1.0
07-24 13:23:19.052 1718 2284 D CompatibilityInfo: mCompatibilityFlags - 0
07-24 13:23:19.052 1718 2284 D CompatibilityInfo: applicationDensity - 480
07-24 13:23:19.052 1718 2284 D CompatibilityInfo: applicationScale - 1.0
07-24 13:23:19.070 1718 2518 D CompatibilityInfo: mCompatibilityFlags - 0
07-24 13:23:19.070 1718 2518 D CompatibilityInfo: applicationDensity - 480
07-24 13:23:19.070 1718 2518 D CompatibilityInfo: applicationScale - 1.0
07-24 13:23:19.103 1718 2690 D CompatibilityInfo: mCompatibilityFlags - 0
07-24 13:23:19.103 1718 2690 D CompatibilityInfo: applicationDensity - 480
07-24 13:23:19.103 1718 2690 D CompatibilityInfo: applicationScale - 1.0
07-24 13:23:19.111 1718 13283 D CompatibilityInfo: mCompatibilityFlags - 0
07-24 13:23:19.111 1718 13283 D CompatibilityInfo: applicationDensity - 480
07-24 13:23:19.111 1718 13283 D CompatibilityInfo: applicationScale - 1.0
07-24 13:23:19.142 1718 1748 D CompatibilityInfo: mCompatibilityFlags - 0
07-24 13:23:19.142 1718 1748 D CompatibilityInfo: applicationDensity - 480
07-24 13:23:19.142 1718 1748 D CompatibilityInfo: applicationScale - 1.0
07-24 13:23:19.180 1718 1890 D CompatibilityInfo: mCompatibilityFlags - 0
07-24 13:23:19.180 1718 1890 D CompatibilityInfo: applicationDensity - 480
07-24 13:23:19.180 1718 1890 D CompatibilityInfo: applicationScale - 1.0
07-24 13:23:19.220 1718 13284 D CompatibilityInfo: mCompatibilityFlags - 0
07-24 13:23:19.220 1718 13284 D CompatibilityInfo: applicationDensity - 480
07-24 13:23:19.220 1718 13284 D CompatibilityInfo: applicationScale - 1.0
07-24 13:23:19.224 13336 13336 W ChimeraUtils: Non Chimera context
07-24 13:23:19.247 1718 1772 D CompatibilityInfo: mCompatibilityFlags - 0
07-24 13:23:19.247 1718 1772 D CompatibilityInfo: applicationDensity - 480
07-24 13:23:19.247 1718 1772 D CompatibilityInfo: applicationScale - 1.0
07-24 13:23:19.252 1718 1890 D CompatibilityInfo: mCompatibilityFlags - 0
07-24 13:23:19.252 1718 1890 D CompatibilityInfo: applicationDensity - 480
07-24 13:23:19.252 1718 1890 D CompatibilityInfo: applicationScale - 1.0
07-24 13:23:19.270 13336 13507 I Auth : [ReflectiveChannelBinder] Successfully bound channel!
07-24 13:23:19.275 1718 2285 D CompatibilityInfo: mCompatibilityFlags - 0
07-24 13:23:19.275 1718 2285 D CompatibilityInfo: applicationDensity - 480
07-24 13:23:19.275 1718 2285 D CompatibilityInfo: applicationScale - 1.0
07-24 13:23:19.281 13336 13507 I DpmTcmClient: RegisterTcmMonitor from: com.android.okhttp.TcmIdleTimerMonitor
07-24 13:23:19.317 13336 13507 W Conscrypt: Could not set socket write timeout: java.lang.reflect.InvocationTargetException
07-24 13:23:19.317 13336 13507 W Conscrypt: at java.lang.reflect.Method.invoke(Native Method)
07-24 13:23:19.317 13336 13507 W Conscrypt: at com.google.android.gms.org.conscrypt.Platform.setSocketWriteTimeout(:com.google.android.gms@12874025@12.8.74 (040408-204998136):13)
07-24 13:23:19.317 13336 13507 W Conscrypt: Caused by: android.system.ErrnoException: setsockopt failed: EBADF (Bad file descriptor)
07-24 13:23:19.318 13336 13507 W Conscrypt: at libcore.io.Posix.setsockoptTimeval(Native Method)
07-24 13:23:19.318 13336 13507 W Conscrypt: at libcore.io.ForwardingOs.setsockoptTimeval(ForwardingOs.java:157)
07-24 13:23:19.365 13336 13507 W Conscrypt: Could not set socket write timeout: java.lang.reflect.InvocationTargetException
07-24 13:23:19.366 13336 13507 W Conscrypt: at java.lang.reflect.Method.invoke(Native Method)
07-24 13:23:19.366 13336 13507 W Conscrypt: at com.google.android.gms.org.conscrypt.Platform.setSocketWriteTimeout(:com.google.android.gms@12874025@12.8.74 (040408-204998136):13)
07-24 13:23:19.366 13336 13507 W Conscrypt: Caused by: android.system.ErrnoException: setsockopt failed: EBADF (Bad file descriptor)
07-24 13:23:19.366 13336 13507 W Conscrypt: at libcore.io.Posix.setsockoptTimeval(Native Method)
07-24 13:23:19.366 13336 13507 W Conscrypt: at libcore.io.ForwardingOs.setsockoptTimeval(ForwardingOs.java:157)
07-24 13:23:19.468 26679 26699 V nfd.DeadNonceList: mark nMarks=8
07-24 13:23:19.511 1718 2836 D CompatibilityInfo: mCompatibilityFlags - 0
07-24 13:23:19.511 1718 2836 D CompatibilityInfo: applicationDensity - 480
07-24 13:23:19.511 1718 2836 D CompatibilityInfo: applicationScale - 1.0
07-24 13:23:19.527 14405 14950 I DpmTcmClient: RegisterTcmMonitor from: com.android.okhttp.TcmIdleTimerMonitor
07-24 13:23:19.543 13336 26763 W Conscrypt: Could not set socket write timeout: java.lang.reflect.InvocationTargetException
07-24 13:23:19.543 13336 26763 W Conscrypt: at java.lang.reflect.Method.invoke(Native Method)
07-24 13:23:19.543 13336 26763 W Conscrypt: at com.google.android.gms.org.conscrypt.Platform.setSocketWriteTimeout(:com.google.android.gms@12874025@12.8.74 (040408-204998136):13)
07-24 13:23:19.543 13336 26763 W Conscrypt: Caused by: android.system.ErrnoException: setsockopt failed: EBADF (Bad file descriptor)
07-24 13:23:19.543 13336 26763 W Conscrypt: at libcore.io.Posix.setsockoptTimeval(Native Method)
07-24 13:23:19.543 13336 26763 W Conscrypt: at libcore.io.ForwardingOs.setsockoptTimeval(ForwardingOs.java:157)
07-24 13:23:19.547 14405 14950 W Conscrypt: Could not set socket write timeout: java.lang.reflect.InvocationTargetException
07-24 13:23:19.548 14405 14950 W Conscrypt: at java.lang.reflect.Method.invoke(Native Method)
07-24 13:23:19.548 14405 14950 W Conscrypt: at com.google.android.gms.org.conscrypt.Platform.setSocketWriteTimeout(:com.google.android.gms@12874025@12.8.74 (040408-204998136):13)
07-24 13:23:19.548 14405 14950 W Conscrypt: Caused by: android.system.ErrnoException: setsockopt failed: EBADF (Bad file descriptor)
07-24 13:23:19.548 14405 14950 W Conscrypt: at libcore.io.Posix.setsockoptTimeval(Native Method)
07-24 13:23:19.548 14405 14950 W Conscrypt: at libcore.io.ForwardingOs.setsockoptTimeval(ForwardingOs.java:157)
07-24 13:23:19.555 2338 2338 D wpa_supplicant: wlan0: Control interface command 'SIGNAL_POLL'
07-24 13:23:19.557 2338 2338 D wpa_supplicant: CTRL-DEBUG: global_ctrl_sock-sendto: sock=8 sndbuf=212992 outq=0 send_len=62
07-24 13:23:19.605 1718 8142 D CompatibilityInfo: mCompatibilityFlags - 0
07-24 13:23:19.605 1718 8142 D CompatibilityInfo: applicationDensity - 480
07-24 13:23:19.605 1718 8142 D CompatibilityInfo: applicationScale - 1.0
07-24 13:23:19.616 14405 14950 W Conscrypt: Could not set socket write timeout: java.lang.reflect.InvocationTargetException
07-24 13:23:19.616 14405 14950 W Conscrypt: at java.lang.reflect.Method.invoke(Native Method)
07-24 13:23:19.616 14405 14950 W Conscrypt: at com.google.android.gms.org.conscrypt.Platform.setSocketWriteTimeout(:com.google.android.gms@12874025@12.8.74 (040408-204998136):13)
07-24 13:23:19.616 14405 14950 W Conscrypt: Caused by: android.system.ErrnoException: setsockopt failed: EBADF (Bad file descriptor)
07-24 13:23:19.616 14405 14950 W Conscrypt: at libcore.io.Posix.setsockoptTimeval(Native Method)
07-24 13:23:19.616 14405 14950 W Conscrypt: at libcore.io.ForwardingOs.setsockoptTimeval(ForwardingOs.java:157)
07-24 13:23:19.626 13336 26763 W Conscrypt: Could not set socket write timeout: java.lang.reflect.InvocationTargetException
07-24 13:23:19.626 13336 26763 W Conscrypt: at java.lang.reflect.Method.invoke(Native Method)
07-24 13:23:19.626 13336 26763 W Conscrypt: at com.google.android.gms.org.conscrypt.Platform.setSocketWriteTimeout(:com.google.android.gms@12874025@12.8.74 (040408-204998136):13)
07-24 13:23:19.626 13336 26763 W Conscrypt: Caused by: android.system.ErrnoException: setsockopt failed: EBADF (Bad file descriptor)
07-24 13:23:19.627 13336 26763 W Conscrypt: at libcore.io.Posix.setsockoptTimeval(Native Method)
07-24 13:23:19.627 13336 26763 W Conscrypt: at libcore.io.ForwardingOs.setsockoptTimeval(ForwardingOs.java:157)
07-24 13:23:19.650 1718 2902 D CompatibilityInfo: mCompatibilityFlags - 0
07-24 13:23:19.650 1718 2902 D CompatibilityInfo: applicationDensity - 480
07-24 13:23:19.651 1718 2902 D CompatibilityInfo: applicationScale - 1.0
07-24 13:23:19.659 1718 1748 D CompatibilityInfo: mCompatibilityFlags - 0
07-24 13:23:19.659 1718 1748 D CompatibilityInfo: applicationDensity - 480
07-24 13:23:19.659 1718 1748 D CompatibilityInfo: applicationScale - 1.0
07-24 13:23:19.665 13530 13530 I FirebaseJobDispatcher: onStartJob(): TrendingQueriesTaskRun.
07-24 13:23:19.667 13530 13606 W TrendingQueriesTaskRun: onRunTask() : Got null trending queries superpacks manager
07-24 13:23:19.668 13530 13530 I FirebaseJobDispatcher: Task: TrendingQueriesTaskRun successes.
07-24 13:23:19.680 14405 24282 I Icing : Performing maintenance.
07-24 13:23:20.052 1718 1772 D CompatibilityInfo: mCompatibilityFlags - 0
07-24 13:23:20.052 1718 1772 D CompatibilityInfo: applicationDensity - 480
07-24 13:23:20.052 1718 1772 D CompatibilityInfo: applicationScale - 1.0
07-24 13:23:20.067 1718 2795 D CompatibilityInfo: mCompatibilityFlags - 0
07-24 13:23:20.067 1718 2795 D CompatibilityInfo: applicationDensity - 480
07-24 13:23:20.067 1718 2795 D CompatibilityInfo: applicationScale - 1.0
07-24 13:23:20.084 1718 2902 D CompatibilityInfo: mCompatibilityFlags - 0
07-24 13:23:20.084 1718 2902 D CompatibilityInfo: applicationDensity - 480
07-24 13:23:20.084 1718 2902 D CompatibilityInfo: applicationScale - 1.0
07-24 13:23:20.096 1718 8945 D CompatibilityInfo: mCompatibilityFlags - 0
07-24 13:23:20.096 1718 8945 D CompatibilityInfo: applicationDensity - 480
07-24 13:23:20.096 1718 8945 D CompatibilityInfo: applicationScale - 1.0
07-24 13:23:20.146 14405 24282 I Icing : updateResources: need to parse xzh{com.google.android.gms}
07-24 13:23:20.278 14405 24282 I Icing : Performing maintenance usage 2438688 budget 22689594128 free 99.989% index free 99.944% purge? false target 3033906432
07-24 13:23:20.279 14405 14410 I art : Do partial code cache collection, code=503KB, data=467KB
07-24 13:23:20.279 14405 14410 I art : After code cache collection, code=503KB, data=467KB
07-24 13:23:20.279 14405 14410 I art : Increasing code cache capacity to 2MB
07-24 13:23:20.285 1718 8945 D CompatibilityInfo: mCompatibilityFlags - 0
07-24 13:23:20.286 1718 8945 D CompatibilityInfo: applicationDensity - 480
07-24 13:23:20.286 1718 8945 D CompatibilityInfo: applicationScale - 1.0
07-24 13:23:20.302 14405 14424 E AsyncOpDispatcher: Unable to get current module info in ModuleManager created with non-module Context
07-24 13:23:20.347 14405 24282 W Icing : transportation_script_path is empty
07-24 13:23:20.349 14405 24282 W Icing : generic::invalid_argument: Empty URI
07-24 13:23:20.349 14405 24282 W Icing : WordsMap was not properly initialized
07-24 13:23:20.377 14405 24282 I Icing : Flash index sort hb 189 prefix-hits 523 -> 503 at 1.369ms
07-24 13:23:20.480 13530 13530 I IcingNotification: Received intent: Intent { act=com.google.android.gms.icing.IME_NOTIFICATION flg=0x10 pkg=com.google.android.inputmethod.latin (has extras) }
07-24 13:23:20.486 13530 13530 I IcingNotification: Received intent: Intent { act=com.google.android.gms.icing.IME_NOTIFICATION flg=0x10 pkg=com.google.android.inputmethod.latin (has extras) }
07-24 13:23:20.491 13530 13530 I IcingNotification: Received intent: Intent { act=com.google.android.gms.icing.IME_NOTIFICATION flg=0x10 pkg=com.google.android.inputmethod.latin (has extras) }
07-24 13:23:20.669 26679 26699 V nfd.DeadNonceList: mark nMarks=9
07-24 13:23:21.332 13336 26763 W Conscrypt: Could not set socket write timeout: java.lang.reflect.InvocationTargetException
07-24 13:23:21.333 13336 26763 W Conscrypt: at java.lang.reflect.Method.invoke(Native Method)
07-24 13:23:21.333 13336 26763 W Conscrypt: at com.google.android.gms.org.conscrypt.Platform.setSocketWriteTimeout(:com.google.android.gms@12874025@12.8.74 (040408-204998136):13)
07-24 13:23:21.333 13336 26763 W Conscrypt: Caused by: android.system.ErrnoException: setsockopt failed: EBADF (Bad file descriptor)
07-24 13:23:21.333 13336 26763 W Conscrypt: at libcore.io.Posix.setsockoptTimeval(Native Method)
07-24 13:23:21.333 13336 26763 W Conscrypt: at libcore.io.ForwardingOs.setsockoptTimeval(ForwardingOs.java:157)
07-24 13:23:21.347 13336 26763 W Conscrypt: Could not set socket write timeout: java.lang.reflect.InvocationTargetException
07-24 13:23:21.347 13336 26763 W Conscrypt: at java.lang.reflect.Method.invoke(Native Method)
07-24 13:23:21.347 13336 26763 W Conscrypt: at com.google.android.gms.org.conscrypt.Platform.setSocketWriteTimeout(:com.google.android.gms@12874025@12.8.74 (040408-204998136):13)
07-24 13:23:21.347 13336 26763 W Conscrypt: Caused by: android.system.ErrnoException: setsockopt failed: EBADF (Bad file descriptor)
07-24 13:23:21.348 13336 26763 W Conscrypt: at libcore.io.Posix.setsockoptTimeval(Native Method)
07-24 13:23:21.348 13336 26763 W Conscrypt: at libcore.io.ForwardingOs.setsockoptTimeval(ForwardingOs.java:157)
07-24 13:23:21.579 26679 26699 V nfd.TcpChannel: [tcp4://0.0.0.0:6363] Incoming connection from 127.0.0.1:43990
07-24 13:23:21.579 26679 26699 I nfd.TcpTransport: [id=0,local=tcp4://127.0.0.1:6363,remote=tcp4://127.0.0.1:43990] Creating transport
07-24 13:23:21.579 26679 26699 I nfd.FaceTable: Added face id=263 remote=tcp4://127.0.0.1:43990 local=tcp4://127.0.0.1:6363
07-24 13:23:21.583 26679 26699 V nfd.InternalForwarderTransport: [id=1,local=internal://,remote=internal://] receiveFromLink
07-24 13:23:21.583 26679 26699 V nfd.LinkService: [id=1,local=internal://,remote=internal://] receiveData
07-24 13:23:21.583 26679 26699 D nfd.Forwarder: onIncomingData face=1 data=/localhost/nfd/faces/events/%FE%0C
07-24 13:23:21.584 26679 26699 V nfd.NameTreeHashtable: found /localhost/nfd/faces/events/%FE%0C hash=866248207710056959 bucket=511
07-24 13:23:21.584 26679 26699 V nfd.NameTreeIterator: initialized entry=/localhost/nfd/faces/events/%FE%0C ref=/localhost/nfd/faces/events/%FE%0C state=0
07-24 13:23:21.584 26679 26699 V nfd.NameTreeIterator: advanced end
07-24 13:23:21.584 26679 26699 D nfd.ContentStore: insert /localhost/nfd/faces/events/%FE%0C
07-24 13:23:21.584 26679 26699 D nfd.Forwarder: onIncomingData matching=/localhost/nfd/faces/events/%FE%0C
07-24 13:23:21.584 26679 26699 D nfd.Strategy: afterReceiveData pitEntry=/localhost/nfd/faces/events/%FE%0C inFace=1 data=/localhost/nfd/faces/events/%FE%0C
07-24 13:23:21.577 26699 26699 W vice.NfdService: type=1400 audit(0.0:326): avc: denied { ioctl } for path="socket:[171196]" dev="sockfs" ino=171196 ioctlcmd=894b scontext=u:r:untrusted_app:s0:c512,c768 tcontext=u:r:untrusted_app:s0:c512,c768 tclass=tcp_socket permissive=0
07-24 13:23:21.584 26679 26699 D nfd.Strategy: beforeSatisfyInterest pitEntry=/localhost/nfd/faces/events/%FE%0C inFace=1 data=/localhost/nfd/faces/events/%FE%0C
07-24 13:23:21.585 26679 26699 D nfd.Forwarder: onOutgoingData face=256 data=/localhost/nfd/faces/events/%FE%0C
07-24 13:23:21.585 26679 26699 V nfd.LinkService: [id=256,local=tcp4://127.0.0.1:6363,remote=tcp4://127.0.0.1:43966] sendData
07-24 13:23:21.585 26679 26699 W nfd.TcpTransport: [id=256,local=tcp4://127.0.0.1:6363,remote=tcp4://127.0.0.1:43966] Failed to obtain send queue length from socket: Permission denied
07-24 13:23:21.585 26679 26699 V nfd.TcpTransport: [id=256,local=tcp4://127.0.0.1:6363,remote=tcp4://127.0.0.1:43966] doSend
07-24 13:23:21.586 26679 26699 V nfd.TcpTransport: [id=256,local=tcp4://127.0.0.1:6363,remote=tcp4://127.0.0.1:43966] Successfully sent: 163 bytes
07-24 13:23:21.586 26679 26699 V nfd.RibManager: onNotification: FaceEvent(Kind: created,
07-24 13:23:21.586 26679 26699 V nfd.RibManager: FaceId: 263,
07-24 13:23:21.586 26679 26699 V nfd.RibManager: RemoteUri: tcp4://127.0.0.1:43990,
07-24 13:23:21.586 26679 26699 V nfd.RibManager: LocalUri: tcp4://127.0.0.1:6363,
07-24 13:23:21.586 26679 26699 V nfd.RibManager: FaceScope: local,
07-24 13:23:21.586 26679 26699 V nfd.RibManager: FacePersistency: on-demand,
07-24 13:23:21.586 26679 26699 V nfd.RibManager: LinkType: point-to-point,
07-24 13:23:21.586 26679 26699 V nfd.RibManager: Flags: 0x4
07-24 13:23:21.586 26679 26699 V nfd.RibManager: )
07-24 13:23:21.586 26679 26699 D nfd.Forwarder: onInterestFinalize interest=/localhost/nfd/faces/events/%FE%0C satisfied
07-24 13:23:21.586 26679 26699 V nfd.NameTreeHashtable: erase /localhost/nfd/faces/events/%FE%0C hash=866248207710056959 bucket=511
07-24 13:23:21.586 26679 26699 V nfd.NameTreeHashtable: erase /localhost/nfd/faces/events hash=1233637898983554347 bucket=299
07-24 13:23:21.586 26679 26699 V nfd.NameTreeHashtable: erase /localhost/nfd/faces hash=4081254122302803360 bucket=416
07-24 13:23:21.588 26679 26699 V nfd.TcpTransport: [id=256,local=tcp4://127.0.0.1:6363,remote=tcp4://127.0.0.1:43966] Received: 49 bytes
07-24 13:23:21.588 26679 26699 V nfd.LinkService: [id=256,local=tcp4://127.0.0.1:6363,remote=tcp4://127.0.0.1:43966] receiveInterest
07-24 13:23:21.588 26679 26699 D nfd.Forwarder: onIncomingInterest face=256 interest=/localhost/nfd/faces/events/%FE%0D
07-24 13:23:21.589 26679 26699 V nfd.NameTree: lookup(/localhost/nfd/faces/events/%FE%0D, 5)
07-24 13:23:21.589 26679 26699 V nfd.NameTreeHashtable: found / hash=0 bucket=0
07-24 13:23:21.589 26679 26699 V nfd.NameTreeHashtable: found /localhost hash=10937169108514740553 bucket=329
07-24 13:23:21.589 26679 26699 V nfd.NameTreeHashtable: found /localhost/nfd hash=3626199823732152002 bucket=706
07-24 13:23:21.589 26679 26699 V nfd.NameTreeHashtable: insert /localhost/nfd/faces hash=4081254122302803360 bucket=416
07-24 13:23:21.589 26679 26699 V nfd.NameTreeHashtable: insert /localhost/nfd/faces/events hash=1233637898983554347 bucket=299
07-24 13:23:21.589 26679 26699 V nfd.NameTreeHashtable: insert /localhost/nfd/faces/events/%FE%0D hash=10860890427149925777 bucket=401
07-24 13:23:21.587 26699 26699 W vice.NfdService: type=1400 audit(0.0:327): avc: denied { ioctl } for path="socket:[172157]" dev="sockfs" ino=172157 ioctlcmd=894b scontext=u:r:untrusted_app:s0:c512,c768 tcontext=u:r:untrusted_app:s0:c512,c768 tclass=tcp_socket permissive=0
07-24 13:23:21.589 26679 26699 D nfd.ContentStore: find /localhost/nfd/faces/events/%FE%0D L
07-24 13:23:21.590 26679 26699 D nfd.ContentStore: no-match
07-24 13:23:21.590 26679 26699 D nfd.Forwarder: onContentStoreMiss interest=/localhost/nfd/faces/events/%FE%0D
07-24 13:23:21.590 26679 26699 V nfd.Strategy: lookupFib noForwardingHint found=/localhost/nfd
07-24 13:23:21.590 26679 26699 D nfd.Forwarder: onOutgoingInterest face=1 interest=/localhost/nfd/faces/events/%FE%0D
07-24 13:23:21.590 26679 26699 V nfd.LinkService: [id=1,local=internal://,remote=internal://] sendInterest
07-24 13:23:21.590 26679 26699 V nfd.InternalForwarderTransport: [id=1,local=internal://,remote=internal://] doSend
07-24 13:23:21.590 26679 26699 D nfd.BestRouteStrategy2: /localhost/nfd/faces/events/%FE%0D?ndn.InterestLifetime=60000&ndn.Nonce=2510901514 from=256 newPitEntry-to=1
07-24 13:23:21.591 26679 26699 V nfd.TcpTransport: [id=263,local=tcp4://127.0.0.1:6363,remote=tcp4://127.0.0.1:43990] Received: 54 bytes
07-24 13:23:21.591 26679 26699 V nfd.LinkService: [id=263,local=tcp4://127.0.0.1:6363,remote=tcp4://127.0.0.1:43990] receiveInterest
07-24 13:23:21.591 26679 26699 D nfd.Forwarder: onIncomingInterest face=263 interest=/localhost/nfd/status/general
07-24 13:23:21.591 26679 26699 V nfd.NameTree: lookup(/localhost/nfd/status/general, 4)
07-24 13:23:21.591 26679 26699 V nfd.NameTreeHashtable: found / hash=0 bucket=0
07-24 13:23:21.591 26679 26699 V nfd.NameTreeHashtable: found /localhost hash=10937169108514740553 bucket=329
07-24 13:23:21.591 26679 26699 V nfd.NameTreeHashtable: found /localhost/nfd hash=3626199823732152002 bucket=706
07-24 13:23:21.591 26679 26699 V nfd.NameTreeHashtable: insert /localhost/nfd/status hash=9656543652499869234 bucket=562
07-24 13:23:21.592 26679 26699 V nfd.NameTreeHashtable: insert /localhost/nfd/status/general hash=15786105481587299406 bucket=78
07-24 13:23:21.592 26679 26699 D nfd.ContentStore: find /localhost/nfd/status/general R
07-24 13:23:21.592 26679 26699 D nfd.ContentStore: no-match
07-24 13:23:21.592 26679 26699 D nfd.Forwarder: onContentStoreMiss interest=/localhost/nfd/status/general
07-24 13:23:21.592 26679 26699 V nfd.Strategy: lookupFib noForwardingHint found=/localhost/nfd
07-24 13:23:21.592 26679 26699 D nfd.Forwarder: onOutgoingInterest face=1 interest=/localhost/nfd/status/general
07-24 13:23:21.592 26679 26699 V nfd.LinkService: [id=1,local=internal://,remote=internal://] sendInterest
