07-24 12:13:59.820 1718 1837 W PackageManager: Unknown permission com.google.android.apps.enterprise.dmagent.permission.AutoSyncPermission in package com.google.android.gms
07-24 12:13:59.820 1718 1837 W PackageManager: Unknown permission com.google.android.wearable.WRITE_SETTINGS in package com.google.android.gms
07-24 12:13:59.820 1718 1837 W PackageManager: Unknown permission com.felicanetworks.mfc.permission.MFC_ACCESS in package com.google.android.gms
07-24 12:13:59.820 1718 1837 W PackageManager: Unknown permission com.felicanetworks.mfc.mfi.permission.MFI_ACCESS in package com.google.android.gms
07-24 12:13:59.820 1718 1837 W PackageManager: Not granting permission android.permission.BIND_NOTIFICATION_LISTENER_SERVICE to package com.google.android.gms (protectionLevel=2 flags=0xa8483ec5)
07-24 12:13:59.821 1718 1837 W PackageManager: Unknown permission android.permission.CONTROL_DISPLAY_SATURATION in package com.google.android.gms
07-24 12:13:59.821 1718 1837 W PackageManager: Unknown permission com.google.android.hangouts.START_HANGOUT in package com.google.android.gms
07-24 12:13:59.821 1718 1837 W PackageManager: Unknown permission android.car.permission.ADJUST_CAR_CABIN in package com.google.android.gms
07-24 12:13:59.821 1718 1837 W PackageManager: Unknown permission android.car.permission.CONTROL_CAR_CLIMATE in package com.google.android.gms
07-24 12:13:59.821 1718 1837 W PackageManager: Unknown permission com.google.android.permission.ACCESSIBILITY_SCAN_SERVICE in package com.google.android.gms
07-24 12:13:59.821 1718 1837 W PackageManager: Unknown permission android.permission.ACTIVITY_EMBEDDING in package com.google.android.gms
07-24 12:13:59.821 1718 1837 W PackageManager: Unknown permission android.permission.PROVIDE_RESOLVER_RANKER_SERVICE in package com.google.android.gms
07-24 12:13:59.821 1718 1837 W PackageManager: Unknown permission com.google.android.clockwork.settings.SHOW_FACTORY_RESET_CONFIRMATION in package com.google.android.gms
07-24 12:13:59.821 1718 1837 W PackageManager: Unknown permission com.google.android.wearable.READ_SETTINGS in package com.google.android.gms
07-24 12:13:59.821 1718 1837 W PackageManager: Unknown permission android.permission.MANAGE_SUBSCRIPTION_PLANS in package com.google.android.gms
07-24 12:13:59.821 1718 1837 W PackageManager: Unknown permission com.google.android.gms.game.notifications.permission.WRITE in package com.google.android.gms
07-24 12:14:01.397 1718 1772 I ActivityManager: Start proc 13286:com.google.android.gms/u0a20 for broadcast com.google.android.gms/.statementservice.IntentFilterVerificationReceiver
07-24 12:14:51.650 1718 1778 E KernelUidCpuTimeReader: Failed to read uid_cputime: /proc/uid_cputime/show_uid_stat (No such file or directory)
07-24 12:14:51.658 1718 1772 I ActivityManager: Start proc 13301:com.google.android.gms.persistent/u0a20 for broadcast com.google.android.gms/.lockbox.LockboxAlarmReceiver
07-24 12:14:51.857 1718 1837 I ActivityManager: Force stopping com.google.android.gms appid=10020 user=0: pkg removed
07-24 12:14:51.858 1718 1837 I ActivityManager: Killing 13301:com.google.android.gms.persistent/u0a20 (adj 0): stop com.google.android.gms
07-24 12:14:51.858 1718 1837 D ActivityManager: cleanUpApplicationRecord -- 13301
07-24 12:14:51.859 1718 1837 I ActivityManager: Killing 13286:com.google.android.gms/u0a20 (adj 0): stop com.google.android.gms
07-24 12:14:51.860 1718 1837 D ActivityManager: cleanUpApplicationRecord -- 13286
07-24 12:14:51.886 1718 1772 I ActivityManager: Start proc 13321:com.android.keychain/1000 for broadcast com.android.keychain/.KeyChainBroadcastReceiver
07-24 12:14:51.948 1718 8142 I ActivityManager: Start proc 13336:com.google.android.gms.persistent/u0a20 for service com.google.android.gms/.instantapps.service.InstantAppsService
07-24 12:14:51.992 13321 13321 W ContextImpl: Calling a method in the system process without a qualified user: android.app.ContextImpl.startService:1357 android.content.ContextWrapper.startService:613 android.content.ContextWrapper.startService:613 com.android.keychain.KeyChainBroadcastReceiver.onReceive:12 android.app.ActivityThread.handleReceiver:3044
07-24 12:14:52.016 1718 2927 I ActivityManager: Start proc 13351:com.android.musicfx/u0a31 for broadcast com.android.musicfx/.Compatibility$Receiver
07-24 12:14:52.107 1718 2748 I ActivityManager: Start proc 13368:com.android.vending/u0a51 for broadcast com.android.vending/com.google.android.finsky.packagemanager.impl.PackageMonitorReceiverImpl$RegisteredReceiver
07-24 12:14:52.154 1718 1771 I ActivityManager: Start proc 13383:com.android.printspooler/u0a97 for service com.android.printspooler/.model.PrintSpoolerService
07-24 12:16:02.240 1718 1778 E KernelUidCpuTimeReader: Failed to read uid_cputime: /proc/uid_cputime/show_uid_stat (No such file or directory)
07-24 12:16:02.261 1718 1774 E NetdConnector: NDC Command {160 firewall set_uid_rule dozable 10097 allow} took too long (70106ms)
07-24 12:16:02.276 1718 1778 E KernelUidCpuTimeReader: Failed to read uid_cputime: /proc/uid_cputime/show_uid_stat (No such file or directory)
07-24 12:16:02.292 1718 1778 E KernelUidCpuTimeReader: Failed to read uid_cputime: /proc/uid_cputime/show_uid_stat (No such file or directory)
07-24 12:16:02.336 1718 1771 E SyncManager: Couldn't find backoff values for pscr@mail1.yoursunny.com/com.google.android.gms.subscribedfeeds:u0
07-24 12:16:02.553 1718 2795 I ActivityManager: Start proc 13409:com.google.android.gms/u0a20 for service com.google.android.gms/.chimera.GmsIntentOperationService
07-24 12:16:02.645 1718 2518 D ConnectivityService: Returning blocked NetworkInfo to uid=10051
07-24 12:16:03.243 1718 2927 I ActivityManager: Start proc 13477:com.att.mobile.android.vvm/u0a52 for broadcast com.att.mobile.android.vvm/.control.receivers.PackageStateChangedReceiver
07-24 12:16:03.478 1718 2836 W ActivityManager: Unable to start service Intent { cmp=com.att.android.mobile.attmessages/com.att.mobile.android.vvm.control.ATTM.RemoteVvmService } U=0: not found
07-24 12:16:04.270 1718 2836 D ConnectivityService: ConnectivityService NetworkRequestInfo binderDied(NetworkRequest [ LISTEN id=28, [ Capabilities: INTERNET&NOT_RESTRICTED&TRUSTED] ], android.os.BinderProxy@5abe315)
07-24 12:16:04.271 1718 2010 E ConnectivityService: RemoteException caught trying to send a callback msg for NetworkRequest [ LISTEN id=28, [ Capabilities: INTERNET&NOT_RESTRICTED&TRUSTED] ]
07-24 12:16:04.271 1718 1748 I ActivityManager: Process com.google.android.apps.tachyon (pid 8273) has died
07-24 12:16:04.271 1718 1748 D ActivityManager: cleanUpApplicationRecord -- 8273
07-24 12:16:04.277 1718 13283 I WindowManager: WIN DEATH: Window{dbc0528 u0 InputMethod}
07-24 12:16:04.277 1718 8944 I ActivityManager: Process com.google.android.inputmethod.latin (pid 2124) has died
07-24 12:16:04.277 1718 8944 D ActivityManager: cleanUpApplicationRecord -- 2124
07-24 12:16:04.278 1718 8944 W ActivityManager: Scheduling restart of crashed service com.google.android.inputmethod.latin/com.firebase.jobdispatcher.GooglePlayReceiver in 1000ms
07-24 12:16:04.278 1718 8944 W ActivityManager: Scheduling restart of crashed service com.google.android.inputmethod.latin/com.android.inputmethod.latin.LatinIME in 1000ms
07-24 12:16:04.280 1718 1718 W InputMethodManagerService: Session failed to close due to remote exception
07-24 12:16:04.280 1718 1718 W InputMethodManagerService: android.os.DeadObjectException
07-24 12:16:04.280 1718 1718 W InputMethodManagerService: at android.os.BinderProxy.transactNative(Native Method)
07-24 12:16:04.280 1718 1718 W InputMethodManagerService: at android.os.BinderProxy.transact(Binder.java:615)
07-24 12:16:04.280 1718 1718 W InputMethodManagerService: at com.android.internal.view.IInputMethodSession$Stub$Proxy.finishSession(IInputMethodSession.java:305)
07-24 12:16:04.280 1718 1718 W InputMethodManagerService: at com.android.server.InputMethodManagerService.finishSessionLocked(InputMethodManagerService.java:1655)
07-24 12:16:04.280 1718 1718 W InputMethodManagerService: at com.android.server.InputMethodManagerService.clearClientSessionLocked(InputMethodManagerService.java:1646)
07-24 12:16:04.280 1718 1718 W InputMethodManagerService: at com.android.server.InputMethodManagerService.clearCurMethodLocked(InputMethodManagerService.java:1672)
07-24 12:16:04.280 1718 1718 W InputMethodManagerService: at com.android.server.InputMethodManagerService.onServiceDisconnected(InputMethodManagerService.java:1691)
07-24 12:16:04.280 1718 1718 W InputMethodManagerService: at android.app.LoadedApk$ServiceDispatcher.doDeath(LoadedApk.java:1469)
07-24 12:16:04.280 1718 1718 W InputMethodManagerService: at android.app.LoadedApk$ServiceDispatcher$RunConnection.run(LoadedApk.java:1483)
07-24 12:16:04.280 1718 1718 W InputMethodManagerService: at android.os.Handler.handleCallback(Handler.java:751)
07-24 12:16:04.280 1718 1718 W InputMethodManagerService: at android.os.Handler.dispatchMessage(Handler.java:95)
07-24 12:16:04.280 1718 1718 W InputMethodManagerService: at android.os.Looper.loop(Looper.java:154)
07-24 12:16:04.280 1718 1718 W InputMethodManagerService: at com.android.server.SystemServer.run(SystemServer.java:368)
07-24 12:16:04.280 1718 1718 W InputMethodManagerService: at com.android.server.SystemServer.main(SystemServer.java:238)
07-24 12:16:04.280 1718 1718 W InputMethodManagerService: at java.lang.reflect.Method.invoke(Native Method)
07-24 12:16:04.280 1718 1718 W InputMethodManagerService: at com.android.internal.os.ZygoteInit$MethodAndArgsCaller.run(ZygoteInit.java:886)
07-24 12:16:04.280 1718 1718 W InputMethodManagerService: at com.android.internal.os.ZygoteInit.main(ZygoteInit.java:776)
07-24 12:16:04.281 1718 1718 W InputMethodManagerService: Session failed to close due to remote exception
07-24 12:16:04.281 1718 1718 W InputMethodManagerService: android.os.DeadObjectException
07-24 12:16:04.281 1718 1718 W InputMethodManagerService: at android.os.BinderProxy.transactNative(Native Method)
07-24 12:16:04.281 1718 1718 W InputMethodManagerService: at android.os.BinderProxy.transact(Binder.java:615)
07-24 12:16:04.281 1718 1718 W InputMethodManagerService: at com.android.internal.view.IInputMethodSession$Stub$Proxy.finishSession(IInputMethodSession.java:305)
07-24 12:16:04.281 1718 1718 W InputMethodManagerService: at com.android.server.InputMethodManagerService.finishSessionLocked(InputMethodManagerService.java:1655)
07-24 12:16:04.281 1718 1718 W InputMethodManagerService: at com.android.server.InputMethodManagerService.clearClientSessionLocked(InputMethodManagerService.java:1646)
07-24 12:16:04.281 1718 1718 W InputMethodManagerService: at com.android.server.InputMethodManagerService.clearCurMethodLocked(InputMethodManagerService.java:1672)
07-24 12:16:04.281 1718 1718 W InputMethodManagerService: at com.android.server.InputMethodManagerService.onServiceDisconnected(InputMethodManagerService.java:1691)
07-24 12:16:04.281 1718 1718 W InputMethodManagerService: at android.app.LoadedApk$ServiceDispatcher.doDeath(LoadedApk.java:1469)
07-24 12:16:04.281 1718 1718 W InputMethodManagerService: at android.app.LoadedApk$ServiceDispatcher$RunConnection.run(LoadedApk.java:1483)
07-24 12:16:04.281 1718 1718 W InputMethodManagerService: at android.os.Handler.handleCallback(Handler.java:751)
07-24 12:16:04.281 1718 1718 W InputMethodManagerService: at android.os.Handler.dispatchMessage(Handler.java:95)
07-24 12:16:04.281 1718 1718 W InputMethodManagerService: at android.os.Looper.loop(Looper.java:154)
07-24 12:16:04.281 1718 1718 W InputMethodManagerService: at com.android.server.SystemServer.run(SystemServer.java:368)
07-24 12:16:04.281 1718 1718 W InputMethodManagerService: at com.android.server.SystemServer.main(SystemServer.java:238)
07-24 12:16:04.281 1718 1718 W InputMethodManagerService: at java.lang.reflect.Method.invoke(Native Method)
07-24 12:16:04.281 1718 1718 W InputMethodManagerService: at com.android.internal.os.ZygoteInit$MethodAndArgsCaller.run(ZygoteInit.java:886)
07-24 12:16:04.281 1718 1718 W InputMethodManagerService: at com.android.internal.os.ZygoteInit.main(ZygoteInit.java:776)
07-24 12:16:04.283 1718 1718 W InputMethodManagerService: Session failed to close due to remote exception
07-24 12:16:04.283 1718 1718 W InputMethodManagerService: android.os.DeadObjectException
07-24 12:16:04.283 1718 1718 W InputMethodManagerService: at android.os.BinderProxy.transactNative(Native Method)
07-24 12:16:04.283 1718 1718 W InputMethodManagerService: at android.os.BinderProxy.transact(Binder.java:615)
07-24 12:16:04.283 1718 1718 W InputMethodManagerService: at com.android.internal.view.IInputMethodSession$Stub$Proxy.finishSession(IInputMethodSession.java:305)
07-24 12:16:04.283 1718 1718 W InputMethodManagerService: at com.android.server.InputMethodManagerService.finishSessionLocked(InputMethodManagerService.java:1655)
07-24 12:16:04.283 1718 1718 W InputMethodManagerService: at com.android.server.InputMethodManagerService.clearClientSessionLocked(InputMethodManagerService.java:1646)
07-24 12:16:04.283 1718 1718 W InputMethodManagerService: at com.android.server.InputMethodManagerService.clearCurMethodLocked(InputMethodManagerService.java:1672)
07-24 12:16:04.283 1718 1718 W InputMethodManagerService: at com.android.server.InputMethodManagerService.onServiceDisconnected(InputMethodManagerService.java:1691)
07-24 12:16:04.283 1718 1718 W InputMethodManagerService: at android.app.LoadedApk$ServiceDispatcher.doDeath(LoadedApk.java:1469)
07-24 12:16:04.283 1718 1718 W InputMethodManagerService: at android.app.LoadedApk$ServiceDispatcher$RunConnection.run(LoadedApk.java:1483)
07-24 12:16:04.283 1718 1718 W InputMethodManagerService: at android.os.Handler.handleCallback(Handler.java:751)
07-24 12:16:04.283 1718 1718 W InputMethodManagerService: at android.os.Handler.dispatchMessage(Handler.java:95)
07-24 12:16:04.283 1718 1718 W InputMethodManagerService: at android.os.Looper.loop(Looper.java:154)
07-24 12:16:04.283 1718 1718 W InputMethodManagerService: at com.android.server.SystemServer.run(SystemServer.java:368)
07-24 12:16:04.283 1718 1718 W InputMethodManagerService: at com.android.server.SystemServer.main(SystemServer.java:238)
07-24 12:16:04.283 1718 1718 W InputMethodManagerService: at java.lang.reflect.Method.invoke(Native Method)
07-24 12:16:04.283 1718 1718 W InputMethodManagerService: at com.android.internal.os.ZygoteInit$MethodAndArgsCaller.run(ZygoteInit.java:886)
07-24 12:16:04.283 1718 1718 W InputMethodManagerService: at com.android.internal.os.ZygoteInit.main(ZygoteInit.java:776)
07-24 12:16:04.284 1718 1718 W InputMethodManagerService: Session failed to close due to remote exception
07-24 12:16:04.284 1718 1718 W InputMethodManagerService: android.os.DeadObjectException
07-24 12:16:04.284 1718 1718 W InputMethodManagerService: at android.os.BinderProxy.transactNative(Native Method)
07-24 12:16:04.284 1718 1718 W InputMethodManagerService: at android.os.BinderProxy.transact(Binder.java:615)
07-24 12:16:04.284 1718 1718 W InputMethodManagerService: at com.android.internal.view.IInputMethodSession$Stub$Proxy.finishSession(IInputMethodSession.java:305)
07-24 12:16:04.284 1718 1718 W InputMethodManagerService: at com.android.server.InputMethodManagerService.finishSessionLocked(InputMethodManagerService.java:1655)
07-24 12:16:04.284 1718 1718 W InputMethodManagerService: at com.android.server.InputMethodManagerService.clearClientSessionLocked(InputMethodManagerService.java:1646)
07-24 12:16:04.284 1718 1718 W InputMethodManagerService: at com.android.server.InputMethodManagerService.clearCurMethodLocked(InputMethodManagerService.java:1672)
07-24 12:16:04.284 1718 1718 W InputMethodManagerService: at com.android.server.InputMethodManagerService.onServiceDisconnected(InputMethodManagerService.java:1691)
07-24 12:16:04.284 1718 1718 W InputMethodManagerService: at android.app.LoadedApk$ServiceDispatcher.doDeath(LoadedApk.java:1469)
07-24 12:16:04.284 1718 1718 W InputMethodManagerService: at android.app.LoadedApk$ServiceDispatcher$RunConnection.run(LoadedApk.java:1483)
07-24 12:16:04.284 1718 1718 W InputMethodManagerService: at android.os.Handler.handleCallback(Handler.java:751)
07-24 12:16:04.284 1718 1718 W InputMethodManagerService: at android.os.Handler.dispatchMessage(Handler.java:95)
07-24 12:16:04.284 1718 1718 W InputMethodManagerService: at android.os.Looper.loop(Looper.java:154)
07-24 12:16:04.284 1718 1718 W InputMethodManagerService: at com.android.server.SystemServer.run(SystemServer.java:368)
07-24 12:16:04.284 1718 1718 W InputMethodManagerService: at com.android.server.SystemServer.main(SystemServer.java:238)
07-24 12:16:04.284 1718 1718 W InputMethodManagerService: at java.lang.reflect.Method.invoke(Native Method)
07-24 12:16:04.284 1718 1718 W InputMethodManagerService: at com.android.internal.os.ZygoteInit$MethodAndArgsCaller.run(ZygoteInit.java:886)
07-24 12:16:04.284 1718 1718 W InputMethodManagerService: at com.android.internal.os.ZygoteInit.main(ZygoteInit.java:776)
07-24 12:16:04.286 1718 1718 W InputMethodManagerService: Session failed to close due to remote exception
07-24 12:16:04.286 1718 1718 W InputMethodManagerService: android.os.DeadObjectException
07-24 12:16:04.286 1718 1718 W InputMethodManagerService: at android.os.BinderProxy.transactNative(Native Method)
07-24 12:16:04.286 1718 1718 W InputMethodManagerService: at android.os.BinderProxy.transact(Binder.java:615)
07-24 12:16:04.286 1718 1718 W InputMethodManagerService: at com.android.internal.view.IInputMethodSession$Stub$Proxy.finishSession(IInputMethodSession.java:305)
07-24 12:16:04.286 1718 1718 W InputMethodManagerService: at com.android.server.InputMethodManagerService.finishSessionLocked(InputMethodManagerService.java:1655)
07-24 12:16:04.286 1718 1718 W InputMethodManagerService: at com.android.server.InputMethodManagerService.clearClientSessionLocked(InputMethodManagerService.java:1646)
07-24 12:16:04.286 1718 1718 W InputMethodManagerService: at com.android.server.InputMethodManagerService.clearCurMethodLocked(InputMethodManagerService.java:1672)
07-24 12:16:04.286 1718 1718 W InputMethodManagerService: at com.android.server.InputMethodManagerService.onServiceDisconnected(InputMethodManagerService.java:1691)
07-24 12:16:04.286 1718 1718 W InputMethodManagerService: at android.app.LoadedApk$ServiceDispatcher.doDeath(LoadedApk.java:1469)
07-24 12:16:04.286 1718 1718 W InputMethodManagerService: at android.app.LoadedApk$ServiceDispatcher$RunConnection.run(LoadedApk.java:1483)
07-24 12:16:04.286 1718 1718 W InputMethodManagerService: at android.os.Handler.handleCallback(Handler.java:751)
07-24 12:16:04.286 1718 1718 W InputMethodManagerService: at android.os.Handler.dispatchMessage(Handler.java:95)
07-24 12:16:04.286 1718 1718 W InputMethodManagerService: at android.os.Looper.loop(Looper.java:154)
07-24 12:16:04.286 1718 1718 W InputMethodManagerService: at com.android.server.SystemServer.run(SystemServer.java:368)
07-24 12:16:04.286 1718 1718 W InputMethodManagerService: at com.android.server.SystemServer.main(SystemServer.java:238)
07-24 12:16:04.286 1718 1718 W InputMethodManagerService: at java.lang.reflect.Method.invoke(Native Method)
07-24 12:16:04.286 1718 1718 W InputMethodManagerService: at com.android.internal.os.ZygoteInit$MethodAndArgsCaller.run(ZygoteInit.java:886)
07-24 12:16:04.286 1718 1718 W InputMethodManagerService: at com.android.internal.os.ZygoteInit.main(ZygoteInit.java:776)
07-24 12:16:04.288 1718 8945 I ActivityManager: Process com.android.chrome:privileged_process0 (pid 5098) has died
07-24 12:16:04.288 1718 8945 D ActivityManager: cleanUpApplicationRecord -- 5098
07-24 12:16:04.289 1718 8945 W ActivityManager: Scheduling restart of crashed service com.android.chrome/org.chromium.content.app.PrivilegedProcessService0 in 10990ms
07-24 12:16:04.289 1718 1718 W InputMethodManagerService: Session failed to close due to remote exception
07-24 12:16:04.289 1718 1718 W InputMethodManagerService: android.os.DeadObjectException
07-24 12:16:04.289 1718 1718 W InputMethodManagerService: at android.os.BinderProxy.transactNative(Native Method)
07-24 12:16:04.289 1718 1718 W InputMethodManagerService: at android.os.BinderProxy.transact(Binder.java:615)
07-24 12:16:04.289 1718 1718 W InputMethodManagerService: at com.android.internal.view.IInputMethodSession$Stub$Proxy.finishSession(IInputMethodSession.java:305)
07-24 12:16:04.289 1718 1718 W InputMethodManagerService: at com.android.server.InputMethodManagerService.finishSessionLocked(InputMethodManagerService.java:1655)
07-24 12:16:04.289 1718 1718 W InputMethodManagerService: at com.android.server.InputMethodManagerService.clearClientSessionLocked(InputMethodManagerService.java:1646)
07-24 12:16:04.289 1718 1718 W InputMethodManagerService: at com.android.server.InputMethodManagerService.clearCurMethodLocked(InputMethodManagerService.java:1672)
07-24 12:16:04.289 1718 1718 W InputMethodManagerService: at com.android.server.InputMethodManagerService.onServiceDisconnected(InputMethodManagerService.java:1691)
07-24 12:16:04.289 1718 1718 W InputMethodManagerService: at android.app.LoadedApk$ServiceDispatcher.doDeath(LoadedApk.java:1469)
07-24 12:16:04.289 1718 1718 W InputMethodManagerService: at android.app.LoadedApk$ServiceDispatcher$RunConnection.run(LoadedApk.java:1483)
07-24 12:16:04.289 1718 1718 W InputMethodManagerService: at android.os.Handler.handleCallback(Handler.java:751)
07-24 12:16:04.289 1718 1718 W InputMethodManagerService: at android.os.Handler.dispatchMessage(Handler.java:95)
07-24 12:16:04.289 1718 1718 W InputMethodManagerService: at android.os.Looper.loop(Looper.java:154)
07-24 12:16:04.289 1718 1718 W InputMethodManagerService: at com.android.server.SystemServer.run(SystemServer.java:368)
07-24 12:16:04.289 1718 1718 W InputMethodManagerService: at com.android.server.SystemServer.main(SystemServer.java:238)
07-24 12:16:04.289 1718 1718 W InputMethodManagerService: at java.lang.reflect.Method.invoke(Native Method)
07-24 12:16:04.289 1718 1718 W InputMethodManagerService: at com.android.internal.os.ZygoteInit$MethodAndArgsCaller.run(ZygoteInit.java:886)
07-24 12:16:04.289 1718 1718 W InputMethodManagerService: at com.android.internal.os.ZygoteInit.main(ZygoteInit.java:776)
07-24 12:16:04.290 1718 1718 W InputMethodManagerService: Session failed to close due to remote exception
07-24 12:16:04.290 1718 1718 W InputMethodManagerService: android.os.DeadObjectException
07-24 12:16:04.290 1718 1718 W InputMethodManagerService: at android.os.BinderProxy.transactNative(Native Method)
07-24 12:16:04.290 1718 1718 W InputMethodManagerService: at android.os.BinderProxy.transact(Binder.java:615)
07-24 12:16:04.290 1718 1718 W InputMethodManagerService: at com.android.internal.view.IInputMethodSession$Stub$Proxy.finishSession(IInputMethodSession.java:305)
07-24 12:16:04.290 1718 1718 W InputMethodManagerService: at com.android.server.InputMethodManagerService.finishSessionLocked(InputMethodManagerService.java:1655)
07-24 12:16:04.290 1718 1718 W InputMethodManagerService: at com.android.server.InputMethodManagerService.clearClientSessionLocked(InputMethodManagerService.java:1646)
07-24 12:16:04.290 1718 1718 W InputMethodManagerService: at com.android.server.InputMethodManagerService.clearCurMethodLocked(InputMethodManagerService.java:1672)
07-24 12:16:04.290 1718 1718 W InputMethodManagerService: at com.android.server.InputMethodManagerService.onServiceDisconnected(InputMethodManagerService.java:1691)
07-24 12:16:04.290 1718 1718 W InputMethodManagerService: at android.app.LoadedApk$ServiceDispatcher.doDeath(LoadedApk.java:1469)
07-24 12:16:04.290 1718 1718 W InputMethodManagerService: at android.app.LoadedApk$ServiceDispatcher$RunConnection.run(LoadedApk.java:1483)
07-24 12:16:04.290 1718 1718 W InputMethodManagerService: at android.os.Handler.handleCallback(Handler.java:751)
07-24 12:16:04.290 1718 1718 W InputMethodManagerService: at android.os.Handler.dispatchMessage(Handler.java:95)
07-24 12:16:04.290 1718 1718 W InputMethodManagerService: at android.os.Looper.loop(Looper.java:154)
07-24 12:16:04.290 1718 1718 W InputMethodManagerService: at com.android.server.SystemServer.run(SystemServer.java:368)
07-24 12:16:04.290 1718 1718 W InputMethodManagerService: at com.android.server.SystemServer.main(SystemServer.java:238)
07-24 12:16:04.290 1718 1718 W InputMethodManagerService: at java.lang.reflect.Method.invoke(Native Method)
07-24 12:16:04.290 1718 1718 W InputMethodManagerService: at com.android.internal.os.ZygoteInit$MethodAndArgsCaller.run(ZygoteInit.java:886)
07-24 12:16:04.290 1718 1718 W InputMethodManagerService: at com.android.internal.os.ZygoteInit.main(ZygoteInit.java:776)
07-24 12:16:04.300 1718 2284 D ConnectivityService: ConnectivityService NetworkRequestInfo binderDied(NetworkRequest [ LISTEN id=18, [ Capabilities: INTERNET&NOT_RESTRICTED&TRUSTED&FOREGROUND] ], android.os.BinderProxy@7365fcd)
07-24 12:16:04.300 1718 2795 D ConnectivityService: ConnectivityService NetworkRequestInfo binderDied(NetworkRequest [ LISTEN id=13, [ Capabilities: INTERNET&NOT_RESTRICTED&TRUSTED&FOREGROUND] ], android.os.BinderProxy@8e57082)
07-24 12:16:04.300 1718 2284 I WindowManager: WIN DEATH: Window{5cf4afa u0 com.android.chrome/com.google.android.apps.chrome.Main}
07-24 12:16:04.301 1718 2284 W WindowManager: Force-removing child win Window{884b393 u0 SurfaceView - com.android.chrome/com.google.android.apps.chrome.Main} from container Window{5cf4afa u0 com.android.chrome/com.google.android.apps.chrome.Main}
07-24 12:16:04.301 1718 1748 I ActivityManager: Process com.android.chrome (pid 4869) has died
07-24 12:16:04.301 1718 1748 D ActivityManager: cleanUpApplicationRecord -- 4869
07-24 12:16:04.301 1718 1748 W ActivityManager: Scheduling restart of crashed service com.android.chrome/org.chromium.chrome.browser.download.DownloadForegroundService in 10977ms
07-24 12:16:04.301 1718 2010 E ConnectivityService: RemoteException caught trying to send a callback msg for NetworkRequest [ LISTEN id=18, [ Capabilities: INTERNET&NOT_RESTRICTED&TRUSTED&FOREGROUND] ]
07-24 12:16:04.302 1718 2010 E ConnectivityService: RemoteException caught trying to send a callback msg for NetworkRequest [ LISTEN id=13, [ Capabilities: INTERNET&NOT_RESTRICTED&TRUSTED&FOREGROUND] ]
07-24 12:16:04.304 1718 2902 W WindowManager: Failed looking up window
07-24 12:16:04.304 1718 2902 W WindowManager: java.lang.IllegalArgumentException: Requested window android.os.BinderProxy@1bfb29b does not exist
07-24 12:16:04.304 1718 2902 W WindowManager: at com.android.server.wm.WindowManagerService.windowForClientLocked(WindowManagerService.java:9564)
07-24 12:16:04.304 1718 2902 W WindowManager: at com.android.server.wm.WindowManagerService.windowForClientLocked(WindowManagerService.java:9555)
07-24 12:16:04.304 1718 2902 W WindowManager: at com.android.server.wm.WindowState$DeathRecipient.binderDied(WindowState.java:1815)
07-24 12:16:04.304 1718 2902 W WindowManager: at android.os.BinderProxy.sendDeathNotice(Binder.java:688)
07-24 12:16:04.304 1718 2902 I WindowManager: WIN DEATH: null
07-24 12:16:05.300 1718 1772 I ActivityManager: Start proc 13530:com.google.android.inputmethod.latin/u0a86 for service com.google.android.inputmethod.latin/com.android.inputmethod.latin.LatinIME
07-24 12:16:05.560 1718 1748 D CryptdConnector: SND -> {10 cryptfs getpwtype}
07-24 12:16:05.561 561 575 D VoldCryptCmdListener: cryptfs getpwtype
07-24 12:16:05.561 1718 1996 D CryptdConnector: RCV <- {213 10 default}
07-24 12:16:06.071 1718 2797 I ActivityManager: Start proc 13592:com.google.android.inputmethod.latin:train/u0a86 for service com.google.android.inputmethod.latin/com.google.android.apps.inputmethod.libs.dvrnn.trainingservice.DvrnnTrainingRpcService
07-24 12:16:06.195 1718 1748 D ConnectivityService: Returning blocked NetworkInfo to uid=10086
07-24 12:16:06.724 1718 1772 E KernelUidCpuTimeReader: Failed to read uid_cputime: /proc/uid_cputime/show_uid_stat (No such file or directory)
07-24 12:16:08.498 1718 1718 V BackupManagerService: Connected to transport ComponentInfo{com.google.android.gms/com.google.android.gms.backup.BackupTransportService}
07-24 12:16:08.499 1718 1718 V BackupManagerService: Registering transport com.google.android.gms/.backup.BackupTransportService::com.google.android.gms/.backup.BackupTransportService = com.android.internal.backup.IBackupTransport$Stub$Proxy@63872f0
07-24 12:16:08.643 1718 13283 I ActivityManager: Start proc 13652:com.google.android.googlequicksearchbox:search/u0a53 for broadcast com.google.android.googlequicksearchbox/com.google.android.apps.gsa.googlequicksearchbox.GelStubAppWatcher
07-24 12:16:08.765 5845 5845 W ContextImpl: Calling a method in the system process without a qualified user: android.app.ContextImpl.startService:1357 android.content.ContextWrapper.startService:613 android.content.ContextWrapper.startService:613 com.qualcomm.qti.appnetaccess.AppNetAccessReceiver.onReceive:24 android.app.ActivityThread.handleReceiver:3044
07-24 12:16:08.774 13214 13214 W ContextImpl: Calling a method in the system process without a qualified user: android.app.ContextImpl.startService:1357 android.content.ContextWrapper.startService:613 android.content.ContextWrapper.startService:613 com.qualcomm.qti.seemp.service.SeempBroadcastReceiver.onReceive:61 android.app.ActivityThread.handleReceiver:3044
07-24 12:16:08.825 1718 8945 I ActivityManager: Process com.qualcomm.qti.seemp.service:seemp_service (pid 13214) has died
07-24 12:16:08.825 1718 8945 D ActivityManager: cleanUpApplicationRecord -- 13214
07-24 12:16:08.904 1718 2690 I ActivityManager: Start proc 13683:com.qualcomm.qti.seemp.service:seemp_service/1000 for broadcast com.qualcomm.qti.seemp.service/.SeempBroadcastReceiver
07-24 12:16:08.946 13683 13683 W ContextImpl: Calling a method in the system process without a qualified user: android.app.ContextImpl.startService:1357 android.content.ContextWrapper.startService:613 android.content.ContextWrapper.startService:613 com.qualcomm.qti.seemp.service.SeempBroadcastReceiver.onReceive:74 android.app.ActivityThread.handleReceiver:3044
07-24 12:16:08.980 1718 13283 I ActivityManager: Process com.qualcomm.qti.seemp.service:seemp_service (pid 13683) has died
07-24 12:16:08.980 1718 13283 D ActivityManager: cleanUpApplicationRecord -- 13683
07-24 12:16:09.176 1718 1807 D BluetoothManagerService: Message: 20
07-24 12:16:09.176 1718 1807 D BluetoothManagerService: Added callback: android.bluetooth.IBluetoothManagerCallback$Stub$Proxy@90144e0:true
07-24 12:16:09.520 6444 6444 W ContextImpl: Calling a method in the system process without a qualified user: android.app.ContextImpl.startService:1357 android.content.ContextWrapper.startService:613 com.sonim.scout.service.ScoutService.startIntentService:226 com.sonim.scout.service.ScoutService.executealarmTimeChangedAndPkgListenerRequest:482 com.sonim.scout.service.ScoutService.executeOnPkgUpdated:472
07-24 12:16:11.362 6444 13733 W ContextImpl: Calling a method in the system process without a qualified user: android.app.ContextImpl.sendBroadcast:877 android.content.ContextWrapper.sendBroadcast:421 com.sonim.scout.utils.ScoutJsonParser.parseRespose:81 com.sonim.scout.service.ScoutIntentService.onHandleIntent:58 android.app.IntentService$ServiceHandler.handleMessage:68
07-24 12:16:11.490 6444 13733 W ContextImpl: Calling a method in the system process without a qualified user: android.app.ContextImpl.sendBroadcast:877 android.content.ContextWrapper.sendBroadcast:421 com.sonim.scout.utils.ScoutJsonParser.parseWarrantyData:556 com.sonim.scout.utils.ScoutJsonParser.parseRespose:101 com.sonim.scout.service.ScoutIntentService.onHandleIntent:58
07-24 12:16:11.497 6444 13733 W ContextImpl: Calling a method in the system process without a qualified user: android.app.ContextImpl.sendBroadcast:877 android.content.ContextWrapper.sendBroadcast:421 com.sonim.scout.utils.ScoutJsonParser.parseRespose:125 com.sonim.scout.service.ScoutIntentService.onHandleIntent:58 android.app.IntentService$ServiceHandler.handleMessage:68
07-24 12:16:11.817 1718 2928 I ActivityManager: Start proc 13825:com.google.android.gms.learning/u0a20 for service com.google.android.gms/.learning.training.background.TrainingGcmTaskService
07-24 12:16:11.882 1718 13284 I ActivityManager: Start proc 13840:com.google.android.gms.feedback/u0a20 for service com.google.android.gms/.feedback.OfflineReportSendTaskService
07-24 12:16:13.801 1718 1772 E KernelUidCpuTimeReader: Failed to read uid_cputime: /proc/uid_cputime/show_uid_stat (No such file or directory)
07-24 12:16:14.332 1718 13283 I ActivityManager: Start proc 13929:com.google.android.gms:car/u0a20 for service com.google.android.gms/.chimera.CarBoundBrokerService
07-24 12:16:14.958 1718 2898 I ActivityManager: Start proc 13962:com.google.android.gms.unstable/u0a20 for service com.google.android.gms/.droidguard.DroidGuardService
07-24 12:16:15.290 1718 1772 I ActivityManager: Start proc 13985:com.android.chrome/u0a76 for service com.android.chrome/org.chromium.chrome.browser.download.DownloadForegroundService
07-24 12:16:15.393 1718 2749 I ActivityManager: Killing 7112:com.android.captiveportallogin/u0a57 (adj 904): empty #31
07-24 12:16:15.514 1718 2749 D ConnectivityService: ConnectivityService NetworkRequestInfo binderDied(NetworkRequest [ LISTEN id=25, [ Capabilities: INTERNET&NOT_RESTRICTED&TRUSTED&FOREGROUND] ], android.os.BinderProxy@709afcb)
07-24 12:16:15.515 1718 2797 D ActivityManager: cleanUpApplicationRecord -- 7112
07-24 12:16:15.516 1718 2010 E ConnectivityService: RemoteException caught trying to send a callback msg for NetworkRequest [ LISTEN id=25, [ Capabilities: INTERNET&NOT_RESTRICTED&TRUSTED&FOREGROUND] ]
07-24 12:16:15.612 1718 1718 W ContextImpl: Calling a method in the system process without a qualified user: android.app.ContextImpl.bindService:1421 com.android.server.spcc.SPCCSystemService.bindToSPCCService:242 com.android.server.spcc.SPCCSystemService$4.onReceive:325 android.app.LoadedApk$ReceiverDispatcher$Args.run:1122 android.os.Handler.handleCallback:751
07-24 12:16:15.613 1718 1718 W ContextImpl: Calling a method in the system process without a qualified user: android.app.ContextImpl.bindService:1421 com.android.server.spcc.SPCCSystemService.bindToCSMService:251 com.android.server.spcc.SPCCSystemService$4.onReceive:327 android.app.LoadedApk$ReceiverDispatcher$Args.run:1122 android.os.Handler.handleCallback:751
07-24 12:16:17.757 1718 1748 I ActivityManager: Start proc 14079:com.google.android.gms.ui/u0a20 for service com.google.android.gms/.chimera.UiIntentOperationService
07-24 12:16:18.231 1718 2749 W ActivityManager: Unable to start service Intent { cmp=com.google.android.gms/.analytics.service.RefreshEnabledStateService } U=0: not found
07-24 12:16:18.836 1718 1772 E KernelUidCpuTimeReader: Failed to read uid_cputime: /proc/uid_cputime/show_uid_stat (No such file or directory)
07-24 12:16:23.897 1718 1772 E KernelUidCpuTimeReader: Failed to read uid_cputime: /proc/uid_cputime/show_uid_stat (No such file or directory)
07-24 12:16:25.382 1718 2826 I ActivityManager: Killing 7466:com.google.android.inputmethod.japanese/u0a82 (adj 904): empty #31
07-24 12:16:25.426 1718 2927 D ActivityManager: cleanUpApplicationRecord -- 7466
07-24 12:16:26.007 1718 1718 W ContextImpl: Calling a method in the system process without a qualified user: android.app.ContextImpl.bindService:1421 com.android.server.spcc.SPCCSystemService.bindToSPCCService:242 com.android.server.spcc.SPCCSystemService$4.onReceive:325 android.app.LoadedApk$ReceiverDispatcher$Args.run:1122 android.os.Handler.handleCallback:751
07-24 12:16:26.008 1718 1718 W ContextImpl: Calling a method in the system process without a qualified user: android.app.ContextImpl.bindService:1421 com.android.server.spcc.SPCCSystemService.bindToCSMService:251 com.android.server.spcc.SPCCSystemService$4.onReceive:327 android.app.LoadedApk$ReceiverDispatcher$Args.run:1122 android.os.Handler.handleCallback:751
07-24 12:16:29.233 1718 2836 I ActivityManager: Killing 5740:com.qti.smq.qualcommFeedback/1000 (adj 900): empty #31
07-24 12:16:29.271 1718 2826 D ActivityManager: cleanUpApplicationRecord -- 5740
07-24 12:16:29.273 5963 5963 I ActivityThread: Removing dead content provider:android.content.ContentProviderProxy@9ce85fc
07-24 12:16:31.113 1718 2927 I ActivityManager: Killing 8725:com.sonim.sonimcustomercare/u0a40 (adj 906): empty #31
07-24 12:16:31.147 1718 1772 E KernelUidCpuTimeReader: Failed to read uid_cputime: /proc/uid_cputime/show_uid_stat (No such file or directory)
07-24 12:16:31.152 1718 2690 D ActivityManager: cleanUpApplicationRecord -- 8725
07-24 12:16:31.173 1718 1772 W ProcessCpuTracker: Skipping unknown process pid 14190
07-24 12:16:38.823 1718 1772 E KernelUidCpuTimeReader: Failed to read uid_cputime: /proc/uid_cputime/show_uid_stat (No such file or directory)
07-24 12:17:50.218 1718 1778 E KernelUidCpuTimeReader: Failed to read uid_cputime: /proc/uid_cputime/show_uid_stat (No such file or directory)
07-24 12:17:50.219 1718 1983 I ActivityManager: Killing 7681:com.android.partnerbrowsercustomizations/u0a60 (adj 906): empty #31
07-24 12:17:50.220 1718 1983 I ActivityManager: Killing 7040:com.android.documentsui/u0a13 (adj 906): empty #32
07-24 12:17:50.267 1718 2690 D ActivityManager: cleanUpApplicationRecord -- 7681
07-24 12:17:50.371 1718 8142 D ActivityManager: cleanUpApplicationRecord -- 7040
07-24 12:19:12.024 1718 1778 E KernelUidCpuTimeReader: Failed to read uid_cputime: /proc/uid_cputime/show_uid_stat (No such file or directory)
07-24 12:19:12.043 1718 1778 E KernelUidCpuTimeReader: Failed to read uid_cputime: /proc/uid_cputime/show_uid_stat (No such file or directory)
07-24 12:19:16.924 1718 1778 E KernelUidCpuTimeReader: Failed to read uid_cputime: /proc/uid_cputime/show_uid_stat (No such file or directory)
07-24 12:20:09.719 1718 1778 E KernelUidCpuTimeReader: Failed to read uid_cputime: /proc/uid_cputime/show_uid_stat (No such file or directory)
07-24 12:20:09.844 1718 1778 E KernelUidCpuTimeReader: Failed to read uid_cputime: /proc/uid_cputime/show_uid_stat (No such file or directory)
07-24 12:20:19.735 1718 1772 E KernelUidCpuTimeReader: Failed to read uid_cputime: /proc/uid_cputime/show_uid_stat (No such file or directory)
07-24 12:22:00.204 1718 1778 E KernelUidCpuTimeReader: Failed to read uid_cputime: /proc/uid_cputime/show_uid_stat (No such file or directory)
07-24 12:23:10.707 1718 1778 E KernelUidCpuTimeReader: Failed to read uid_cputime: /proc/uid_cputime/show_uid_stat (No such file or directory)
07-24 12:23:10.739 1718 1778 E KernelUidCpuTimeReader: Failed to read uid_cputime: /proc/uid_cputime/show_uid_stat (No such file or directory)
07-24 12:23:10.845 1718 1778 E KernelUidCpuTimeReader: Failed to read uid_cputime: /proc/uid_cputime/show_uid_stat (No such file or directory)
07-24 12:24:00.518 1718 1778 E KernelUidCpuTimeReader: Failed to read uid_cputime: /proc/uid_cputime/show_uid_stat (No such file or directory)
07-24 12:24:00.781 1718 2835 D ConnectivityService: Returning unblocked NetworkInfo to uid=10051
07-24 12:24:01.707 1718 1778 E KernelUidCpuTimeReader: Failed to read uid_cputime: /proc/uid_cputime/show_uid_stat (No such file or directory)
07-24 12:24:05.491 1718 2795 I ActivityManager: Start proc 14355:com.google.android.apps.walletnfcrel/u0a73 for service com.google.android.apps.walletnfcrel/com.google.commerce.tapandpay.android.feed.data.UpdateTriggersTaskService
07-24 12:24:05.495 1718 1772 E KernelUidCpuTimeReader: Failed to read uid_cputime: /proc/uid_cputime/show_uid_stat (No such file or directory)
07-24 12:24:08.084 1718 2928 I ActivityManager: Process com.google.android.gms.learning (pid 13825) has died
07-24 12:24:08.084 1718 2928 D ActivityManager: cleanUpApplicationRecord -- 13825
07-24 12:24:08.089 1718 2748 I ActivityManager: Process com.google.android.gms.feedback (pid 13840) has died
07-24 12:24:08.089 1718 2748 D ActivityManager: cleanUpApplicationRecord -- 13840
07-24 12:24:08.106 1718 8944 I ActivityManager: Process com.google.android.gms.ui (pid 14079) has died
07-24 12:24:08.107 1718 8944 D ActivityManager: cleanUpApplicationRecord -- 14079
07-24 12:24:08.107 1718 8944 W ActivityManager: Scheduling restart of crashed service com.google.android.gms/.chimera.UiIntentOperationService in 1000ms
07-24 12:24:08.113 1718 2836 I ActivityManager: Process com.google.android.gms (pid 13409) has died
07-24 12:24:08.113 1718 2836 D ActivityManager: cleanUpApplicationRecord -- 13409
07-24 12:24:08.115 1718 2836 W ActivityManager: Scheduling restart of crashed service com.google.android.gms/.measurement.service.MeasurementBrokerService in 1000ms
07-24 12:24:08.115 1718 2836 W ActivityManager: Scheduling restart of crashed service com.google.android.gms/.checkin.CheckinApiService in 11000ms
07-24 12:24:08.115 1718 2836 W ActivityManager: Scheduling restart of crashed service com.google.android.gms/.chimera.GmsIntentOperationService in 21000ms
07-24 12:24:08.119 1718 2285 I ActivityManager: Process com.google.android.gms:car (pid 13929) has died
07-24 12:24:08.119 1718 2285 D ActivityManager: cleanUpApplicationRecord -- 13929
07-24 12:24:08.133 1718 2826 I ActivityManager: Start proc 14405:com.google.android.gms/u0a20 for service com.google.android.gms/.chimera.GmsIntentOperationService
07-24 12:24:08.149 1718 2898 I ActivityManager: Process com.google.android.gms.unstable (pid 13962) has died
07-24 12:24:08.149 1718 2898 D ActivityManager: cleanUpApplicationRecord -- 13962
07-24 12:24:09.471 1718 2836 I ActivityManager: Start proc 14445:com.google.android.gms.ui/u0a20 for service com.google.android.gms/.chimera.UiIntentOperationService
07-24 12:24:10.539 1718 1772 E KernelUidCpuTimeReader: Failed to read uid_cputime: /proc/uid_cputime/show_uid_stat (No such file or directory)
07-24 12:24:15.586 1718 1772 E KernelUidCpuTimeReader: Failed to read uid_cputime: /proc/uid_cputime/show_uid_stat (No such file or directory)
07-24 12:24:37.390 1718 1772 E KernelUidCpuTimeReader: Failed to read uid_cputime: /proc/uid_cputime/show_uid_stat (No such file or directory)
07-24 12:24:42.526 1718 1772 E KernelUidCpuTimeReader: Failed to read uid_cputime: /proc/uid_cputime/show_uid_stat (No such file or directory)
07-24 12:25:39.389 1718 1988 I PowerManagerService: Waking up from dozing (uid 1000)...
07-24 12:25:39.417 1718 1811 E KernelUidCpuTimeReader: Failed to read uid_cputime: /proc/uid_cputime/show_uid_stat (No such file or directory)
07-24 12:25:39.420 1718 1811 I DisplayPowerController: Blocking screen on until initial contents have been drawn.
07-24 12:25:39.430 1718 1808 I DisplayManagerService: Display device changed state: "Built-in Screen", ON
07-24 12:25:39.961 1718 1811 I DisplayPowerController: Unblocked screen on after 541 ms
07-24 12:25:39.965 1718 1811 I DreamManagerService: Gently waking up from dream.
07-24 12:25:39.968 1718 2518 I DreamManagerService: Leaving dreamland.
07-24 12:25:39.968 1718 1806 I DreamController: Stopping dream: name=ComponentInfo{com.android.systemui/com.android.systemui.doze.DozeService}, isTest=false, canDoze=true, userId=0
07-24 12:25:41.255 2060 2060 V KeyguardDisplayManager: hide
07-24 12:25:41.275 1718 2928 W InputMethodManagerService: Window already focused, ignoring focus gain of: com.android.internal.view.IInputMethodClient$Stub$Proxy@cc5cd15 attribute=android.view.inputmethod.EditorInfo@7f2e82a, token = android.os.BinderProxy@89f5240
07-24 12:25:41.715 1718 2284 I ActivityManager: Setting hasTopUi=false for pid=2060
07-24 12:25:42.981 1718 2749 I ActivityManager: Setting hasTopUi=true for pid=2060
07-24 12:25:44.864 1718 2826 I ActivityManager: START u0 {act=android.settings.SETTINGS flg=0x14000000 cmp=com.android.settings/.Settings} from uid 10046 on display 0
07-24 12:25:44.874 1718 1890 W InputMethodManagerService: Window already focused, ignoring focus gain of: com.android.internal.view.IInputMethodClient$Stub$Proxy@524d7e attribute=null, token = android.os.BinderProxy@89f5240
07-24 12:25:44.899 1718 2518 E ActivityManager: applyOptionsLocked: Unknown animationType=0
07-24 12:25:44.932 1718 2835 I ActivityManager: Start proc 14670:com.qti.smq.qualcommFeedback/1000 for content provider com.qti.smq.qualcommFeedback/com.qti.smq.providers.SMQContentProvider
07-24 12:25:44.976 1718 1807 D BluetoothManagerService: Message: 20
07-24 12:25:44.976 1718 1807 D BluetoothManagerService: Added callback: android.bluetooth.IBluetoothManagerCallback$Stub$Proxy@51916d5:true
07-24 12:25:44.985 1718 1807 D BluetoothManagerService: Message: 30
07-24 12:25:44.989 1718 1807 D BluetoothManagerService: Message: 30
07-24 12:25:44.994 1718 1807 D BluetoothManagerService: Message: 30
07-24 12:25:44.999 1718 1807 D BluetoothManagerService: Message: 30
07-24 12:25:45.010 1718 1748 I ActivityManager: Start proc 14691:com.android.cellbroadcastreceiver/u0a5 for content provider com.android.cellbroadcastreceiver/.CellBroadcastSearchIndexableProvider
07-24 12:25:45.013 1718 1807 D BluetoothManagerService: Message: 30
07-24 12:25:45.092 1718 2899 I ProcessStatsService: Added stats: 2018-07-23-10-49-51, over +1h8m28s67ms
07-24 12:25:45.241 1718 2285 E BatteryStatsService: no controller energy info supplied
07-24 12:25:45.244 1718 2285 E KernelUidCpuTimeReader: Failed to read uid_cputime: /proc/uid_cputime/show_uid_stat (No such file or directory)
07-24 12:25:45.418 1718 2899 I ActivityManager: Setting hasTopUi=false for pid=2060
07-24 12:25:52.696 1718 2285 I ActivityManager: START u0 {flg=0x8000 cmp=com.android.settings/.Settings$DeviceInfoSettingsActivity (has extras)} from uid 1000 on display 0
07-24 12:26:19.339 1718 2826 I NotificationService: cancelToast pkg=com.android.settings callback=android.app.ITransientNotification$Stub$Proxy@47354e4
07-24 12:26:19.339 1718 2826 W WindowManager: Attempted to remove non-existing token: android.os.Binder@1f6484c
07-24 12:26:19.430 1718 2836 I NotificationService: cancelToast pkg=com.android.settings callback=android.app.ITransientNotification$Stub$Proxy@e82db50
07-24 12:26:19.431 1718 2836 W WindowManager: Attempted to remove non-existing token: android.os.Binder@57b3111
07-24 12:26:19.611 1718 8141 I NotificationService: cancelToast pkg=com.android.settings callback=android.app.ITransientNotification$Stub$Proxy@bc25c7c
07-24 12:26:19.613 1718 8141 W WindowManager: Attempted to remove non-existing token: android.os.Binder@23a9d13
07-24 12:26:19.778 1718 2826 I NotificationService: cancelToast pkg=com.android.settings callback=android.app.ITransientNotification$Stub$Proxy@d16c468
07-24 12:26:19.781 1718 2826 W WindowManager: Attempted to remove non-existing token: android.os.Binder@8a7f76f
07-24 12:26:21.147 1718 13284 I ProcessStatsService: Added stats: 2018-07-23-10-49-51, over +1h8m28s67ms
07-24 12:26:21.224 1718 2797 E BatteryStatsService: no controller energy info supplied
07-24 12:26:21.232 1718 2797 E KernelUidCpuTimeReader: Failed to read uid_cputime: /proc/uid_cputime/show_uid_stat (No such file or directory)
07-24 12:26:23.291 1718 1718 W WindowManager: Attempted to remove non-existing token: android.os.Binder@be69b8b
07-24 12:26:30.020 1718 1718 W ContextImpl: Calling a method in the system process without a qualified user: android.app.ContextImpl.bindService:1421 com.android.server.spcc.SPCCSystemService.bindToSPCCService:242 com.android.server.spcc.SPCCSystemService$4.onReceive:325 android.app.LoadedApk$ReceiverDispatcher$Args.run:1122 android.os.Handler.handleCallback:751
07-24 12:26:30.020 1718 1718 W ContextImpl: Calling a method in the system process without a qualified user: android.app.ContextImpl.bindService:1421 com.android.server.spcc.SPCCSystemService.bindToCSMService:251 com.android.server.spcc.SPCCSystemService$4.onReceive:327 android.app.LoadedApk$ReceiverDispatcher$Args.run:1122 android.os.Handler.handleCallback:751
07-24 12:26:35.955 1718 2928 I ActivityManager: START u0 {flg=0x8000 cmp=com.android.settings/.Settings$DevelopmentSettingsActivity (has extras)} from uid 1000 on display 0
07-24 12:26:36.014 1718 2836 E UserRestrictionsUtils: Unknown restriction: null
07-24 12:26:36.016 1718 13284 E UserRestrictionsUtils: Unknown restriction: null
07-24 12:26:36.024 1718 2690 D CryptdConnector: SND -> {11 cryptfs isConvertibleToFBE}
07-24 12:26:36.025 561 575 D VoldCryptCmdListener: cryptfs isConvertibleToFBE
07-24 12:26:36.025 1718 1996 D CryptdConnector: RCV <- {200 11 0}
07-24 12:26:44.740 1718 1806 I UsbDeviceManager: Setting USB config to mtp,adb
07-24 12:26:44.772 1718 2898 W InputMethodManagerService: Window already focused, ignoring focus gain of: com.android.internal.view.IInputMethodClient$Stub$Proxy@c5afac7 attribute=null, token = android.os.BinderProxy@d828083
07-24 12:27:05.579 1718 1718 I EntropyMixer: Writing entropy...
07-24 12:27:05.594 1718 1778 E BatteryStatsService: no controller energy info supplied
07-24 12:27:05.604 1718 1778 E KernelUidCpuTimeReader: Failed to read uid_cputime: /proc/uid_cputime/show_uid_stat (No such file or directory)
07-24 12:27:05.720 1718 8142 I ActivityManager: Start proc 15174:com.qualcomm.qti.qdma/1000 for broadcast com.qualcomm.qti.qdma/.update.PhoneChargerListener
07-24 12:27:05.861 1718 8141 I ActivityManager: Start proc 15206:com.sonim.sonimcustomercare/u0a40 for broadcast com.sonim.sonimcustomercare/.powerstation.PowerBroadCastReciver
07-24 12:27:06.216 1718 1806 I UsbPortManager: USB port changed: port=UsbPort{id=otg_default, supportedModes=dual}, status=UsbPortStatus{connected=true, currentMode=ufp, currentPowerRole=sink, currentDataRole=device, supportedRoleCombinations=[source:host, sink:device]}, canChangeMode=true, canChangePowerRole=false, canChangeDataRole=false
07-24 12:27:09.356 1718 1890 I ActivityManager: Setting hasTopUi=true for pid=2060
